[INFO] fetching crate redis-macros 0.2.1...
[INFO] testing redis-macros-0.2.1 against 1.75.0 for beta-1.76-1
[INFO] extracting crate redis-macros 0.2.1 into /workspace/builds/worker-0-tc1/source
[INFO] validating manifest of crates.io crate redis-macros 0.2.1 on toolchain 1.75.0
[INFO] running `Command { std: CARGO_HOME="/workspace/cargo-home" RUSTUP_HOME="/workspace/rustup-home" "/workspace/cargo-home/bin/cargo" "+1.75.0" "metadata" "--manifest-path" "Cargo.toml" "--no-deps", kill_on_drop: false }`
[INFO] started tweaking crates.io crate redis-macros 0.2.1
[INFO] finished tweaking crates.io crate redis-macros 0.2.1
[INFO] tweaked toml for crates.io crate redis-macros 0.2.1 written to /workspace/builds/worker-0-tc1/source/Cargo.toml
[INFO] crate crates.io crate redis-macros 0.2.1 already has a lockfile, it will not be regenerated
[INFO] running `Command { std: CARGO_HOME="/workspace/cargo-home" RUSTUP_HOME="/workspace/rustup-home" "/workspace/cargo-home/bin/cargo" "+1.75.0" "fetch" "--manifest-path" "Cargo.toml", kill_on_drop: false }`
[INFO] [stderr]     Blocking waiting for file lock on package cache
[INFO] [stderr]     Updating crates.io index
[INFO] [stderr]     Blocking waiting for file lock on package cache
[INFO] [stderr]  Downloading crates ...
[INFO] [stderr]   Downloaded deadpool-runtime v0.1.2
[INFO] [stderr]   Downloaded deadpool-redis v0.12.0
[INFO] [stderr]   Downloaded redis-macros-derive v0.2.1
[INFO] [stderr]   Downloaded serde_yaml v0.9.22
[INFO] [stderr]   Downloaded redis v0.23.0
[INFO] running `Command { std: "docker" "create" "-v" "/var/lib/crater-agent-workspace/builds/worker-0-tc1/target:/opt/rustwide/target:rw,Z" "-v" "/var/lib/crater-agent-workspace/builds/worker-0-tc1/source:/opt/rustwide/workdir:ro,Z" "-v" "/var/lib/crater-agent-workspace/cargo-home:/opt/rustwide/cargo-home:ro,Z" "-v" "/var/lib/crater-agent-workspace/rustup-home:/opt/rustwide/rustup-home:ro,Z" "-e" "SOURCE_DIR=/opt/rustwide/workdir" "-e" "CARGO_TARGET_DIR=/opt/rustwide/target" "-e" "CARGO_HOME=/opt/rustwide/cargo-home" "-e" "RUSTUP_HOME=/opt/rustwide/rustup-home" "-w" "/opt/rustwide/workdir" "-m" "1610612736" "--user" "0:0" "--network" "none" "ghcr.io/rust-lang/crates-build-env/linux@sha256:2788e3201cd34a07e3172128adcd8b3090168a8e3bcc40d7c032b9dda1df7d1c" "/opt/rustwide/cargo-home/bin/cargo" "+1.75.0" "metadata" "--no-deps" "--format-version=1", kill_on_drop: false }`
[INFO] [stdout] 6a4e63c56dabe3afac91a50758a2af54aa1f1cdd0395bb0ab75035ba25cbcf98
[INFO] running `Command { std: "docker" "start" "-a" "6a4e63c56dabe3afac91a50758a2af54aa1f1cdd0395bb0ab75035ba25cbcf98", kill_on_drop: false }`
[INFO] running `Command { std: "docker" "inspect" "6a4e63c56dabe3afac91a50758a2af54aa1f1cdd0395bb0ab75035ba25cbcf98", kill_on_drop: false }`
[INFO] running `Command { std: "docker" "rm" "-f" "6a4e63c56dabe3afac91a50758a2af54aa1f1cdd0395bb0ab75035ba25cbcf98", kill_on_drop: false }`
[INFO] [stdout] 6a4e63c56dabe3afac91a50758a2af54aa1f1cdd0395bb0ab75035ba25cbcf98
[INFO] running `Command { std: "docker" "create" "-v" "/var/lib/crater-agent-workspace/builds/worker-0-tc1/target:/opt/rustwide/target:rw,Z" "-v" "/var/lib/crater-agent-workspace/builds/worker-0-tc1/source:/opt/rustwide/workdir:ro,Z" "-v" "/var/lib/crater-agent-workspace/cargo-home:/opt/rustwide/cargo-home:ro,Z" "-v" "/var/lib/crater-agent-workspace/rustup-home:/opt/rustwide/rustup-home:ro,Z" "-e" "SOURCE_DIR=/opt/rustwide/workdir" "-e" "CARGO_TARGET_DIR=/opt/rustwide/target" "-e" "CARGO_INCREMENTAL=0" "-e" "RUST_BACKTRACE=full" "-e" "RUSTFLAGS=--cap-lints=warn" "-e" "RUSTDOCFLAGS=--cap-lints=warn" "-e" "CARGO_HOME=/opt/rustwide/cargo-home" "-e" "RUSTUP_HOME=/opt/rustwide/rustup-home" "-w" "/opt/rustwide/workdir" "-m" "1610612736" "--user" "0:0" "--network" "none" "ghcr.io/rust-lang/crates-build-env/linux@sha256:2788e3201cd34a07e3172128adcd8b3090168a8e3bcc40d7c032b9dda1df7d1c" "/opt/rustwide/cargo-home/bin/cargo" "+1.75.0" "build" "--frozen" "--message-format=json", kill_on_drop: false }`
[INFO] [stdout] be400fedea9b5ad024fa43b7cd4e035a1547ab9b830bf298ee359787c69ea93d
[INFO] running `Command { std: "docker" "start" "-a" "be400fedea9b5ad024fa43b7cd4e035a1547ab9b830bf298ee359787c69ea93d", kill_on_drop: false }`
[INFO] [stderr]    Compiling proc-macro2 v1.0.63
[INFO] [stderr]    Compiling unicode-ident v1.0.9
[INFO] [stderr]    Compiling quote v1.0.29
[INFO] [stderr]    Compiling memchr v2.5.0
[INFO] [stderr]    Compiling serde v1.0.164
[INFO] [stderr]    Compiling syn v1.0.109
[INFO] [stderr]    Compiling unicode-bidi v0.3.13
[INFO] [stderr]    Compiling percent-encoding v2.3.0
[INFO] [stderr]    Compiling serde_json v1.0.99
[INFO] [stderr]    Compiling sha1_smol v1.0.0
[INFO] [stderr]    Compiling form_urlencoded v1.2.0
[INFO] [stderr]    Compiling idna v0.4.0
[INFO] [stderr]    Compiling combine v4.6.6
[INFO] [stderr]    Compiling url v2.4.0
[INFO] [stderr]    Compiling syn v2.0.22
[INFO] [stderr]    Compiling redis-macros-derive v0.2.1
[INFO] [stderr]    Compiling serde_derive v1.0.164
[INFO] [stderr]    Compiling redis v0.23.0
[INFO] [stderr]    Compiling redis-macros v0.2.1 (/opt/rustwide/workdir)
[INFO] [stderr]     Finished dev [unoptimized + debuginfo] target(s) in 15.00s
[INFO] running `Command { std: "docker" "inspect" "be400fedea9b5ad024fa43b7cd4e035a1547ab9b830bf298ee359787c69ea93d", kill_on_drop: false }`
[INFO] running `Command { std: "docker" "rm" "-f" "be400fedea9b5ad024fa43b7cd4e035a1547ab9b830bf298ee359787c69ea93d", kill_on_drop: false }`
[INFO] [stdout] be400fedea9b5ad024fa43b7cd4e035a1547ab9b830bf298ee359787c69ea93d
[INFO] running `Command { std: "docker" "create" "-v" "/var/lib/crater-agent-workspace/builds/worker-0-tc1/target:/opt/rustwide/target:rw,Z" "-v" "/var/lib/crater-agent-workspace/builds/worker-0-tc1/source:/opt/rustwide/workdir:ro,Z" "-v" "/var/lib/crater-agent-workspace/cargo-home:/opt/rustwide/cargo-home:ro,Z" "-v" "/var/lib/crater-agent-workspace/rustup-home:/opt/rustwide/rustup-home:ro,Z" "-e" "SOURCE_DIR=/opt/rustwide/workdir" "-e" "CARGO_TARGET_DIR=/opt/rustwide/target" "-e" "CARGO_INCREMENTAL=0" "-e" "RUST_BACKTRACE=full" "-e" "RUSTFLAGS=--cap-lints=warn" "-e" "RUSTDOCFLAGS=--cap-lints=warn" "-e" "CARGO_HOME=/opt/rustwide/cargo-home" "-e" "RUSTUP_HOME=/opt/rustwide/rustup-home" "-w" "/opt/rustwide/workdir" "-m" "1610612736" "--user" "0:0" "--network" "none" "ghcr.io/rust-lang/crates-build-env/linux@sha256:2788e3201cd34a07e3172128adcd8b3090168a8e3bcc40d7c032b9dda1df7d1c" "/opt/rustwide/cargo-home/bin/cargo" "+1.75.0" "test" "--frozen" "--no-run" "--message-format=json", kill_on_drop: false }`
[INFO] [stdout] fcd442140c03094bac851310cff9913f2ec0df21339f2912135cfe0eea230db9
[INFO] running `Command { std: "docker" "start" "-a" "fcd442140c03094bac851310cff9913f2ec0df21339f2912135cfe0eea230db9", kill_on_drop: false }`
[INFO] [stderr]    Compiling libc v0.2.147
[INFO] [stderr]    Compiling parking_lot_core v0.9.8
[INFO] [stderr]    Compiling pin-project-lite v0.2.10
[INFO] [stderr]    Compiling smallvec v1.10.0
[INFO] [stderr]    Compiling lock_api v0.4.10
[INFO] [stderr]    Compiling tokio v1.29.1
[INFO] [stderr]    Compiling tracing-core v0.1.31
[INFO] [stderr]    Compiling futures-task v0.3.28
[INFO] [stderr]    Compiling futures-util v0.3.28
[INFO] [stderr]    Compiling syn v2.0.22
[INFO] [stderr]    Compiling retain_mut v0.1.9
[INFO] [stderr]    Compiling equivalent v1.0.0
[INFO] [stderr]    Compiling unsafe-libyaml v0.2.8
[INFO] [stderr]    Compiling indexmap v2.0.0
[INFO] [stderr]    Compiling tracing v0.1.37
[INFO] [stderr]    Compiling signal-hook-registry v1.4.1
[INFO] [stderr]    Compiling socket2 v0.4.9
[INFO] [stderr]    Compiling mio v0.8.8
[INFO] [stderr]    Compiling num_cpus v1.16.0
[INFO] [stderr]    Compiling parking_lot v0.12.1
[INFO] [stderr]    Compiling tokio-macros v2.1.0
[INFO] [stderr]    Compiling serde_derive v1.0.164
[INFO] [stderr]    Compiling async-trait v0.1.68
[INFO] [stderr]    Compiling serde v1.0.164
[INFO] [stderr]    Compiling tokio-util v0.7.8
[INFO] [stderr]    Compiling deadpool-runtime v0.1.2
[INFO] [stderr]    Compiling deadpool v0.9.5
[INFO] [stderr]    Compiling combine v4.6.6
[INFO] [stderr]    Compiling serde_json v1.0.99
[INFO] [stderr]    Compiling serde_yaml v0.9.22
[INFO] [stderr]    Compiling redis v0.23.0
[INFO] [stderr]    Compiling deadpool-redis v0.12.0
[INFO] [stderr]    Compiling redis-macros v0.2.1 (/opt/rustwide/workdir)
[INFO] [stdout] error: linking with `cc` failed: exit status: 1
[INFO] [stdout]   |
[INFO] [stdout]   = note: LC_ALL="C" PATH="/opt/rustwide/rustup-home/toolchains/1.75.0-x86_64-unknown-linux-gnu/lib/rustlib/x86_64-unknown-linux-gnu/bin:/opt/rustwide/cargo-home/bin:/usr/local/sbin:/usr/local/bin:/usr/sbin:/usr/bin:/sbin:/bin" VSLANG="1033" "cc" "-m64" "/tmp/rustcvXAKyT/symbols.o" "/opt/rustwide/target/debug/deps/derive_from_redis_value_redis_yaml-b6bf28bf6b78457d.derive_from_redis_value_redis_yaml.fd4552cfe83d4ffe-cgu.0.rcgu.o" "/opt/rustwide/target/debug/deps/derive_from_redis_value_redis_yaml-b6bf28bf6b78457d.derive_from_redis_value_redis_yaml.fd4552cfe83d4ffe-cgu.1.rcgu.o" "/opt/rustwide/target/debug/deps/derive_from_redis_value_redis_yaml-b6bf28bf6b78457d.56g1lwkf56ll8032.rcgu.o" "-Wl,--as-needed" "-L" "/opt/rustwide/target/debug/deps" "-L" "/opt/rustwide/rustup-home/toolchains/1.75.0-x86_64-unknown-linux-gnu/lib/rustlib/x86_64-unknown-linux-gnu/lib" "-Wl,-Bstatic" "/opt/rustwide/target/debug/deps/libserde_yaml-b06379efd961a180.rlib" "/opt/rustwide/target/debug/deps/libindexmap-e4956c250dab812e.rlib" "/opt/rustwide/target/debug/deps/libequivalent-c51b4787e8d8736c.rlib" "/opt/rustwide/target/debug/deps/libhashbrown-aeeef82563d858cb.rlib" "/opt/rustwide/target/debug/deps/libunsafe_libyaml-f9eb402b1bd6b4aa.rlib" "/opt/rustwide/rustup-home/toolchains/1.75.0-x86_64-unknown-linux-gnu/lib/rustlib/x86_64-unknown-linux-gnu/lib/libtest-3df1bed8075ce1de.rlib" "/opt/rustwide/rustup-home/toolchains/1.75.0-x86_64-unknown-linux-gnu/lib/rustlib/x86_64-unknown-linux-gnu/lib/libgetopts-2076fd86b325cb5d.rlib" "/opt/rustwide/rustup-home/toolchains/1.75.0-x86_64-unknown-linux-gnu/lib/rustlib/x86_64-unknown-linux-gnu/lib/libunicode_width-caa7152ee70c190f.rlib" "/opt/rustwide/rustup-home/toolchains/1.75.0-x86_64-unknown-linux-gnu/lib/rustlib/x86_64-unknown-linux-gnu/lib/librustc_std_workspace_std-04e6425e07f02a3c.rlib" "/opt/rustwide/target/debug/deps/libredis_macros-ffa23d5fc7990802.rlib" "/opt/rustwide/target/debug/deps/libredis-26b21613fe5beea6.rlib" "/opt/rustwide/target/debug/deps/liburl-7c07a239635c43cb.rlib" "/opt/rustwide/target/debug/deps/libidna-35e3e2f202e10859.rlib" "/opt/rustwide/target/debug/deps/libunicode_normalization-e04a0b39935fba30.rlib" "/opt/rustwide/target/debug/deps/libtinyvec-cf6c9f6b792a5507.rlib" "/opt/rustwide/target/debug/deps/libtinyvec_macros-b1cb7f53f58c9f87.rlib" "/opt/rustwide/target/debug/deps/libunicode_bidi-020370784786e57d.rlib" "/opt/rustwide/target/debug/deps/libform_urlencoded-a39e5ffbd9c88c0c.rlib" "/opt/rustwide/target/debug/deps/libpercent_encoding-5d42724fd4d173a7.rlib" "/opt/rustwide/target/debug/deps/libserde_json-7a9635ed358f52a5.rlib" "/opt/rustwide/target/debug/deps/libryu-07c77bcabf6ee02b.rlib" "/opt/rustwide/target/debug/deps/libitoa-807e41d963466eb2.rlib" "/opt/rustwide/target/debug/deps/libsha1_smol-4a0feee4864ab55a.rlib" "/opt/rustwide/target/debug/deps/libserde-36405a5c99d141a5.rlib" "/opt/rustwide/target/debug/deps/libfutures_util-33f45e08610c9eca.rlib" "/opt/rustwide/target/debug/deps/libfutures_task-ac1c85e02ceaf913.rlib" "/opt/rustwide/target/debug/deps/libpin_utils-741f7d9d160e4a16.rlib" "/opt/rustwide/target/debug/deps/libcombine-02845431320ede74.rlib" "/opt/rustwide/target/debug/deps/libmemchr-020199a20c92fdde.rlib" "/opt/rustwide/target/debug/deps/libtokio_util-3cc04009fc8a4de7.rlib" "/opt/rustwide/target/debug/deps/libtracing-5b2d339fdb2a4a65.rlib" "/opt/rustwide/target/debug/deps/libtracing_core-a938e53938d01308.rlib" "/opt/rustwide/target/debug/deps/libonce_cell-865e1c5018a0303a.rlib" "/opt/rustwide/target/debug/deps/libfutures_sink-4afe6e57e5588fde.rlib" "/opt/rustwide/target/debug/deps/libfutures_core-02b74ed2f49284a7.rlib" "/opt/rustwide/target/debug/deps/libtokio-3a9777c0843196fa.rlib" "/opt/rustwide/target/debug/deps/libsignal_hook_registry-395ec9b60e8d0ec4.rlib" "/opt/rustwide/target/debug/deps/libnum_cpus-eb4b767a7cbadf3d.rlib" "/opt/rustwide/target/debug/deps/libsocket2-7318ad5aa1fb17b1.rlib" "/opt/rustwide/target/debug/deps/libmio-8c2a5cc09d65d55e.rlib" "/opt/rustwide/target/debug/deps/libparking_lot-bf609a106f72e358.rlib" "/opt/rustwide/target/debug/deps/libparking_lot_core-b99d8ac659106672.rlib" "/opt/rustwide/target/debug/deps/liblibc-80caa61b614001af.rlib" "/opt/rustwide/target/debug/deps/libcfg_if-61dc7a6799e72b18.rlib" "/opt/rustwide/target/debug/deps/libsmallvec-75a5879a2c4c0c6c.rlib" "/opt/rustwide/target/debug/deps/liblock_api-1d880aae03a79431.rlib" "/opt/rustwide/target/debug/deps/libscopeguard-b35f5c652940acc2.rlib" "/opt/rustwide/target/debug/deps/libpin_project_lite-797dc699bf54d270.rlib" "/opt/rustwide/target/debug/deps/libbytes-3fc98b508f6e4a28.rlib" "/opt/rustwide/rustup-home/toolchains/1.75.0-x86_64-unknown-linux-gnu/lib/rustlib/x86_64-unknown-linux-gnu/lib/libstd-90f6ddbf82de36ec.rlib" "/opt/rustwide/rustup-home/toolchains/1.75.0-x86_64-unknown-linux-gnu/lib/rustlib/x86_64-unknown-linux-gnu/lib/libpanic_unwind-480c41e9d4e1f677.rlib" "/opt/rustwide/rustup-home/toolchains/1.75.0-x86_64-unknown-linux-gnu/lib/rustlib/x86_64-unknown-linux-gnu/lib/libobject-db744c0ca03eed1d.rlib" "/opt/rustwide/rustup-home/toolchains/1.75.0-x86_64-unknown-linux-gnu/lib/rustlib/x86_64-unknown-linux-gnu/lib/libmemchr-8ba652dc7d4b285a.rlib" "/opt/rustwide/rustup-home/toolchains/1.75.0-x86_64-unknown-linux-gnu/lib/rustlib/x86_64-unknown-linux-gnu/lib/libaddr2line-d5f4520a9ebc0d58.rlib" "/opt/rustwide/rustup-home/toolchains/1.75.0-x86_64-unknown-linux-gnu/lib/rustlib/x86_64-unknown-linux-gnu/lib/libgimli-4ad84de58f0cb463.rlib" "/opt/rustwide/rustup-home/toolchains/1.75.0-x86_64-unknown-linux-gnu/lib/rustlib/x86_64-unknown-linux-gnu/lib/librustc_demangle-0d10aae2e0f38735.rlib" "/opt/rustwide/rustup-home/toolchains/1.75.0-x86_64-unknown-linux-gnu/lib/rustlib/x86_64-unknown-linux-gnu/lib/libstd_detect-0c17cff739e6745b.rlib" "/opt/rustwide/rustup-home/toolchains/1.75.0-x86_64-unknown-linux-gnu/lib/rustlib/x86_64-unknown-linux-gnu/lib/libhashbrown-b29e17139dde1aa8.rlib" "/opt/rustwide/rustup-home/toolchains/1.75.0-x86_64-unknown-linux-gnu/lib/rustlib/x86_64-unknown-linux-gnu/lib/librustc_std_workspace_alloc-1f975299829cc7bd.rlib" "/opt/rustwide/rustup-home/toolchains/1.75.0-x86_64-unknown-linux-gnu/lib/rustlib/x86_64-unknown-linux-gnu/lib/libminiz_oxide-86bae3bc3079f89b.rlib" "/opt/rustwide/rustup-home/toolchains/1.75.0-x86_64-unknown-linux-gnu/lib/rustlib/x86_64-unknown-linux-gnu/lib/libadler-321b82c30dffdf5f.rlib" "/opt/rustwide/rustup-home/toolchains/1.75.0-x86_64-unknown-linux-gnu/lib/rustlib/x86_64-unknown-linux-gnu/lib/libunwind-3dd8a6810a0bdfef.rlib" "/opt/rustwide/rustup-home/toolchains/1.75.0-x86_64-unknown-linux-gnu/lib/rustlib/x86_64-unknown-linux-gnu/lib/libcfg_if-eb39a61c0c879984.rlib" "/opt/rustwide/rustup-home/toolchains/1.75.0-x86_64-unknown-linux-gnu/lib/rustlib/x86_64-unknown-linux-gnu/lib/liblibc-aa769569f91c3548.rlib" "/opt/rustwide/rustup-home/toolchains/1.75.0-x86_64-unknown-linux-gnu/lib/rustlib/x86_64-unknown-linux-gnu/lib/liballoc-510a192a50a983ed.rlib" "/opt/rustwide/rustup-home/toolchains/1.75.0-x86_64-unknown-linux-gnu/lib/rustlib/x86_64-unknown-linux-gnu/lib/librustc_std_workspace_core-0577018320f99037.rlib" "/opt/rustwide/rustup-home/toolchains/1.75.0-x86_64-unknown-linux-gnu/lib/rustlib/x86_64-unknown-linux-gnu/lib/libcore-193cf992125ccd4c.rlib" "/opt/rustwide/rustup-home/toolchains/1.75.0-x86_64-unknown-linux-gnu/lib/rustlib/x86_64-unknown-linux-gnu/lib/libcompiler_builtins-8e138eaf26ebb4a8.rlib" "-Wl,-Bdynamic" "-lgcc_s" "-lutil" "-lrt" "-lpthread" "-lm" "-ldl" "-lc" "-Wl,--eh-frame-hdr" "-Wl,-z,noexecstack" "-L" "/opt/rustwide/rustup-home/toolchains/1.75.0-x86_64-unknown-linux-gnu/lib/rustlib/x86_64-unknown-linux-gnu/lib" "-o" "/opt/rustwide/target/debug/deps/derive_from_redis_value_redis_yaml-b6bf28bf6b78457d" "-Wl,--gc-sections" "-pie" "-Wl,-z,relro,-z,now" "-nodefaultlibs"
[INFO] [stdout]   = note: collect2: fatal error: ld terminated with signal 9 [Killed]
[INFO] [stdout]           compilation terminated.
[INFO] [stdout]           
[INFO] [stdout] 
[INFO] [stdout] 
[INFO] [stdout] error: aborting due to previous error
[INFO] [stdout] 
[INFO] [stdout] 
[INFO] [stderr] error: could not compile `redis-macros` (test "derive_from_redis_value_redis_yaml") due to 2 previous errors
[INFO] [stderr] warning: build failed, waiting for other jobs to finish...
[INFO] [stdout] error: linking with `cc` failed: exit status: 1
[INFO] [stdout]   |
[INFO] [stdout]   = note: LC_ALL="C" PATH="/opt/rustwide/rustup-home/toolchains/1.75.0-x86_64-unknown-linux-gnu/lib/rustlib/x86_64-unknown-linux-gnu/bin:/opt/rustwide/cargo-home/bin:/usr/local/sbin:/usr/local/bin:/usr/sbin:/usr/bin:/sbin:/bin" VSLANG="1033" "cc" "-m64" "/tmp/rustcgdV955/symbols.o" "/opt/rustwide/target/debug/deps/derive_to_redis_args_redis_yaml-fd240402b593526c.derive_to_redis_args_redis_yaml.c9b47b8c199c734c-cgu.0.rcgu.o" "/opt/rustwide/target/debug/deps/derive_to_redis_args_redis_yaml-fd240402b593526c.derive_to_redis_args_redis_yaml.c9b47b8c199c734c-cgu.1.rcgu.o" "/opt/rustwide/target/debug/deps/derive_to_redis_args_redis_yaml-fd240402b593526c.usf97fleoyvg5jz.rcgu.o" "-Wl,--as-needed" "-L" "/opt/rustwide/target/debug/deps" "-L" "/opt/rustwide/rustup-home/toolchains/1.75.0-x86_64-unknown-linux-gnu/lib/rustlib/x86_64-unknown-linux-gnu/lib" "-Wl,-Bstatic" "/opt/rustwide/target/debug/deps/libserde_yaml-b06379efd961a180.rlib" "/opt/rustwide/target/debug/deps/libindexmap-e4956c250dab812e.rlib" "/opt/rustwide/target/debug/deps/libequivalent-c51b4787e8d8736c.rlib" "/opt/rustwide/target/debug/deps/libhashbrown-aeeef82563d858cb.rlib" "/opt/rustwide/target/debug/deps/libunsafe_libyaml-f9eb402b1bd6b4aa.rlib" "/opt/rustwide/rustup-home/toolchains/1.75.0-x86_64-unknown-linux-gnu/lib/rustlib/x86_64-unknown-linux-gnu/lib/libtest-3df1bed8075ce1de.rlib" "/opt/rustwide/rustup-home/toolchains/1.75.0-x86_64-unknown-linux-gnu/lib/rustlib/x86_64-unknown-linux-gnu/lib/libgetopts-2076fd86b325cb5d.rlib" "/opt/rustwide/rustup-home/toolchains/1.75.0-x86_64-unknown-linux-gnu/lib/rustlib/x86_64-unknown-linux-gnu/lib/libunicode_width-caa7152ee70c190f.rlib" "/opt/rustwide/rustup-home/toolchains/1.75.0-x86_64-unknown-linux-gnu/lib/rustlib/x86_64-unknown-linux-gnu/lib/librustc_std_workspace_std-04e6425e07f02a3c.rlib" "/opt/rustwide/target/debug/deps/libredis_macros-ffa23d5fc7990802.rlib" "/opt/rustwide/target/debug/deps/libredis-26b21613fe5beea6.rlib" "/opt/rustwide/target/debug/deps/liburl-7c07a239635c43cb.rlib" "/opt/rustwide/target/debug/deps/libidna-35e3e2f202e10859.rlib" "/opt/rustwide/target/debug/deps/libunicode_normalization-e04a0b39935fba30.rlib" "/opt/rustwide/target/debug/deps/libtinyvec-cf6c9f6b792a5507.rlib" "/opt/rustwide/target/debug/deps/libtinyvec_macros-b1cb7f53f58c9f87.rlib" "/opt/rustwide/target/debug/deps/libunicode_bidi-020370784786e57d.rlib" "/opt/rustwide/target/debug/deps/libform_urlencoded-a39e5ffbd9c88c0c.rlib" "/opt/rustwide/target/debug/deps/libpercent_encoding-5d42724fd4d173a7.rlib" "/opt/rustwide/target/debug/deps/libserde_json-7a9635ed358f52a5.rlib" "/opt/rustwide/target/debug/deps/libryu-07c77bcabf6ee02b.rlib" "/opt/rustwide/target/debug/deps/libitoa-807e41d963466eb2.rlib" "/opt/rustwide/target/debug/deps/libsha1_smol-4a0feee4864ab55a.rlib" "/opt/rustwide/target/debug/deps/libserde-36405a5c99d141a5.rlib" "/opt/rustwide/target/debug/deps/libfutures_util-33f45e08610c9eca.rlib" "/opt/rustwide/target/debug/deps/libfutures_task-ac1c85e02ceaf913.rlib" "/opt/rustwide/target/debug/deps/libpin_utils-741f7d9d160e4a16.rlib" "/opt/rustwide/target/debug/deps/libcombine-02845431320ede74.rlib" "/opt/rustwide/target/debug/deps/libmemchr-020199a20c92fdde.rlib" "/opt/rustwide/target/debug/deps/libtokio_util-3cc04009fc8a4de7.rlib" "/opt/rustwide/target/debug/deps/libtracing-5b2d339fdb2a4a65.rlib" "/opt/rustwide/target/debug/deps/libtracing_core-a938e53938d01308.rlib" "/opt/rustwide/target/debug/deps/libonce_cell-865e1c5018a0303a.rlib" "/opt/rustwide/target/debug/deps/libfutures_sink-4afe6e57e5588fde.rlib" "/opt/rustwide/target/debug/deps/libfutures_core-02b74ed2f49284a7.rlib" "/opt/rustwide/target/debug/deps/libtokio-3a9777c0843196fa.rlib" "/opt/rustwide/target/debug/deps/libsignal_hook_registry-395ec9b60e8d0ec4.rlib" "/opt/rustwide/target/debug/deps/libnum_cpus-eb4b767a7cbadf3d.rlib" "/opt/rustwide/target/debug/deps/libsocket2-7318ad5aa1fb17b1.rlib" "/opt/rustwide/target/debug/deps/libmio-8c2a5cc09d65d55e.rlib" "/opt/rustwide/target/debug/deps/libparking_lot-bf609a106f72e358.rlib" "/opt/rustwide/target/debug/deps/libparking_lot_core-b99d8ac659106672.rlib" "/opt/rustwide/target/debug/deps/liblibc-80caa61b614001af.rlib" "/opt/rustwide/target/debug/deps/libcfg_if-61dc7a6799e72b18.rlib" "/opt/rustwide/target/debug/deps/libsmallvec-75a5879a2c4c0c6c.rlib" "/opt/rustwide/target/debug/deps/liblock_api-1d880aae03a79431.rlib" "/opt/rustwide/target/debug/deps/libscopeguard-b35f5c652940acc2.rlib" "/opt/rustwide/target/debug/deps/libpin_project_lite-797dc699bf54d270.rlib" "/opt/rustwide/target/debug/deps/libbytes-3fc98b508f6e4a28.rlib" "/opt/rustwide/rustup-home/toolchains/1.75.0-x86_64-unknown-linux-gnu/lib/rustlib/x86_64-unknown-linux-gnu/lib/libstd-90f6ddbf82de36ec.rlib" "/opt/rustwide/rustup-home/toolchains/1.75.0-x86_64-unknown-linux-gnu/lib/rustlib/x86_64-unknown-linux-gnu/lib/libpanic_unwind-480c41e9d4e1f677.rlib" "/opt/rustwide/rustup-home/toolchains/1.75.0-x86_64-unknown-linux-gnu/lib/rustlib/x86_64-unknown-linux-gnu/lib/libobject-db744c0ca03eed1d.rlib" "/opt/rustwide/rustup-home/toolchains/1.75.0-x86_64-unknown-linux-gnu/lib/rustlib/x86_64-unknown-linux-gnu/lib/libmemchr-8ba652dc7d4b285a.rlib" "/opt/rustwide/rustup-home/toolchains/1.75.0-x86_64-unknown-linux-gnu/lib/rustlib/x86_64-unknown-linux-gnu/lib/libaddr2line-d5f4520a9ebc0d58.rlib" "/opt/rustwide/rustup-home/toolchains/1.75.0-x86_64-unknown-linux-gnu/lib/rustlib/x86_64-unknown-linux-gnu/lib/libgimli-4ad84de58f0cb463.rlib" "/opt/rustwide/rustup-home/toolchains/1.75.0-x86_64-unknown-linux-gnu/lib/rustlib/x86_64-unknown-linux-gnu/lib/librustc_demangle-0d10aae2e0f38735.rlib" "/opt/rustwide/rustup-home/toolchains/1.75.0-x86_64-unknown-linux-gnu/lib/rustlib/x86_64-unknown-linux-gnu/lib/libstd_detect-0c17cff739e6745b.rlib" "/opt/rustwide/rustup-home/toolchains/1.75.0-x86_64-unknown-linux-gnu/lib/rustlib/x86_64-unknown-linux-gnu/lib/libhashbrown-b29e17139dde1aa8.rlib" "/opt/rustwide/rustup-home/toolchains/1.75.0-x86_64-unknown-linux-gnu/lib/rustlib/x86_64-unknown-linux-gnu/lib/librustc_std_workspace_alloc-1f975299829cc7bd.rlib" "/opt/rustwide/rustup-home/toolchains/1.75.0-x86_64-unknown-linux-gnu/lib/rustlib/x86_64-unknown-linux-gnu/lib/libminiz_oxide-86bae3bc3079f89b.rlib" "/opt/rustwide/rustup-home/toolchains/1.75.0-x86_64-unknown-linux-gnu/lib/rustlib/x86_64-unknown-linux-gnu/lib/libadler-321b82c30dffdf5f.rlib" "/opt/rustwide/rustup-home/toolchains/1.75.0-x86_64-unknown-linux-gnu/lib/rustlib/x86_64-unknown-linux-gnu/lib/libunwind-3dd8a6810a0bdfef.rlib" "/opt/rustwide/rustup-home/toolchains/1.75.0-x86_64-unknown-linux-gnu/lib/rustlib/x86_64-unknown-linux-gnu/lib/libcfg_if-eb39a61c0c879984.rlib" "/opt/rustwide/rustup-home/toolchains/1.75.0-x86_64-unknown-linux-gnu/lib/rustlib/x86_64-unknown-linux-gnu/lib/liblibc-aa769569f91c3548.rlib" "/opt/rustwide/rustup-home/toolchains/1.75.0-x86_64-unknown-linux-gnu/lib/rustlib/x86_64-unknown-linux-gnu/lib/liballoc-510a192a50a983ed.rlib" "/opt/rustwide/rustup-home/toolchains/1.75.0-x86_64-unknown-linux-gnu/lib/rustlib/x86_64-unknown-linux-gnu/lib/librustc_std_workspace_core-0577018320f99037.rlib" "/opt/rustwide/rustup-home/toolchains/1.75.0-x86_64-unknown-linux-gnu/lib/rustlib/x86_64-unknown-linux-gnu/lib/libcore-193cf992125ccd4c.rlib" "/opt/rustwide/rustup-home/toolchains/1.75.0-x86_64-unknown-linux-gnu/lib/rustlib/x86_64-unknown-linux-gnu/lib/libcompiler_builtins-8e138eaf26ebb4a8.rlib" "-Wl,-Bdynamic" "-lgcc_s" "-lutil" "-lrt" "-lpthread" "-lm" "-ldl" "-lc" "-Wl,--eh-frame-hdr" "-Wl,-z,noexecstack" "-L" "/opt/rustwide/rustup-home/toolchains/1.75.0-x86_64-unknown-linux-gnu/lib/rustlib/x86_64-unknown-linux-gnu/lib" "-o" "/opt/rustwide/target/debug/deps/derive_to_redis_args_redis_yaml-fd240402b593526c" "-Wl,--gc-sections" "-pie" "-Wl,-z,relro,-z,now" "-nodefaultlibs"
[INFO] [stdout]   = note: collect2: fatal error: ld terminated with signal 9 [Killed]
[INFO] [stdout]           compilation terminated.
[INFO] [stdout]           
[INFO] [stdout] 
[INFO] [stdout] 
[INFO] [stdout] error: aborting due to previous error
[INFO] [stdout] 
[INFO] [stdout] 
[INFO] [stderr] error: could not compile `redis-macros` (test "derive_to_redis_args_redis_yaml") due to 2 previous errors
[INFO] [stdout] error: linking with `cc` failed: exit status: 1
[INFO] [stdout]   |
[INFO] [stdout]   = note: LC_ALL="C" PATH="/opt/rustwide/rustup-home/toolchains/1.75.0-x86_64-unknown-linux-gnu/lib/rustlib/x86_64-unknown-linux-gnu/bin:/opt/rustwide/cargo-home/bin:/usr/local/sbin:/usr/local/bin:/usr/sbin:/usr/bin:/sbin:/bin" VSLANG="1033" "cc" "-m64" "/tmp/rustcs56MFO/symbols.o" "/opt/rustwide/target/debug/deps/json_wrapper-9d100d5bfac08a1c.json_wrapper.96f857f5e0722a07-cgu.0.rcgu.o" "/opt/rustwide/target/debug/deps/json_wrapper-9d100d5bfac08a1c.json_wrapper.96f857f5e0722a07-cgu.1.rcgu.o" "/opt/rustwide/target/debug/deps/json_wrapper-9d100d5bfac08a1c.fz9r453z4198ie0.rcgu.o" "-Wl,--as-needed" "-L" "/opt/rustwide/target/debug/deps" "-L" "/opt/rustwide/rustup-home/toolchains/1.75.0-x86_64-unknown-linux-gnu/lib/rustlib/x86_64-unknown-linux-gnu/lib" "-Wl,-Bstatic" "/opt/rustwide/rustup-home/toolchains/1.75.0-x86_64-unknown-linux-gnu/lib/rustlib/x86_64-unknown-linux-gnu/lib/libtest-3df1bed8075ce1de.rlib" "/opt/rustwide/rustup-home/toolchains/1.75.0-x86_64-unknown-linux-gnu/lib/rustlib/x86_64-unknown-linux-gnu/lib/libgetopts-2076fd86b325cb5d.rlib" "/opt/rustwide/rustup-home/toolchains/1.75.0-x86_64-unknown-linux-gnu/lib/rustlib/x86_64-unknown-linux-gnu/lib/libunicode_width-caa7152ee70c190f.rlib" "/opt/rustwide/rustup-home/toolchains/1.75.0-x86_64-unknown-linux-gnu/lib/rustlib/x86_64-unknown-linux-gnu/lib/librustc_std_workspace_std-04e6425e07f02a3c.rlib" "/opt/rustwide/target/debug/deps/libredis_macros-ffa23d5fc7990802.rlib" "/opt/rustwide/target/debug/deps/libredis-26b21613fe5beea6.rlib" "/opt/rustwide/target/debug/deps/liburl-7c07a239635c43cb.rlib" "/opt/rustwide/target/debug/deps/libidna-35e3e2f202e10859.rlib" "/opt/rustwide/target/debug/deps/libunicode_normalization-e04a0b39935fba30.rlib" "/opt/rustwide/target/debug/deps/libtinyvec-cf6c9f6b792a5507.rlib" "/opt/rustwide/target/debug/deps/libtinyvec_macros-b1cb7f53f58c9f87.rlib" "/opt/rustwide/target/debug/deps/libunicode_bidi-020370784786e57d.rlib" "/opt/rustwide/target/debug/deps/libform_urlencoded-a39e5ffbd9c88c0c.rlib" "/opt/rustwide/target/debug/deps/libpercent_encoding-5d42724fd4d173a7.rlib" "/opt/rustwide/target/debug/deps/libserde_json-7a9635ed358f52a5.rlib" "/opt/rustwide/target/debug/deps/libryu-07c77bcabf6ee02b.rlib" "/opt/rustwide/target/debug/deps/libitoa-807e41d963466eb2.rlib" "/opt/rustwide/target/debug/deps/libsha1_smol-4a0feee4864ab55a.rlib" "/opt/rustwide/target/debug/deps/libserde-36405a5c99d141a5.rlib" "/opt/rustwide/target/debug/deps/libfutures_util-33f45e08610c9eca.rlib" "/opt/rustwide/target/debug/deps/libfutures_task-ac1c85e02ceaf913.rlib" "/opt/rustwide/target/debug/deps/libpin_utils-741f7d9d160e4a16.rlib" "/opt/rustwide/target/debug/deps/libcombine-02845431320ede74.rlib" "/opt/rustwide/target/debug/deps/libmemchr-020199a20c92fdde.rlib" "/opt/rustwide/target/debug/deps/libtokio_util-3cc04009fc8a4de7.rlib" "/opt/rustwide/target/debug/deps/libtracing-5b2d339fdb2a4a65.rlib" "/opt/rustwide/target/debug/deps/libtracing_core-a938e53938d01308.rlib" "/opt/rustwide/target/debug/deps/libonce_cell-865e1c5018a0303a.rlib" "/opt/rustwide/target/debug/deps/libfutures_sink-4afe6e57e5588fde.rlib" "/opt/rustwide/target/debug/deps/libfutures_core-02b74ed2f49284a7.rlib" "/opt/rustwide/target/debug/deps/libtokio-3a9777c0843196fa.rlib" "/opt/rustwide/target/debug/deps/libsignal_hook_registry-395ec9b60e8d0ec4.rlib" "/opt/rustwide/target/debug/deps/libnum_cpus-eb4b767a7cbadf3d.rlib" "/opt/rustwide/target/debug/deps/libsocket2-7318ad5aa1fb17b1.rlib" "/opt/rustwide/target/debug/deps/libmio-8c2a5cc09d65d55e.rlib" "/opt/rustwide/target/debug/deps/libparking_lot-bf609a106f72e358.rlib" "/opt/rustwide/target/debug/deps/libparking_lot_core-b99d8ac659106672.rlib" "/opt/rustwide/target/debug/deps/liblibc-80caa61b614001af.rlib" "/opt/rustwide/target/debug/deps/libcfg_if-61dc7a6799e72b18.rlib" "/opt/rustwide/target/debug/deps/libsmallvec-75a5879a2c4c0c6c.rlib" "/opt/rustwide/target/debug/deps/liblock_api-1d880aae03a79431.rlib" "/opt/rustwide/target/debug/deps/libscopeguard-b35f5c652940acc2.rlib" "/opt/rustwide/target/debug/deps/libpin_project_lite-797dc699bf54d270.rlib" "/opt/rustwide/target/debug/deps/libbytes-3fc98b508f6e4a28.rlib" "/opt/rustwide/rustup-home/toolchains/1.75.0-x86_64-unknown-linux-gnu/lib/rustlib/x86_64-unknown-linux-gnu/lib/libstd-90f6ddbf82de36ec.rlib" "/opt/rustwide/rustup-home/toolchains/1.75.0-x86_64-unknown-linux-gnu/lib/rustlib/x86_64-unknown-linux-gnu/lib/libpanic_unwind-480c41e9d4e1f677.rlib" "/opt/rustwide/rustup-home/toolchains/1.75.0-x86_64-unknown-linux-gnu/lib/rustlib/x86_64-unknown-linux-gnu/lib/libobject-db744c0ca03eed1d.rlib" "/opt/rustwide/rustup-home/toolchains/1.75.0-x86_64-unknown-linux-gnu/lib/rustlib/x86_64-unknown-linux-gnu/lib/libmemchr-8ba652dc7d4b285a.rlib" "/opt/rustwide/rustup-home/toolchains/1.75.0-x86_64-unknown-linux-gnu/lib/rustlib/x86_64-unknown-linux-gnu/lib/libaddr2line-d5f4520a9ebc0d58.rlib" "/opt/rustwide/rustup-home/toolchains/1.75.0-x86_64-unknown-linux-gnu/lib/rustlib/x86_64-unknown-linux-gnu/lib/libgimli-4ad84de58f0cb463.rlib" "/opt/rustwide/rustup-home/toolchains/1.75.0-x86_64-unknown-linux-gnu/lib/rustlib/x86_64-unknown-linux-gnu/lib/librustc_demangle-0d10aae2e0f38735.rlib" "/opt/rustwide/rustup-home/toolchains/1.75.0-x86_64-unknown-linux-gnu/lib/rustlib/x86_64-unknown-linux-gnu/lib/libstd_detect-0c17cff739e6745b.rlib" "/opt/rustwide/rustup-home/toolchains/1.75.0-x86_64-unknown-linux-gnu/lib/rustlib/x86_64-unknown-linux-gnu/lib/libhashbrown-b29e17139dde1aa8.rlib" "/opt/rustwide/rustup-home/toolchains/1.75.0-x86_64-unknown-linux-gnu/lib/rustlib/x86_64-unknown-linux-gnu/lib/librustc_std_workspace_alloc-1f975299829cc7bd.rlib" "/opt/rustwide/rustup-home/toolchains/1.75.0-x86_64-unknown-linux-gnu/lib/rustlib/x86_64-unknown-linux-gnu/lib/libminiz_oxide-86bae3bc3079f89b.rlib" "/opt/rustwide/rustup-home/toolchains/1.75.0-x86_64-unknown-linux-gnu/lib/rustlib/x86_64-unknown-linux-gnu/lib/libadler-321b82c30dffdf5f.rlib" "/opt/rustwide/rustup-home/toolchains/1.75.0-x86_64-unknown-linux-gnu/lib/rustlib/x86_64-unknown-linux-gnu/lib/libunwind-3dd8a6810a0bdfef.rlib" "/opt/rustwide/rustup-home/toolchains/1.75.0-x86_64-unknown-linux-gnu/lib/rustlib/x86_64-unknown-linux-gnu/lib/libcfg_if-eb39a61c0c879984.rlib" "/opt/rustwide/rustup-home/toolchains/1.75.0-x86_64-unknown-linux-gnu/lib/rustlib/x86_64-unknown-linux-gnu/lib/liblibc-aa769569f91c3548.rlib" "/opt/rustwide/rustup-home/toolchains/1.75.0-x86_64-unknown-linux-gnu/lib/rustlib/x86_64-unknown-linux-gnu/lib/liballoc-510a192a50a983ed.rlib" "/opt/rustwide/rustup-home/toolchains/1.75.0-x86_64-unknown-linux-gnu/lib/rustlib/x86_64-unknown-linux-gnu/lib/librustc_std_workspace_core-0577018320f99037.rlib" "/opt/rustwide/rustup-home/toolchains/1.75.0-x86_64-unknown-linux-gnu/lib/rustlib/x86_64-unknown-linux-gnu/lib/libcore-193cf992125ccd4c.rlib" "/opt/rustwide/rustup-home/toolchains/1.75.0-x86_64-unknown-linux-gnu/lib/rustlib/x86_64-unknown-linux-gnu/lib/libcompiler_builtins-8e138eaf26ebb4a8.rlib" "-Wl,-Bdynamic" "-lgcc_s" "-lutil" "-lrt" "-lpthread" "-lm" "-ldl" "-lc" "-Wl,--eh-frame-hdr" "-Wl,-z,noexecstack" "-L" "/opt/rustwide/rustup-home/toolchains/1.75.0-x86_64-unknown-linux-gnu/lib/rustlib/x86_64-unknown-linux-gnu/lib" "-o" "/opt/rustwide/target/debug/deps/json_wrapper-9d100d5bfac08a1c" "-Wl,--gc-sections" "-pie" "-Wl,-z,relro,-z,now" "-nodefaultlibs"
[INFO] [stdout]   = note: collect2: fatal error: ld terminated with signal 9 [Killed]
[INFO] [stdout]           compilation terminated.
[INFO] [stdout]           
[INFO] [stdout] 
[INFO] [stdout] 
[INFO] [stdout] error: aborting due to previous error
[INFO] [stdout] 
[INFO] [stdout] 
[INFO] [stderr] error: could not compile `redis-macros` (test "json_wrapper") due to 2 previous errors
[INFO] running `Command { std: "docker" "inspect" "fcd442140c03094bac851310cff9913f2ec0df21339f2912135cfe0eea230db9", kill_on_drop: false }`
[INFO] running `Command { std: "docker" "rm" "-f" "fcd442140c03094bac851310cff9913f2ec0df21339f2912135cfe0eea230db9", kill_on_drop: false }`
[INFO] [stdout] fcd442140c03094bac851310cff9913f2ec0df21339f2912135cfe0eea230db9
