[INFO] fetching crate red-editor 0.2.1...
[INFO] testing red-editor-0.2.1 against 1.75.0 for beta-1.76-1
[INFO] extracting crate red-editor 0.2.1 into /workspace/builds/worker-3-tc1/source
[INFO] validating manifest of crates.io crate red-editor 0.2.1 on toolchain 1.75.0
[INFO] running `Command { std: CARGO_HOME="/workspace/cargo-home" RUSTUP_HOME="/workspace/rustup-home" "/workspace/cargo-home/bin/cargo" "+1.75.0" "metadata" "--manifest-path" "Cargo.toml" "--no-deps", kill_on_drop: false }`
[INFO] started tweaking crates.io crate red-editor 0.2.1
[INFO] finished tweaking crates.io crate red-editor 0.2.1
[INFO] tweaked toml for crates.io crate red-editor 0.2.1 written to /workspace/builds/worker-3-tc1/source/Cargo.toml
[INFO] running `Command { std: CARGO_HOME="/workspace/cargo-home" RUSTUP_HOME="/workspace/rustup-home" "/workspace/cargo-home/bin/cargo" "+1.75.0" "generate-lockfile" "--manifest-path" "Cargo.toml", kill_on_drop: false }`
[INFO] [stderr]     Updating crates.io index
[INFO] running `Command { std: CARGO_HOME="/workspace/cargo-home" RUSTUP_HOME="/workspace/rustup-home" "/workspace/cargo-home/bin/cargo" "+1.75.0" "fetch" "--manifest-path" "Cargo.toml", kill_on_drop: false }`
[INFO] [stderr]  Downloading crates ...
[INFO] [stderr]   Downloaded rustyline v2.1.0
[INFO] running `Command { std: "docker" "create" "-v" "/var/lib/crater-agent-workspace/builds/worker-3-tc1/target:/opt/rustwide/target:rw,Z" "-v" "/var/lib/crater-agent-workspace/builds/worker-3-tc1/source:/opt/rustwide/workdir:ro,Z" "-v" "/var/lib/crater-agent-workspace/cargo-home:/opt/rustwide/cargo-home:ro,Z" "-v" "/var/lib/crater-agent-workspace/rustup-home:/opt/rustwide/rustup-home:ro,Z" "-e" "SOURCE_DIR=/opt/rustwide/workdir" "-e" "CARGO_TARGET_DIR=/opt/rustwide/target" "-e" "CARGO_HOME=/opt/rustwide/cargo-home" "-e" "RUSTUP_HOME=/opt/rustwide/rustup-home" "-w" "/opt/rustwide/workdir" "-m" "1610612736" "--user" "0:0" "--network" "none" "ghcr.io/rust-lang/crates-build-env/linux@sha256:2788e3201cd34a07e3172128adcd8b3090168a8e3bcc40d7c032b9dda1df7d1c" "/opt/rustwide/cargo-home/bin/cargo" "+1.75.0" "metadata" "--no-deps" "--format-version=1", kill_on_drop: false }`
[INFO] [stdout] 3f5e2c6f52cdd41a5499d5411b583da121b85d5424282bdc46f3429ba1275cad
[INFO] running `Command { std: "docker" "start" "-a" "3f5e2c6f52cdd41a5499d5411b583da121b85d5424282bdc46f3429ba1275cad", kill_on_drop: false }`
[INFO] running `Command { std: "docker" "inspect" "3f5e2c6f52cdd41a5499d5411b583da121b85d5424282bdc46f3429ba1275cad", kill_on_drop: false }`
[INFO] running `Command { std: "docker" "rm" "-f" "3f5e2c6f52cdd41a5499d5411b583da121b85d5424282bdc46f3429ba1275cad", kill_on_drop: false }`
[INFO] [stdout] 3f5e2c6f52cdd41a5499d5411b583da121b85d5424282bdc46f3429ba1275cad
[INFO] running `Command { std: "docker" "create" "-v" "/var/lib/crater-agent-workspace/builds/worker-3-tc1/target:/opt/rustwide/target:rw,Z" "-v" "/var/lib/crater-agent-workspace/builds/worker-3-tc1/source:/opt/rustwide/workdir:ro,Z" "-v" "/var/lib/crater-agent-workspace/cargo-home:/opt/rustwide/cargo-home:ro,Z" "-v" "/var/lib/crater-agent-workspace/rustup-home:/opt/rustwide/rustup-home:ro,Z" "-e" "SOURCE_DIR=/opt/rustwide/workdir" "-e" "CARGO_TARGET_DIR=/opt/rustwide/target" "-e" "CARGO_INCREMENTAL=0" "-e" "RUST_BACKTRACE=full" "-e" "RUSTFLAGS=--cap-lints=warn" "-e" "RUSTDOCFLAGS=--cap-lints=warn" "-e" "CARGO_HOME=/opt/rustwide/cargo-home" "-e" "RUSTUP_HOME=/opt/rustwide/rustup-home" "-w" "/opt/rustwide/workdir" "-m" "1610612736" "--user" "0:0" "--network" "none" "ghcr.io/rust-lang/crates-build-env/linux@sha256:2788e3201cd34a07e3172128adcd8b3090168a8e3bcc40d7c032b9dda1df7d1c" "/opt/rustwide/cargo-home/bin/cargo" "+1.75.0" "build" "--frozen" "--message-format=json", kill_on_drop: false }`
[INFO] [stdout] 5d7189b55afafe3536930f7ba8de8496e8db11eca43bb6c4ca01139f720f3f30
[INFO] running `Command { std: "docker" "start" "-a" "5d7189b55afafe3536930f7ba8de8496e8db11eca43bb6c4ca01139f720f3f30", kill_on_drop: false }`
[INFO] [stderr]    Compiling proc-macro2 v0.4.30
[INFO] [stderr]    Compiling syn v1.0.109
[INFO] [stderr]    Compiling unicode-xid v0.1.0
[INFO] [stderr]    Compiling failure_derive v0.1.8
[INFO] [stderr]    Compiling unicode-width v0.1.11
[INFO] [stderr]    Compiling unicode-xid v0.2.4
[INFO] [stderr]    Compiling syn v0.15.44
[INFO] [stderr]    Compiling gimli v0.28.1
[INFO] [stderr]    Compiling unicode-segmentation v1.10.1
[INFO] [stderr]    Compiling rustc-demangle v0.1.23
[INFO] [stderr]    Compiling miniz_oxide v0.7.1
[INFO] [stderr]    Compiling object v0.32.2
[INFO] [stderr]    Compiling aho-corasick v1.1.2
[INFO] [stderr]    Compiling nix v0.11.1
[INFO] [stderr]    Compiling cc v1.0.83
[INFO] [stderr]    Compiling atty v0.2.14
[INFO] [stderr]    Compiling regex-syntax v0.8.2
[INFO] [stderr]    Compiling textwrap v0.11.0
[INFO] [stderr]    Compiling vec_map v0.8.2
[INFO] [stderr]    Compiling quick-error v1.2.3
[INFO] [stderr]    Compiling cfg-if v0.1.10
[INFO] [stderr]    Compiling log v0.4.20
[INFO] [stderr]    Compiling void v1.0.2
[INFO] [stderr]    Compiling strsim v0.8.0
[INFO] [stderr]    Compiling humantime v1.3.0
[INFO] [stderr]    Compiling heck v0.3.3
[INFO] [stderr]    Compiling clap v2.34.0
[INFO] [stderr]    Compiling dirs v1.0.5
[INFO] [stderr]    Compiling utf8parse v0.1.1
[INFO] [stderr]    Compiling termcolor v1.4.0
[INFO] [stderr]    Compiling quote v0.6.13
[INFO] [stderr]    Compiling backtrace v0.3.69
[INFO] [stderr]    Compiling regex-automata v0.4.3
[INFO] [stderr]    Compiling addr2line v0.21.0
[INFO] [stderr]    Compiling synstructure v0.12.6
[INFO] [stderr]    Compiling rustyline v2.1.0
[INFO] [stderr]    Compiling structopt-derive v0.2.18
[INFO] [stdout] error[E0283]: type annotations needed
[INFO] [stdout]    --> /opt/rustwide/cargo-home/registry/src/index.crates.io-6f17d22bba15001f/rustyline-2.1.0/src/history.rs:150:18
[INFO] [stdout]     |
[INFO] [stdout] 150 |             self.add(try!(line).as_ref()); // TODO truncate to MAX_LINE
[INFO] [stdout]     |                  ^^^            ------ type must be known at this point
[INFO] [stdout]     |                  |
[INFO] [stdout]     |                  cannot infer type of the type parameter `S` declared on the method `add`
[INFO] [stdout]     |
[INFO] [stdout]     = note: multiple `impl`s satisfying `String: AsRef<_>` found in the following crates: `alloc`, `std`:
[INFO] [stdout]             - impl AsRef<OsStr> for String;
[INFO] [stdout]             - impl AsRef<Path> for String;
[INFO] [stdout]             - impl AsRef<[u8]> for String;
[INFO] [stdout]             - impl AsRef<str> for String;
[INFO] [stdout] help: consider specifying the generic argument
[INFO] [stdout]     |
[INFO] [stdout] 150 |             self.add::<&T>(try!(line).as_ref()); // TODO truncate to MAX_LINE
[INFO] [stdout]     |                     ++++++
[INFO] [stdout] 
[INFO] [stdout] 
[INFO] [stdout] error[E0283]: type annotations needed
[INFO] [stdout]    --> /opt/rustwide/cargo-home/registry/src/index.crates.io-6f17d22bba15001f/rustyline-2.1.0/src/history.rs:150:18
[INFO] [stdout]     |
[INFO] [stdout] 150 |             self.add(try!(line).as_ref()); // TODO truncate to MAX_LINE
[INFO] [stdout]     |                  ^^^ cannot infer type of the type parameter `S` declared on the method `add`
[INFO] [stdout]     |
[INFO] [stdout]     = note: multiple `impl`s satisfying `_: AsRef<str>` found in the following crates: `alloc`, `core`:
[INFO] [stdout]             - impl AsRef<str> for String;
[INFO] [stdout]             - impl AsRef<str> for str;
[INFO] [stdout]     = note: required for `&_` to implement `AsRef<str>`
[INFO] [stdout] note: required by a bound in `History::add`
[INFO] [stdout]    --> /opt/rustwide/cargo-home/registry/src/index.crates.io-6f17d22bba15001f/rustyline-2.1.0/src/history.rs:56:19
[INFO] [stdout]     |
[INFO] [stdout] 56  |     pub fn add<S: AsRef<str> + Into<String>>(&mut self, line: S) -> bool {
[INFO] [stdout]     |                   ^^^^^^^^^^ required by this bound in `History::add`
[INFO] [stdout] help: consider specifying the generic argument
[INFO] [stdout]     |
[INFO] [stdout] 150 |             self.add::<&T>(try!(line).as_ref()); // TODO truncate to MAX_LINE
[INFO] [stdout]     |                     ++++++
[INFO] [stdout] 
[INFO] [stdout] 
[INFO] [stdout] error[E0283]: type annotations needed
[INFO] [stdout]    --> /opt/rustwide/cargo-home/registry/src/index.crates.io-6f17d22bba15001f/rustyline-2.1.0/src/lib.rs:639:20
[INFO] [stdout]     |
[INFO] [stdout] 639 |             editor.add_history_entry(line.as_ref());
[INFO] [stdout]     |                    ^^^^^^^^^^^^^^^^^      ------ type must be known at this point
[INFO] [stdout]     |                    |
[INFO] [stdout]     |                    cannot infer type of the type parameter `S` declared on the method `add_history_entry`
[INFO] [stdout]     |
[INFO] [stdout]     = note: multiple `impl`s satisfying `String: AsRef<_>` found in the following crates: `alloc`, `std`:
[INFO] [stdout]             - impl AsRef<OsStr> for String;
[INFO] [stdout]             - impl AsRef<Path> for String;
[INFO] [stdout]             - impl AsRef<[u8]> for String;
[INFO] [stdout]             - impl AsRef<str> for String;
[INFO] [stdout] help: consider specifying the generic argument
[INFO] [stdout]     |
[INFO] [stdout] 639 |             editor.add_history_entry::<&T>(line.as_ref());
[INFO] [stdout]     |                                     ++++++
[INFO] [stdout] 
[INFO] [stdout] 
[INFO] [stdout] error[E0283]: type annotations needed
[INFO] [stdout]    --> /opt/rustwide/cargo-home/registry/src/index.crates.io-6f17d22bba15001f/rustyline-2.1.0/src/lib.rs:639:20
[INFO] [stdout]     |
[INFO] [stdout] 639 |             editor.add_history_entry(line.as_ref());
[INFO] [stdout]     |                    ^^^^^^^^^^^^^^^^^ cannot infer type of the type parameter `S` declared on the method `add_history_entry`
[INFO] [stdout]     |
[INFO] [stdout]     = note: multiple `impl`s satisfying `_: AsRef<str>` found in the following crates: `alloc`, `core`:
[INFO] [stdout]             - impl AsRef<str> for String;
[INFO] [stdout]             - impl AsRef<str> for str;
[INFO] [stdout]     = note: required for `&_` to implement `AsRef<str>`
[INFO] [stdout] note: required by a bound in `Editor::<H>::add_history_entry`
[INFO] [stdout]    --> /opt/rustwide/cargo-home/registry/src/index.crates.io-6f17d22bba15001f/rustyline-2.1.0/src/lib.rs:750:33
[INFO] [stdout]     |
[INFO] [stdout] 750 |     pub fn add_history_entry<S: AsRef<str> + Into<String>>(&mut self, line: S) -> bool {
[INFO] [stdout]     |                                 ^^^^^^^^^^ required by this bound in `Editor::<H>::add_history_entry`
[INFO] [stdout] help: consider specifying the generic argument
[INFO] [stdout]     |
[INFO] [stdout] 639 |             editor.add_history_entry::<&T>(line.as_ref());
[INFO] [stdout]     |                                     ++++++
[INFO] [stdout] 
[INFO] [stdout] 
[INFO] [stdout] error: aborting due to 4 previous errors
[INFO] [stdout] 
[INFO] [stdout] 
[INFO] [stdout] For more information about this error, try `rustc --explain E0283`.
[INFO] [stdout] 
[INFO] [stderr] error: could not compile `rustyline` (lib) due to 5 previous errors
[INFO] [stderr] warning: build failed, waiting for other jobs to finish...
[INFO] running `Command { std: "docker" "inspect" "5d7189b55afafe3536930f7ba8de8496e8db11eca43bb6c4ca01139f720f3f30", kill_on_drop: false }`
[INFO] running `Command { std: "docker" "rm" "-f" "5d7189b55afafe3536930f7ba8de8496e8db11eca43bb6c4ca01139f720f3f30", kill_on_drop: false }`
[INFO] [stdout] 5d7189b55afafe3536930f7ba8de8496e8db11eca43bb6c4ca01139f720f3f30
