[INFO] fetching crate recibo 0.3.0...
[INFO] testing recibo-0.3.0 against 1.75.0 for beta-1.76-1
[INFO] extracting crate recibo 0.3.0 into /workspace/builds/worker-5-tc1/source
[INFO] validating manifest of crates.io crate recibo 0.3.0 on toolchain 1.75.0
[INFO] running `Command { std: CARGO_HOME="/workspace/cargo-home" RUSTUP_HOME="/workspace/rustup-home" "/workspace/cargo-home/bin/cargo" "+1.75.0" "metadata" "--manifest-path" "Cargo.toml" "--no-deps", kill_on_drop: false }`
[INFO] started tweaking crates.io crate recibo 0.3.0
[INFO] finished tweaking crates.io crate recibo 0.3.0
[INFO] tweaked toml for crates.io crate recibo 0.3.0 written to /workspace/builds/worker-5-tc1/source/Cargo.toml
[INFO] crate crates.io crate recibo 0.3.0 already has a lockfile, it will not be regenerated
[INFO] running `Command { std: CARGO_HOME="/workspace/cargo-home" RUSTUP_HOME="/workspace/rustup-home" "/workspace/cargo-home/bin/cargo" "+1.75.0" "fetch" "--manifest-path" "Cargo.toml", kill_on_drop: false }`
[INFO] [stderr]     Updating crates.io index
[INFO] [stderr]  Downloading crates ...
[INFO] [stderr]   Downloaded barcoders v1.0.2
[INFO] [stderr]   Downloaded exr v1.6.4
[INFO] running `Command { std: "docker" "create" "-v" "/var/lib/crater-agent-workspace/builds/worker-5-tc1/target:/opt/rustwide/target:rw,Z" "-v" "/var/lib/crater-agent-workspace/builds/worker-5-tc1/source:/opt/rustwide/workdir:ro,Z" "-v" "/var/lib/crater-agent-workspace/cargo-home:/opt/rustwide/cargo-home:ro,Z" "-v" "/var/lib/crater-agent-workspace/rustup-home:/opt/rustwide/rustup-home:ro,Z" "-e" "SOURCE_DIR=/opt/rustwide/workdir" "-e" "CARGO_TARGET_DIR=/opt/rustwide/target" "-e" "CARGO_HOME=/opt/rustwide/cargo-home" "-e" "RUSTUP_HOME=/opt/rustwide/rustup-home" "-w" "/opt/rustwide/workdir" "-m" "1610612736" "--user" "0:0" "--network" "none" "ghcr.io/rust-lang/crates-build-env/linux@sha256:2788e3201cd34a07e3172128adcd8b3090168a8e3bcc40d7c032b9dda1df7d1c" "/opt/rustwide/cargo-home/bin/cargo" "+1.75.0" "metadata" "--no-deps" "--format-version=1", kill_on_drop: false }`
[INFO] [stdout] 7958bc27f0a4a6fbc678d87d9b0dc42ca1556e3e32663db5c39f50320a2fcde6
[INFO] running `Command { std: "docker" "start" "-a" "7958bc27f0a4a6fbc678d87d9b0dc42ca1556e3e32663db5c39f50320a2fcde6", kill_on_drop: false }`
[INFO] running `Command { std: "docker" "inspect" "7958bc27f0a4a6fbc678d87d9b0dc42ca1556e3e32663db5c39f50320a2fcde6", kill_on_drop: false }`
[INFO] running `Command { std: "docker" "rm" "-f" "7958bc27f0a4a6fbc678d87d9b0dc42ca1556e3e32663db5c39f50320a2fcde6", kill_on_drop: false }`
[INFO] [stdout] 7958bc27f0a4a6fbc678d87d9b0dc42ca1556e3e32663db5c39f50320a2fcde6
[INFO] running `Command { std: "docker" "create" "-v" "/var/lib/crater-agent-workspace/builds/worker-5-tc1/target:/opt/rustwide/target:rw,Z" "-v" "/var/lib/crater-agent-workspace/builds/worker-5-tc1/source:/opt/rustwide/workdir:ro,Z" "-v" "/var/lib/crater-agent-workspace/cargo-home:/opt/rustwide/cargo-home:ro,Z" "-v" "/var/lib/crater-agent-workspace/rustup-home:/opt/rustwide/rustup-home:ro,Z" "-e" "SOURCE_DIR=/opt/rustwide/workdir" "-e" "CARGO_TARGET_DIR=/opt/rustwide/target" "-e" "CARGO_INCREMENTAL=0" "-e" "RUST_BACKTRACE=full" "-e" "RUSTFLAGS=--cap-lints=warn" "-e" "RUSTDOCFLAGS=--cap-lints=warn" "-e" "CARGO_HOME=/opt/rustwide/cargo-home" "-e" "RUSTUP_HOME=/opt/rustwide/rustup-home" "-w" "/opt/rustwide/workdir" "-m" "1610612736" "--user" "0:0" "--network" "none" "ghcr.io/rust-lang/crates-build-env/linux@sha256:2788e3201cd34a07e3172128adcd8b3090168a8e3bcc40d7c032b9dda1df7d1c" "/opt/rustwide/cargo-home/bin/cargo" "+1.75.0" "build" "--frozen" "--message-format=json", kill_on_drop: false }`
[INFO] [stdout] 0f4972d9450797792380a07957360981361b1ebf6fb16016f45a725bcc70e79e
[INFO] running `Command { std: "docker" "start" "-a" "0f4972d9450797792380a07957360981361b1ebf6fb16016f45a725bcc70e79e", kill_on_drop: false }`
[INFO] [stderr]    Compiling encoding_index_tests v0.1.4
[INFO] [stderr]    Compiling log v0.4.18
[INFO] [stderr]    Compiling byteorder v1.4.3
[INFO] [stderr]    Compiling barcoders v1.0.2
[INFO] [stderr]    Compiling encoding-index-singlebyte v1.20141219.5
[INFO] [stderr]    Compiling encoding-index-tradchinese v1.20141219.5
[INFO] [stderr]    Compiling encoding-index-simpchinese v1.20141219.5
[INFO] [stderr]    Compiling encoding-index-japanese v1.20141219.5
[INFO] [stderr]    Compiling encoding-index-korean v1.20141219.5
[INFO] [stderr]    Compiling encoding v0.2.33
[INFO] [stderr]    Compiling recibo v0.3.0 (/opt/rustwide/workdir)
[INFO] [stderr]     Finished dev [unoptimized + debuginfo] target(s) in 2.14s
[INFO] running `Command { std: "docker" "inspect" "0f4972d9450797792380a07957360981361b1ebf6fb16016f45a725bcc70e79e", kill_on_drop: false }`
[INFO] running `Command { std: "docker" "rm" "-f" "0f4972d9450797792380a07957360981361b1ebf6fb16016f45a725bcc70e79e", kill_on_drop: false }`
[INFO] [stdout] 0f4972d9450797792380a07957360981361b1ebf6fb16016f45a725bcc70e79e
[INFO] running `Command { std: "docker" "create" "-v" "/var/lib/crater-agent-workspace/builds/worker-5-tc1/target:/opt/rustwide/target:rw,Z" "-v" "/var/lib/crater-agent-workspace/builds/worker-5-tc1/source:/opt/rustwide/workdir:ro,Z" "-v" "/var/lib/crater-agent-workspace/cargo-home:/opt/rustwide/cargo-home:ro,Z" "-v" "/var/lib/crater-agent-workspace/rustup-home:/opt/rustwide/rustup-home:ro,Z" "-e" "SOURCE_DIR=/opt/rustwide/workdir" "-e" "CARGO_TARGET_DIR=/opt/rustwide/target" "-e" "CARGO_INCREMENTAL=0" "-e" "RUST_BACKTRACE=full" "-e" "RUSTFLAGS=--cap-lints=warn" "-e" "RUSTDOCFLAGS=--cap-lints=warn" "-e" "CARGO_HOME=/opt/rustwide/cargo-home" "-e" "RUSTUP_HOME=/opt/rustwide/rustup-home" "-w" "/opt/rustwide/workdir" "-m" "1610612736" "--user" "0:0" "--network" "none" "ghcr.io/rust-lang/crates-build-env/linux@sha256:2788e3201cd34a07e3172128adcd8b3090168a8e3bcc40d7c032b9dda1df7d1c" "/opt/rustwide/cargo-home/bin/cargo" "+1.75.0" "test" "--frozen" "--no-run" "--message-format=json", kill_on_drop: false }`
[INFO] [stdout] e09dadc36989afda5625c9ca184ee03eddbf272576a6a3388230916143b57fb4
[INFO] running `Command { std: "docker" "start" "-a" "e09dadc36989afda5625c9ca184ee03eddbf272576a6a3388230916143b57fb4", kill_on_drop: false }`
[INFO] [stderr]    Compiling libc v0.2.145
[INFO] [stderr]    Compiling proc-macro2 v1.0.59
[INFO] [stderr]    Compiling unicode-ident v1.0.9
[INFO] [stderr]    Compiling quote v1.0.28
[INFO] [stderr]    Compiling crossbeam-utils v0.8.15
[INFO] [stderr]    Compiling memoffset v0.8.0
[INFO] [stderr]    Compiling crossbeam-epoch v0.9.14
[INFO] [stderr]    Compiling simd-adler32 v0.3.5
[INFO] [stderr]    Compiling rayon-core v1.11.0
[INFO] [stderr]    Compiling lock_api v0.4.10
[INFO] [stderr]    Compiling crc32fast v1.3.2
[INFO] [stderr]    Compiling adler v1.0.2
[INFO] [stderr]    Compiling futures-core v0.3.28
[INFO] [stderr]    Compiling num-integer v0.1.45
[INFO] [stderr]    Compiling miniz_oxide v0.7.1
[INFO] [stderr]    Compiling either v1.8.1
[INFO] [stderr]    Compiling crossbeam-channel v0.5.8
[INFO] [stderr]    Compiling spin v0.9.8
[INFO] [stderr]    Compiling num-rational v0.4.1
[INFO] [stderr]    Compiling flate2 v1.0.26
[INFO] [stderr]    Compiling num_cpus v1.15.0
[INFO] [stderr]    Compiling getrandom v0.2.9
[INFO] [stderr]    Compiling crossbeam-deque v0.8.3
[INFO] [stderr]    Compiling syn v2.0.18
[INFO] [stderr]    Compiling nanorand v0.7.0
[INFO] [stderr]    Compiling weezl v0.1.7
[INFO] [stderr]    Compiling serde v1.0.163
[INFO] [stderr]    Compiling futures-sink v0.3.28
[INFO] [stderr]    Compiling zune-inflate v0.2.54
[INFO] [stderr]    Compiling fdeflate v0.3.0
[INFO] [stderr]    Compiling serde_json v1.0.96
[INFO] [stderr]    Compiling half v2.2.1
[INFO] [stderr]    Compiling bytemuck v1.13.1
[INFO] [stderr]    Compiling lebe v0.5.2
[INFO] [stderr]    Compiling rayon v1.7.0
[INFO] [stderr]    Compiling bit_field v0.10.2
[INFO] [stderr]    Compiling color_quant v1.1.0
[INFO] [stderr]    Compiling qoi v0.4.1
[INFO] [stderr]    Compiling png v0.17.8
[INFO] [stderr]    Compiling gif v0.12.0
[INFO] [stderr]    Compiling ryu v1.0.13
[INFO] [stderr]    Compiling itoa v1.0.6
[INFO] [stderr]    Compiling jpeg-decoder v0.3.0
[INFO] [stderr]    Compiling tiff v0.8.1
[INFO] [stderr]    Compiling pin-project-internal v1.1.0
[INFO] [stderr]    Compiling serde_derive v1.0.163
[INFO] [stderr]    Compiling pin-project v1.1.0
[INFO] [stderr]    Compiling flume v0.10.14
[INFO] [stderr]    Compiling exr v1.6.4
[INFO] [stderr]    Compiling image v0.24.6
[INFO] [stderr]    Compiling recibo v0.3.0 (/opt/rustwide/workdir)
[INFO] [stdout] error[E0599]: no method named `graphic` found for mutable reference `&mut Printer` in the current scope
[INFO] [stdout]   --> examples/graphic.rs:13:6
[INFO] [stdout]    |
[INFO] [stdout] 7  | /   printer
[INFO] [stdout] 8  | |     .init()?
[INFO] [stdout] 9  | |     .align(Alignment::Center)?
[INFO] [stdout] 10 | |     .text_size(4, 4)?
[INFO] [stdout] 11 | |     .text("Hello World")?
[INFO] [stdout] 12 | |     .feed(2)?
[INFO] [stdout] 13 | |     .graphic(move |builder| {
[INFO] [stdout]    | |     -^^^^^^^ method not found in `&mut Printer`
[INFO] [stdout]    | |_____|
[INFO] [stdout]    | 
[INFO] [stdout] 
[INFO] [stdout] 
[INFO] [stdout] error: aborting due to previous error
[INFO] [stdout] 
[INFO] [stdout] 
[INFO] [stdout] For more information about this error, try `rustc --explain E0599`.
[INFO] [stdout] 
[INFO] [stderr] error: could not compile `recibo` (example "graphic") due to 2 previous errors
[INFO] [stderr] warning: build failed, waiting for other jobs to finish...
[INFO] [stdout] error[E0433]: failed to resolve: use of undeclared type `Graphic`
[INFO] [stdout]    --> src/io/protocol.rs:600:23
[INFO] [stdout]     |
[INFO] [stdout] 600 |     let mut builder = Graphic::builder();
[INFO] [stdout]     |                       ^^^^^^^ use of undeclared type `Graphic`
[INFO] [stdout] 
[INFO] [stdout] 
[INFO] [stdout] error[E0599]: no method named `graphic` found for struct `protocol::Protocol` in the current scope
[INFO] [stdout]    --> src/io/protocol.rs:606:27
[INFO] [stdout]     |
[INFO] [stdout] 19  | pub struct Protocol {
[INFO] [stdout]     | ------------------- method `graphic` not found for this struct
[INFO] [stdout] ...
[INFO] [stdout] 606 |     let buffer = protocol.graphic(graphic)?;
[INFO] [stdout]     |                           ^^^^^^^ method not found in `Protocol`
[INFO] [stdout] 
[INFO] [stdout] 
[INFO] [stdout] error: aborting due to 2 previous errors
[INFO] [stdout] 
[INFO] [stdout] 
[INFO] [stdout] Some errors have detailed explanations: E0433, E0599.
[INFO] [stdout] 
[INFO] [stdout] For more information about an error, try `rustc --explain E0433`.
[INFO] [stdout] 
[INFO] [stderr] error: could not compile `recibo` (lib test) due to 3 previous errors
[INFO] running `Command { std: "docker" "inspect" "e09dadc36989afda5625c9ca184ee03eddbf272576a6a3388230916143b57fb4", kill_on_drop: false }`
[INFO] running `Command { std: "docker" "rm" "-f" "e09dadc36989afda5625c9ca184ee03eddbf272576a6a3388230916143b57fb4", kill_on_drop: false }`
[INFO] [stdout] e09dadc36989afda5625c9ca184ee03eddbf272576a6a3388230916143b57fb4
[INFO] testing recibo-0.3.0 against beta-2023-12-22 for beta-1.76-1
[INFO] extracting crate recibo 0.3.0 into /workspace/builds/worker-5-tc2/source
[INFO] validating manifest of crates.io crate recibo 0.3.0 on toolchain beta-2023-12-22
[INFO] running `Command { std: CARGO_HOME="/workspace/cargo-home" RUSTUP_HOME="/workspace/rustup-home" "/workspace/cargo-home/bin/cargo" "+beta-2023-12-22" "metadata" "--manifest-path" "Cargo.toml" "--no-deps", kill_on_drop: false }`
[INFO] started tweaking crates.io crate recibo 0.3.0
[INFO] finished tweaking crates.io crate recibo 0.3.0
[INFO] tweaked toml for crates.io crate recibo 0.3.0 written to /workspace/builds/worker-5-tc2/source/Cargo.toml
[INFO] crate crates.io crate recibo 0.3.0 already has a lockfile, it will not be regenerated
[INFO] running `Command { std: CARGO_HOME="/workspace/cargo-home" RUSTUP_HOME="/workspace/rustup-home" "/workspace/cargo-home/bin/cargo" "+beta-2023-12-22" "fetch" "--manifest-path" "Cargo.toml", kill_on_drop: false }`
[INFO] running `Command { std: "docker" "create" "-v" "/var/lib/crater-agent-workspace/builds/worker-5-tc2/target:/opt/rustwide/target:rw,Z" "-v" "/var/lib/crater-agent-workspace/builds/worker-5-tc2/source:/opt/rustwide/workdir:ro,Z" "-v" "/var/lib/crater-agent-workspace/cargo-home:/opt/rustwide/cargo-home:ro,Z" "-v" "/var/lib/crater-agent-workspace/rustup-home:/opt/rustwide/rustup-home:ro,Z" "-e" "SOURCE_DIR=/opt/rustwide/workdir" "-e" "CARGO_TARGET_DIR=/opt/rustwide/target" "-e" "CARGO_HOME=/opt/rustwide/cargo-home" "-e" "RUSTUP_HOME=/opt/rustwide/rustup-home" "-w" "/opt/rustwide/workdir" "-m" "1610612736" "--user" "0:0" "--network" "none" "ghcr.io/rust-lang/crates-build-env/linux@sha256:2788e3201cd34a07e3172128adcd8b3090168a8e3bcc40d7c032b9dda1df7d1c" "/opt/rustwide/cargo-home/bin/cargo" "+beta-2023-12-22" "metadata" "--no-deps" "--format-version=1", kill_on_drop: false }`
[INFO] [stdout] 9eadc34f0150ce55c6370744915fdec57d59ef52291fa7167647f9c79781fa1a
[INFO] running `Command { std: "docker" "start" "-a" "9eadc34f0150ce55c6370744915fdec57d59ef52291fa7167647f9c79781fa1a", kill_on_drop: false }`
[INFO] running `Command { std: "docker" "inspect" "9eadc34f0150ce55c6370744915fdec57d59ef52291fa7167647f9c79781fa1a", kill_on_drop: false }`
[INFO] running `Command { std: "docker" "rm" "-f" "9eadc34f0150ce55c6370744915fdec57d59ef52291fa7167647f9c79781fa1a", kill_on_drop: false }`
[INFO] [stdout] 9eadc34f0150ce55c6370744915fdec57d59ef52291fa7167647f9c79781fa1a
[INFO] running `Command { std: "docker" "create" "-v" "/var/lib/crater-agent-workspace/builds/worker-5-tc2/target:/opt/rustwide/target:rw,Z" "-v" "/var/lib/crater-agent-workspace/builds/worker-5-tc2/source:/opt/rustwide/workdir:ro,Z" "-v" "/var/lib/crater-agent-workspace/cargo-home:/opt/rustwide/cargo-home:ro,Z" "-v" "/var/lib/crater-agent-workspace/rustup-home:/opt/rustwide/rustup-home:ro,Z" "-e" "SOURCE_DIR=/opt/rustwide/workdir" "-e" "CARGO_TARGET_DIR=/opt/rustwide/target" "-e" "CARGO_INCREMENTAL=0" "-e" "RUST_BACKTRACE=full" "-e" "RUSTFLAGS=--cap-lints=warn" "-e" "RUSTDOCFLAGS=--cap-lints=warn" "-e" "CARGO_HOME=/opt/rustwide/cargo-home" "-e" "RUSTUP_HOME=/opt/rustwide/rustup-home" "-w" "/opt/rustwide/workdir" "-m" "1610612736" "--user" "0:0" "--network" "none" "ghcr.io/rust-lang/crates-build-env/linux@sha256:2788e3201cd34a07e3172128adcd8b3090168a8e3bcc40d7c032b9dda1df7d1c" "/opt/rustwide/cargo-home/bin/cargo" "+beta-2023-12-22" "build" "--frozen" "--message-format=json", kill_on_drop: false }`
[INFO] [stdout] e9f0147b94cd0139374def1af92c81516608a1c8af6270faf9815337344d82fc
[INFO] running `Command { std: "docker" "start" "-a" "e9f0147b94cd0139374def1af92c81516608a1c8af6270faf9815337344d82fc", kill_on_drop: false }`
[INFO] [stderr]    Compiling encoding_index_tests v0.1.4
[INFO] [stderr]    Compiling log v0.4.18
[INFO] [stderr]    Compiling barcoders v1.0.2
[INFO] [stderr]    Compiling byteorder v1.4.3
[INFO] [stderr]    Compiling encoding-index-japanese v1.20141219.5
[INFO] [stderr]    Compiling encoding-index-tradchinese v1.20141219.5
[INFO] [stderr]    Compiling encoding-index-korean v1.20141219.5
[INFO] [stderr]    Compiling encoding-index-simpchinese v1.20141219.5
[INFO] [stderr]    Compiling encoding-index-singlebyte v1.20141219.5
[INFO] [stderr]    Compiling encoding v0.2.33
[INFO] [stderr]    Compiling recibo v0.3.0 (/opt/rustwide/workdir)
[INFO] [stderr]     Finished dev [unoptimized + debuginfo] target(s) in 1.96s
[INFO] running `Command { std: "docker" "inspect" "e9f0147b94cd0139374def1af92c81516608a1c8af6270faf9815337344d82fc", kill_on_drop: false }`
[INFO] running `Command { std: "docker" "rm" "-f" "e9f0147b94cd0139374def1af92c81516608a1c8af6270faf9815337344d82fc", kill_on_drop: false }`
[INFO] [stdout] e9f0147b94cd0139374def1af92c81516608a1c8af6270faf9815337344d82fc
[INFO] running `Command { std: "docker" "create" "-v" "/var/lib/crater-agent-workspace/builds/worker-5-tc2/target:/opt/rustwide/target:rw,Z" "-v" "/var/lib/crater-agent-workspace/builds/worker-5-tc2/source:/opt/rustwide/workdir:ro,Z" "-v" "/var/lib/crater-agent-workspace/cargo-home:/opt/rustwide/cargo-home:ro,Z" "-v" "/var/lib/crater-agent-workspace/rustup-home:/opt/rustwide/rustup-home:ro,Z" "-e" "SOURCE_DIR=/opt/rustwide/workdir" "-e" "CARGO_TARGET_DIR=/opt/rustwide/target" "-e" "CARGO_INCREMENTAL=0" "-e" "RUST_BACKTRACE=full" "-e" "RUSTFLAGS=--cap-lints=warn" "-e" "RUSTDOCFLAGS=--cap-lints=warn" "-e" "CARGO_HOME=/opt/rustwide/cargo-home" "-e" "RUSTUP_HOME=/opt/rustwide/rustup-home" "-w" "/opt/rustwide/workdir" "-m" "1610612736" "--user" "0:0" "--network" "none" "ghcr.io/rust-lang/crates-build-env/linux@sha256:2788e3201cd34a07e3172128adcd8b3090168a8e3bcc40d7c032b9dda1df7d1c" "/opt/rustwide/cargo-home/bin/cargo" "+beta-2023-12-22" "test" "--frozen" "--no-run" "--message-format=json", kill_on_drop: false }`
[INFO] [stdout] c0f18fef14e8ee1b7be4dbce78db23b4e695feafaabe6cda6cef994be786d139
[INFO] running `Command { std: "docker" "start" "-a" "c0f18fef14e8ee1b7be4dbce78db23b4e695feafaabe6cda6cef994be786d139", kill_on_drop: false }`
[INFO] [stderr]    Compiling proc-macro2 v1.0.59
[INFO] [stderr]    Compiling libc v0.2.145
[INFO] [stderr]    Compiling unicode-ident v1.0.9
[INFO] [stderr]    Compiling quote v1.0.28
[INFO] [stderr]    Compiling crossbeam-utils v0.8.15
[INFO] [stderr]    Compiling memoffset v0.8.0
[INFO] [stderr]    Compiling crossbeam-epoch v0.9.14
[INFO] [stderr]    Compiling simd-adler32 v0.3.5
[INFO] [stderr]    Compiling rayon-core v1.11.0
[INFO] [stderr]    Compiling lock_api v0.4.10
[INFO] [stderr]    Compiling adler v1.0.2
[INFO] [stderr]    Compiling crc32fast v1.3.2
[INFO] [stderr]    Compiling futures-core v0.3.28
[INFO] [stderr]    Compiling num-integer v0.1.45
[INFO] [stderr]    Compiling miniz_oxide v0.7.1
[INFO] [stderr]    Compiling either v1.8.1
[INFO] [stderr]    Compiling num-rational v0.4.1
[INFO] [stderr]    Compiling weezl v0.1.7
[INFO] [stderr]    Compiling num_cpus v1.15.0
[INFO] [stderr]    Compiling syn v2.0.18
[INFO] [stderr]    Compiling crossbeam-channel v0.5.8
[INFO] [stderr]    Compiling crossbeam-deque v0.8.3
[INFO] [stderr]    Compiling getrandom v0.2.9
[INFO] [stderr]    Compiling flate2 v1.0.26
[INFO] [stderr]    Compiling nanorand v0.7.0
[INFO] [stderr]    Compiling spin v0.9.8
[INFO] [stderr]    Compiling serde v1.0.163
[INFO] [stderr]    Compiling futures-sink v0.3.28
[INFO] [stderr]    Compiling fdeflate v0.3.0
[INFO] [stderr]    Compiling zune-inflate v0.2.54
[INFO] [stderr]    Compiling lebe v0.5.2
[INFO] [stderr]    Compiling serde_json v1.0.96
[INFO] [stderr]    Compiling color_quant v1.1.0
[INFO] [stderr]    Compiling rayon v1.7.0
[INFO] [stderr]    Compiling half v2.2.1
[INFO] [stderr]    Compiling bit_field v0.10.2
[INFO] [stderr]    Compiling bytemuck v1.13.1
[INFO] [stderr]    Compiling png v0.17.8
[INFO] [stderr]    Compiling qoi v0.4.1
[INFO] [stderr]    Compiling gif v0.12.0
[INFO] [stderr]    Compiling ryu v1.0.13
[INFO] [stderr]    Compiling itoa v1.0.6
[INFO] [stderr]    Compiling jpeg-decoder v0.3.0
[INFO] [stderr]    Compiling tiff v0.8.1
[INFO] [stderr]    Compiling pin-project-internal v1.1.0
[INFO] [stderr]    Compiling serde_derive v1.0.163
[INFO] [stderr]    Compiling pin-project v1.1.0
[INFO] [stderr]    Compiling flume v0.10.14
[INFO] [stderr]    Compiling exr v1.6.4
[INFO] [stderr]    Compiling image v0.24.6
[INFO] [stderr]    Compiling recibo v0.3.0 (/opt/rustwide/workdir)
[INFO] [stdout] error[E0599]: no method named `graphic` found for mutable reference `&mut Printer` in the current scope
[INFO] [stdout]   --> examples/graphic.rs:13:6
[INFO] [stdout]    |
[INFO] [stdout] 7  | /   printer
[INFO] [stdout] 8  | |     .init()?
[INFO] [stdout] 9  | |     .align(Alignment::Center)?
[INFO] [stdout] 10 | |     .text_size(4, 4)?
[INFO] [stdout] 11 | |     .text("Hello World")?
[INFO] [stdout] 12 | |     .feed(2)?
[INFO] [stdout] 13 | |     .graphic(move |builder| {
[INFO] [stdout]    | |     -^^^^^^^ method not found in `&mut Printer`
[INFO] [stdout]    | |_____|
[INFO] [stdout]    | 
[INFO] [stdout] 
[INFO] [stdout] 
[INFO] [stdout] error: aborting due to 1 previous error
[INFO] [stdout] 
[INFO] [stdout] 
[INFO] [stdout] For more information about this error, try `rustc --explain E0599`.
[INFO] [stdout] 
[INFO] [stderr] error: could not compile `recibo` (example "graphic") due to 2 previous errors
[INFO] [stderr] warning: build failed, waiting for other jobs to finish...
[INFO] [stdout] error[E0433]: failed to resolve: use of undeclared type `Graphic`
[INFO] [stdout]    --> src/io/protocol.rs:600:23
[INFO] [stdout]     |
[INFO] [stdout] 600 |     let mut builder = Graphic::builder();
[INFO] [stdout]     |                       ^^^^^^^ use of undeclared type `Graphic`
[INFO] [stdout] 
[INFO] [stdout] 
[INFO] [stdout] error[E0599]: no method named `graphic` found for struct `protocol::Protocol` in the current scope
[INFO] [stdout]    --> src/io/protocol.rs:606:27
[INFO] [stdout]     |
[INFO] [stdout] 19  | pub struct Protocol {
[INFO] [stdout]     | ------------------- method `graphic` not found for this struct
[INFO] [stdout] ...
[INFO] [stdout] 606 |     let buffer = protocol.graphic(graphic)?;
[INFO] [stdout]     |                           ^^^^^^^ method not found in `Protocol`
[INFO] [stdout] 
[INFO] [stdout] 
[INFO] [stdout] error: aborting due to 2 previous errors
[INFO] [stdout] 
[INFO] [stdout] 
[INFO] [stdout] Some errors have detailed explanations: E0433, E0599.
[INFO] [stdout] 
[INFO] [stdout] For more information about an error, try `rustc --explain E0433`.
[INFO] [stdout] 
[INFO] [stderr] error: could not compile `recibo` (lib test) due to 3 previous errors
[INFO] running `Command { std: "docker" "inspect" "c0f18fef14e8ee1b7be4dbce78db23b4e695feafaabe6cda6cef994be786d139", kill_on_drop: false }`
[INFO] running `Command { std: "docker" "rm" "-f" "c0f18fef14e8ee1b7be4dbce78db23b4e695feafaabe6cda6cef994be786d139", kill_on_drop: false }`
[INFO] [stdout] c0f18fef14e8ee1b7be4dbce78db23b4e695feafaabe6cda6cef994be786d139
