[INFO] fetching crate re_query 0.11.0...
[INFO] testing re_query-0.11.0 against 1.75.0 for beta-1.76-1
[INFO] extracting crate re_query 0.11.0 into /workspace/builds/worker-6-tc1/source
[INFO] validating manifest of crates.io crate re_query 0.11.0 on toolchain 1.75.0
[INFO] running `Command { std: CARGO_HOME="/workspace/cargo-home" RUSTUP_HOME="/workspace/rustup-home" "/workspace/cargo-home/bin/cargo" "+1.75.0" "metadata" "--manifest-path" "Cargo.toml" "--no-deps", kill_on_drop: false }`
[INFO] started tweaking crates.io crate re_query 0.11.0
[INFO] finished tweaking crates.io crate re_query 0.11.0
[INFO] tweaked toml for crates.io crate re_query 0.11.0 written to /workspace/builds/worker-6-tc1/source/Cargo.toml
[INFO] running `Command { std: CARGO_HOME="/workspace/cargo-home" RUSTUP_HOME="/workspace/rustup-home" "/workspace/cargo-home/bin/cargo" "+1.75.0" "generate-lockfile" "--manifest-path" "Cargo.toml", kill_on_drop: false }`
[INFO] [stderr]     Updating crates.io index
[INFO] running `Command { std: CARGO_HOME="/workspace/cargo-home" RUSTUP_HOME="/workspace/rustup-home" "/workspace/cargo-home/bin/cargo" "+1.75.0" "fetch" "--manifest-path" "Cargo.toml", kill_on_drop: false }`
[INFO] [stderr]  Downloading crates ...
[INFO] [stderr]   Downloaded re_format v0.11.0
[INFO] [stderr]   Downloaded re_smart_channel v0.11.0
[INFO] [stderr]   Downloaded re_tuid v0.11.0
[INFO] [stderr]   Downloaded re_int_histogram v0.11.0
[INFO] [stderr]   Downloaded re_log v0.11.0
[INFO] [stderr]   Downloaded infer v0.15.0
[INFO] [stderr]   Downloaded re_build_tools v0.11.0
[INFO] [stderr]   Downloaded re_data_store v0.11.0
[INFO] [stderr]   Downloaded comfy-table v6.2.0
[INFO] [stderr]   Downloaded re_string_interner v0.11.0
[INFO] [stderr]   Downloaded lz4_flex v0.10.0
[INFO] [stderr]   Downloaded re_log_types v0.11.0
[INFO] [stderr]   Downloaded xshell v0.2.5
[INFO] [stderr]   Downloaded re_types_builder v0.11.0
[INFO] [stderr]   Downloaded re_types v0.11.0
[INFO] [stderr]   Downloaded arrow2 v0.17.4
[INFO] [stderr]   Downloaded polars-core v0.29.0
[INFO] [stderr]   Downloaded rfd v0.12.1
[INFO] [stderr]   Downloaded cfb v0.7.3
[INFO] [stderr]   Downloaded ashpd v0.6.7
[INFO] [stderr]   Downloaded polars-arrow v0.29.0
[INFO] [stderr]   Downloaded polars-ops v0.29.0
[INFO] [stderr]   Downloaded re_arrow_store v0.11.0
[INFO] [stderr]   Downloaded polars-row v0.29.0
[INFO] [stderr]   Downloaded log-once v0.4.1
[INFO] [stderr]   Downloaded uds_windows v1.1.0
[INFO] [stderr]   Downloaded xshell-macros v0.2.5
[INFO] [stderr]   Downloaded indent v0.1.1
[INFO] [stderr]   Downloaded puffin_http v0.13.0
[INFO] [stderr]   Downloaded re_error v0.11.0
[INFO] [stderr]   Downloaded re_types_core v0.11.0
[INFO] [stderr]   Downloaded polars-error v0.29.0
[INFO] [stderr]   Downloaded polars-utils v0.29.0
[INFO] [stderr]   Downloaded clang-format v0.2.0
[INFO] running `Command { std: "docker" "create" "-v" "/var/lib/crater-agent-workspace/builds/worker-6-tc1/target:/opt/rustwide/target:rw,Z" "-v" "/var/lib/crater-agent-workspace/builds/worker-6-tc1/source:/opt/rustwide/workdir:ro,Z" "-v" "/var/lib/crater-agent-workspace/cargo-home:/opt/rustwide/cargo-home:ro,Z" "-v" "/var/lib/crater-agent-workspace/rustup-home:/opt/rustwide/rustup-home:ro,Z" "-e" "SOURCE_DIR=/opt/rustwide/workdir" "-e" "CARGO_TARGET_DIR=/opt/rustwide/target" "-e" "CARGO_HOME=/opt/rustwide/cargo-home" "-e" "RUSTUP_HOME=/opt/rustwide/rustup-home" "-w" "/opt/rustwide/workdir" "-m" "1610612736" "--user" "0:0" "--network" "none" "ghcr.io/rust-lang/crates-build-env/linux@sha256:2788e3201cd34a07e3172128adcd8b3090168a8e3bcc40d7c032b9dda1df7d1c" "/opt/rustwide/cargo-home/bin/cargo" "+1.75.0" "metadata" "--no-deps" "--format-version=1", kill_on_drop: false }`
[INFO] [stdout] b5deb84bb25c103896bfe96a52739df5469abbd25cc7bb7ad3f7935e4f800876
[INFO] running `Command { std: "docker" "start" "-a" "b5deb84bb25c103896bfe96a52739df5469abbd25cc7bb7ad3f7935e4f800876", kill_on_drop: false }`
[INFO] running `Command { std: "docker" "inspect" "b5deb84bb25c103896bfe96a52739df5469abbd25cc7bb7ad3f7935e4f800876", kill_on_drop: false }`
[INFO] running `Command { std: "docker" "rm" "-f" "b5deb84bb25c103896bfe96a52739df5469abbd25cc7bb7ad3f7935e4f800876", kill_on_drop: false }`
[INFO] [stdout] b5deb84bb25c103896bfe96a52739df5469abbd25cc7bb7ad3f7935e4f800876
[INFO] running `Command { std: "docker" "create" "-v" "/var/lib/crater-agent-workspace/builds/worker-6-tc1/target:/opt/rustwide/target:rw,Z" "-v" "/var/lib/crater-agent-workspace/builds/worker-6-tc1/source:/opt/rustwide/workdir:ro,Z" "-v" "/var/lib/crater-agent-workspace/cargo-home:/opt/rustwide/cargo-home:ro,Z" "-v" "/var/lib/crater-agent-workspace/rustup-home:/opt/rustwide/rustup-home:ro,Z" "-e" "SOURCE_DIR=/opt/rustwide/workdir" "-e" "CARGO_TARGET_DIR=/opt/rustwide/target" "-e" "CARGO_INCREMENTAL=0" "-e" "RUST_BACKTRACE=full" "-e" "RUSTFLAGS=--cap-lints=warn" "-e" "RUSTDOCFLAGS=--cap-lints=warn" "-e" "CARGO_HOME=/opt/rustwide/cargo-home" "-e" "RUSTUP_HOME=/opt/rustwide/rustup-home" "-w" "/opt/rustwide/workdir" "-m" "1610612736" "--user" "0:0" "--network" "none" "ghcr.io/rust-lang/crates-build-env/linux@sha256:2788e3201cd34a07e3172128adcd8b3090168a8e3bcc40d7c032b9dda1df7d1c" "/opt/rustwide/cargo-home/bin/cargo" "+1.75.0" "build" "--frozen" "--message-format=json", kill_on_drop: false }`
[INFO] [stdout] f79a821693064f21b4d4405d042ec50b1b960b5680d11fabb5fdee7e7d9c2d47
[INFO] running `Command { std: "docker" "start" "-a" "f79a821693064f21b4d4405d042ec50b1b960b5680d11fabb5fdee7e7d9c2d47", kill_on_drop: false }`
[INFO] [stderr]    Compiling proc-macro2 v1.0.75
[INFO] [stderr]    Compiling unicode-ident v1.0.12
[INFO] [stderr]    Compiling cfg-if v1.0.0
[INFO] [stderr]    Compiling libc v0.2.151
[INFO] [stderr]    Compiling once_cell v1.19.0
[INFO] [stderr]    Compiling autocfg v1.1.0
[INFO] [stderr]    Compiling memchr v2.7.1
[INFO] [stderr]    Compiling smallvec v1.11.2
[INFO] [stderr]    Compiling semver v1.0.21
[INFO] [stderr]    Compiling syn v1.0.109
[INFO] [stderr]    Compiling serde v1.0.194
[INFO] [stderr]    Compiling parking_lot_core v0.9.9
[INFO] [stderr]    Compiling lock_api v0.4.11
[INFO] [stderr]    Compiling anyhow v1.0.79
[INFO] [stderr]    Compiling scopeguard v1.2.0
[INFO] [stderr]    Compiling rustversion v1.0.14
[INFO] [stderr]    Compiling version_check v0.9.4
[INFO] [stderr]    Compiling quote v1.0.35
[INFO] [stderr]    Compiling syn v2.0.48
[INFO] [stderr]    Compiling crossbeam-utils v0.8.18
[INFO] [stderr]    Compiling ahash v0.8.7
[INFO] [stderr]    Compiling num-traits v0.2.17
[INFO] [stderr]    Compiling wasm-bindgen-shared v0.2.89
[INFO] [stderr]    Compiling getrandom v0.2.11
[INFO] [stderr]    Compiling rustc_version v0.4.0
[INFO] [stderr]    Compiling parking_lot v0.12.1
[INFO] [stderr]    Compiling cc v1.0.83
[INFO] [stderr]    Compiling instant v0.1.12
[INFO] [stderr]    Compiling array-init-cursor v0.2.0
[INFO] [stderr]    Compiling byteorder v1.5.0
[INFO] [stderr]    Compiling zerocopy v0.7.32
[INFO] [stderr]    Compiling heck v0.4.1
[INFO] [stderr]    Compiling puffin v0.16.0
[INFO] [stderr]    Compiling planus v0.3.1
[INFO] [stderr]    Compiling arrow2 v0.17.4
[INFO] [stderr]    Compiling gimli v0.28.1
[INFO] [stderr]    Compiling rustix v0.38.28
[INFO] [stderr]    Compiling bumpalo v3.14.0
[INFO] [stderr]    Compiling backtrace v0.3.69
[INFO] [stderr]    Compiling log v0.4.20
[INFO] [stderr]    Compiling thiserror v1.0.56
[INFO] [stderr]    Compiling unicode-width v0.1.11
[INFO] [stderr]    Compiling strum v0.24.1
[INFO] [stderr]    Compiling adler v1.0.2
[INFO] [stderr]    Compiling either v1.9.0
[INFO] [stderr]    Compiling miniz_oxide v0.7.1
[INFO] [stderr]    Compiling chrono v0.4.31
[INFO] [stderr]    Compiling re_tracing v0.11.0
[INFO] [stderr]    Compiling aho-corasick v1.1.2
[INFO] [stderr]    Compiling object v0.32.2
[INFO] [stderr]    Compiling bitflags v2.4.1
[INFO] [stderr]    Compiling nohash-hasher v0.2.0
[INFO] [stderr]    Compiling litrs v0.4.1
[INFO] [stderr]    Compiling rustc-demangle v0.1.23
[INFO] [stderr]    Compiling strum_macros v0.24.3
[INFO] [stderr]    Compiling simdutf8 v0.1.4
[INFO] [stderr]    Compiling wasm-bindgen-backend v0.2.89
[INFO] [stderr]    Compiling addr2line v0.21.0
[INFO] [stderr]    Compiling lazy_static v1.4.0
[INFO] [stderr]    Compiling foreign_vec v0.1.0
[INFO] [stderr]    Compiling hash_hasher v2.0.3
[INFO] [stderr]    Compiling ethnum v1.5.0
[INFO] [stderr]    Compiling dyn-clone v1.0.16
[INFO] [stderr]    Compiling linux-raw-sys v0.4.12
[INFO] [stderr]    Compiling regex-syntax v0.8.2
[INFO] [stderr]    Compiling wasm-bindgen-macro-support v0.2.89
[INFO] [stderr]    Compiling regex-automata v0.4.3
[INFO] [stderr]    Compiling document-features v0.2.8
[INFO] [stderr]    Compiling comfy-table v6.2.0
[INFO] [stderr]    Compiling re_string_interner v0.11.0
[INFO] [stderr]    Compiling crossbeam-epoch v0.9.17
[INFO] [stderr]    Compiling wasm-bindgen v0.2.89
[INFO] [stderr]    Compiling serde_derive v1.0.194
[INFO] [stderr]    Compiling bytemuck_derive v1.5.0
[INFO] [stderr]    Compiling thiserror-impl v1.0.56
[INFO] [stderr]    Compiling az v1.2.1
[INFO] [stderr]    Compiling re_error v0.11.0
[INFO] [stderr]    Compiling web-time v0.2.4
[INFO] [stderr]    Compiling typenum v1.17.0
[INFO] [stderr]    Compiling regex-automata v0.1.10
[INFO] [stderr]    Compiling bstr v0.2.17
[INFO] [stderr]    Compiling crossbeam-deque v0.8.4
[INFO] [stderr]    Compiling tracing-attributes v0.1.27
[INFO] [stderr]    Compiling wasm-bindgen-macro v0.2.89
[INFO] [stderr]    Compiling bytemuck v1.14.0
[INFO] [stderr]    Compiling is-terminal v0.4.10
[INFO] [stderr]    Compiling crossbeam-queue v0.3.10
[INFO] [stderr]    Compiling crossbeam-channel v0.5.10
[INFO] [stderr]    Compiling tracing-core v0.1.32
[INFO] [stderr]    Compiling regex v1.10.2
[INFO] [stderr]    Compiling humantime v2.1.0
[INFO] [stderr]    Compiling pin-project-lite v0.2.13
[INFO] [stderr]    Compiling unicode-segmentation v1.10.1
[INFO] [stderr]    Compiling powerfmt v0.2.0
[INFO] [stderr]    Compiling fixed v1.24.0
[INFO] [stderr]    Compiling termcolor v1.4.0
[INFO] [stderr]    Compiling time-core v0.1.2
[INFO] [stderr]    Compiling similar v2.4.0
[INFO] [stderr]    Compiling time-macros v0.2.16
[INFO] [stderr]    Compiling env_logger v0.10.1
[INFO] [stderr]    Compiling deranged v0.3.11
[INFO] [stderr]    Compiling tracing v0.1.40
[INFO] [stderr]    Compiling crossbeam v0.8.3
[INFO] [stderr]    Compiling console v0.15.7
[INFO] [stderr]    Compiling log-once v0.4.1
[INFO] [stderr]    Compiling half v2.3.1
[INFO] [stderr]    Compiling itoa v1.0.10
[INFO] [stderr]    Compiling num_threads v0.1.6
[INFO] [stderr]    Compiling similar-asserts v1.5.0
[INFO] [stderr]    Compiling re_log v0.11.0
[INFO] [stderr]    Compiling num-derive v0.3.3
[INFO] [stderr]    Compiling time v0.3.31
[INFO] [stderr]    Compiling itertools v0.11.0
[INFO] [stderr]    Compiling static_assertions v1.1.0
[INFO] [stderr]    Compiling indent v0.1.1
[INFO] [stderr]    Compiling re_int_histogram v0.11.0
[INFO] [stderr]    Compiling re_smart_channel v0.11.0
[INFO] [stderr]    Compiling arrow-format v0.8.1
[INFO] [stderr]    Compiling uuid v1.6.1
[INFO] [stderr]    Compiling re_types_core v0.11.0
[INFO] [stderr]    Compiling re_tuid v0.11.0
[INFO] [stderr]    Compiling re_format v0.11.0
[INFO] [stderr]    Compiling re_log_types v0.11.0
[INFO] [stderr]    Compiling re_arrow_store v0.11.0
[INFO] [stderr]    Compiling re_data_store v0.11.0
[INFO] [stderr]    Compiling re_query v0.11.0 (/opt/rustwide/workdir)
[INFO] [stderr]     Finished dev [unoptimized + debuginfo] target(s) in 47.22s
[INFO] running `Command { std: "docker" "inspect" "f79a821693064f21b4d4405d042ec50b1b960b5680d11fabb5fdee7e7d9c2d47", kill_on_drop: false }`
[INFO] running `Command { std: "docker" "rm" "-f" "f79a821693064f21b4d4405d042ec50b1b960b5680d11fabb5fdee7e7d9c2d47", kill_on_drop: false }`
[INFO] [stdout] f79a821693064f21b4d4405d042ec50b1b960b5680d11fabb5fdee7e7d9c2d47
[INFO] running `Command { std: "docker" "create" "-v" "/var/lib/crater-agent-workspace/builds/worker-6-tc1/target:/opt/rustwide/target:rw,Z" "-v" "/var/lib/crater-agent-workspace/builds/worker-6-tc1/source:/opt/rustwide/workdir:ro,Z" "-v" "/var/lib/crater-agent-workspace/cargo-home:/opt/rustwide/cargo-home:ro,Z" "-v" "/var/lib/crater-agent-workspace/rustup-home:/opt/rustwide/rustup-home:ro,Z" "-e" "SOURCE_DIR=/opt/rustwide/workdir" "-e" "CARGO_TARGET_DIR=/opt/rustwide/target" "-e" "CARGO_INCREMENTAL=0" "-e" "RUST_BACKTRACE=full" "-e" "RUSTFLAGS=--cap-lints=warn" "-e" "RUSTDOCFLAGS=--cap-lints=warn" "-e" "CARGO_HOME=/opt/rustwide/cargo-home" "-e" "RUSTUP_HOME=/opt/rustwide/rustup-home" "-w" "/opt/rustwide/workdir" "-m" "1610612736" "--user" "0:0" "--network" "none" "ghcr.io/rust-lang/crates-build-env/linux@sha256:2788e3201cd34a07e3172128adcd8b3090168a8e3bcc40d7c032b9dda1df7d1c" "/opt/rustwide/cargo-home/bin/cargo" "+1.75.0" "test" "--frozen" "--no-run" "--message-format=json", kill_on_drop: false }`
[INFO] [stdout] cdd8ef6f1d24d0388453f62c0aa816f96be46106d5365cc74eeb88beddb01da2
[INFO] running `Command { std: "docker" "start" "-a" "cdd8ef6f1d24d0388453f62c0aa816f96be46106d5365cc74eeb88beddb01da2", kill_on_drop: false }`
[INFO] [stderr]    Compiling serde v1.0.194
[INFO] [stderr]    Compiling num-traits v0.2.17
[INFO] [stderr]    Compiling getrandom v0.2.11
[INFO] [stderr]    Compiling crossbeam-utils v0.8.18
[INFO] [stderr]    Compiling syn v1.0.109
[INFO] [stderr]    Compiling lexical-util v0.8.5
[INFO] [stderr]    Compiling signal-hook v0.3.17
[INFO] [stderr]    Compiling libc v0.2.151
[INFO] [stderr]    Compiling semver v1.0.21
[INFO] [stderr]    Compiling signal-hook-registry v1.4.1
[INFO] [stderr]    Compiling target-features v0.1.5
[INFO] [stderr]    Compiling mio v0.8.10
[INFO] [stderr]    Compiling ahash v0.8.7
[INFO] [stderr]    Compiling signal-hook-mio v0.2.3
[INFO] [stderr]    Compiling crossbeam-epoch v0.9.17
[INFO] [stderr]    Compiling lexical-parse-integer v0.8.6
[INFO] [stderr]    Compiling lexical-write-integer v0.8.5
[INFO] [stderr]    Compiling cc v1.0.83
[INFO] [stderr]    Compiling bitflags v1.3.2
[INFO] [stderr]    Compiling lexical-parse-float v0.8.5
[INFO] [stderr]    Compiling crossterm v0.26.1
[INFO] [stderr]    Compiling lexical-write-float v0.8.5
[INFO] [stderr]    Compiling crossbeam-deque v0.8.4
[INFO] [stderr]    Compiling regex-syntax v0.8.2
[INFO] [stderr]    Compiling chrono v0.4.31
[INFO] [stderr]    Compiling lexical-core v0.8.5
[INFO] [stderr]    Compiling value-bag v1.4.3
[INFO] [stderr]    Compiling strength_reduce v0.2.4
[INFO] [stderr]    Compiling log v0.4.20
[INFO] [stderr]    Compiling backtrace v0.3.69
[INFO] [stderr]    Compiling rayon-core v1.12.0
[INFO] [stderr]    Compiling rustc_version v0.4.0
[INFO] [stderr]    Compiling re_string_interner v0.11.0
[INFO] [stderr]    Compiling arrow-format v0.8.1
[INFO] [stderr]    Compiling wasm-bindgen-backend v0.2.89
[INFO] [stderr]    Compiling arrow2 v0.17.4
[INFO] [stderr]    Compiling rayon v1.8.0
[INFO] [stderr]    Compiling regex-automata v0.4.3
[INFO] [stderr]    Compiling wasm-bindgen-macro-support v0.2.89
[INFO] [stderr]    Compiling half v2.3.1
[INFO] [stderr]    Compiling crossbeam-channel v0.5.10
[INFO] [stderr]    Compiling crossbeam-queue v0.3.10
[INFO] [stderr]    Compiling wasm-bindgen-macro v0.2.89
[INFO] [stderr]    Compiling unicase v2.7.0
[INFO] [stderr]    Compiling smartstring v1.0.1
[INFO] [stderr]    Compiling regex v1.10.2
[INFO] [stderr]    Compiling crossbeam v0.8.3
[INFO] [stderr]    Compiling env_logger v0.10.1
[INFO] [stderr]    Compiling fixed v1.24.0
[INFO] [stderr]    Compiling matrixmultiply v0.3.8
[INFO] [stderr]    Compiling multiversion-macros v0.7.3
[INFO] [stderr]    Compiling strum_macros v0.24.3
[INFO] [stderr]    Compiling wasm-bindgen v0.2.89
[INFO] [stderr]    Compiling num-derive v0.3.3
[INFO] [stderr]    Compiling re_log v0.11.0
[INFO] [stderr]    Compiling uuid v1.6.1
[INFO] [stderr]    Compiling num-integer v0.1.45
[INFO] [stderr]    Compiling serde_json v1.0.111
[INFO] [stderr]    Compiling mime_guess v2.0.4
[INFO] [stderr]    Compiling libmimalloc-sys v0.1.35
[INFO] [stderr]    Compiling rand_core v0.6.4
[INFO] [stderr]    Compiling indexmap v1.9.3
[INFO] [stderr]    Compiling ppv-lite86 v0.2.17
[INFO] [stderr]    Compiling plotters-backend v0.3.5
[INFO] [stderr]    Compiling ciborium-io v0.2.1
[INFO] [stderr]    Compiling ryu v1.0.16
[INFO] [stderr]    Compiling half v1.8.2
[INFO] [stderr]    Compiling anstyle v1.0.4
[INFO] [stderr]    Compiling fnv v1.0.7
[INFO] [stderr]    Compiling clap_lex v0.6.0
[INFO] [stderr]    Compiling rawpointer v0.2.1
[INFO] [stderr]    Compiling multiversion v0.7.3
[INFO] [stderr]    Compiling cfb v0.7.3
[INFO] [stderr]    Compiling clap_builder v4.4.12
[INFO] [stderr]    Compiling ciborium-ll v0.2.1
[INFO] [stderr]    Compiling comfy-table v6.2.0
[INFO] [stderr]    Compiling rand_chacha v0.3.1
[INFO] [stderr]    Compiling plotters-svg v0.3.5
[INFO] [stderr]    Compiling polars-utils v0.29.0
[INFO] [stderr]    Compiling re_smart_channel v0.11.0
[INFO] [stderr]    Compiling hashbrown v0.13.2
[INFO] [stderr]    Compiling num-complex v0.4.4
[INFO] [stderr]    Compiling itertools v0.10.5
[INFO] [stderr]    Compiling cast v0.3.0
[INFO] [stderr]    Compiling same-file v1.0.6
[INFO] [stderr]    Compiling mime v0.3.17
[INFO] [stderr]    Compiling hashbrown v0.12.3
[INFO] [stderr]    Compiling walkdir v2.4.0
[INFO] [stderr]    Compiling ndarray v0.15.6
[INFO] [stderr]    Compiling clap v4.4.13
[INFO] [stderr]    Compiling plotters v0.3.5
[INFO] [stderr]    Compiling tinytemplate v1.2.1
[INFO] [stderr]    Compiling rand v0.8.5
[INFO] [stderr]    Compiling criterion-plot v0.5.0
[INFO] [stderr]    Compiling infer v0.15.0
[INFO] [stderr]    Compiling ciborium v0.2.1
[INFO] [stderr]    Compiling oorandom v11.1.3
[INFO] [stderr]    Compiling xxhash-rust v0.8.8
[INFO] [stderr]    Compiling array-init v2.1.0
[INFO] [stderr]    Compiling anes v0.1.6
[INFO] [stderr]    Compiling mimalloc v0.1.39
[INFO] [stderr]    Compiling criterion v0.5.1
[INFO] [stderr]    Compiling re_types_core v0.11.0
[INFO] [stderr]    Compiling polars-error v0.29.0
[INFO] [stderr]    Compiling polars-arrow v0.29.0
[INFO] [stderr]    Compiling polars-row v0.29.0
[INFO] [stdout] error[E0034]: multiple applicable items in scope
[INFO] [stdout]   --> /opt/rustwide/cargo-home/registry/src/index.crates.io-6f17d22bba15001f/polars-arrow-0.29.0/src/array/get.rs:31:17
[INFO] [stdout]    |
[INFO] [stdout] 31 |         if self.is_null_unchecked(item) {
[INFO] [stdout]    |                 ^^^^^^^^^^^^^^^^^ multiple `is_null_unchecked` found
[INFO] [stdout]    |
[INFO] [stdout] note: candidate #1 is defined in an impl of the trait `IsValid` for the type `A`
[INFO] [stdout]   --> /opt/rustwide/cargo-home/registry/src/index.crates.io-6f17d22bba15001f/polars-arrow-0.29.0/src/is_valid.rs:31:5
[INFO] [stdout]    |
[INFO] [stdout] 31 |     unsafe fn is_null_unchecked(&self, i: usize) -> bool {
[INFO] [stdout]    |     ^^^^^^^^^^^^^^^^^^^^^^^^^^^^^^^^^^^^^^^^^^^^^^^^^^^^
[INFO] [stdout]    = note: candidate #2 is defined in an impl of the trait `arrow2::array::Array` for the type `arrow2::array::PrimitiveArray<T>`
[INFO] [stdout] help: disambiguate the method for candidate #1
[INFO] [stdout]    |
[INFO] [stdout] 31 |         if IsValid::is_null_unchecked(&self, item) {
[INFO] [stdout]    |            ~~~~~~~~~~~~~~~~~~~~~~~~~~~~~~~~~~~~~~~
[INFO] [stdout] help: disambiguate the method for candidate #2
[INFO] [stdout]    |
[INFO] [stdout] 31 |         if arrow2::array::Array::is_null_unchecked(&self, item) {
[INFO] [stdout]    |            ~~~~~~~~~~~~~~~~~~~~~~~~~~~~~~~~~~~~~~~~~~~~~~~~~~~~
[INFO] [stdout] 
[INFO] [stdout] 
[INFO] [stdout] error[E0034]: multiple applicable items in scope
[INFO] [stdout]   --> /opt/rustwide/cargo-home/registry/src/index.crates.io-6f17d22bba15001f/polars-arrow-0.29.0/src/array/get.rs:54:17
[INFO] [stdout]    |
[INFO] [stdout] 54 |         if self.is_null_unchecked(item) {
[INFO] [stdout]    |                 ^^^^^^^^^^^^^^^^^ multiple `is_null_unchecked` found
[INFO] [stdout]    |
[INFO] [stdout] note: candidate #1 is defined in an impl of the trait `IsValid` for the type `A`
[INFO] [stdout]   --> /opt/rustwide/cargo-home/registry/src/index.crates.io-6f17d22bba15001f/polars-arrow-0.29.0/src/is_valid.rs:31:5
[INFO] [stdout]    |
[INFO] [stdout] 31 |     unsafe fn is_null_unchecked(&self, i: usize) -> bool {
[INFO] [stdout]    |     ^^^^^^^^^^^^^^^^^^^^^^^^^^^^^^^^^^^^^^^^^^^^^^^^^^^^
[INFO] [stdout]    = note: candidate #2 is defined in an impl of the trait `arrow2::array::Array` for the type `arrow2::array::BooleanArray`
[INFO] [stdout] help: disambiguate the method for candidate #1
[INFO] [stdout]    |
[INFO] [stdout] 54 |         if IsValid::is_null_unchecked(&self, item) {
[INFO] [stdout]    |            ~~~~~~~~~~~~~~~~~~~~~~~~~~~~~~~~~~~~~~~
[INFO] [stdout] help: disambiguate the method for candidate #2
[INFO] [stdout]    |
[INFO] [stdout] 54 |         if arrow2::array::Array::is_null_unchecked(&self, item) {
[INFO] [stdout]    |            ~~~~~~~~~~~~~~~~~~~~~~~~~~~~~~~~~~~~~~~~~~~~~~~~~~~~
[INFO] [stdout] 
[INFO] [stdout] 
[INFO] [stdout] error[E0034]: multiple applicable items in scope
[INFO] [stdout]   --> /opt/rustwide/cargo-home/registry/src/index.crates.io-6f17d22bba15001f/polars-arrow-0.29.0/src/array/get.rs:77:17
[INFO] [stdout]    |
[INFO] [stdout] 77 |         if self.is_null_unchecked(item) {
[INFO] [stdout]    |                 ^^^^^^^^^^^^^^^^^ multiple `is_null_unchecked` found
[INFO] [stdout]    |
[INFO] [stdout] note: candidate #1 is defined in an impl of the trait `IsValid` for the type `A`
[INFO] [stdout]   --> /opt/rustwide/cargo-home/registry/src/index.crates.io-6f17d22bba15001f/polars-arrow-0.29.0/src/is_valid.rs:31:5
[INFO] [stdout]    |
[INFO] [stdout] 31 |     unsafe fn is_null_unchecked(&self, i: usize) -> bool {
[INFO] [stdout]    |     ^^^^^^^^^^^^^^^^^^^^^^^^^^^^^^^^^^^^^^^^^^^^^^^^^^^^
[INFO] [stdout]    = note: candidate #2 is defined in an impl of the trait `arrow2::array::Array` for the type `arrow2::array::Utf8Array<O>`
[INFO] [stdout] help: disambiguate the method for candidate #1
[INFO] [stdout]    |
[INFO] [stdout] 77 |         if IsValid::is_null_unchecked(&self, item) {
[INFO] [stdout]    |            ~~~~~~~~~~~~~~~~~~~~~~~~~~~~~~~~~~~~~~~
[INFO] [stdout] help: disambiguate the method for candidate #2
[INFO] [stdout]    |
[INFO] [stdout] 77 |         if arrow2::array::Array::is_null_unchecked(&self, item) {
[INFO] [stdout]    |            ~~~~~~~~~~~~~~~~~~~~~~~~~~~~~~~~~~~~~~~~~~~~~~~~~~~~
[INFO] [stdout] 
[INFO] [stdout] 
[INFO] [stdout] error[E0034]: multiple applicable items in scope
[INFO] [stdout]    --> /opt/rustwide/cargo-home/registry/src/index.crates.io-6f17d22bba15001f/polars-arrow-0.29.0/src/array/get.rs:100:17
[INFO] [stdout]     |
[INFO] [stdout] 100 |         if self.is_null_unchecked(item) {
[INFO] [stdout]     |                 ^^^^^^^^^^^^^^^^^ multiple `is_null_unchecked` found
[INFO] [stdout]     |
[INFO] [stdout] note: candidate #1 is defined in an impl of the trait `IsValid` for the type `A`
[INFO] [stdout]    --> /opt/rustwide/cargo-home/registry/src/index.crates.io-6f17d22bba15001f/polars-arrow-0.29.0/src/is_valid.rs:31:5
[INFO] [stdout]     |
[INFO] [stdout] 31  |     unsafe fn is_null_unchecked(&self, i: usize) -> bool {
[INFO] [stdout]     |     ^^^^^^^^^^^^^^^^^^^^^^^^^^^^^^^^^^^^^^^^^^^^^^^^^^^^
[INFO] [stdout]     = note: candidate #2 is defined in an impl of the trait `arrow2::array::Array` for the type `arrow2::array::BinaryArray<O>`
[INFO] [stdout] help: disambiguate the method for candidate #1
[INFO] [stdout]     |
[INFO] [stdout] 100 |         if IsValid::is_null_unchecked(&self, item) {
[INFO] [stdout]     |            ~~~~~~~~~~~~~~~~~~~~~~~~~~~~~~~~~~~~~~~
[INFO] [stdout] help: disambiguate the method for candidate #2
[INFO] [stdout]     |
[INFO] [stdout] 100 |         if arrow2::array::Array::is_null_unchecked(&self, item) {
[INFO] [stdout]     |            ~~~~~~~~~~~~~~~~~~~~~~~~~~~~~~~~~~~~~~~~~~~~~~~~~~~~
[INFO] [stdout] 
[INFO] [stdout] 
[INFO] [stdout] error[E0034]: multiple applicable items in scope
[INFO] [stdout]    --> /opt/rustwide/cargo-home/registry/src/index.crates.io-6f17d22bba15001f/polars-arrow-0.29.0/src/array/get.rs:124:17
[INFO] [stdout]     |
[INFO] [stdout] 124 |         if self.is_null_unchecked(item) {
[INFO] [stdout]     |                 ^^^^^^^^^^^^^^^^^ multiple `is_null_unchecked` found
[INFO] [stdout]     |
[INFO] [stdout] note: candidate #1 is defined in an impl of the trait `IsValid` for the type `A`
[INFO] [stdout]    --> /opt/rustwide/cargo-home/registry/src/index.crates.io-6f17d22bba15001f/polars-arrow-0.29.0/src/is_valid.rs:31:5
[INFO] [stdout]     |
[INFO] [stdout] 31  |     unsafe fn is_null_unchecked(&self, i: usize) -> bool {
[INFO] [stdout]     |     ^^^^^^^^^^^^^^^^^^^^^^^^^^^^^^^^^^^^^^^^^^^^^^^^^^^^
[INFO] [stdout]     = note: candidate #2 is defined in an impl of the trait `arrow2::array::Array` for the type `arrow2::array::ListArray<O>`
[INFO] [stdout] help: disambiguate the method for candidate #1
[INFO] [stdout]     |
[INFO] [stdout] 124 |         if IsValid::is_null_unchecked(&self, item) {
[INFO] [stdout]     |            ~~~~~~~~~~~~~~~~~~~~~~~~~~~~~~~~~~~~~~~
[INFO] [stdout] help: disambiguate the method for candidate #2
[INFO] [stdout]     |
[INFO] [stdout] 124 |         if arrow2::array::Array::is_null_unchecked(&self, item) {
[INFO] [stdout]     |            ~~~~~~~~~~~~~~~~~~~~~~~~~~~~~~~~~~~~~~~~~~~~~~~~~~~~
[INFO] [stdout] 
[INFO] [stdout] 
[INFO] [stderr]    Compiling re_tuid v0.11.0
[INFO] [stderr]    Compiling re_types v0.11.0
[INFO] [stdout] error: aborting due to 5 previous errors
[INFO] [stdout] 
[INFO] [stdout] 
[INFO] [stdout] For more information about this error, try `rustc --explain E0034`.
[INFO] [stdout] 
[INFO] [stderr] error: could not compile `polars-arrow` (lib) due to 6 previous errors
[INFO] [stderr] warning: build failed, waiting for other jobs to finish...
[INFO] running `Command { std: "docker" "inspect" "cdd8ef6f1d24d0388453f62c0aa816f96be46106d5365cc74eeb88beddb01da2", kill_on_drop: false }`
[INFO] running `Command { std: "docker" "rm" "-f" "cdd8ef6f1d24d0388453f62c0aa816f96be46106d5365cc74eeb88beddb01da2", kill_on_drop: false }`
[INFO] [stdout] cdd8ef6f1d24d0388453f62c0aa816f96be46106d5365cc74eeb88beddb01da2
