[INFO] fetching crate rdkit 0.4.4...
[INFO] testing rdkit-0.4.4 against 1.75.0 for beta-1.76-1
[INFO] extracting crate rdkit 0.4.4 into /workspace/builds/worker-6-tc1/source
[INFO] validating manifest of crates.io crate rdkit 0.4.4 on toolchain 1.75.0
[INFO] running `Command { std: CARGO_HOME="/workspace/cargo-home" RUSTUP_HOME="/workspace/rustup-home" "/workspace/cargo-home/bin/cargo" "+1.75.0" "metadata" "--manifest-path" "Cargo.toml" "--no-deps", kill_on_drop: false }`
[INFO] started tweaking crates.io crate rdkit 0.4.4
[INFO] finished tweaking crates.io crate rdkit 0.4.4
[INFO] tweaked toml for crates.io crate rdkit 0.4.4 written to /workspace/builds/worker-6-tc1/source/Cargo.toml
[INFO] crate crates.io crate rdkit 0.4.4 already has a lockfile, it will not be regenerated
[INFO] running `Command { std: CARGO_HOME="/workspace/cargo-home" RUSTUP_HOME="/workspace/rustup-home" "/workspace/cargo-home/bin/cargo" "+1.75.0" "fetch" "--manifest-path" "Cargo.toml", kill_on_drop: false }`
[INFO] [stderr]     Updating crates.io index
[INFO] [stderr]  Downloading crates ...
[INFO] [stderr]   Downloaded cxxbridge-flags v1.0.110
[INFO] [stderr]   Downloaded cxx-build v1.0.110
[INFO] [stderr]   Downloaded cxxbridge-macro v1.0.110
[INFO] [stderr]   Downloaded cxx v1.0.110
[INFO] [stderr]   Downloaded rdkit-sys v0.4.4
[INFO] running `Command { std: "docker" "create" "-v" "/var/lib/crater-agent-workspace/builds/worker-6-tc1/target:/opt/rustwide/target:rw,Z" "-v" "/var/lib/crater-agent-workspace/builds/worker-6-tc1/source:/opt/rustwide/workdir:ro,Z" "-v" "/var/lib/crater-agent-workspace/cargo-home:/opt/rustwide/cargo-home:ro,Z" "-v" "/var/lib/crater-agent-workspace/rustup-home:/opt/rustwide/rustup-home:ro,Z" "-e" "SOURCE_DIR=/opt/rustwide/workdir" "-e" "CARGO_TARGET_DIR=/opt/rustwide/target" "-e" "CARGO_HOME=/opt/rustwide/cargo-home" "-e" "RUSTUP_HOME=/opt/rustwide/rustup-home" "-w" "/opt/rustwide/workdir" "-m" "1610612736" "--user" "0:0" "--network" "none" "ghcr.io/rust-lang/crates-build-env/linux@sha256:2788e3201cd34a07e3172128adcd8b3090168a8e3bcc40d7c032b9dda1df7d1c" "/opt/rustwide/cargo-home/bin/cargo" "+1.75.0" "metadata" "--no-deps" "--format-version=1", kill_on_drop: false }`
[INFO] [stdout] 370da3d6e67e089b48ff1f8f1c2f57ed6553f37a73bf5464bdd40d53e4815ddd
[INFO] running `Command { std: "docker" "start" "-a" "370da3d6e67e089b48ff1f8f1c2f57ed6553f37a73bf5464bdd40d53e4815ddd", kill_on_drop: false }`
[INFO] running `Command { std: "docker" "inspect" "370da3d6e67e089b48ff1f8f1c2f57ed6553f37a73bf5464bdd40d53e4815ddd", kill_on_drop: false }`
[INFO] running `Command { std: "docker" "rm" "-f" "370da3d6e67e089b48ff1f8f1c2f57ed6553f37a73bf5464bdd40d53e4815ddd", kill_on_drop: false }`
[INFO] [stdout] 370da3d6e67e089b48ff1f8f1c2f57ed6553f37a73bf5464bdd40d53e4815ddd
[INFO] running `Command { std: "docker" "create" "-v" "/var/lib/crater-agent-workspace/builds/worker-6-tc1/target:/opt/rustwide/target:rw,Z" "-v" "/var/lib/crater-agent-workspace/builds/worker-6-tc1/source:/opt/rustwide/workdir:ro,Z" "-v" "/var/lib/crater-agent-workspace/cargo-home:/opt/rustwide/cargo-home:ro,Z" "-v" "/var/lib/crater-agent-workspace/rustup-home:/opt/rustwide/rustup-home:ro,Z" "-e" "SOURCE_DIR=/opt/rustwide/workdir" "-e" "CARGO_TARGET_DIR=/opt/rustwide/target" "-e" "CARGO_INCREMENTAL=0" "-e" "RUST_BACKTRACE=full" "-e" "RUSTFLAGS=--cap-lints=warn" "-e" "RUSTDOCFLAGS=--cap-lints=warn" "-e" "CARGO_HOME=/opt/rustwide/cargo-home" "-e" "RUSTUP_HOME=/opt/rustwide/rustup-home" "-w" "/opt/rustwide/workdir" "-m" "1610612736" "--user" "0:0" "--network" "none" "ghcr.io/rust-lang/crates-build-env/linux@sha256:2788e3201cd34a07e3172128adcd8b3090168a8e3bcc40d7c032b9dda1df7d1c" "/opt/rustwide/cargo-home/bin/cargo" "+1.75.0" "build" "--frozen" "--message-format=json", kill_on_drop: false }`
[INFO] [stdout] 4be4503d82e4d33e89a1b8fe4d8e4efea7f9a32899bd8e3ec8390f6ff8678a0e
[INFO] running `Command { std: "docker" "start" "-a" "4be4503d82e4d33e89a1b8fe4d8e4efea7f9a32899bd8e3ec8390f6ff8678a0e", kill_on_drop: false }`
[INFO] [stderr]    Compiling libc v0.2.149
[INFO] [stderr]    Compiling proc-macro2 v1.0.69
[INFO] [stderr]    Compiling rustix v0.38.21
[INFO] [stderr]    Compiling bitflags v2.4.1
[INFO] [stderr]    Compiling linux-raw-sys v0.4.10
[INFO] [stderr]    Compiling memchr v2.6.4
[INFO] [stderr]    Compiling regex-syntax v0.8.2
[INFO] [stderr]    Compiling termcolor v1.3.0
[INFO] [stderr]    Compiling scratch v1.0.7
[INFO] [stderr]    Compiling unicode-width v0.1.11
[INFO] [stderr]    Compiling cxxbridge-flags v1.0.110
[INFO] [stderr]    Compiling codespan-reporting v0.11.1
[INFO] [stderr]    Compiling once_cell v1.18.0
[INFO] [stderr]    Compiling aho-corasick v1.1.2
[INFO] [stderr]    Compiling log v0.4.20
[INFO] [stderr]    Compiling humantime v2.1.0
[INFO] [stderr]    Compiling cc v1.0.83
[INFO] [stderr]    Compiling quote v1.0.33
[INFO] [stderr]    Compiling home v0.5.5
[INFO] [stderr]    Compiling either v1.9.0
[INFO] [stderr]    Compiling syn v2.0.38
[INFO] [stderr]    Compiling radium v0.7.0
[INFO] [stderr]    Compiling tap v1.0.1
[INFO] [stderr]    Compiling thiserror v1.0.50
[INFO] [stderr]    Compiling wyz v0.5.1
[INFO] [stderr]    Compiling funty v2.0.0
[INFO] [stderr]    Compiling flate2 v1.0.28
[INFO] [stderr]    Compiling byteorder v1.5.0
[INFO] [stderr]    Compiling regex-automata v0.4.3
[INFO] [stderr]    Compiling link-cplusplus v1.0.9
[INFO] [stderr]    Compiling cxx v1.0.110
[INFO] [stderr]    Compiling bitvec v1.0.1
[INFO] [stderr]    Compiling is-terminal v0.4.9
[INFO] [stderr]    Compiling which v4.4.2
[INFO] [stderr]    Compiling cxx-build v1.0.110
[INFO] [stderr]    Compiling regex v1.10.2
[INFO] [stderr]    Compiling cxxbridge-macro v1.0.110
[INFO] [stderr]    Compiling thiserror-impl v1.0.50
[INFO] [stderr]    Compiling env_logger v0.10.0
[INFO] [stderr]    Compiling rdkit-sys v0.4.4
[INFO] [stderr] The following warnings were emitted during compilation:
[INFO] [stderr] 
[INFO] [stderr] warning: rdkit-sys@0.4.4: In file included from /opt/rustwide/target/debug/build/rdkit-sys-ae6f12fb86ef5a02/out/cxxbridge/sources/rdkit-sys/src/bridge/scaffold_network.rs.cc:1:
[INFO] [stderr] warning: rdkit-sys@0.4.4: /opt/rustwide/cargo-home/registry/src/index.crates.io-6f17d22bba15001f/rdkit-sys-0.4.4/wrapper/include/scaffold_network.h:4:10: fatal error: GraphMol/GraphMol.h: No such file or directory
[INFO] [stderr] warning: rdkit-sys@0.4.4:     4 | #include <GraphMol/GraphMol.h>
[INFO] [stderr] warning: rdkit-sys@0.4.4:       |          ^~~~~~~~~~~~~~~~~~~~~
[INFO] [stderr] warning: rdkit-sys@0.4.4: compilation terminated.
[INFO] [stderr] 
[INFO] [stderr] error: failed to run custom build command for `rdkit-sys v0.4.4`
[INFO] [stderr] note: To improve backtraces for build dependencies, set the CARGO_PROFILE_DEV_BUILD_OVERRIDE_DEBUG=true environment variable to enable debug information generation.
[INFO] [stderr] 
[INFO] [stderr] Caused by:
[INFO] [stderr]   process didn't exit successfully: `/opt/rustwide/target/debug/build/rdkit-sys-fae2ea58c582a3a1/build-script-build` (exit status: 1)
[INFO] [stderr]   --- stdout
[INFO] [stderr]   cargo:rerun-if-changed=wrapper/src/scaffold_network.cc
[INFO] [stderr]   cargo:rerun-if-changed=wrapper/include/scaffold_network.h
[INFO] [stderr]   cargo:rerun-if-changed=wrapper/src/substruct_match.cc
[INFO] [stderr]   cargo:rerun-if-changed=wrapper/include/substruct_match.h
[INFO] [stderr]   cargo:rerun-if-changed=wrapper/src/periodic_table.cc
[INFO] [stderr]   cargo:rerun-if-changed=wrapper/include/periodic_table.h
[INFO] [stderr]   cargo:rerun-if-changed=wrapper/src/mol_ops.cc
[INFO] [stderr]   cargo:rerun-if-changed=wrapper/include/mol_ops.h
[INFO] [stderr]   cargo:rerun-if-changed=wrapper/src/fingerprint.cc
[INFO] [stderr]   cargo:rerun-if-changed=wrapper/include/fingerprint.h
[INFO] [stderr]   cargo:rerun-if-changed=wrapper/src/rw_mol.cc
[INFO] [stderr]   cargo:rerun-if-changed=wrapper/include/rw_mol.h
[INFO] [stderr]   cargo:rerun-if-changed=wrapper/src/descriptors.cc
[INFO] [stderr]   cargo:rerun-if-changed=wrapper/include/descriptors.h
[INFO] [stderr]   cargo:rerun-if-changed=wrapper/src/mol_standardize.cc
[INFO] [stderr]   cargo:rerun-if-changed=wrapper/include/mol_standardize.h
[INFO] [stderr]   cargo:rerun-if-changed=wrapper/src/ro_mol.cc
[INFO] [stderr]   cargo:rerun-if-changed=wrapper/include/ro_mol.h
[INFO] [stderr]   cargo:CXXBRIDGE_PREFIX=rdkit-sys
[INFO] [stderr]   cargo:CXXBRIDGE_DIR0=/opt/rustwide/target/debug/build/rdkit-sys-ae6f12fb86ef5a02/out/cxxbridge/include
[INFO] [stderr]   cargo:CXXBRIDGE_DIR1=/opt/rustwide/target/debug/build/rdkit-sys-ae6f12fb86ef5a02/out/cxxbridge/crate
[INFO] [stderr]   TARGET = Some("x86_64-unknown-linux-gnu")
[INFO] [stderr]   OPT_LEVEL = Some("0")
[INFO] [stderr]   HOST = Some("x86_64-unknown-linux-gnu")
[INFO] [stderr]   cargo:rerun-if-env-changed=CXX_x86_64-unknown-linux-gnu
[INFO] [stderr]   CXX_x86_64-unknown-linux-gnu = None
[INFO] [stderr]   cargo:rerun-if-env-changed=CXX_x86_64_unknown_linux_gnu
[INFO] [stderr]   CXX_x86_64_unknown_linux_gnu = None
[INFO] [stderr]   cargo:rerun-if-env-changed=HOST_CXX
[INFO] [stderr]   HOST_CXX = None
[INFO] [stderr]   cargo:rerun-if-env-changed=CXX
[INFO] [stderr]   CXX = None
[INFO] [stderr]   cargo:rerun-if-env-changed=CRATE_CC_NO_DEFAULTS
[INFO] [stderr]   CRATE_CC_NO_DEFAULTS = None
[INFO] [stderr]   DEBUG = Some("true")
[INFO] [stderr]   CARGO_CFG_TARGET_FEATURE = Some("fxsr,sse,sse2")
[INFO] [stderr]   cargo:rerun-if-env-changed=CXXFLAGS_x86_64-unknown-linux-gnu
[INFO] [stderr]   CXXFLAGS_x86_64-unknown-linux-gnu = None
[INFO] [stderr]   cargo:rerun-if-env-changed=CXXFLAGS_x86_64_unknown_linux_gnu
[INFO] [stderr]   CXXFLAGS_x86_64_unknown_linux_gnu = None
[INFO] [stderr]   cargo:rerun-if-env-changed=HOST_CXXFLAGS
[INFO] [stderr]   HOST_CXXFLAGS = None
[INFO] [stderr]   cargo:rerun-if-env-changed=CXXFLAGS
[INFO] [stderr]   CXXFLAGS = None
[INFO] [stderr]   running: "c++" "-O0" "-ffunction-sections" "-fdata-sections" "-fPIC" "-gdwarf-4" "-fno-omit-frame-pointer" "-m64" "-I" "/opt/rustwide/target/debug/build/rdkit-sys-ae6f12fb86ef5a02/out/cxxbridge/include" "-I" "/opt/rustwide/target/debug/build/rdkit-sys-ae6f12fb86ef5a02/out/cxxbridge/crate" "-I" "/usr/local/include" "-I" "/usr/local/include/rdkit" "-I" "/usr/include" "-I" "/usr/include/rdkit" "-I" "/opt/rustwide/cargo-home/registry/src/index.crates.io-6f17d22bba15001f/rdkit-sys-0.4.4" "-std=c++17" "-o" "/opt/rustwide/target/debug/build/rdkit-sys-ae6f12fb86ef5a02/out/1e0af9280d7670e7-scaffold_network.rs.o" "-c" "/opt/rustwide/target/debug/build/rdkit-sys-ae6f12fb86ef5a02/out/cxxbridge/sources/rdkit-sys/src/bridge/scaffold_network.rs.cc"
[INFO] [stderr]   cargo:warning=In file included from /opt/rustwide/target/debug/build/rdkit-sys-ae6f12fb86ef5a02/out/cxxbridge/sources/rdkit-sys/src/bridge/scaffold_network.rs.cc:1:
[INFO] [stderr] 
[INFO] [stderr]   cargo:warning=/opt/rustwide/cargo-home/registry/src/index.crates.io-6f17d22bba15001f/rdkit-sys-0.4.4/wrapper/include/scaffold_network.h:4:10: fatal error: GraphMol/GraphMol.h: No such file or directory
[INFO] [stderr] 
[INFO] [stderr]   cargo:warning=    4 | #include <GraphMol/GraphMol.h>
[INFO] [stderr] 
[INFO] [stderr]   cargo:warning=      |          ^~~~~~~~~~~~~~~~~~~~~
[INFO] [stderr] 
[INFO] [stderr]   cargo:warning=compilation terminated.
[INFO] [stderr] 
[INFO] [stderr]   exit status: 1
[INFO] [stderr] 
[INFO] [stderr]   --- stderr
[INFO] [stderr] 
[INFO] [stderr]   CXX include path:
[INFO] [stderr]     /opt/rustwide/target/debug/build/rdkit-sys-ae6f12fb86ef5a02/out/cxxbridge/include
[INFO] [stderr]     /opt/rustwide/target/debug/build/rdkit-sys-ae6f12fb86ef5a02/out/cxxbridge/crate
[INFO] [stderr] 
[INFO] [stderr] 
[INFO] [stderr]   error occurred: Command "c++" "-O0" "-ffunction-sections" "-fdata-sections" "-fPIC" "-gdwarf-4" "-fno-omit-frame-pointer" "-m64" "-I" "/opt/rustwide/target/debug/build/rdkit-sys-ae6f12fb86ef5a02/out/cxxbridge/include" "-I" "/opt/rustwide/target/debug/build/rdkit-sys-ae6f12fb86ef5a02/out/cxxbridge/crate" "-I" "/usr/local/include" "-I" "/usr/local/include/rdkit" "-I" "/usr/include" "-I" "/usr/include/rdkit" "-I" "/opt/rustwide/cargo-home/registry/src/index.crates.io-6f17d22bba15001f/rdkit-sys-0.4.4" "-std=c++17" "-o" "/opt/rustwide/target/debug/build/rdkit-sys-ae6f12fb86ef5a02/out/1e0af9280d7670e7-scaffold_network.rs.o" "-c" "/opt/rustwide/target/debug/build/rdkit-sys-ae6f12fb86ef5a02/out/cxxbridge/sources/rdkit-sys/src/bridge/scaffold_network.rs.cc" with args "c++" did not execute successfully (status code exit status: 1).
[INFO] [stderr] 
[INFO] [stderr] 
[INFO] [stderr] warning: build failed, waiting for other jobs to finish...
[INFO] running `Command { std: "docker" "inspect" "4be4503d82e4d33e89a1b8fe4d8e4efea7f9a32899bd8e3ec8390f6ff8678a0e", kill_on_drop: false }`
[INFO] running `Command { std: "docker" "rm" "-f" "4be4503d82e4d33e89a1b8fe4d8e4efea7f9a32899bd8e3ec8390f6ff8678a0e", kill_on_drop: false }`
[INFO] [stdout] 4be4503d82e4d33e89a1b8fe4d8e4efea7f9a32899bd8e3ec8390f6ff8678a0e
[INFO] testing rdkit-0.4.4 against beta-2023-12-22 for beta-1.76-1
[INFO] extracting crate rdkit 0.4.4 into /workspace/builds/worker-6-tc2/source
[INFO] validating manifest of crates.io crate rdkit 0.4.4 on toolchain beta-2023-12-22
[INFO] running `Command { std: CARGO_HOME="/workspace/cargo-home" RUSTUP_HOME="/workspace/rustup-home" "/workspace/cargo-home/bin/cargo" "+beta-2023-12-22" "metadata" "--manifest-path" "Cargo.toml" "--no-deps", kill_on_drop: false }`
[INFO] started tweaking crates.io crate rdkit 0.4.4
[INFO] finished tweaking crates.io crate rdkit 0.4.4
[INFO] tweaked toml for crates.io crate rdkit 0.4.4 written to /workspace/builds/worker-6-tc2/source/Cargo.toml
[INFO] crate crates.io crate rdkit 0.4.4 already has a lockfile, it will not be regenerated
[INFO] running `Command { std: CARGO_HOME="/workspace/cargo-home" RUSTUP_HOME="/workspace/rustup-home" "/workspace/cargo-home/bin/cargo" "+beta-2023-12-22" "fetch" "--manifest-path" "Cargo.toml", kill_on_drop: false }`
[INFO] running `Command { std: "docker" "create" "-v" "/var/lib/crater-agent-workspace/builds/worker-6-tc2/target:/opt/rustwide/target:rw,Z" "-v" "/var/lib/crater-agent-workspace/builds/worker-6-tc2/source:/opt/rustwide/workdir:ro,Z" "-v" "/var/lib/crater-agent-workspace/cargo-home:/opt/rustwide/cargo-home:ro,Z" "-v" "/var/lib/crater-agent-workspace/rustup-home:/opt/rustwide/rustup-home:ro,Z" "-e" "SOURCE_DIR=/opt/rustwide/workdir" "-e" "CARGO_TARGET_DIR=/opt/rustwide/target" "-e" "CARGO_HOME=/opt/rustwide/cargo-home" "-e" "RUSTUP_HOME=/opt/rustwide/rustup-home" "-w" "/opt/rustwide/workdir" "-m" "1610612736" "--user" "0:0" "--network" "none" "ghcr.io/rust-lang/crates-build-env/linux@sha256:2788e3201cd34a07e3172128adcd8b3090168a8e3bcc40d7c032b9dda1df7d1c" "/opt/rustwide/cargo-home/bin/cargo" "+beta-2023-12-22" "metadata" "--no-deps" "--format-version=1", kill_on_drop: false }`
[INFO] [stdout] b8069e71b9ea8ab586aac51ce332f737fac8abbdfe7c9c4ee06363bbd4b11b50
[INFO] running `Command { std: "docker" "start" "-a" "b8069e71b9ea8ab586aac51ce332f737fac8abbdfe7c9c4ee06363bbd4b11b50", kill_on_drop: false }`
[INFO] running `Command { std: "docker" "inspect" "b8069e71b9ea8ab586aac51ce332f737fac8abbdfe7c9c4ee06363bbd4b11b50", kill_on_drop: false }`
[INFO] running `Command { std: "docker" "rm" "-f" "b8069e71b9ea8ab586aac51ce332f737fac8abbdfe7c9c4ee06363bbd4b11b50", kill_on_drop: false }`
[INFO] [stdout] b8069e71b9ea8ab586aac51ce332f737fac8abbdfe7c9c4ee06363bbd4b11b50
[INFO] running `Command { std: "docker" "create" "-v" "/var/lib/crater-agent-workspace/builds/worker-6-tc2/target:/opt/rustwide/target:rw,Z" "-v" "/var/lib/crater-agent-workspace/builds/worker-6-tc2/source:/opt/rustwide/workdir:ro,Z" "-v" "/var/lib/crater-agent-workspace/cargo-home:/opt/rustwide/cargo-home:ro,Z" "-v" "/var/lib/crater-agent-workspace/rustup-home:/opt/rustwide/rustup-home:ro,Z" "-e" "SOURCE_DIR=/opt/rustwide/workdir" "-e" "CARGO_TARGET_DIR=/opt/rustwide/target" "-e" "CARGO_INCREMENTAL=0" "-e" "RUST_BACKTRACE=full" "-e" "RUSTFLAGS=--cap-lints=warn" "-e" "RUSTDOCFLAGS=--cap-lints=warn" "-e" "CARGO_HOME=/opt/rustwide/cargo-home" "-e" "RUSTUP_HOME=/opt/rustwide/rustup-home" "-w" "/opt/rustwide/workdir" "-m" "1610612736" "--user" "0:0" "--network" "none" "ghcr.io/rust-lang/crates-build-env/linux@sha256:2788e3201cd34a07e3172128adcd8b3090168a8e3bcc40d7c032b9dda1df7d1c" "/opt/rustwide/cargo-home/bin/cargo" "+beta-2023-12-22" "build" "--frozen" "--message-format=json", kill_on_drop: false }`
[INFO] [stdout] b8139792476610bfe1d5f89ced6983699fa7d49f47533ba189977719fa3d305c
[INFO] running `Command { std: "docker" "start" "-a" "b8139792476610bfe1d5f89ced6983699fa7d49f47533ba189977719fa3d305c", kill_on_drop: false }`
[INFO] [stderr]    Compiling libc v0.2.149
[INFO] [stderr]    Compiling proc-macro2 v1.0.69
[INFO] [stderr]    Compiling rustix v0.38.21
[INFO] [stderr]    Compiling bitflags v2.4.1
[INFO] [stderr]    Compiling memchr v2.6.4
[INFO] [stderr]    Compiling linux-raw-sys v0.4.10
[INFO] [stderr]    Compiling scratch v1.0.7
[INFO] [stderr]    Compiling termcolor v1.3.0
[INFO] [stderr]    Compiling regex-syntax v0.8.2
[INFO] [stderr]    Compiling unicode-width v0.1.11
[INFO] [stderr]    Compiling cxxbridge-flags v1.0.110
[INFO] [stderr]    Compiling codespan-reporting v0.11.1
[INFO] [stderr]    Compiling once_cell v1.18.0
[INFO] [stderr]    Compiling aho-corasick v1.1.2
[INFO] [stderr]    Compiling home v0.5.5
[INFO] [stderr]    Compiling humantime v2.1.0
[INFO] [stderr]    Compiling either v1.9.0
[INFO] [stderr]    Compiling log v0.4.20
[INFO] [stderr]    Compiling radium v0.7.0
[INFO] [stderr]    Compiling quote v1.0.33
[INFO] [stderr]    Compiling thiserror v1.0.50
[INFO] [stderr]    Compiling cc v1.0.83
[INFO] [stderr]    Compiling syn v2.0.38
[INFO] [stderr]    Compiling tap v1.0.1
[INFO] [stderr]    Compiling wyz v0.5.1
[INFO] [stderr]    Compiling funty v2.0.0
[INFO] [stderr]    Compiling flate2 v1.0.28
[INFO] [stderr]    Compiling regex-automata v0.4.3
[INFO] [stderr]    Compiling bitvec v1.0.1
[INFO] [stderr]    Compiling byteorder v1.5.0
[INFO] [stderr]    Compiling is-terminal v0.4.9
[INFO] [stderr]    Compiling which v4.4.2
[INFO] [stderr]    Compiling link-cplusplus v1.0.9
[INFO] [stderr]    Compiling cxx v1.0.110
[INFO] [stderr]    Compiling cxx-build v1.0.110
[INFO] [stderr]    Compiling regex v1.10.2
[INFO] [stderr]    Compiling cxxbridge-macro v1.0.110
[INFO] [stderr]    Compiling env_logger v0.10.0
[INFO] [stderr]    Compiling thiserror-impl v1.0.50
[INFO] [stderr]    Compiling rdkit-sys v0.4.4
[INFO] [stderr] The following warnings were emitted during compilation:
[INFO] [stderr] 
[INFO] [stderr] warning: rdkit-sys@0.4.4: In file included from /opt/rustwide/target/debug/build/rdkit-sys-3f159f6b47a78217/out/cxxbridge/sources/rdkit-sys/src/bridge/scaffold_network.rs.cc:1:
[INFO] [stderr] warning: rdkit-sys@0.4.4: /opt/rustwide/cargo-home/registry/src/index.crates.io-6f17d22bba15001f/rdkit-sys-0.4.4/wrapper/include/scaffold_network.h:4:10: fatal error: GraphMol/GraphMol.h: No such file or directory
[INFO] [stderr] warning: rdkit-sys@0.4.4:     4 | #include <GraphMol/GraphMol.h>
[INFO] [stderr] warning: rdkit-sys@0.4.4:       |          ^~~~~~~~~~~~~~~~~~~~~
[INFO] [stderr] warning: rdkit-sys@0.4.4: compilation terminated.
[INFO] [stderr] 
[INFO] [stderr] error: failed to run custom build command for `rdkit-sys v0.4.4`
[INFO] [stderr] note: To improve backtraces for build dependencies, set the CARGO_PROFILE_DEV_BUILD_OVERRIDE_DEBUG=true environment variable to enable debug information generation.
[INFO] [stderr] 
[INFO] [stderr] Caused by:
[INFO] [stderr]   process didn't exit successfully: `/opt/rustwide/target/debug/build/rdkit-sys-1a08caca52636ce9/build-script-build` (exit status: 1)
[INFO] [stderr]   --- stdout
[INFO] [stderr]   cargo:rerun-if-changed=wrapper/src/scaffold_network.cc
[INFO] [stderr]   cargo:rerun-if-changed=wrapper/include/scaffold_network.h
[INFO] [stderr]   cargo:rerun-if-changed=wrapper/src/substruct_match.cc
[INFO] [stderr]   cargo:rerun-if-changed=wrapper/include/substruct_match.h
[INFO] [stderr]   cargo:rerun-if-changed=wrapper/src/periodic_table.cc
[INFO] [stderr]   cargo:rerun-if-changed=wrapper/include/periodic_table.h
[INFO] [stderr]   cargo:rerun-if-changed=wrapper/src/mol_ops.cc
[INFO] [stderr]   cargo:rerun-if-changed=wrapper/include/mol_ops.h
[INFO] [stderr]   cargo:rerun-if-changed=wrapper/src/fingerprint.cc
[INFO] [stderr]   cargo:rerun-if-changed=wrapper/include/fingerprint.h
[INFO] [stderr]   cargo:rerun-if-changed=wrapper/src/rw_mol.cc
[INFO] [stderr]   cargo:rerun-if-changed=wrapper/include/rw_mol.h
[INFO] [stderr]   cargo:rerun-if-changed=wrapper/src/descriptors.cc
[INFO] [stderr]   cargo:rerun-if-changed=wrapper/include/descriptors.h
[INFO] [stderr]   cargo:rerun-if-changed=wrapper/src/mol_standardize.cc
[INFO] [stderr]   cargo:rerun-if-changed=wrapper/include/mol_standardize.h
[INFO] [stderr]   cargo:rerun-if-changed=wrapper/src/ro_mol.cc
[INFO] [stderr]   cargo:rerun-if-changed=wrapper/include/ro_mol.h
[INFO] [stderr]   cargo:CXXBRIDGE_PREFIX=rdkit-sys
[INFO] [stderr]   cargo:CXXBRIDGE_DIR0=/opt/rustwide/target/debug/build/rdkit-sys-3f159f6b47a78217/out/cxxbridge/include
[INFO] [stderr]   cargo:CXXBRIDGE_DIR1=/opt/rustwide/target/debug/build/rdkit-sys-3f159f6b47a78217/out/cxxbridge/crate
[INFO] [stderr]   TARGET = Some("x86_64-unknown-linux-gnu")
[INFO] [stderr]   OPT_LEVEL = Some("0")
[INFO] [stderr]   HOST = Some("x86_64-unknown-linux-gnu")
[INFO] [stderr]   cargo:rerun-if-env-changed=CXX_x86_64-unknown-linux-gnu
[INFO] [stderr]   CXX_x86_64-unknown-linux-gnu = None
[INFO] [stderr]   cargo:rerun-if-env-changed=CXX_x86_64_unknown_linux_gnu
[INFO] [stderr]   CXX_x86_64_unknown_linux_gnu = None
[INFO] [stderr]   cargo:rerun-if-env-changed=HOST_CXX
[INFO] [stderr]   HOST_CXX = None
[INFO] [stderr]   cargo:rerun-if-env-changed=CXX
[INFO] [stderr]   CXX = None
[INFO] [stderr]   cargo:rerun-if-env-changed=CRATE_CC_NO_DEFAULTS
[INFO] [stderr]   CRATE_CC_NO_DEFAULTS = None
[INFO] [stderr]   DEBUG = Some("true")
[INFO] [stderr]   CARGO_CFG_TARGET_FEATURE = Some("fxsr,sse,sse2")
[INFO] [stderr]   cargo:rerun-if-env-changed=CXXFLAGS_x86_64-unknown-linux-gnu
[INFO] [stderr]   CXXFLAGS_x86_64-unknown-linux-gnu = None
[INFO] [stderr]   cargo:rerun-if-env-changed=CXXFLAGS_x86_64_unknown_linux_gnu
[INFO] [stderr]   CXXFLAGS_x86_64_unknown_linux_gnu = None
[INFO] [stderr]   cargo:rerun-if-env-changed=HOST_CXXFLAGS
[INFO] [stderr]   HOST_CXXFLAGS = None
[INFO] [stderr]   cargo:rerun-if-env-changed=CXXFLAGS
[INFO] [stderr]   CXXFLAGS = None
[INFO] [stderr]   running: "c++" "-O0" "-ffunction-sections" "-fdata-sections" "-fPIC" "-gdwarf-4" "-fno-omit-frame-pointer" "-m64" "-I" "/opt/rustwide/target/debug/build/rdkit-sys-3f159f6b47a78217/out/cxxbridge/include" "-I" "/opt/rustwide/target/debug/build/rdkit-sys-3f159f6b47a78217/out/cxxbridge/crate" "-I" "/usr/local/include" "-I" "/usr/local/include/rdkit" "-I" "/usr/include" "-I" "/usr/include/rdkit" "-I" "/opt/rustwide/cargo-home/registry/src/index.crates.io-6f17d22bba15001f/rdkit-sys-0.4.4" "-std=c++17" "-o" "/opt/rustwide/target/debug/build/rdkit-sys-3f159f6b47a78217/out/cb743a48c1afe867-scaffold_network.rs.o" "-c" "/opt/rustwide/target/debug/build/rdkit-sys-3f159f6b47a78217/out/cxxbridge/sources/rdkit-sys/src/bridge/scaffold_network.rs.cc"
[INFO] [stderr]   cargo:warning=In file included from /opt/rustwide/target/debug/build/rdkit-sys-3f159f6b47a78217/out/cxxbridge/sources/rdkit-sys/src/bridge/scaffold_network.rs.cc:1:
[INFO] [stderr] 
[INFO] [stderr]   cargo:warning=/opt/rustwide/cargo-home/registry/src/index.crates.io-6f17d22bba15001f/rdkit-sys-0.4.4/wrapper/include/scaffold_network.h:4:10: fatal error: GraphMol/GraphMol.h: No such file or directory
[INFO] [stderr] 
[INFO] [stderr]   cargo:warning=    4 | #include <GraphMol/GraphMol.h>
[INFO] [stderr] 
[INFO] [stderr]   cargo:warning=      |          ^~~~~~~~~~~~~~~~~~~~~
[INFO] [stderr] 
[INFO] [stderr]   cargo:warning=compilation terminated.
[INFO] [stderr] 
[INFO] [stderr]   exit status: 1
[INFO] [stderr] 
[INFO] [stderr]   --- stderr
[INFO] [stderr] 
[INFO] [stderr]   CXX include path:
[INFO] [stderr]     /opt/rustwide/target/debug/build/rdkit-sys-3f159f6b47a78217/out/cxxbridge/include
[INFO] [stderr]     /opt/rustwide/target/debug/build/rdkit-sys-3f159f6b47a78217/out/cxxbridge/crate
[INFO] [stderr] 
[INFO] [stderr] 
[INFO] [stderr]   error occurred: Command "c++" "-O0" "-ffunction-sections" "-fdata-sections" "-fPIC" "-gdwarf-4" "-fno-omit-frame-pointer" "-m64" "-I" "/opt/rustwide/target/debug/build/rdkit-sys-3f159f6b47a78217/out/cxxbridge/include" "-I" "/opt/rustwide/target/debug/build/rdkit-sys-3f159f6b47a78217/out/cxxbridge/crate" "-I" "/usr/local/include" "-I" "/usr/local/include/rdkit" "-I" "/usr/include" "-I" "/usr/include/rdkit" "-I" "/opt/rustwide/cargo-home/registry/src/index.crates.io-6f17d22bba15001f/rdkit-sys-0.4.4" "-std=c++17" "-o" "/opt/rustwide/target/debug/build/rdkit-sys-3f159f6b47a78217/out/cb743a48c1afe867-scaffold_network.rs.o" "-c" "/opt/rustwide/target/debug/build/rdkit-sys-3f159f6b47a78217/out/cxxbridge/sources/rdkit-sys/src/bridge/scaffold_network.rs.cc" with args "c++" did not execute successfully (status code exit status: 1).
[INFO] [stderr] 
[INFO] [stderr] 
[INFO] [stderr] warning: build failed, waiting for other jobs to finish...
[INFO] running `Command { std: "docker" "inspect" "b8139792476610bfe1d5f89ced6983699fa7d49f47533ba189977719fa3d305c", kill_on_drop: false }`
[INFO] running `Command { std: "docker" "rm" "-f" "b8139792476610bfe1d5f89ced6983699fa7d49f47533ba189977719fa3d305c", kill_on_drop: false }`
[INFO] [stdout] b8139792476610bfe1d5f89ced6983699fa7d49f47533ba189977719fa3d305c
