[INFO] fetching crate rcudnn 1.8.0...
[INFO] testing rcudnn-1.8.0 against 1.75.0 for beta-1.76-1
[INFO] extracting crate rcudnn 1.8.0 into /workspace/builds/worker-5-tc1/source
[INFO] validating manifest of crates.io crate rcudnn 1.8.0 on toolchain 1.75.0
[INFO] running `Command { std: CARGO_HOME="/workspace/cargo-home" RUSTUP_HOME="/workspace/rustup-home" "/workspace/cargo-home/bin/cargo" "+1.75.0" "metadata" "--manifest-path" "Cargo.toml" "--no-deps", kill_on_drop: false }`
[INFO] started tweaking crates.io crate rcudnn 1.8.0
[INFO] finished tweaking crates.io crate rcudnn 1.8.0
[INFO] tweaked toml for crates.io crate rcudnn 1.8.0 written to /workspace/builds/worker-5-tc1/source/Cargo.toml
[INFO] running `Command { std: CARGO_HOME="/workspace/cargo-home" RUSTUP_HOME="/workspace/rustup-home" "/workspace/cargo-home/bin/cargo" "+1.75.0" "generate-lockfile" "--manifest-path" "Cargo.toml", kill_on_drop: false }`
[INFO] [stderr]     Updating crates.io index
[INFO] running `Command { std: CARGO_HOME="/workspace/cargo-home" RUSTUP_HOME="/workspace/rustup-home" "/workspace/cargo-home/bin/cargo" "+1.75.0" "fetch" "--manifest-path" "Cargo.toml", kill_on_drop: false }`
[INFO] [stderr]  Downloading crates ...
[INFO] [stderr]   Downloaded rcudnn-sys v0.5.0
[INFO] running `Command { std: "docker" "create" "-v" "/var/lib/crater-agent-workspace/builds/worker-5-tc1/target:/opt/rustwide/target:rw,Z" "-v" "/var/lib/crater-agent-workspace/builds/worker-5-tc1/source:/opt/rustwide/workdir:ro,Z" "-v" "/var/lib/crater-agent-workspace/cargo-home:/opt/rustwide/cargo-home:ro,Z" "-v" "/var/lib/crater-agent-workspace/rustup-home:/opt/rustwide/rustup-home:ro,Z" "-e" "SOURCE_DIR=/opt/rustwide/workdir" "-e" "CARGO_TARGET_DIR=/opt/rustwide/target" "-e" "CARGO_HOME=/opt/rustwide/cargo-home" "-e" "RUSTUP_HOME=/opt/rustwide/rustup-home" "-w" "/opt/rustwide/workdir" "-m" "1610612736" "--user" "0:0" "--network" "none" "ghcr.io/rust-lang/crates-build-env/linux@sha256:2788e3201cd34a07e3172128adcd8b3090168a8e3bcc40d7c032b9dda1df7d1c" "/opt/rustwide/cargo-home/bin/cargo" "+1.75.0" "metadata" "--no-deps" "--format-version=1", kill_on_drop: false }`
[INFO] [stdout] 267ea42a7fcbfccbb7c4123dca145f4e182ed411bc61304b09f131e25f34e91a
[INFO] running `Command { std: "docker" "start" "-a" "267ea42a7fcbfccbb7c4123dca145f4e182ed411bc61304b09f131e25f34e91a", kill_on_drop: false }`
[INFO] running `Command { std: "docker" "inspect" "267ea42a7fcbfccbb7c4123dca145f4e182ed411bc61304b09f131e25f34e91a", kill_on_drop: false }`
[INFO] running `Command { std: "docker" "rm" "-f" "267ea42a7fcbfccbb7c4123dca145f4e182ed411bc61304b09f131e25f34e91a", kill_on_drop: false }`
[INFO] [stdout] 267ea42a7fcbfccbb7c4123dca145f4e182ed411bc61304b09f131e25f34e91a
[INFO] running `Command { std: "docker" "create" "-v" "/var/lib/crater-agent-workspace/builds/worker-5-tc1/target:/opt/rustwide/target:rw,Z" "-v" "/var/lib/crater-agent-workspace/builds/worker-5-tc1/source:/opt/rustwide/workdir:ro,Z" "-v" "/var/lib/crater-agent-workspace/cargo-home:/opt/rustwide/cargo-home:ro,Z" "-v" "/var/lib/crater-agent-workspace/rustup-home:/opt/rustwide/rustup-home:ro,Z" "-e" "SOURCE_DIR=/opt/rustwide/workdir" "-e" "CARGO_TARGET_DIR=/opt/rustwide/target" "-e" "CARGO_INCREMENTAL=0" "-e" "RUST_BACKTRACE=full" "-e" "RUSTFLAGS=--cap-lints=warn" "-e" "RUSTDOCFLAGS=--cap-lints=warn" "-e" "CARGO_HOME=/opt/rustwide/cargo-home" "-e" "RUSTUP_HOME=/opt/rustwide/rustup-home" "-w" "/opt/rustwide/workdir" "-m" "1610612736" "--user" "0:0" "--network" "none" "ghcr.io/rust-lang/crates-build-env/linux@sha256:2788e3201cd34a07e3172128adcd8b3090168a8e3bcc40d7c032b9dda1df7d1c" "/opt/rustwide/cargo-home/bin/cargo" "+1.75.0" "build" "--frozen" "--message-format=json", kill_on_drop: false }`
[INFO] [stdout] d170461b1d2679930d618c084f574260c4a76e80b22bbcf965c36a349a8b4960
[INFO] running `Command { std: "docker" "start" "-a" "d170461b1d2679930d618c084f574260c4a76e80b22bbcf965c36a349a8b4960", kill_on_drop: false }`
[INFO] [stderr]    Compiling num-traits v0.2.17
[INFO] [stderr]    Compiling num-integer v0.1.45
[INFO] [stderr]    Compiling num-bigint v0.4.4
[INFO] [stderr]    Compiling num-rational v0.4.1
[INFO] [stderr]    Compiling num-iter v0.1.43
[INFO] [stderr]    Compiling pkg-config v0.3.28
[INFO] [stderr]    Compiling syn v2.0.48
[INFO] [stderr]    Compiling rcudnn-sys v0.5.0
[INFO] [stderr]    Compiling num-complex v0.4.4
[INFO] [stderr]    Compiling thiserror-impl v1.0.56
[INFO] [stderr]    Compiling num v0.4.1
[INFO] [stderr]    Compiling thiserror v1.0.56
[INFO] [stderr]    Compiling rcudnn v1.8.0 (/opt/rustwide/workdir)
[INFO] [stderr]     Finished dev [unoptimized + debuginfo] target(s) in 3.78s
[INFO] running `Command { std: "docker" "inspect" "d170461b1d2679930d618c084f574260c4a76e80b22bbcf965c36a349a8b4960", kill_on_drop: false }`
[INFO] running `Command { std: "docker" "rm" "-f" "d170461b1d2679930d618c084f574260c4a76e80b22bbcf965c36a349a8b4960", kill_on_drop: false }`
[INFO] [stdout] d170461b1d2679930d618c084f574260c4a76e80b22bbcf965c36a349a8b4960
[INFO] running `Command { std: "docker" "create" "-v" "/var/lib/crater-agent-workspace/builds/worker-5-tc1/target:/opt/rustwide/target:rw,Z" "-v" "/var/lib/crater-agent-workspace/builds/worker-5-tc1/source:/opt/rustwide/workdir:ro,Z" "-v" "/var/lib/crater-agent-workspace/cargo-home:/opt/rustwide/cargo-home:ro,Z" "-v" "/var/lib/crater-agent-workspace/rustup-home:/opt/rustwide/rustup-home:ro,Z" "-e" "SOURCE_DIR=/opt/rustwide/workdir" "-e" "CARGO_TARGET_DIR=/opt/rustwide/target" "-e" "CARGO_INCREMENTAL=0" "-e" "RUST_BACKTRACE=full" "-e" "RUSTFLAGS=--cap-lints=warn" "-e" "RUSTDOCFLAGS=--cap-lints=warn" "-e" "CARGO_HOME=/opt/rustwide/cargo-home" "-e" "RUSTUP_HOME=/opt/rustwide/rustup-home" "-w" "/opt/rustwide/workdir" "-m" "1610612736" "--user" "0:0" "--network" "none" "ghcr.io/rust-lang/crates-build-env/linux@sha256:2788e3201cd34a07e3172128adcd8b3090168a8e3bcc40d7c032b9dda1df7d1c" "/opt/rustwide/cargo-home/bin/cargo" "+1.75.0" "test" "--frozen" "--no-run" "--message-format=json", kill_on_drop: false }`
[INFO] [stdout] fb146414fdf5c54b218fe80bf157c87efa45d93240b08bc2409f373b08fb86fb
[INFO] running `Command { std: "docker" "start" "-a" "fb146414fdf5c54b218fe80bf157c87efa45d93240b08bc2409f373b08fb86fb", kill_on_drop: false }`
[INFO] [stderr]    Compiling rcudnn v1.8.0 (/opt/rustwide/workdir)
[INFO] [stdout] error[E0432]: unresolved import `coaster`
[INFO] [stdout]  --> tests/cudnn_specs.rs:1:5
[INFO] [stdout]   |
[INFO] [stdout] 1 | use coaster as co;
[INFO] [stdout]   |     ^^^^^^^^^^^^^ no external crate `coaster`
[INFO] [stdout] 
[INFO] [stdout] 
[INFO] [stdout] error[E0433]: failed to resolve: use of undeclared crate or module `log`
[INFO] [stdout]    --> tests/cudnn_specs.rs:153:9
[INFO] [stdout]     |
[INFO] [stdout] 153 |         log::trace!("RNN API test");
[INFO] [stdout]     |         ^^^ use of undeclared crate or module `log`
[INFO] [stdout] 
[INFO] [stdout] 
[INFO] [stdout] error[E0433]: failed to resolve: use of undeclared crate or module `log`
[INFO] [stdout]    --> tests/cudnn_specs.rs:150:27
[INFO] [stdout]     |
[INFO] [stdout] 150 |             .filter_level(log::LevelFilter::Trace)
[INFO] [stdout]     |                           ^^^ use of undeclared crate or module `log`
[INFO] [stdout] 
[INFO] [stdout] 
[INFO] [stdout] warning: unused imports: `cudnnRNNDescriptor_t`, `cudnnRNNPaddingMode_t`, `cudnnTensorDescriptor_t`
[INFO] [stdout]   --> tests/cudnn_specs.rs:12:18
[INFO] [stdout]    |
[INFO] [stdout] 12 |     use rcudnn::{cudnnRNNDescriptor_t, cudnnRNNPaddingMode_t, cudnnTensorDescriptor_t};
[INFO] [stdout]    |                  ^^^^^^^^^^^^^^^^^^^^  ^^^^^^^^^^^^^^^^^^^^^  ^^^^^^^^^^^^^^^^^^^^^^^
[INFO] [stdout]    |
[INFO] [stdout]    = note: `#[warn(unused_imports)]` on by default
[INFO] [stdout] 
[INFO] [stdout] 
[INFO] [stdout] warning: unused import: `crate::cudnn::utils::RnnConfig`
[INFO] [stdout]   --> tests/cudnn_specs.rs:17:9
[INFO] [stdout]    |
[INFO] [stdout] 17 |     use crate::cudnn::utils::RnnConfig;
[INFO] [stdout]    |         ^^^^^^^^^^^^^^^^^^^^^^^^^^^^^^
[INFO] [stdout] 
[INFO] [stdout] 
[INFO] [stdout] warning: unused import: `rcudnn::utils::DataTypeInfo`
[INFO] [stdout]    --> tests/cudnn_specs.rs:154:13
[INFO] [stdout]     |
[INFO] [stdout] 154 |         use rcudnn::utils::DataTypeInfo;
[INFO] [stdout]     |             ^^^^^^^^^^^^^^^^^^^^^^^^^^^
[INFO] [stdout] 
[INFO] [stdout] 
[INFO] [stdout] warning: unused import: `rcudnn::RnnDescriptor`
[INFO] [stdout]    --> tests/cudnn_specs.rs:155:13
[INFO] [stdout]     |
[INFO] [stdout] 155 |         use rcudnn::RnnDescriptor;
[INFO] [stdout]     |             ^^^^^^^^^^^^^^^^^^^^^
[INFO] [stdout] 
[INFO] [stdout] 
[INFO] [stdout] warning: attribute should be applied to an `extern` block with non-Rust ABI
[INFO] [stdout]    --> tests/cudnn_specs.rs:8:1
[INFO] [stdout]     |
[INFO] [stdout] 8   |   #[link(name = "cudart")]
[INFO] [stdout]     |   ^^^^^^^^^^^^^^^^^^^^^^^^
[INFO] [stdout] 9   |   #[cfg(test)]
[INFO] [stdout] 10  | / mod cudnn_spec {
[INFO] [stdout] 11  | |
[INFO] [stdout] 12  | |     use rcudnn::{cudnnRNNDescriptor_t, cudnnRNNPaddingMode_t, cudnnTensorDescriptor_t};
[INFO] [stdout] 13  | |
[INFO] [stdout] ...   |
[INFO] [stdout] 383 | |     }
[INFO] [stdout] 384 | | }
[INFO] [stdout]     | |_- not an `extern` block
[INFO] [stdout]     |
[INFO] [stdout]     = warning: this was previously accepted by the compiler but is being phased out; it will become a hard error in a future release!
[INFO] [stdout]     = note: `#[warn(unused_attributes)]` on by default
[INFO] [stdout] 
[INFO] [stdout] 
[INFO] [stdout] error[E0433]: failed to resolve: use of undeclared crate or module `env_logger`
[INFO] [stdout]    --> tests/cudnn_specs.rs:149:17
[INFO] [stdout]     |
[INFO] [stdout] 149 |         let _ = env_logger::builder()
[INFO] [stdout]     |                 ^^^^^^^^^^ use of undeclared crate or module `env_logger`
[INFO] [stdout] 
[INFO] [stdout] 
[INFO] [stdout] error: aborting due to 4 previous errors; 5 warnings emitted
[INFO] [stdout] 
[INFO] [stdout] 
[INFO] [stdout] Some errors have detailed explanations: E0432, E0433.
[INFO] [stdout] 
[INFO] [stdout] For more information about an error, try `rustc --explain E0432`.
[INFO] [stdout] 
[INFO] [stderr] error: could not compile `rcudnn` (test "cudnn_specs") due to 5 previous errors; 5 warnings emitted
[INFO] [stderr] warning: build failed, waiting for other jobs to finish...
[INFO] [stdout] error: linking with `cc` failed: exit status: 1
[INFO] [stdout]   |
[INFO] [stdout]   = note: LC_ALL="C" PATH="/opt/rustwide/rustup-home/toolchains/1.75.0-x86_64-unknown-linux-gnu/lib/rustlib/x86_64-unknown-linux-gnu/bin:/opt/rustwide/cargo-home/bin:/usr/local/sbin:/usr/local/bin:/usr/sbin:/usr/bin:/sbin:/bin" VSLANG="1033" "cc" "-m64" "/tmp/rustctJw4gt/symbols.o" "/opt/rustwide/target/debug/deps/tensor_descriptor_specs-7aae1721ca1b7cd6.tensor_descriptor_specs.cd980098f32229fb-cgu.0.rcgu.o" "/opt/rustwide/target/debug/deps/tensor_descriptor_specs-7aae1721ca1b7cd6.2vgu1iinivs3v6dm.rcgu.o" "-Wl,--as-needed" "-L" "/opt/rustwide/target/debug/deps" "-L" "/opt/rustwide/rustup-home/toolchains/1.75.0-x86_64-unknown-linux-gnu/lib/rustlib/x86_64-unknown-linux-gnu/lib" "-Wl,-Bstatic" "/opt/rustwide/rustup-home/toolchains/1.75.0-x86_64-unknown-linux-gnu/lib/rustlib/x86_64-unknown-linux-gnu/lib/libtest-3df1bed8075ce1de.rlib" "/opt/rustwide/rustup-home/toolchains/1.75.0-x86_64-unknown-linux-gnu/lib/rustlib/x86_64-unknown-linux-gnu/lib/libgetopts-2076fd86b325cb5d.rlib" "/opt/rustwide/rustup-home/toolchains/1.75.0-x86_64-unknown-linux-gnu/lib/rustlib/x86_64-unknown-linux-gnu/lib/libunicode_width-caa7152ee70c190f.rlib" "/opt/rustwide/rustup-home/toolchains/1.75.0-x86_64-unknown-linux-gnu/lib/rustlib/x86_64-unknown-linux-gnu/lib/librustc_std_workspace_std-04e6425e07f02a3c.rlib" "/opt/rustwide/target/debug/deps/librcudnn-c145f179dd514948.rlib" "/opt/rustwide/target/debug/deps/libthiserror-3b0757fdb1ac579f.rlib" "/opt/rustwide/target/debug/deps/librcudnn_sys-8d3b5d40a12be626.rlib" "/opt/rustwide/target/debug/deps/libnum-daefbb7e486d86d9.rlib" "/opt/rustwide/target/debug/deps/libnum_iter-199b80369c21a602.rlib" "/opt/rustwide/target/debug/deps/libnum_rational-2cce502970e47de4.rlib" "/opt/rustwide/target/debug/deps/libnum_complex-3488299852da28be.rlib" "/opt/rustwide/target/debug/deps/libnum_bigint-fb3e052f5073d45b.rlib" "/opt/rustwide/target/debug/deps/libnum_integer-94f4e0749f0861fa.rlib" "/opt/rustwide/target/debug/deps/libnum_traits-06726977a85ebb76.rlib" "/opt/rustwide/target/debug/deps/liblibc-f01c1240f7c859d0.rlib" "/opt/rustwide/rustup-home/toolchains/1.75.0-x86_64-unknown-linux-gnu/lib/rustlib/x86_64-unknown-linux-gnu/lib/libstd-90f6ddbf82de36ec.rlib" "/opt/rustwide/rustup-home/toolchains/1.75.0-x86_64-unknown-linux-gnu/lib/rustlib/x86_64-unknown-linux-gnu/lib/libpanic_unwind-480c41e9d4e1f677.rlib" "/opt/rustwide/rustup-home/toolchains/1.75.0-x86_64-unknown-linux-gnu/lib/rustlib/x86_64-unknown-linux-gnu/lib/libobject-db744c0ca03eed1d.rlib" "/opt/rustwide/rustup-home/toolchains/1.75.0-x86_64-unknown-linux-gnu/lib/rustlib/x86_64-unknown-linux-gnu/lib/libmemchr-8ba652dc7d4b285a.rlib" "/opt/rustwide/rustup-home/toolchains/1.75.0-x86_64-unknown-linux-gnu/lib/rustlib/x86_64-unknown-linux-gnu/lib/libaddr2line-d5f4520a9ebc0d58.rlib" "/opt/rustwide/rustup-home/toolchains/1.75.0-x86_64-unknown-linux-gnu/lib/rustlib/x86_64-unknown-linux-gnu/lib/libgimli-4ad84de58f0cb463.rlib" "/opt/rustwide/rustup-home/toolchains/1.75.0-x86_64-unknown-linux-gnu/lib/rustlib/x86_64-unknown-linux-gnu/lib/librustc_demangle-0d10aae2e0f38735.rlib" "/opt/rustwide/rustup-home/toolchains/1.75.0-x86_64-unknown-linux-gnu/lib/rustlib/x86_64-unknown-linux-gnu/lib/libstd_detect-0c17cff739e6745b.rlib" "/opt/rustwide/rustup-home/toolchains/1.75.0-x86_64-unknown-linux-gnu/lib/rustlib/x86_64-unknown-linux-gnu/lib/libhashbrown-b29e17139dde1aa8.rlib" "/opt/rustwide/rustup-home/toolchains/1.75.0-x86_64-unknown-linux-gnu/lib/rustlib/x86_64-unknown-linux-gnu/lib/librustc_std_workspace_alloc-1f975299829cc7bd.rlib" "/opt/rustwide/rustup-home/toolchains/1.75.0-x86_64-unknown-linux-gnu/lib/rustlib/x86_64-unknown-linux-gnu/lib/libminiz_oxide-86bae3bc3079f89b.rlib" "/opt/rustwide/rustup-home/toolchains/1.75.0-x86_64-unknown-linux-gnu/lib/rustlib/x86_64-unknown-linux-gnu/lib/libadler-321b82c30dffdf5f.rlib" "/opt/rustwide/rustup-home/toolchains/1.75.0-x86_64-unknown-linux-gnu/lib/rustlib/x86_64-unknown-linux-gnu/lib/libunwind-3dd8a6810a0bdfef.rlib" "/opt/rustwide/rustup-home/toolchains/1.75.0-x86_64-unknown-linux-gnu/lib/rustlib/x86_64-unknown-linux-gnu/lib/libcfg_if-eb39a61c0c879984.rlib" "/opt/rustwide/rustup-home/toolchains/1.75.0-x86_64-unknown-linux-gnu/lib/rustlib/x86_64-unknown-linux-gnu/lib/liblibc-aa769569f91c3548.rlib" "/opt/rustwide/rustup-home/toolchains/1.75.0-x86_64-unknown-linux-gnu/lib/rustlib/x86_64-unknown-linux-gnu/lib/liballoc-510a192a50a983ed.rlib" "/opt/rustwide/rustup-home/toolchains/1.75.0-x86_64-unknown-linux-gnu/lib/rustlib/x86_64-unknown-linux-gnu/lib/librustc_std_workspace_core-0577018320f99037.rlib" "/opt/rustwide/rustup-home/toolchains/1.75.0-x86_64-unknown-linux-gnu/lib/rustlib/x86_64-unknown-linux-gnu/lib/libcore-193cf992125ccd4c.rlib" "/opt/rustwide/rustup-home/toolchains/1.75.0-x86_64-unknown-linux-gnu/lib/rustlib/x86_64-unknown-linux-gnu/lib/libcompiler_builtins-8e138eaf26ebb4a8.rlib" "-Wl,-Bdynamic" "-lcudnn" "-lcudart" "-lcuda" "-lgcc_s" "-lutil" "-lrt" "-lpthread" "-lm" "-ldl" "-lc" "-Wl,--eh-frame-hdr" "-Wl,-z,noexecstack" "-L" "/opt/rustwide/rustup-home/toolchains/1.75.0-x86_64-unknown-linux-gnu/lib/rustlib/x86_64-unknown-linux-gnu/lib" "-o" "/opt/rustwide/target/debug/deps/tensor_descriptor_specs-7aae1721ca1b7cd6" "-Wl,--gc-sections" "-pie" "-Wl,-z,relro,-z,now" "-nodefaultlibs"
[INFO] [stdout]   = note: /usr/bin/ld: cannot find -lcudnn: No such file or directory
[INFO] [stdout]           /usr/bin/ld: cannot find -lcudart: No such file or directory
[INFO] [stdout]           /usr/bin/ld: cannot find -lcuda: No such file or directory
[INFO] [stdout]           collect2: error: ld returned 1 exit status
[INFO] [stdout]           
[INFO] [stdout] 
[INFO] [stdout] 
[INFO] [stdout] error: aborting due to previous error
[INFO] [stdout] 
[INFO] [stdout] 
[INFO] [stderr] error: could not compile `rcudnn` (test "tensor_descriptor_specs") due to 2 previous errors
[INFO] [stdout] error: linking with `cc` failed: exit status: 1
[INFO] [stdout]   |
[INFO] [stdout]   = note: LC_ALL="C" PATH="/opt/rustwide/rustup-home/toolchains/1.75.0-x86_64-unknown-linux-gnu/lib/rustlib/x86_64-unknown-linux-gnu/bin:/opt/rustwide/cargo-home/bin:/usr/local/sbin:/usr/local/bin:/usr/sbin:/usr/bin:/sbin:/bin" VSLANG="1033" "cc" "-m64" "/tmp/rustcDYgn36/symbols.o" "/opt/rustwide/target/debug/deps/rcudnn-e5fbc68d22f55fbc.rcudnn.39a0c2015843c4ef-cgu.0.rcgu.o" "/opt/rustwide/target/debug/deps/rcudnn-e5fbc68d22f55fbc.20oyayeabou1brpm.rcgu.o" "-Wl,--as-needed" "-L" "/opt/rustwide/target/debug/deps" "-L" "/opt/rustwide/rustup-home/toolchains/1.75.0-x86_64-unknown-linux-gnu/lib/rustlib/x86_64-unknown-linux-gnu/lib" "-Wl,-Bstatic" "/opt/rustwide/rustup-home/toolchains/1.75.0-x86_64-unknown-linux-gnu/lib/rustlib/x86_64-unknown-linux-gnu/lib/libtest-3df1bed8075ce1de.rlib" "/opt/rustwide/rustup-home/toolchains/1.75.0-x86_64-unknown-linux-gnu/lib/rustlib/x86_64-unknown-linux-gnu/lib/libgetopts-2076fd86b325cb5d.rlib" "/opt/rustwide/rustup-home/toolchains/1.75.0-x86_64-unknown-linux-gnu/lib/rustlib/x86_64-unknown-linux-gnu/lib/libunicode_width-caa7152ee70c190f.rlib" "/opt/rustwide/rustup-home/toolchains/1.75.0-x86_64-unknown-linux-gnu/lib/rustlib/x86_64-unknown-linux-gnu/lib/librustc_std_workspace_std-04e6425e07f02a3c.rlib" "/opt/rustwide/target/debug/deps/libthiserror-3b0757fdb1ac579f.rlib" "/opt/rustwide/target/debug/deps/librcudnn_sys-8d3b5d40a12be626.rlib" "/opt/rustwide/target/debug/deps/libnum-daefbb7e486d86d9.rlib" "/opt/rustwide/target/debug/deps/libnum_iter-199b80369c21a602.rlib" "/opt/rustwide/target/debug/deps/libnum_rational-2cce502970e47de4.rlib" "/opt/rustwide/target/debug/deps/libnum_complex-3488299852da28be.rlib" "/opt/rustwide/target/debug/deps/libnum_bigint-fb3e052f5073d45b.rlib" "/opt/rustwide/target/debug/deps/libnum_integer-94f4e0749f0861fa.rlib" "/opt/rustwide/target/debug/deps/libnum_traits-06726977a85ebb76.rlib" "/opt/rustwide/target/debug/deps/liblibc-f01c1240f7c859d0.rlib" "/opt/rustwide/rustup-home/toolchains/1.75.0-x86_64-unknown-linux-gnu/lib/rustlib/x86_64-unknown-linux-gnu/lib/libstd-90f6ddbf82de36ec.rlib" "/opt/rustwide/rustup-home/toolchains/1.75.0-x86_64-unknown-linux-gnu/lib/rustlib/x86_64-unknown-linux-gnu/lib/libpanic_unwind-480c41e9d4e1f677.rlib" "/opt/rustwide/rustup-home/toolchains/1.75.0-x86_64-unknown-linux-gnu/lib/rustlib/x86_64-unknown-linux-gnu/lib/libobject-db744c0ca03eed1d.rlib" "/opt/rustwide/rustup-home/toolchains/1.75.0-x86_64-unknown-linux-gnu/lib/rustlib/x86_64-unknown-linux-gnu/lib/libmemchr-8ba652dc7d4b285a.rlib" "/opt/rustwide/rustup-home/toolchains/1.75.0-x86_64-unknown-linux-gnu/lib/rustlib/x86_64-unknown-linux-gnu/lib/libaddr2line-d5f4520a9ebc0d58.rlib" "/opt/rustwide/rustup-home/toolchains/1.75.0-x86_64-unknown-linux-gnu/lib/rustlib/x86_64-unknown-linux-gnu/lib/libgimli-4ad84de58f0cb463.rlib" "/opt/rustwide/rustup-home/toolchains/1.75.0-x86_64-unknown-linux-gnu/lib/rustlib/x86_64-unknown-linux-gnu/lib/librustc_demangle-0d10aae2e0f38735.rlib" "/opt/rustwide/rustup-home/toolchains/1.75.0-x86_64-unknown-linux-gnu/lib/rustlib/x86_64-unknown-linux-gnu/lib/libstd_detect-0c17cff739e6745b.rlib" "/opt/rustwide/rustup-home/toolchains/1.75.0-x86_64-unknown-linux-gnu/lib/rustlib/x86_64-unknown-linux-gnu/lib/libhashbrown-b29e17139dde1aa8.rlib" "/opt/rustwide/rustup-home/toolchains/1.75.0-x86_64-unknown-linux-gnu/lib/rustlib/x86_64-unknown-linux-gnu/lib/librustc_std_workspace_alloc-1f975299829cc7bd.rlib" "/opt/rustwide/rustup-home/toolchains/1.75.0-x86_64-unknown-linux-gnu/lib/rustlib/x86_64-unknown-linux-gnu/lib/libminiz_oxide-86bae3bc3079f89b.rlib" "/opt/rustwide/rustup-home/toolchains/1.75.0-x86_64-unknown-linux-gnu/lib/rustlib/x86_64-unknown-linux-gnu/lib/libadler-321b82c30dffdf5f.rlib" "/opt/rustwide/rustup-home/toolchains/1.75.0-x86_64-unknown-linux-gnu/lib/rustlib/x86_64-unknown-linux-gnu/lib/libunwind-3dd8a6810a0bdfef.rlib" "/opt/rustwide/rustup-home/toolchains/1.75.0-x86_64-unknown-linux-gnu/lib/rustlib/x86_64-unknown-linux-gnu/lib/libcfg_if-eb39a61c0c879984.rlib" "/opt/rustwide/rustup-home/toolchains/1.75.0-x86_64-unknown-linux-gnu/lib/rustlib/x86_64-unknown-linux-gnu/lib/liblibc-aa769569f91c3548.rlib" "/opt/rustwide/rustup-home/toolchains/1.75.0-x86_64-unknown-linux-gnu/lib/rustlib/x86_64-unknown-linux-gnu/lib/liballoc-510a192a50a983ed.rlib" "/opt/rustwide/rustup-home/toolchains/1.75.0-x86_64-unknown-linux-gnu/lib/rustlib/x86_64-unknown-linux-gnu/lib/librustc_std_workspace_core-0577018320f99037.rlib" "/opt/rustwide/rustup-home/toolchains/1.75.0-x86_64-unknown-linux-gnu/lib/rustlib/x86_64-unknown-linux-gnu/lib/libcore-193cf992125ccd4c.rlib" "/opt/rustwide/rustup-home/toolchains/1.75.0-x86_64-unknown-linux-gnu/lib/rustlib/x86_64-unknown-linux-gnu/lib/libcompiler_builtins-8e138eaf26ebb4a8.rlib" "-Wl,-Bdynamic" "-lcudnn" "-lcudart" "-lcuda" "-lgcc_s" "-lutil" "-lrt" "-lpthread" "-lm" "-ldl" "-lc" "-Wl,--eh-frame-hdr" "-Wl,-z,noexecstack" "-L" "/opt/rustwide/rustup-home/toolchains/1.75.0-x86_64-unknown-linux-gnu/lib/rustlib/x86_64-unknown-linux-gnu/lib" "-o" "/opt/rustwide/target/debug/deps/rcudnn-e5fbc68d22f55fbc" "-Wl,--gc-sections" "-pie" "-Wl,-z,relro,-z,now" "-nodefaultlibs"
[INFO] [stdout]   = note: /usr/bin/ld: cannot find -lcudnn: No such file or directory
[INFO] [stdout]           /usr/bin/ld: cannot find -lcudart: No such file or directory
[INFO] [stdout]           /usr/bin/ld: cannot find -lcuda: No such file or directory
[INFO] [stdout]           collect2: error: ld returned 1 exit status
[INFO] [stdout]           
[INFO] [stdout] 
[INFO] [stdout] 
[INFO] [stdout] error: aborting due to previous error
[INFO] [stdout] 
[INFO] [stdout] 
[INFO] [stderr] error: could not compile `rcudnn` (lib test) due to 2 previous errors
[INFO] running `Command { std: "docker" "inspect" "fb146414fdf5c54b218fe80bf157c87efa45d93240b08bc2409f373b08fb86fb", kill_on_drop: false }`
[INFO] running `Command { std: "docker" "rm" "-f" "fb146414fdf5c54b218fe80bf157c87efa45d93240b08bc2409f373b08fb86fb", kill_on_drop: false }`
[INFO] [stdout] fb146414fdf5c54b218fe80bf157c87efa45d93240b08bc2409f373b08fb86fb
[INFO] testing rcudnn-1.8.0 against beta-2023-12-22 for beta-1.76-1
[INFO] extracting crate rcudnn 1.8.0 into /workspace/builds/worker-5-tc2/source
[INFO] validating manifest of crates.io crate rcudnn 1.8.0 on toolchain beta-2023-12-22
[INFO] running `Command { std: CARGO_HOME="/workspace/cargo-home" RUSTUP_HOME="/workspace/rustup-home" "/workspace/cargo-home/bin/cargo" "+beta-2023-12-22" "metadata" "--manifest-path" "Cargo.toml" "--no-deps", kill_on_drop: false }`
[INFO] started tweaking crates.io crate rcudnn 1.8.0
[INFO] finished tweaking crates.io crate rcudnn 1.8.0
[INFO] tweaked toml for crates.io crate rcudnn 1.8.0 written to /workspace/builds/worker-5-tc2/source/Cargo.toml
[INFO] running `Command { std: CARGO_HOME="/workspace/cargo-home" RUSTUP_HOME="/workspace/rustup-home" "/workspace/cargo-home/bin/cargo" "+beta-2023-12-22" "generate-lockfile" "--manifest-path" "Cargo.toml", kill_on_drop: false }`
[INFO] [stderr]     Updating crates.io index
[INFO] running `Command { std: CARGO_HOME="/workspace/cargo-home" RUSTUP_HOME="/workspace/rustup-home" "/workspace/cargo-home/bin/cargo" "+beta-2023-12-22" "fetch" "--manifest-path" "Cargo.toml", kill_on_drop: false }`
[INFO] running `Command { std: "docker" "create" "-v" "/var/lib/crater-agent-workspace/builds/worker-5-tc2/target:/opt/rustwide/target:rw,Z" "-v" "/var/lib/crater-agent-workspace/builds/worker-5-tc2/source:/opt/rustwide/workdir:ro,Z" "-v" "/var/lib/crater-agent-workspace/cargo-home:/opt/rustwide/cargo-home:ro,Z" "-v" "/var/lib/crater-agent-workspace/rustup-home:/opt/rustwide/rustup-home:ro,Z" "-e" "SOURCE_DIR=/opt/rustwide/workdir" "-e" "CARGO_TARGET_DIR=/opt/rustwide/target" "-e" "CARGO_HOME=/opt/rustwide/cargo-home" "-e" "RUSTUP_HOME=/opt/rustwide/rustup-home" "-w" "/opt/rustwide/workdir" "-m" "1610612736" "--user" "0:0" "--network" "none" "ghcr.io/rust-lang/crates-build-env/linux@sha256:2788e3201cd34a07e3172128adcd8b3090168a8e3bcc40d7c032b9dda1df7d1c" "/opt/rustwide/cargo-home/bin/cargo" "+beta-2023-12-22" "metadata" "--no-deps" "--format-version=1", kill_on_drop: false }`
[INFO] [stdout] 6626b706abb8095900d6e52ca01a3a690768823c8e8741f256e10cacf86faef5
[INFO] running `Command { std: "docker" "start" "-a" "6626b706abb8095900d6e52ca01a3a690768823c8e8741f256e10cacf86faef5", kill_on_drop: false }`
[INFO] running `Command { std: "docker" "inspect" "6626b706abb8095900d6e52ca01a3a690768823c8e8741f256e10cacf86faef5", kill_on_drop: false }`
[INFO] running `Command { std: "docker" "rm" "-f" "6626b706abb8095900d6e52ca01a3a690768823c8e8741f256e10cacf86faef5", kill_on_drop: false }`
[INFO] [stdout] 6626b706abb8095900d6e52ca01a3a690768823c8e8741f256e10cacf86faef5
[INFO] running `Command { std: "docker" "create" "-v" "/var/lib/crater-agent-workspace/builds/worker-5-tc2/target:/opt/rustwide/target:rw,Z" "-v" "/var/lib/crater-agent-workspace/builds/worker-5-tc2/source:/opt/rustwide/workdir:ro,Z" "-v" "/var/lib/crater-agent-workspace/cargo-home:/opt/rustwide/cargo-home:ro,Z" "-v" "/var/lib/crater-agent-workspace/rustup-home:/opt/rustwide/rustup-home:ro,Z" "-e" "SOURCE_DIR=/opt/rustwide/workdir" "-e" "CARGO_TARGET_DIR=/opt/rustwide/target" "-e" "CARGO_INCREMENTAL=0" "-e" "RUST_BACKTRACE=full" "-e" "RUSTFLAGS=--cap-lints=warn" "-e" "RUSTDOCFLAGS=--cap-lints=warn" "-e" "CARGO_HOME=/opt/rustwide/cargo-home" "-e" "RUSTUP_HOME=/opt/rustwide/rustup-home" "-w" "/opt/rustwide/workdir" "-m" "1610612736" "--user" "0:0" "--network" "none" "ghcr.io/rust-lang/crates-build-env/linux@sha256:2788e3201cd34a07e3172128adcd8b3090168a8e3bcc40d7c032b9dda1df7d1c" "/opt/rustwide/cargo-home/bin/cargo" "+beta-2023-12-22" "build" "--frozen" "--message-format=json", kill_on_drop: false }`
[INFO] [stdout] 12f94db2ad3f3aff953c11e72fb51bd35ff5624fdf69b108809d8262eb90474f
[INFO] running `Command { std: "docker" "start" "-a" "12f94db2ad3f3aff953c11e72fb51bd35ff5624fdf69b108809d8262eb90474f", kill_on_drop: false }`
[INFO] [stderr]    Compiling num-traits v0.2.17
[INFO] [stderr]    Compiling num-integer v0.1.45
[INFO] [stderr]    Compiling num-bigint v0.4.4
[INFO] [stderr]    Compiling num-iter v0.1.43
[INFO] [stderr]    Compiling num-rational v0.4.1
[INFO] [stderr]    Compiling pkg-config v0.3.28
[INFO] [stderr]    Compiling syn v2.0.48
[INFO] [stderr]    Compiling rcudnn-sys v0.5.0
[INFO] [stderr]    Compiling num-complex v0.4.4
[INFO] [stderr]    Compiling thiserror-impl v1.0.56
[INFO] [stderr]    Compiling num v0.4.1
[INFO] [stderr]    Compiling thiserror v1.0.56
[INFO] [stderr]    Compiling rcudnn v1.8.0 (/opt/rustwide/workdir)
[INFO] [stderr]     Finished dev [unoptimized + debuginfo] target(s) in 2.88s
[INFO] running `Command { std: "docker" "inspect" "12f94db2ad3f3aff953c11e72fb51bd35ff5624fdf69b108809d8262eb90474f", kill_on_drop: false }`
[INFO] running `Command { std: "docker" "rm" "-f" "12f94db2ad3f3aff953c11e72fb51bd35ff5624fdf69b108809d8262eb90474f", kill_on_drop: false }`
[INFO] [stdout] 12f94db2ad3f3aff953c11e72fb51bd35ff5624fdf69b108809d8262eb90474f
[INFO] running `Command { std: "docker" "create" "-v" "/var/lib/crater-agent-workspace/builds/worker-5-tc2/target:/opt/rustwide/target:rw,Z" "-v" "/var/lib/crater-agent-workspace/builds/worker-5-tc2/source:/opt/rustwide/workdir:ro,Z" "-v" "/var/lib/crater-agent-workspace/cargo-home:/opt/rustwide/cargo-home:ro,Z" "-v" "/var/lib/crater-agent-workspace/rustup-home:/opt/rustwide/rustup-home:ro,Z" "-e" "SOURCE_DIR=/opt/rustwide/workdir" "-e" "CARGO_TARGET_DIR=/opt/rustwide/target" "-e" "CARGO_INCREMENTAL=0" "-e" "RUST_BACKTRACE=full" "-e" "RUSTFLAGS=--cap-lints=warn" "-e" "RUSTDOCFLAGS=--cap-lints=warn" "-e" "CARGO_HOME=/opt/rustwide/cargo-home" "-e" "RUSTUP_HOME=/opt/rustwide/rustup-home" "-w" "/opt/rustwide/workdir" "-m" "1610612736" "--user" "0:0" "--network" "none" "ghcr.io/rust-lang/crates-build-env/linux@sha256:2788e3201cd34a07e3172128adcd8b3090168a8e3bcc40d7c032b9dda1df7d1c" "/opt/rustwide/cargo-home/bin/cargo" "+beta-2023-12-22" "test" "--frozen" "--no-run" "--message-format=json", kill_on_drop: false }`
[INFO] [stdout] 7e5188fea68dab8da1bd99ee8f8580bab9691ed6d15cd6132fd312e49b4e497a
[INFO] running `Command { std: "docker" "start" "-a" "7e5188fea68dab8da1bd99ee8f8580bab9691ed6d15cd6132fd312e49b4e497a", kill_on_drop: false }`
[INFO] [stderr]    Compiling rcudnn v1.8.0 (/opt/rustwide/workdir)
[INFO] [stdout] error[E0432]: unresolved import `coaster`
[INFO] [stdout]  --> tests/cudnn_specs.rs:1:5
[INFO] [stdout]   |
[INFO] [stdout] 1 | use coaster as co;
[INFO] [stdout]   |     ^^^^^^^^^^^^^ no external crate `coaster`
[INFO] [stdout] 
[INFO] [stdout] 
[INFO] [stdout] error[E0433]: failed to resolve: use of undeclared crate or module `log`
[INFO] [stdout]    --> tests/cudnn_specs.rs:153:9
[INFO] [stdout]     |
[INFO] [stdout] 153 |         log::trace!("RNN API test");
[INFO] [stdout]     |         ^^^ use of undeclared crate or module `log`
[INFO] [stdout] 
[INFO] [stdout] 
[INFO] [stdout] error[E0433]: failed to resolve: use of undeclared crate or module `log`
[INFO] [stdout]    --> tests/cudnn_specs.rs:150:27
[INFO] [stdout]     |
[INFO] [stdout] 150 |             .filter_level(log::LevelFilter::Trace)
[INFO] [stdout]     |                           ^^^ use of undeclared crate or module `log`
[INFO] [stdout] 
[INFO] [stdout] 
[INFO] [stdout] warning: unused imports: `cudnnRNNDescriptor_t`, `cudnnRNNPaddingMode_t`, `cudnnTensorDescriptor_t`
[INFO] [stdout]   --> tests/cudnn_specs.rs:12:18
[INFO] [stdout]    |
[INFO] [stdout] 12 |     use rcudnn::{cudnnRNNDescriptor_t, cudnnRNNPaddingMode_t, cudnnTensorDescriptor_t};
[INFO] [stdout]    |                  ^^^^^^^^^^^^^^^^^^^^  ^^^^^^^^^^^^^^^^^^^^^  ^^^^^^^^^^^^^^^^^^^^^^^
[INFO] [stdout]    |
[INFO] [stdout]    = note: `#[warn(unused_imports)]` on by default
[INFO] [stdout] 
[INFO] [stdout] 
[INFO] [stdout] warning: unused import: `crate::cudnn::utils::RnnConfig`
[INFO] [stdout]   --> tests/cudnn_specs.rs:17:9
[INFO] [stdout]    |
[INFO] [stdout] 17 |     use crate::cudnn::utils::RnnConfig;
[INFO] [stdout]    |         ^^^^^^^^^^^^^^^^^^^^^^^^^^^^^^
[INFO] [stdout] 
[INFO] [stdout] 
[INFO] [stdout] warning: unused import: `rcudnn::utils::DataTypeInfo`
[INFO] [stdout]    --> tests/cudnn_specs.rs:154:13
[INFO] [stdout]     |
[INFO] [stdout] 154 |         use rcudnn::utils::DataTypeInfo;
[INFO] [stdout]     |             ^^^^^^^^^^^^^^^^^^^^^^^^^^^
[INFO] [stdout] 
[INFO] [stdout] 
[INFO] [stdout] warning: unused import: `rcudnn::RnnDescriptor`
[INFO] [stdout]    --> tests/cudnn_specs.rs:155:13
[INFO] [stdout]     |
[INFO] [stdout] 155 |         use rcudnn::RnnDescriptor;
[INFO] [stdout]     |             ^^^^^^^^^^^^^^^^^^^^^
[INFO] [stdout] 
[INFO] [stdout] 
[INFO] [stdout] warning: attribute should be applied to an `extern` block with non-Rust ABI
[INFO] [stdout]    --> tests/cudnn_specs.rs:8:1
[INFO] [stdout]     |
[INFO] [stdout] 8   |   #[link(name = "cudart")]
[INFO] [stdout]     |   ^^^^^^^^^^^^^^^^^^^^^^^^
[INFO] [stdout] 9   |   #[cfg(test)]
[INFO] [stdout] 10  | / mod cudnn_spec {
[INFO] [stdout] 11  | |
[INFO] [stdout] 12  | |     use rcudnn::{cudnnRNNDescriptor_t, cudnnRNNPaddingMode_t, cudnnTensorDescriptor_t};
[INFO] [stdout] 13  | |
[INFO] [stdout] ...   |
[INFO] [stdout] 383 | |     }
[INFO] [stdout] 384 | | }
[INFO] [stdout]     | |_- not an `extern` block
[INFO] [stdout]     |
[INFO] [stdout]     = warning: this was previously accepted by the compiler but is being phased out; it will become a hard error in a future release!
[INFO] [stdout]     = note: `#[warn(unused_attributes)]` on by default
[INFO] [stdout] 
[INFO] [stdout] 
[INFO] [stdout] error[E0433]: failed to resolve: use of undeclared crate or module `env_logger`
[INFO] [stdout]    --> tests/cudnn_specs.rs:149:17
[INFO] [stdout]     |
[INFO] [stdout] 149 |         let _ = env_logger::builder()
[INFO] [stdout]     |                 ^^^^^^^^^^ use of undeclared crate or module `env_logger`
[INFO] [stdout] 
[INFO] [stdout] 
[INFO] [stdout] error: aborting due to 4 previous errors; 5 warnings emitted
[INFO] [stdout] 
[INFO] [stdout] 
[INFO] [stdout] Some errors have detailed explanations: E0432, E0433.
[INFO] [stdout] 
[INFO] [stdout] For more information about an error, try `rustc --explain E0432`.
[INFO] [stdout] 
[INFO] [stderr] error: could not compile `rcudnn` (test "cudnn_specs") due to 5 previous errors; 5 warnings emitted
[INFO] [stderr] warning: build failed, waiting for other jobs to finish...
[INFO] [stdout] error: linking with `cc` failed: exit status: 1
[INFO] [stdout]   |
[INFO] [stdout]   = note: LC_ALL="C" PATH="/opt/rustwide/rustup-home/toolchains/beta-2023-12-22-x86_64-unknown-linux-gnu/lib/rustlib/x86_64-unknown-linux-gnu/bin:/opt/rustwide/cargo-home/bin:/usr/local/sbin:/usr/local/bin:/usr/sbin:/usr/bin:/sbin:/bin" VSLANG="1033" "cc" "-m64" "/tmp/rustc80rwJy/symbols.o" "/opt/rustwide/target/debug/deps/tensor_descriptor_specs-58be5d29ba5f9211.tensor_descriptor_specs.ba9c924f0001f151-cgu.0.rcgu.o" "/opt/rustwide/target/debug/deps/tensor_descriptor_specs-58be5d29ba5f9211.36vt0h3jqryqdqav.rcgu.o" "-Wl,--as-needed" "-L" "/opt/rustwide/target/debug/deps" "-L" "/opt/rustwide/rustup-home/toolchains/beta-2023-12-22-x86_64-unknown-linux-gnu/lib/rustlib/x86_64-unknown-linux-gnu/lib" "-Wl,-Bstatic" "/opt/rustwide/rustup-home/toolchains/beta-2023-12-22-x86_64-unknown-linux-gnu/lib/rustlib/x86_64-unknown-linux-gnu/lib/libtest-cbab71697df97b00.rlib" "/opt/rustwide/rustup-home/toolchains/beta-2023-12-22-x86_64-unknown-linux-gnu/lib/rustlib/x86_64-unknown-linux-gnu/lib/libgetopts-2a2cf8f16c536007.rlib" "/opt/rustwide/rustup-home/toolchains/beta-2023-12-22-x86_64-unknown-linux-gnu/lib/rustlib/x86_64-unknown-linux-gnu/lib/libunicode_width-c5f3cc3cceaf9070.rlib" "/opt/rustwide/rustup-home/toolchains/beta-2023-12-22-x86_64-unknown-linux-gnu/lib/rustlib/x86_64-unknown-linux-gnu/lib/librustc_std_workspace_std-a31324ec815b09db.rlib" "/opt/rustwide/target/debug/deps/librcudnn-aa5591b02bfc9054.rlib" "/opt/rustwide/target/debug/deps/libthiserror-0ca7ac121b7363c6.rlib" "/opt/rustwide/target/debug/deps/librcudnn_sys-453d988b4c6e1a39.rlib" "/opt/rustwide/target/debug/deps/libnum-0a86c9a65a2402b5.rlib" "/opt/rustwide/target/debug/deps/libnum_iter-0aeafabdfa1b6f05.rlib" "/opt/rustwide/target/debug/deps/libnum_rational-39bd9636676700ca.rlib" "/opt/rustwide/target/debug/deps/libnum_complex-4a2963346f69c430.rlib" "/opt/rustwide/target/debug/deps/libnum_bigint-81c9a8d993db2114.rlib" "/opt/rustwide/target/debug/deps/libnum_integer-35c7c896783a7373.rlib" "/opt/rustwide/target/debug/deps/libnum_traits-e45dc823cfccaa55.rlib" "/opt/rustwide/target/debug/deps/liblibc-9bdc13f38078ecbe.rlib" "/opt/rustwide/rustup-home/toolchains/beta-2023-12-22-x86_64-unknown-linux-gnu/lib/rustlib/x86_64-unknown-linux-gnu/lib/libstd-0672489a78b613de.rlib" "/opt/rustwide/rustup-home/toolchains/beta-2023-12-22-x86_64-unknown-linux-gnu/lib/rustlib/x86_64-unknown-linux-gnu/lib/libpanic_unwind-7eb3ffc34a49f675.rlib" "/opt/rustwide/rustup-home/toolchains/beta-2023-12-22-x86_64-unknown-linux-gnu/lib/rustlib/x86_64-unknown-linux-gnu/lib/libobject-6478a9daa4bee8e2.rlib" "/opt/rustwide/rustup-home/toolchains/beta-2023-12-22-x86_64-unknown-linux-gnu/lib/rustlib/x86_64-unknown-linux-gnu/lib/libmemchr-0c75d871a5c3923d.rlib" "/opt/rustwide/rustup-home/toolchains/beta-2023-12-22-x86_64-unknown-linux-gnu/lib/rustlib/x86_64-unknown-linux-gnu/lib/libaddr2line-d163ef63ad37bb71.rlib" "/opt/rustwide/rustup-home/toolchains/beta-2023-12-22-x86_64-unknown-linux-gnu/lib/rustlib/x86_64-unknown-linux-gnu/lib/libgimli-8a3fd810a85b9f4c.rlib" "/opt/rustwide/rustup-home/toolchains/beta-2023-12-22-x86_64-unknown-linux-gnu/lib/rustlib/x86_64-unknown-linux-gnu/lib/librustc_demangle-462a2cde8c5dfc10.rlib" "/opt/rustwide/rustup-home/toolchains/beta-2023-12-22-x86_64-unknown-linux-gnu/lib/rustlib/x86_64-unknown-linux-gnu/lib/libstd_detect-cb06ac9f54713f71.rlib" "/opt/rustwide/rustup-home/toolchains/beta-2023-12-22-x86_64-unknown-linux-gnu/lib/rustlib/x86_64-unknown-linux-gnu/lib/libhashbrown-f20bfd1f8e59b393.rlib" "/opt/rustwide/rustup-home/toolchains/beta-2023-12-22-x86_64-unknown-linux-gnu/lib/rustlib/x86_64-unknown-linux-gnu/lib/librustc_std_workspace_alloc-1ef460949b49da4b.rlib" "/opt/rustwide/rustup-home/toolchains/beta-2023-12-22-x86_64-unknown-linux-gnu/lib/rustlib/x86_64-unknown-linux-gnu/lib/libminiz_oxide-2cb0c0ffe4f87514.rlib" "/opt/rustwide/rustup-home/toolchains/beta-2023-12-22-x86_64-unknown-linux-gnu/lib/rustlib/x86_64-unknown-linux-gnu/lib/libadler-58d841eb322a11a2.rlib" "/opt/rustwide/rustup-home/toolchains/beta-2023-12-22-x86_64-unknown-linux-gnu/lib/rustlib/x86_64-unknown-linux-gnu/lib/libunwind-aa2ae0b0a9d11533.rlib" "/opt/rustwide/rustup-home/toolchains/beta-2023-12-22-x86_64-unknown-linux-gnu/lib/rustlib/x86_64-unknown-linux-gnu/lib/libcfg_if-23874e15830ed336.rlib" "/opt/rustwide/rustup-home/toolchains/beta-2023-12-22-x86_64-unknown-linux-gnu/lib/rustlib/x86_64-unknown-linux-gnu/lib/liblibc-e47cddc003bce885.rlib" "/opt/rustwide/rustup-home/toolchains/beta-2023-12-22-x86_64-unknown-linux-gnu/lib/rustlib/x86_64-unknown-linux-gnu/lib/liballoc-c22b13b48a8f128e.rlib" "/opt/rustwide/rustup-home/toolchains/beta-2023-12-22-x86_64-unknown-linux-gnu/lib/rustlib/x86_64-unknown-linux-gnu/lib/librustc_std_workspace_core-e46bc3da6d7c462f.rlib" "/opt/rustwide/rustup-home/toolchains/beta-2023-12-22-x86_64-unknown-linux-gnu/lib/rustlib/x86_64-unknown-linux-gnu/lib/libcore-8d1ac131d3cb2645.rlib" "/opt/rustwide/rustup-home/toolchains/beta-2023-12-22-x86_64-unknown-linux-gnu/lib/rustlib/x86_64-unknown-linux-gnu/lib/libcompiler_builtins-a1b43df8c6899c1f.rlib" "-Wl,-Bdynamic" "-lcudnn" "-lcudart" "-lcuda" "-lgcc_s" "-lutil" "-lrt" "-lpthread" "-lm" "-ldl" "-lc" "-Wl,--eh-frame-hdr" "-Wl,-z,noexecstack" "-L" "/opt/rustwide/rustup-home/toolchains/beta-2023-12-22-x86_64-unknown-linux-gnu/lib/rustlib/x86_64-unknown-linux-gnu/lib" "-o" "/opt/rustwide/target/debug/deps/tensor_descriptor_specs-58be5d29ba5f9211" "-Wl,--gc-sections" "-pie" "-Wl,-z,relro,-z,now" "-nodefaultlibs"
[INFO] [stdout]   = note: /usr/bin/ld: cannot find -lcudnn: No such file or directory
[INFO] [stdout]           /usr/bin/ld: cannot find -lcudart: No such file or directory
[INFO] [stdout]           /usr/bin/ld: cannot find -lcuda: No such file or directory
[INFO] [stdout]           collect2: error: ld returned 1 exit status
[INFO] [stdout]           
[INFO] [stdout] 
[INFO] [stdout] 
[INFO] [stdout] error: aborting due to 1 previous error
[INFO] [stdout] 
[INFO] [stdout] 
[INFO] [stderr] error: could not compile `rcudnn` (test "tensor_descriptor_specs") due to 2 previous errors
[INFO] [stdout] error: linking with `cc` failed: exit status: 1
[INFO] [stdout]   |
[INFO] [stdout]   = note: LC_ALL="C" PATH="/opt/rustwide/rustup-home/toolchains/beta-2023-12-22-x86_64-unknown-linux-gnu/lib/rustlib/x86_64-unknown-linux-gnu/bin:/opt/rustwide/cargo-home/bin:/usr/local/sbin:/usr/local/bin:/usr/sbin:/usr/bin:/sbin:/bin" VSLANG="1033" "cc" "-m64" "/tmp/rustcGAQd1S/symbols.o" "/opt/rustwide/target/debug/deps/rcudnn-5729a2443897267c.rcudnn.eb96c9d6d32974d3-cgu.0.rcgu.o" "/opt/rustwide/target/debug/deps/rcudnn-5729a2443897267c.4hdjicnowb014d1c.rcgu.o" "-Wl,--as-needed" "-L" "/opt/rustwide/target/debug/deps" "-L" "/opt/rustwide/rustup-home/toolchains/beta-2023-12-22-x86_64-unknown-linux-gnu/lib/rustlib/x86_64-unknown-linux-gnu/lib" "-Wl,-Bstatic" "/opt/rustwide/rustup-home/toolchains/beta-2023-12-22-x86_64-unknown-linux-gnu/lib/rustlib/x86_64-unknown-linux-gnu/lib/libtest-cbab71697df97b00.rlib" "/opt/rustwide/rustup-home/toolchains/beta-2023-12-22-x86_64-unknown-linux-gnu/lib/rustlib/x86_64-unknown-linux-gnu/lib/libgetopts-2a2cf8f16c536007.rlib" "/opt/rustwide/rustup-home/toolchains/beta-2023-12-22-x86_64-unknown-linux-gnu/lib/rustlib/x86_64-unknown-linux-gnu/lib/libunicode_width-c5f3cc3cceaf9070.rlib" "/opt/rustwide/rustup-home/toolchains/beta-2023-12-22-x86_64-unknown-linux-gnu/lib/rustlib/x86_64-unknown-linux-gnu/lib/librustc_std_workspace_std-a31324ec815b09db.rlib" "/opt/rustwide/target/debug/deps/libthiserror-0ca7ac121b7363c6.rlib" "/opt/rustwide/target/debug/deps/librcudnn_sys-453d988b4c6e1a39.rlib" "/opt/rustwide/target/debug/deps/libnum-0a86c9a65a2402b5.rlib" "/opt/rustwide/target/debug/deps/libnum_iter-0aeafabdfa1b6f05.rlib" "/opt/rustwide/target/debug/deps/libnum_rational-39bd9636676700ca.rlib" "/opt/rustwide/target/debug/deps/libnum_complex-4a2963346f69c430.rlib" "/opt/rustwide/target/debug/deps/libnum_bigint-81c9a8d993db2114.rlib" "/opt/rustwide/target/debug/deps/libnum_integer-35c7c896783a7373.rlib" "/opt/rustwide/target/debug/deps/libnum_traits-e45dc823cfccaa55.rlib" "/opt/rustwide/target/debug/deps/liblibc-9bdc13f38078ecbe.rlib" "/opt/rustwide/rustup-home/toolchains/beta-2023-12-22-x86_64-unknown-linux-gnu/lib/rustlib/x86_64-unknown-linux-gnu/lib/libstd-0672489a78b613de.rlib" "/opt/rustwide/rustup-home/toolchains/beta-2023-12-22-x86_64-unknown-linux-gnu/lib/rustlib/x86_64-unknown-linux-gnu/lib/libpanic_unwind-7eb3ffc34a49f675.rlib" "/opt/rustwide/rustup-home/toolchains/beta-2023-12-22-x86_64-unknown-linux-gnu/lib/rustlib/x86_64-unknown-linux-gnu/lib/libobject-6478a9daa4bee8e2.rlib" "/opt/rustwide/rustup-home/toolchains/beta-2023-12-22-x86_64-unknown-linux-gnu/lib/rustlib/x86_64-unknown-linux-gnu/lib/libmemchr-0c75d871a5c3923d.rlib" "/opt/rustwide/rustup-home/toolchains/beta-2023-12-22-x86_64-unknown-linux-gnu/lib/rustlib/x86_64-unknown-linux-gnu/lib/libaddr2line-d163ef63ad37bb71.rlib" "/opt/rustwide/rustup-home/toolchains/beta-2023-12-22-x86_64-unknown-linux-gnu/lib/rustlib/x86_64-unknown-linux-gnu/lib/libgimli-8a3fd810a85b9f4c.rlib" "/opt/rustwide/rustup-home/toolchains/beta-2023-12-22-x86_64-unknown-linux-gnu/lib/rustlib/x86_64-unknown-linux-gnu/lib/librustc_demangle-462a2cde8c5dfc10.rlib" "/opt/rustwide/rustup-home/toolchains/beta-2023-12-22-x86_64-unknown-linux-gnu/lib/rustlib/x86_64-unknown-linux-gnu/lib/libstd_detect-cb06ac9f54713f71.rlib" "/opt/rustwide/rustup-home/toolchains/beta-2023-12-22-x86_64-unknown-linux-gnu/lib/rustlib/x86_64-unknown-linux-gnu/lib/libhashbrown-f20bfd1f8e59b393.rlib" "/opt/rustwide/rustup-home/toolchains/beta-2023-12-22-x86_64-unknown-linux-gnu/lib/rustlib/x86_64-unknown-linux-gnu/lib/librustc_std_workspace_alloc-1ef460949b49da4b.rlib" "/opt/rustwide/rustup-home/toolchains/beta-2023-12-22-x86_64-unknown-linux-gnu/lib/rustlib/x86_64-unknown-linux-gnu/lib/libminiz_oxide-2cb0c0ffe4f87514.rlib" "/opt/rustwide/rustup-home/toolchains/beta-2023-12-22-x86_64-unknown-linux-gnu/lib/rustlib/x86_64-unknown-linux-gnu/lib/libadler-58d841eb322a11a2.rlib" "/opt/rustwide/rustup-home/toolchains/beta-2023-12-22-x86_64-unknown-linux-gnu/lib/rustlib/x86_64-unknown-linux-gnu/lib/libunwind-aa2ae0b0a9d11533.rlib" "/opt/rustwide/rustup-home/toolchains/beta-2023-12-22-x86_64-unknown-linux-gnu/lib/rustlib/x86_64-unknown-linux-gnu/lib/libcfg_if-23874e15830ed336.rlib" "/opt/rustwide/rustup-home/toolchains/beta-2023-12-22-x86_64-unknown-linux-gnu/lib/rustlib/x86_64-unknown-linux-gnu/lib/liblibc-e47cddc003bce885.rlib" "/opt/rustwide/rustup-home/toolchains/beta-2023-12-22-x86_64-unknown-linux-gnu/lib/rustlib/x86_64-unknown-linux-gnu/lib/liballoc-c22b13b48a8f128e.rlib" "/opt/rustwide/rustup-home/toolchains/beta-2023-12-22-x86_64-unknown-linux-gnu/lib/rustlib/x86_64-unknown-linux-gnu/lib/librustc_std_workspace_core-e46bc3da6d7c462f.rlib" "/opt/rustwide/rustup-home/toolchains/beta-2023-12-22-x86_64-unknown-linux-gnu/lib/rustlib/x86_64-unknown-linux-gnu/lib/libcore-8d1ac131d3cb2645.rlib" "/opt/rustwide/rustup-home/toolchains/beta-2023-12-22-x86_64-unknown-linux-gnu/lib/rustlib/x86_64-unknown-linux-gnu/lib/libcompiler_builtins-a1b43df8c6899c1f.rlib" "-Wl,-Bdynamic" "-lcudnn" "-lcudart" "-lcuda" "-lgcc_s" "-lutil" "-lrt" "-lpthread" "-lm" "-ldl" "-lc" "-Wl,--eh-frame-hdr" "-Wl,-z,noexecstack" "-L" "/opt/rustwide/rustup-home/toolchains/beta-2023-12-22-x86_64-unknown-linux-gnu/lib/rustlib/x86_64-unknown-linux-gnu/lib" "-o" "/opt/rustwide/target/debug/deps/rcudnn-5729a2443897267c" "-Wl,--gc-sections" "-pie" "-Wl,-z,relro,-z,now" "-nodefaultlibs"
[INFO] [stdout]   = note: /usr/bin/ld: cannot find -lcudnn: No such file or directory
[INFO] [stdout]           /usr/bin/ld: cannot find -lcudart: No such file or directory
[INFO] [stdout]           /usr/bin/ld: cannot find -lcuda: No such file or directory
[INFO] [stdout]           collect2: error: ld returned 1 exit status
[INFO] [stdout]           
[INFO] [stdout] 
[INFO] [stdout] 
[INFO] [stdout] error: aborting due to 1 previous error
[INFO] [stdout] 
[INFO] [stdout] 
[INFO] [stderr] error: could not compile `rcudnn` (lib test) due to 2 previous errors
[INFO] running `Command { std: "docker" "inspect" "7e5188fea68dab8da1bd99ee8f8580bab9691ed6d15cd6132fd312e49b4e497a", kill_on_drop: false }`
[INFO] running `Command { std: "docker" "rm" "-f" "7e5188fea68dab8da1bd99ee8f8580bab9691ed6d15cd6132fd312e49b4e497a", kill_on_drop: false }`
[INFO] [stdout] 7e5188fea68dab8da1bd99ee8f8580bab9691ed6d15cd6132fd312e49b4e497a
