[INFO] fetching crate rcon 0.6.0...
[INFO] testing rcon-0.6.0 against 1.75.0 for beta-1.76-1
[INFO] extracting crate rcon 0.6.0 into /workspace/builds/worker-4-tc1/source
[INFO] validating manifest of crates.io crate rcon 0.6.0 on toolchain 1.75.0
[INFO] running `Command { std: CARGO_HOME="/workspace/cargo-home" RUSTUP_HOME="/workspace/rustup-home" "/workspace/cargo-home/bin/cargo" "+1.75.0" "metadata" "--manifest-path" "Cargo.toml" "--no-deps", kill_on_drop: false }`
[INFO] started tweaking crates.io crate rcon 0.6.0
[INFO] finished tweaking crates.io crate rcon 0.6.0
[INFO] tweaked toml for crates.io crate rcon 0.6.0 written to /workspace/builds/worker-4-tc1/source/Cargo.toml
[INFO] crate crates.io crate rcon 0.6.0 already has a lockfile, it will not be regenerated
[INFO] running `Command { std: CARGO_HOME="/workspace/cargo-home" RUSTUP_HOME="/workspace/rustup-home" "/workspace/cargo-home/bin/cargo" "+1.75.0" "fetch" "--manifest-path" "Cargo.toml", kill_on_drop: false }`
[INFO] [stderr]  Downloading crates ...
[INFO] [stderr]   Downloaded synstructure v0.12.5
[INFO] [stderr]   Downloaded err-derive v0.3.0
[INFO] [stderr]   Downloaded wasm-bindgen-futures v0.4.26
[INFO] [stderr]   Downloaded tokio v1.10.1
[INFO] running `Command { std: "docker" "create" "-v" "/var/lib/crater-agent-workspace/builds/worker-4-tc1/target:/opt/rustwide/target:rw,Z" "-v" "/var/lib/crater-agent-workspace/builds/worker-4-tc1/source:/opt/rustwide/workdir:ro,Z" "-v" "/var/lib/crater-agent-workspace/cargo-home:/opt/rustwide/cargo-home:ro,Z" "-v" "/var/lib/crater-agent-workspace/rustup-home:/opt/rustwide/rustup-home:ro,Z" "-e" "SOURCE_DIR=/opt/rustwide/workdir" "-e" "CARGO_TARGET_DIR=/opt/rustwide/target" "-e" "CARGO_HOME=/opt/rustwide/cargo-home" "-e" "RUSTUP_HOME=/opt/rustwide/rustup-home" "-w" "/opt/rustwide/workdir" "-m" "1610612736" "--user" "0:0" "--network" "none" "ghcr.io/rust-lang/crates-build-env/linux@sha256:2788e3201cd34a07e3172128adcd8b3090168a8e3bcc40d7c032b9dda1df7d1c" "/opt/rustwide/cargo-home/bin/cargo" "+1.75.0" "metadata" "--no-deps" "--format-version=1", kill_on_drop: false }`
[INFO] [stdout] 904af357758a31f1d4f5ba10a2f9ebde83b40bcd66336aa6623046a8e95cee0a
[INFO] running `Command { std: "docker" "start" "-a" "904af357758a31f1d4f5ba10a2f9ebde83b40bcd66336aa6623046a8e95cee0a", kill_on_drop: false }`
[INFO] running `Command { std: "docker" "inspect" "904af357758a31f1d4f5ba10a2f9ebde83b40bcd66336aa6623046a8e95cee0a", kill_on_drop: false }`
[INFO] running `Command { std: "docker" "rm" "-f" "904af357758a31f1d4f5ba10a2f9ebde83b40bcd66336aa6623046a8e95cee0a", kill_on_drop: false }`
[INFO] [stdout] 904af357758a31f1d4f5ba10a2f9ebde83b40bcd66336aa6623046a8e95cee0a
[INFO] running `Command { std: "docker" "create" "-v" "/var/lib/crater-agent-workspace/builds/worker-4-tc1/target:/opt/rustwide/target:rw,Z" "-v" "/var/lib/crater-agent-workspace/builds/worker-4-tc1/source:/opt/rustwide/workdir:ro,Z" "-v" "/var/lib/crater-agent-workspace/cargo-home:/opt/rustwide/cargo-home:ro,Z" "-v" "/var/lib/crater-agent-workspace/rustup-home:/opt/rustwide/rustup-home:ro,Z" "-e" "SOURCE_DIR=/opt/rustwide/workdir" "-e" "CARGO_TARGET_DIR=/opt/rustwide/target" "-e" "CARGO_INCREMENTAL=0" "-e" "RUST_BACKTRACE=full" "-e" "RUSTFLAGS=--cap-lints=warn" "-e" "RUSTDOCFLAGS=--cap-lints=warn" "-e" "CARGO_HOME=/opt/rustwide/cargo-home" "-e" "RUSTUP_HOME=/opt/rustwide/rustup-home" "-w" "/opt/rustwide/workdir" "-m" "1610612736" "--user" "0:0" "--network" "none" "ghcr.io/rust-lang/crates-build-env/linux@sha256:2788e3201cd34a07e3172128adcd8b3090168a8e3bcc40d7c032b9dda1df7d1c" "/opt/rustwide/cargo-home/bin/cargo" "+1.75.0" "build" "--frozen" "--message-format=json", kill_on_drop: false }`
[INFO] [stdout] 73be95d71d4a9afe89682617499b9d1324a68666ec2196a5c27601509ec49d37
[INFO] running `Command { std: "docker" "start" "-a" "73be95d71d4a9afe89682617499b9d1324a68666ec2196a5c27601509ec49d37", kill_on_drop: false }`
[INFO] [stderr]    Compiling proc-macro2 v1.0.28
[INFO] [stderr]    Compiling version_check v0.9.3
[INFO] [stderr]    Compiling unicode-xid v0.2.2
[INFO] [stderr]    Compiling syn v1.0.75
[INFO] [stderr]    Compiling rustversion v1.0.5
[INFO] [stderr]    Compiling autocfg v1.0.1
[INFO] [stderr]    Compiling memchr v2.4.1
[INFO] [stderr]    Compiling pin-project-lite v0.2.7
[INFO] [stderr]    Compiling bytes v1.1.0
[INFO] [stderr]    Compiling proc-macro-error-attr v1.0.4
[INFO] [stderr]    Compiling proc-macro-error v1.0.4
[INFO] [stderr]    Compiling tokio v1.10.1
[INFO] [stderr]    Compiling quote v1.0.9
[INFO] [stderr]    Compiling err-derive v0.3.0
[INFO] [stderr]    Compiling synstructure v0.12.5
[INFO] [stderr]    Compiling rcon v0.6.0 (/opt/rustwide/workdir)
[INFO] [stderr]     Finished dev [unoptimized + debuginfo] target(s) in 3.83s
[INFO] running `Command { std: "docker" "inspect" "73be95d71d4a9afe89682617499b9d1324a68666ec2196a5c27601509ec49d37", kill_on_drop: false }`
[INFO] running `Command { std: "docker" "rm" "-f" "73be95d71d4a9afe89682617499b9d1324a68666ec2196a5c27601509ec49d37", kill_on_drop: false }`
[INFO] [stdout] 73be95d71d4a9afe89682617499b9d1324a68666ec2196a5c27601509ec49d37
[INFO] running `Command { std: "docker" "create" "-v" "/var/lib/crater-agent-workspace/builds/worker-4-tc1/target:/opt/rustwide/target:rw,Z" "-v" "/var/lib/crater-agent-workspace/builds/worker-4-tc1/source:/opt/rustwide/workdir:ro,Z" "-v" "/var/lib/crater-agent-workspace/cargo-home:/opt/rustwide/cargo-home:ro,Z" "-v" "/var/lib/crater-agent-workspace/rustup-home:/opt/rustwide/rustup-home:ro,Z" "-e" "SOURCE_DIR=/opt/rustwide/workdir" "-e" "CARGO_TARGET_DIR=/opt/rustwide/target" "-e" "CARGO_INCREMENTAL=0" "-e" "RUST_BACKTRACE=full" "-e" "RUSTFLAGS=--cap-lints=warn" "-e" "RUSTDOCFLAGS=--cap-lints=warn" "-e" "CARGO_HOME=/opt/rustwide/cargo-home" "-e" "RUSTUP_HOME=/opt/rustwide/rustup-home" "-w" "/opt/rustwide/workdir" "-m" "1610612736" "--user" "0:0" "--network" "none" "ghcr.io/rust-lang/crates-build-env/linux@sha256:2788e3201cd34a07e3172128adcd8b3090168a8e3bcc40d7c032b9dda1df7d1c" "/opt/rustwide/cargo-home/bin/cargo" "+1.75.0" "test" "--frozen" "--no-run" "--message-format=json", kill_on_drop: false }`
[INFO] [stdout] 89395de20e74425927990572fa8a82a7cb9445d5a47aaca4cb35b6ec3be46059
[INFO] running `Command { std: "docker" "start" "-a" "89395de20e74425927990572fa8a82a7cb9445d5a47aaca4cb35b6ec3be46059", kill_on_drop: false }`
[INFO] [stderr]    Compiling syn v1.0.75
[INFO] [stderr]    Compiling futures-core v0.3.16
[INFO] [stderr]    Compiling libc v0.2.101
[INFO] [stderr]    Compiling value-bag v1.0.0-alpha.7
[INFO] [stderr]    Compiling log v0.4.14
[INFO] [stderr]    Compiling cache-padded v1.1.1
[INFO] [stderr]    Compiling event-listener v2.5.1
[INFO] [stderr]    Compiling waker-fn v1.1.0
[INFO] [stderr]    Compiling concurrent-queue v1.2.2
[INFO] [stderr]    Compiling futures-io v0.3.16
[INFO] [stderr]    Compiling fastrand v1.5.0
[INFO] [stderr]    Compiling parking v2.0.0
[INFO] [stderr]    Compiling once_cell v1.8.0
[INFO] [stderr]    Compiling slab v0.4.4
[INFO] [stderr]    Compiling async-task v4.0.3
[INFO] [stderr]    Compiling futures-lite v1.12.0
[INFO] [stderr]    Compiling async-channel v1.6.1
[INFO] [stderr]    Compiling crossbeam-utils v0.8.5
[INFO] [stderr]    Compiling atomic-waker v1.0.0
[INFO] [stderr]    Compiling async-mutex v1.4.0
[INFO] [stderr]    Compiling async-lock v2.4.0
[INFO] [stderr]    Compiling futures-timer v3.0.2
[INFO] [stderr]    Compiling socket2 v0.4.1
[INFO] [stderr]    Compiling num_cpus v1.13.0
[INFO] [stderr]    Compiling blocking v1.0.2
[INFO] [stderr]    Compiling async-executor v1.4.1
[INFO] [stderr]    Compiling synstructure v0.12.5
[INFO] [stderr]    Compiling proc-macro-error v1.0.4
[INFO] [stderr]    Compiling ctor v0.1.20
[INFO] [stderr]    Compiling async-attributes v1.1.2
[INFO] [stderr]    Compiling err-derive v0.3.0
[INFO] [stderr]    Compiling rcon v0.6.0 (/opt/rustwide/workdir)
[INFO] [stderr]    Compiling polling v2.1.0
[INFO] [stderr]    Compiling kv-log-macro v1.0.7
[INFO] [stderr]    Compiling async-io v1.6.0
[INFO] [stderr]    Compiling async-global-executor v2.0.2
[INFO] [stderr]    Compiling async-std v1.10.0
[INFO] [stdout] error[E0432]: unresolved import `rcon::AsyncStdStream`
[INFO] [stdout]   --> examples/source-engine.rs:1:12
[INFO] [stdout]    |
[INFO] [stdout] 1  | use rcon::{AsyncStdStream, Connection, Error};
[INFO] [stdout]    |            ^^^^^^^^^^^^^^ no `AsyncStdStream` in the root
[INFO] [stdout]    |
[INFO] [stdout] note: found an item that was configured out
[INFO] [stdout]   --> /opt/rustwide/workdir/src/lib.rs:31:23
[INFO] [stdout]    |
[INFO] [stdout] 31 | pub use rt_async_std::AsyncStdStream;
[INFO] [stdout]    |                       ^^^^^^^^^^^^^^
[INFO] [stdout]    = note: the item is gated behind the `rt-async-std` feature
[INFO] [stdout] 
[INFO] [stdout] 
[INFO] [stdout] error[E0432]: unresolved import `rcon::AsyncStdStream`
[INFO] [stdout]   --> examples/factorio.rs:1:12
[INFO] [stdout]    |
[INFO] [stdout] 1  | use rcon::{AsyncStdStream, Connection, Error};
[INFO] [stdout]    |            ^^^^^^^^^^^^^^ no `AsyncStdStream` in the root
[INFO] [stdout]    |
[INFO] [stdout] note: found an item that was configured out
[INFO] [stdout]   --> /opt/rustwide/workdir/src/lib.rs:31:23
[INFO] [stdout]    |
[INFO] [stdout] 31 | pub use rt_async_std::AsyncStdStream;
[INFO] [stdout]    |                       ^^^^^^^^^^^^^^
[INFO] [stdout]    = note: the item is gated behind the `rt-async-std` feature
[INFO] [stdout] 
[INFO] [stdout] 
[INFO] [stdout] error[E0432]: unresolved import `rcon::AsyncStdStream`
[INFO] [stdout]   --> examples/minecraft.rs:10:12
[INFO] [stdout]    |
[INFO] [stdout] 10 | use rcon::{AsyncStdStream, Connection, Error};
[INFO] [stdout]    |            ^^^^^^^^^^^^^^ no `AsyncStdStream` in the root
[INFO] [stdout]    |
[INFO] [stdout] note: found an item that was configured out
[INFO] [stdout]   --> /opt/rustwide/workdir/src/lib.rs:31:23
[INFO] [stdout]    |
[INFO] [stdout] 31 | pub use rt_async_std::AsyncStdStream;
[INFO] [stdout]    |                       ^^^^^^^^^^^^^^
[INFO] [stdout]    = note: the item is gated behind the `rt-async-std` feature
[INFO] [stdout] 
[INFO] [stdout] 
[INFO] [stdout] error: aborting due to previous error
[INFO] [stdout] 
[INFO] [stdout] 
[INFO] [stdout] For more information about this error, try `rustc --explain E0432`.
[INFO] [stdout] 
[INFO] [stdout] error: aborting due to previous error
[INFO] [stdout] 
[INFO] [stdout] 
[INFO] [stdout] error: aborting due to previous error
[INFO] [stdout] 
[INFO] [stdout] 
[INFO] [stdout] For more information about this error, try `rustc --explain E0432`.
[INFO] [stdout] 
[INFO] [stdout] For more information about this error, try `rustc --explain E0432`.
[INFO] [stdout] 
[INFO] [stderr] error: could not compile `rcon` (example "factorio") due to 2 previous errors
[INFO] [stderr] warning: build failed, waiting for other jobs to finish...
[INFO] [stderr] error: could not compile `rcon` (example "minecraft") due to 2 previous errors
[INFO] [stderr] error: could not compile `rcon` (example "source-engine") due to 2 previous errors
[INFO] running `Command { std: "docker" "inspect" "89395de20e74425927990572fa8a82a7cb9445d5a47aaca4cb35b6ec3be46059", kill_on_drop: false }`
[INFO] running `Command { std: "docker" "rm" "-f" "89395de20e74425927990572fa8a82a7cb9445d5a47aaca4cb35b6ec3be46059", kill_on_drop: false }`
[INFO] [stdout] 89395de20e74425927990572fa8a82a7cb9445d5a47aaca4cb35b6ec3be46059
[INFO] testing rcon-0.6.0 against beta-2023-12-22 for beta-1.76-1
[INFO] extracting crate rcon 0.6.0 into /workspace/builds/worker-4-tc2/source
[INFO] validating manifest of crates.io crate rcon 0.6.0 on toolchain beta-2023-12-22
[INFO] running `Command { std: CARGO_HOME="/workspace/cargo-home" RUSTUP_HOME="/workspace/rustup-home" "/workspace/cargo-home/bin/cargo" "+beta-2023-12-22" "metadata" "--manifest-path" "Cargo.toml" "--no-deps", kill_on_drop: false }`
[INFO] started tweaking crates.io crate rcon 0.6.0
[INFO] finished tweaking crates.io crate rcon 0.6.0
[INFO] tweaked toml for crates.io crate rcon 0.6.0 written to /workspace/builds/worker-4-tc2/source/Cargo.toml
[INFO] crate crates.io crate rcon 0.6.0 already has a lockfile, it will not be regenerated
[INFO] running `Command { std: CARGO_HOME="/workspace/cargo-home" RUSTUP_HOME="/workspace/rustup-home" "/workspace/cargo-home/bin/cargo" "+beta-2023-12-22" "fetch" "--manifest-path" "Cargo.toml", kill_on_drop: false }`
[INFO] [stderr]     Blocking waiting for file lock on package cache
[INFO] [stderr]     Blocking waiting for file lock on package cache
[INFO] running `Command { std: "docker" "create" "-v" "/var/lib/crater-agent-workspace/builds/worker-4-tc2/target:/opt/rustwide/target:rw,Z" "-v" "/var/lib/crater-agent-workspace/builds/worker-4-tc2/source:/opt/rustwide/workdir:ro,Z" "-v" "/var/lib/crater-agent-workspace/cargo-home:/opt/rustwide/cargo-home:ro,Z" "-v" "/var/lib/crater-agent-workspace/rustup-home:/opt/rustwide/rustup-home:ro,Z" "-e" "SOURCE_DIR=/opt/rustwide/workdir" "-e" "CARGO_TARGET_DIR=/opt/rustwide/target" "-e" "CARGO_HOME=/opt/rustwide/cargo-home" "-e" "RUSTUP_HOME=/opt/rustwide/rustup-home" "-w" "/opt/rustwide/workdir" "-m" "1610612736" "--user" "0:0" "--network" "none" "ghcr.io/rust-lang/crates-build-env/linux@sha256:2788e3201cd34a07e3172128adcd8b3090168a8e3bcc40d7c032b9dda1df7d1c" "/opt/rustwide/cargo-home/bin/cargo" "+beta-2023-12-22" "metadata" "--no-deps" "--format-version=1", kill_on_drop: false }`
[INFO] [stdout] 0e26b81f314b657e8485e5dd7481601eb7f872e1c1486826cbd4017537352e4d
[INFO] running `Command { std: "docker" "start" "-a" "0e26b81f314b657e8485e5dd7481601eb7f872e1c1486826cbd4017537352e4d", kill_on_drop: false }`
[INFO] running `Command { std: "docker" "inspect" "0e26b81f314b657e8485e5dd7481601eb7f872e1c1486826cbd4017537352e4d", kill_on_drop: false }`
[INFO] running `Command { std: "docker" "rm" "-f" "0e26b81f314b657e8485e5dd7481601eb7f872e1c1486826cbd4017537352e4d", kill_on_drop: false }`
[INFO] [stdout] 0e26b81f314b657e8485e5dd7481601eb7f872e1c1486826cbd4017537352e4d
[INFO] running `Command { std: "docker" "create" "-v" "/var/lib/crater-agent-workspace/builds/worker-4-tc2/target:/opt/rustwide/target:rw,Z" "-v" "/var/lib/crater-agent-workspace/builds/worker-4-tc2/source:/opt/rustwide/workdir:ro,Z" "-v" "/var/lib/crater-agent-workspace/cargo-home:/opt/rustwide/cargo-home:ro,Z" "-v" "/var/lib/crater-agent-workspace/rustup-home:/opt/rustwide/rustup-home:ro,Z" "-e" "SOURCE_DIR=/opt/rustwide/workdir" "-e" "CARGO_TARGET_DIR=/opt/rustwide/target" "-e" "CARGO_INCREMENTAL=0" "-e" "RUST_BACKTRACE=full" "-e" "RUSTFLAGS=--cap-lints=warn" "-e" "RUSTDOCFLAGS=--cap-lints=warn" "-e" "CARGO_HOME=/opt/rustwide/cargo-home" "-e" "RUSTUP_HOME=/opt/rustwide/rustup-home" "-w" "/opt/rustwide/workdir" "-m" "1610612736" "--user" "0:0" "--network" "none" "ghcr.io/rust-lang/crates-build-env/linux@sha256:2788e3201cd34a07e3172128adcd8b3090168a8e3bcc40d7c032b9dda1df7d1c" "/opt/rustwide/cargo-home/bin/cargo" "+beta-2023-12-22" "build" "--frozen" "--message-format=json", kill_on_drop: false }`
[INFO] [stdout] e82c27812f96899226641fcdef7b2ac5aa7fa78cd9dd9269f1d07616091d9447
[INFO] running `Command { std: "docker" "start" "-a" "e82c27812f96899226641fcdef7b2ac5aa7fa78cd9dd9269f1d07616091d9447", kill_on_drop: false }`
[INFO] [stderr]    Compiling proc-macro2 v1.0.28
[INFO] [stderr]    Compiling unicode-xid v0.2.2
[INFO] [stderr]    Compiling version_check v0.9.3
[INFO] [stderr]    Compiling rustversion v1.0.5
[INFO] [stderr]    Compiling syn v1.0.75
[INFO] [stderr]    Compiling memchr v2.4.1
[INFO] [stderr]    Compiling autocfg v1.0.1
[INFO] [stderr]    Compiling pin-project-lite v0.2.7
[INFO] [stderr]    Compiling bytes v1.1.0
[INFO] [stderr]    Compiling proc-macro-error-attr v1.0.4
[INFO] [stderr]    Compiling proc-macro-error v1.0.4
[INFO] [stderr]    Compiling tokio v1.10.1
[INFO] [stderr]    Compiling quote v1.0.9
[INFO] [stderr]    Compiling err-derive v0.3.0
[INFO] [stderr]    Compiling synstructure v0.12.5
[INFO] [stderr]    Compiling rcon v0.6.0 (/opt/rustwide/workdir)
[INFO] [stderr]     Finished dev [unoptimized + debuginfo] target(s) in 5.48s
[INFO] running `Command { std: "docker" "inspect" "e82c27812f96899226641fcdef7b2ac5aa7fa78cd9dd9269f1d07616091d9447", kill_on_drop: false }`
[INFO] running `Command { std: "docker" "rm" "-f" "e82c27812f96899226641fcdef7b2ac5aa7fa78cd9dd9269f1d07616091d9447", kill_on_drop: false }`
[INFO] [stdout] e82c27812f96899226641fcdef7b2ac5aa7fa78cd9dd9269f1d07616091d9447
[INFO] running `Command { std: "docker" "create" "-v" "/var/lib/crater-agent-workspace/builds/worker-4-tc2/target:/opt/rustwide/target:rw,Z" "-v" "/var/lib/crater-agent-workspace/builds/worker-4-tc2/source:/opt/rustwide/workdir:ro,Z" "-v" "/var/lib/crater-agent-workspace/cargo-home:/opt/rustwide/cargo-home:ro,Z" "-v" "/var/lib/crater-agent-workspace/rustup-home:/opt/rustwide/rustup-home:ro,Z" "-e" "SOURCE_DIR=/opt/rustwide/workdir" "-e" "CARGO_TARGET_DIR=/opt/rustwide/target" "-e" "CARGO_INCREMENTAL=0" "-e" "RUST_BACKTRACE=full" "-e" "RUSTFLAGS=--cap-lints=warn" "-e" "RUSTDOCFLAGS=--cap-lints=warn" "-e" "CARGO_HOME=/opt/rustwide/cargo-home" "-e" "RUSTUP_HOME=/opt/rustwide/rustup-home" "-w" "/opt/rustwide/workdir" "-m" "1610612736" "--user" "0:0" "--network" "none" "ghcr.io/rust-lang/crates-build-env/linux@sha256:2788e3201cd34a07e3172128adcd8b3090168a8e3bcc40d7c032b9dda1df7d1c" "/opt/rustwide/cargo-home/bin/cargo" "+beta-2023-12-22" "test" "--frozen" "--no-run" "--message-format=json", kill_on_drop: false }`
[INFO] [stdout] 9718d384642308ef582576a5445adf66e63137a994b905e3f14e53358c920081
[INFO] running `Command { std: "docker" "start" "-a" "9718d384642308ef582576a5445adf66e63137a994b905e3f14e53358c920081", kill_on_drop: false }`
[INFO] [stderr]    Compiling syn v1.0.75
[INFO] [stderr]    Compiling futures-core v0.3.16
[INFO] [stderr]    Compiling libc v0.2.101
[INFO] [stderr]    Compiling value-bag v1.0.0-alpha.7
[INFO] [stderr]    Compiling log v0.4.14
[INFO] [stderr]    Compiling cache-padded v1.1.1
[INFO] [stderr]    Compiling event-listener v2.5.1
[INFO] [stderr]    Compiling parking v2.0.0
[INFO] [stderr]    Compiling concurrent-queue v1.2.2
[INFO] [stderr]    Compiling futures-io v0.3.16
[INFO] [stderr]    Compiling fastrand v1.5.0
[INFO] [stderr]    Compiling waker-fn v1.1.0
[INFO] [stderr]    Compiling once_cell v1.8.0
[INFO] [stderr]    Compiling slab v0.4.4
[INFO] [stderr]    Compiling async-task v4.0.3
[INFO] [stderr]    Compiling async-channel v1.6.1
[INFO] [stderr]    Compiling futures-lite v1.12.0
[INFO] [stderr]    Compiling atomic-waker v1.0.0
[INFO] [stderr]    Compiling crossbeam-utils v0.8.5
[INFO] [stderr]    Compiling async-mutex v1.4.0
[INFO] [stderr]    Compiling async-lock v2.4.0
[INFO] [stderr]    Compiling futures-timer v3.0.2
[INFO] [stderr]    Compiling socket2 v0.4.1
[INFO] [stderr]    Compiling num_cpus v1.13.0
[INFO] [stderr]    Compiling blocking v1.0.2
[INFO] [stderr]    Compiling async-executor v1.4.1
[INFO] [stderr]    Compiling proc-macro-error v1.0.4
[INFO] [stderr]    Compiling synstructure v0.12.5
[INFO] [stderr]    Compiling ctor v0.1.20
[INFO] [stderr]    Compiling err-derive v0.3.0
[INFO] [stderr]    Compiling async-attributes v1.1.2
[INFO] [stderr]    Compiling rcon v0.6.0 (/opt/rustwide/workdir)
[INFO] [stderr]    Compiling polling v2.1.0
[INFO] [stderr]    Compiling kv-log-macro v1.0.7
[INFO] [stderr]    Compiling async-io v1.6.0
[INFO] [stderr]    Compiling async-global-executor v2.0.2
[INFO] [stderr]    Compiling async-std v1.10.0
[INFO] [stdout] error[E0432]: unresolved import `rcon::AsyncStdStream`
[INFO] [stdout]   --> examples/minecraft.rs:10:12
[INFO] [stdout]    |
[INFO] [stdout] 10 | use rcon::{AsyncStdStream, Connection, Error};
[INFO] [stdout]    |            ^^^^^^^^^^^^^^ no `AsyncStdStream` in the root
[INFO] [stdout]    |
[INFO] [stdout] note: found an item that was configured out
[INFO] [stdout]   --> /opt/rustwide/workdir/src/lib.rs:31:23
[INFO] [stdout]    |
[INFO] [stdout] 31 | pub use rt_async_std::AsyncStdStream;
[INFO] [stdout]    |                       ^^^^^^^^^^^^^^
[INFO] [stdout]    = note: the item is gated behind the `rt-async-std` feature
[INFO] [stdout] 
[INFO] [stdout] 
[INFO] [stdout] error[E0432]: unresolved import `rcon::AsyncStdStream`
[INFO] [stdout]   --> examples/factorio.rs:1:12
[INFO] [stdout]    |
[INFO] [stdout] 1  | use rcon::{AsyncStdStream, Connection, Error};
[INFO] [stdout]    |            ^^^^^^^^^^^^^^ no `AsyncStdStream` in the root
[INFO] [stdout]    |
[INFO] [stdout] note: found an item that was configured out
[INFO] [stdout]   --> /opt/rustwide/workdir/src/lib.rs:31:23
[INFO] [stdout]    |
[INFO] [stdout] 31 | pub use rt_async_std::AsyncStdStream;
[INFO] [stdout]    |                       ^^^^^^^^^^^^^^
[INFO] [stdout]    = note: the item is gated behind the `rt-async-std` feature
[INFO] [stdout] 
[INFO] [stdout] 
[INFO] [stdout] error[E0432]: unresolved import `rcon::AsyncStdStream`
[INFO] [stdout]   --> examples/source-engine.rs:1:12
[INFO] [stdout]    |
[INFO] [stdout] 1  | use rcon::{AsyncStdStream, Connection, Error};
[INFO] [stdout]    |            ^^^^^^^^^^^^^^ no `AsyncStdStream` in the root
[INFO] [stdout]    |
[INFO] [stdout] note: found an item that was configured out
[INFO] [stdout]   --> /opt/rustwide/workdir/src/lib.rs:31:23
[INFO] [stdout]    |
[INFO] [stdout] 31 | pub use rt_async_std::AsyncStdStream;
[INFO] [stdout]    |                       ^^^^^^^^^^^^^^
[INFO] [stdout]    = note: the item is gated behind the `rt-async-std` feature
[INFO] [stdout] 
[INFO] [stdout] 
[INFO] [stdout] error: aborting due to 1 previous error
[INFO] [stdout] 
[INFO] [stdout] 
[INFO] [stdout] For more information about this error, try `rustc --explain E0432`.
[INFO] [stdout] 
[INFO] [stdout] error: aborting due to 1 previous error
[INFO] [stdout] 
[INFO] [stdout] 
[INFO] [stdout] For more information about this error, try `rustc --explain E0432`.
[INFO] [stdout] 
[INFO] [stdout] error: aborting due to 1 previous error
[INFO] [stdout] 
[INFO] [stdout] 
[INFO] [stdout] For more information about this error, try `rustc --explain E0432`.
[INFO] [stdout] 
[INFO] [stderr] error: could not compile `rcon` (example "source-engine") due to 2 previous errors
[INFO] [stderr] warning: build failed, waiting for other jobs to finish...
[INFO] [stderr] error: could not compile `rcon` (example "minecraft") due to 2 previous errors
[INFO] [stderr] error: could not compile `rcon` (example "factorio") due to 2 previous errors
[INFO] running `Command { std: "docker" "inspect" "9718d384642308ef582576a5445adf66e63137a994b905e3f14e53358c920081", kill_on_drop: false }`
[INFO] running `Command { std: "docker" "rm" "-f" "9718d384642308ef582576a5445adf66e63137a994b905e3f14e53358c920081", kill_on_drop: false }`
[INFO] [stdout] 9718d384642308ef582576a5445adf66e63137a994b905e3f14e53358c920081
