[INFO] fetching crate razy-importer-macros 0.3.4...
[INFO] testing razy-importer-macros-0.3.4 against 1.75.0 for beta-1.76-1
[INFO] extracting crate razy-importer-macros 0.3.4 into /workspace/builds/worker-4-tc1/source
[INFO] validating manifest of crates.io crate razy-importer-macros 0.3.4 on toolchain 1.75.0
[INFO] running `Command { std: CARGO_HOME="/workspace/cargo-home" RUSTUP_HOME="/workspace/rustup-home" "/workspace/cargo-home/bin/cargo" "+1.75.0" "metadata" "--manifest-path" "Cargo.toml" "--no-deps", kill_on_drop: false }`
[INFO] started tweaking crates.io crate razy-importer-macros 0.3.4
[INFO] removed 1 missing examples
[INFO] finished tweaking crates.io crate razy-importer-macros 0.3.4
[INFO] tweaked toml for crates.io crate razy-importer-macros 0.3.4 written to /workspace/builds/worker-4-tc1/source/Cargo.toml
[INFO] crate crates.io crate razy-importer-macros 0.3.4 already has a lockfile, it will not be regenerated
[INFO] running `Command { std: CARGO_HOME="/workspace/cargo-home" RUSTUP_HOME="/workspace/rustup-home" "/workspace/cargo-home/bin/cargo" "+1.75.0" "fetch" "--manifest-path" "Cargo.toml", kill_on_drop: false }`
[INFO] [stderr]     Updating crates.io index
[INFO] [stderr]  Downloading crates ...
[INFO] [stderr]   Downloaded razy-importer v0.3.4
[INFO] [stderr]   Downloaded mem_macros v1.0.1
[INFO] running `Command { std: "docker" "create" "-v" "/var/lib/crater-agent-workspace/builds/worker-4-tc1/target:/opt/rustwide/target:rw,Z" "-v" "/var/lib/crater-agent-workspace/builds/worker-4-tc1/source:/opt/rustwide/workdir:ro,Z" "-v" "/var/lib/crater-agent-workspace/cargo-home:/opt/rustwide/cargo-home:ro,Z" "-v" "/var/lib/crater-agent-workspace/rustup-home:/opt/rustwide/rustup-home:ro,Z" "-e" "SOURCE_DIR=/opt/rustwide/workdir" "-e" "CARGO_TARGET_DIR=/opt/rustwide/target" "-e" "CARGO_HOME=/opt/rustwide/cargo-home" "-e" "RUSTUP_HOME=/opt/rustwide/rustup-home" "-w" "/opt/rustwide/workdir" "-m" "1610612736" "--user" "0:0" "--network" "none" "ghcr.io/rust-lang/crates-build-env/linux@sha256:2788e3201cd34a07e3172128adcd8b3090168a8e3bcc40d7c032b9dda1df7d1c" "/opt/rustwide/cargo-home/bin/cargo" "+1.75.0" "metadata" "--no-deps" "--format-version=1", kill_on_drop: false }`
[INFO] [stdout] 239748dae7189dd5a1bd73bcf9ed40d198ff57323eb22bd1d17be0e35615a465
[INFO] running `Command { std: "docker" "start" "-a" "239748dae7189dd5a1bd73bcf9ed40d198ff57323eb22bd1d17be0e35615a465", kill_on_drop: false }`
[INFO] running `Command { std: "docker" "inspect" "239748dae7189dd5a1bd73bcf9ed40d198ff57323eb22bd1d17be0e35615a465", kill_on_drop: false }`
[INFO] running `Command { std: "docker" "rm" "-f" "239748dae7189dd5a1bd73bcf9ed40d198ff57323eb22bd1d17be0e35615a465", kill_on_drop: false }`
[INFO] [stdout] 239748dae7189dd5a1bd73bcf9ed40d198ff57323eb22bd1d17be0e35615a465
[INFO] running `Command { std: "docker" "create" "-v" "/var/lib/crater-agent-workspace/builds/worker-4-tc1/target:/opt/rustwide/target:rw,Z" "-v" "/var/lib/crater-agent-workspace/builds/worker-4-tc1/source:/opt/rustwide/workdir:ro,Z" "-v" "/var/lib/crater-agent-workspace/cargo-home:/opt/rustwide/cargo-home:ro,Z" "-v" "/var/lib/crater-agent-workspace/rustup-home:/opt/rustwide/rustup-home:ro,Z" "-e" "SOURCE_DIR=/opt/rustwide/workdir" "-e" "CARGO_TARGET_DIR=/opt/rustwide/target" "-e" "CARGO_INCREMENTAL=0" "-e" "RUST_BACKTRACE=full" "-e" "RUSTFLAGS=--cap-lints=warn" "-e" "RUSTDOCFLAGS=--cap-lints=warn" "-e" "CARGO_HOME=/opt/rustwide/cargo-home" "-e" "RUSTUP_HOME=/opt/rustwide/rustup-home" "-w" "/opt/rustwide/workdir" "-m" "1610612736" "--user" "0:0" "--network" "none" "ghcr.io/rust-lang/crates-build-env/linux@sha256:2788e3201cd34a07e3172128adcd8b3090168a8e3bcc40d7c032b9dda1df7d1c" "/opt/rustwide/cargo-home/bin/cargo" "+1.75.0" "build" "--frozen" "--message-format=json", kill_on_drop: false }`
[INFO] [stdout] 39d7c4cfb4b7c842fbb38bfca09af8e4aedf41c774adc80e5c6e51cfc58443c8
[INFO] running `Command { std: "docker" "start" "-a" "39d7c4cfb4b7c842fbb38bfca09af8e4aedf41c774adc80e5c6e51cfc58443c8", kill_on_drop: false }`
[INFO] [stderr]    Compiling crunchy v0.2.2
[INFO] [stderr]    Compiling libc v0.2.147
[INFO] [stderr]    Compiling proc-macro-hack v0.5.20+deprecated
[INFO] [stderr]    Compiling tiny-keccak v2.0.2
[INFO] [stderr]    Compiling winapi v0.3.9
[INFO] [stderr]    Compiling proc-macro2 v1.0.66
[INFO] [stderr]    Compiling unicode-ident v1.0.11
[INFO] [stderr]    Compiling ntapi v0.4.1
[INFO] [stderr]    Compiling once_cell v1.18.0
[INFO] [stderr]    Compiling mem_macros v1.0.1
[INFO] [stderr]    Compiling quote v1.0.32
[INFO] [stderr]    Compiling syn v1.0.109
[INFO] [stderr]    Compiling getrandom v0.2.10
[INFO] [stderr]    Compiling const-random-macro v0.1.15
[INFO] [stderr]    Compiling const-random v0.1.15
[INFO] [stderr]    Compiling razy-importer v0.3.4
[INFO] [stdout] error[E0433]: failed to resolve: could not find `shared` in `winapi`
[INFO] [stdout]  --> /opt/rustwide/cargo-home/registry/src/index.crates.io-6f17d22bba15001f/razy-importer-0.3.4/src/hash.rs:3:13
[INFO] [stdout]   |
[INFO] [stdout] 3 | use winapi::shared::ntdef::UNICODE_STRING;
[INFO] [stdout]   |             ^^^^^^ could not find `shared` in `winapi`
[INFO] [stdout] 
[INFO] [stdout] 
[INFO] [stdout] error[E0433]: failed to resolve: could not find `winapi` in `ntapi`
[INFO] [stdout]   --> /opt/rustwide/cargo-home/registry/src/index.crates.io-6f17d22bba15001f/razy-importer-0.3.4/src/lib.rs:26:5
[INFO] [stdout]    |
[INFO] [stdout] 26 |     winapi::{
[INFO] [stdout]    |     ^^^^^^ could not find `winapi` in `ntapi`
[INFO] [stdout] 
[INFO] [stdout] 
[INFO] [stdout] error[E0432]: unresolved imports `ntapi::ntldr`, `ntapi::ntpebteb`, `ntapi::ntpsapi`
[INFO] [stdout]   --> /opt/rustwide/cargo-home/registry/src/index.crates.io-6f17d22bba15001f/razy-importer-0.3.4/src/lib.rs:23:5
[INFO] [stdout]    |
[INFO] [stdout] 23 |     ntldr::LDR_DATA_TABLE_ENTRY,
[INFO] [stdout]    |     ^^^^^ could not find `ntldr` in `ntapi`
[INFO] [stdout] 24 |     ntpebteb::PEB,
[INFO] [stdout]    |     ^^^^^^^^ could not find `ntpebteb` in `ntapi`
[INFO] [stdout] 25 |     ntpsapi::PEB_LDR_DATA,
[INFO] [stdout]    |     ^^^^^^^ could not find `ntpsapi` in `ntapi`
[INFO] [stdout] 
[INFO] [stdout] 
[INFO] [stdout] error: aborting due to 3 previous errors
[INFO] [stdout] 
[INFO] [stdout] 
[INFO] [stdout] Some errors have detailed explanations: E0432, E0433.
[INFO] [stdout] 
[INFO] [stdout] For more information about an error, try `rustc --explain E0432`.
[INFO] [stdout] 
[INFO] [stderr] error: could not compile `razy-importer` (lib) due to 4 previous errors
[INFO] [stderr] warning: build failed, waiting for other jobs to finish...
[INFO] running `Command { std: "docker" "inspect" "39d7c4cfb4b7c842fbb38bfca09af8e4aedf41c774adc80e5c6e51cfc58443c8", kill_on_drop: false }`
[INFO] running `Command { std: "docker" "rm" "-f" "39d7c4cfb4b7c842fbb38bfca09af8e4aedf41c774adc80e5c6e51cfc58443c8", kill_on_drop: false }`
[INFO] [stdout] 39d7c4cfb4b7c842fbb38bfca09af8e4aedf41c774adc80e5c6e51cfc58443c8
