[INFO] fetching crate raui 0.55.6...
[INFO] testing raui-0.55.6 against 1.75.0 for beta-1.76-1
[INFO] extracting crate raui 0.55.6 into /workspace/builds/worker-3-tc1/source
[INFO] validating manifest of crates.io crate raui 0.55.6 on toolchain 1.75.0
[INFO] running `Command { std: CARGO_HOME="/workspace/cargo-home" RUSTUP_HOME="/workspace/rustup-home" "/workspace/cargo-home/bin/cargo" "+1.75.0" "metadata" "--manifest-path" "Cargo.toml" "--no-deps", kill_on_drop: false }`
[INFO] started tweaking crates.io crate raui 0.55.6
[INFO] finished tweaking crates.io crate raui 0.55.6
[INFO] tweaked toml for crates.io crate raui 0.55.6 written to /workspace/builds/worker-3-tc1/source/Cargo.toml
[INFO] crate crates.io crate raui 0.55.6 already has a lockfile, it will not be regenerated
[INFO] running `Command { std: CARGO_HOME="/workspace/cargo-home" RUSTUP_HOME="/workspace/rustup-home" "/workspace/cargo-home/bin/cargo" "+1.75.0" "fetch" "--manifest-path" "Cargo.toml", kill_on_drop: false }`
[INFO] [stderr]     Updating crates.io index
[INFO] [stderr]  Downloading crates ...
[INFO] [stderr]   Downloaded glutin v0.28.0
[INFO] [stderr]   Downloaded raui-derive v0.55.6
[INFO] [stderr]   Downloaded typid v1.1.1
[INFO] [stderr]   Downloaded raui-immediate v0.55.6
[INFO] [stderr]   Downloaded raui-immediate-widgets v0.55.6
[INFO] [stderr]   Downloaded intuicio-data v0.23.1
[INFO] [stderr]   Downloaded vek v0.16.1
[INFO] [stderr]   Downloaded smithay-client-toolkit v0.15.4
[INFO] [stderr]   Downloaded raui-material v0.55.6
[INFO] [stderr]   Downloaded raui-core v0.55.6
[INFO] [stderr]   Downloaded raui-app v0.55.6
[INFO] [stderr]   Downloaded raui-retained v0.55.6
[INFO] [stderr]   Downloaded spitfire-fontdue v0.10.0
[INFO] [stderr]   Downloaded spitfire-glow v0.10.0
[INFO] [stderr]   Downloaded raui-tesselate-renderer v0.55.6
[INFO] [stderr]   Downloaded spitfire-core v0.10.0
[INFO] [stderr]   Downloaded raui-json-renderer v0.55.6
[INFO] running `Command { std: "docker" "create" "-v" "/var/lib/crater-agent-workspace/builds/worker-3-tc1/target:/opt/rustwide/target:rw,Z" "-v" "/var/lib/crater-agent-workspace/builds/worker-3-tc1/source:/opt/rustwide/workdir:ro,Z" "-v" "/var/lib/crater-agent-workspace/cargo-home:/opt/rustwide/cargo-home:ro,Z" "-v" "/var/lib/crater-agent-workspace/rustup-home:/opt/rustwide/rustup-home:ro,Z" "-e" "SOURCE_DIR=/opt/rustwide/workdir" "-e" "CARGO_TARGET_DIR=/opt/rustwide/target" "-e" "CARGO_HOME=/opt/rustwide/cargo-home" "-e" "RUSTUP_HOME=/opt/rustwide/rustup-home" "-w" "/opt/rustwide/workdir" "-m" "1610612736" "--user" "0:0" "--network" "none" "ghcr.io/rust-lang/crates-build-env/linux@sha256:2788e3201cd34a07e3172128adcd8b3090168a8e3bcc40d7c032b9dda1df7d1c" "/opt/rustwide/cargo-home/bin/cargo" "+1.75.0" "metadata" "--no-deps" "--format-version=1", kill_on_drop: false }`
[INFO] [stdout] da8f4557ffe2154d8df71f2e1c3e30b522eabbc26ea955b7dfde82128aa0a88b
[INFO] running `Command { std: "docker" "start" "-a" "da8f4557ffe2154d8df71f2e1c3e30b522eabbc26ea955b7dfde82128aa0a88b", kill_on_drop: false }`
[INFO] running `Command { std: "docker" "inspect" "da8f4557ffe2154d8df71f2e1c3e30b522eabbc26ea955b7dfde82128aa0a88b", kill_on_drop: false }`
[INFO] running `Command { std: "docker" "rm" "-f" "da8f4557ffe2154d8df71f2e1c3e30b522eabbc26ea955b7dfde82128aa0a88b", kill_on_drop: false }`
[INFO] [stdout] da8f4557ffe2154d8df71f2e1c3e30b522eabbc26ea955b7dfde82128aa0a88b
[INFO] running `Command { std: "docker" "create" "-v" "/var/lib/crater-agent-workspace/builds/worker-3-tc1/target:/opt/rustwide/target:rw,Z" "-v" "/var/lib/crater-agent-workspace/builds/worker-3-tc1/source:/opt/rustwide/workdir:ro,Z" "-v" "/var/lib/crater-agent-workspace/cargo-home:/opt/rustwide/cargo-home:ro,Z" "-v" "/var/lib/crater-agent-workspace/rustup-home:/opt/rustwide/rustup-home:ro,Z" "-e" "SOURCE_DIR=/opt/rustwide/workdir" "-e" "CARGO_TARGET_DIR=/opt/rustwide/target" "-e" "CARGO_INCREMENTAL=0" "-e" "RUST_BACKTRACE=full" "-e" "RUSTFLAGS=--cap-lints=warn" "-e" "RUSTDOCFLAGS=--cap-lints=warn" "-e" "CARGO_HOME=/opt/rustwide/cargo-home" "-e" "RUSTUP_HOME=/opt/rustwide/rustup-home" "-w" "/opt/rustwide/workdir" "-m" "1610612736" "--user" "0:0" "--network" "none" "ghcr.io/rust-lang/crates-build-env/linux@sha256:2788e3201cd34a07e3172128adcd8b3090168a8e3bcc40d7c032b9dda1df7d1c" "/opt/rustwide/cargo-home/bin/cargo" "+1.75.0" "build" "--frozen" "--message-format=json", kill_on_drop: false }`
[INFO] [stdout] 363f927bc122cf14c535d9d36d4e07c477711d902ff920db219bd119be122066
[INFO] running `Command { std: "docker" "start" "-a" "363f927bc122cf14c535d9d36d4e07c477711d902ff920db219bd119be122066", kill_on_drop: false }`
[INFO] [stderr]    Compiling proc-macro2 v1.0.69
[INFO] [stderr]    Compiling libc v0.2.150
[INFO] [stderr]    Compiling serde v1.0.192
[INFO] [stderr]    Compiling syn v1.0.109
[INFO] [stderr]    Compiling serde_json v1.0.108
[INFO] [stderr]    Compiling quote v1.0.33
[INFO] [stderr]    Compiling syn v2.0.39
[INFO] [stderr]    Compiling getrandom v0.2.11
[INFO] [stderr]    Compiling serde_derive v1.0.192
[INFO] [stderr]    Compiling raui-derive v0.55.6
[INFO] [stderr]    Compiling uuid v0.8.2
[INFO] [stderr]    Compiling typid v1.1.1
[INFO] [stderr]    Compiling intuicio-data v0.23.1
[INFO] [stderr]    Compiling raui-core v0.55.6
[INFO] [stderr]    Compiling raui-json-renderer v0.55.6
[INFO] [stderr]    Compiling raui v0.55.6 (/opt/rustwide/workdir)
[INFO] [stderr]     Finished dev [unoptimized + debuginfo] target(s) in 17.69s
[INFO] running `Command { std: "docker" "inspect" "363f927bc122cf14c535d9d36d4e07c477711d902ff920db219bd119be122066", kill_on_drop: false }`
[INFO] running `Command { std: "docker" "rm" "-f" "363f927bc122cf14c535d9d36d4e07c477711d902ff920db219bd119be122066", kill_on_drop: false }`
[INFO] [stdout] 363f927bc122cf14c535d9d36d4e07c477711d902ff920db219bd119be122066
[INFO] running `Command { std: "docker" "create" "-v" "/var/lib/crater-agent-workspace/builds/worker-3-tc1/target:/opt/rustwide/target:rw,Z" "-v" "/var/lib/crater-agent-workspace/builds/worker-3-tc1/source:/opt/rustwide/workdir:ro,Z" "-v" "/var/lib/crater-agent-workspace/cargo-home:/opt/rustwide/cargo-home:ro,Z" "-v" "/var/lib/crater-agent-workspace/rustup-home:/opt/rustwide/rustup-home:ro,Z" "-e" "SOURCE_DIR=/opt/rustwide/workdir" "-e" "CARGO_TARGET_DIR=/opt/rustwide/target" "-e" "CARGO_INCREMENTAL=0" "-e" "RUST_BACKTRACE=full" "-e" "RUSTFLAGS=--cap-lints=warn" "-e" "RUSTDOCFLAGS=--cap-lints=warn" "-e" "CARGO_HOME=/opt/rustwide/cargo-home" "-e" "RUSTUP_HOME=/opt/rustwide/rustup-home" "-w" "/opt/rustwide/workdir" "-m" "1610612736" "--user" "0:0" "--network" "none" "ghcr.io/rust-lang/crates-build-env/linux@sha256:2788e3201cd34a07e3172128adcd8b3090168a8e3bcc40d7c032b9dda1df7d1c" "/opt/rustwide/cargo-home/bin/cargo" "+1.75.0" "test" "--frozen" "--no-run" "--message-format=json", kill_on_drop: false }`
[INFO] [stdout] 4a4223019462ef73de6c090e013fa2acfb28619574256f0e81f9fc3f455e2217
[INFO] running `Command { std: "docker" "start" "-a" "4a4223019462ef73de6c090e013fa2acfb28619574256f0e81f9fc3f455e2217", kill_on_drop: false }`
[INFO] [stderr]    Compiling raui v0.55.6 (/opt/rustwide/workdir)
[INFO] [stdout] error[E0433]: failed to resolve: use of undeclared crate or module `raui_app`
[INFO] [stdout]  --> examples/retained_mode.rs:9:5
[INFO] [stdout]   |
[INFO] [stdout] 9 | use raui_app::prelude::*;
[INFO] [stdout]   |     ^^^^^^^^ use of undeclared crate or module `raui_app`
[INFO] [stdout] 
[INFO] [stdout] 
[INFO] [stdout] error[E0433]: failed to resolve: use of undeclared crate or module `raui_app`
[INFO] [stdout]  --> examples/image_box_image.rs:3:5
[INFO] [stdout]   |
[INFO] [stdout] 3 | use raui_app::prelude::*;
[INFO] [stdout]   |     ^^^^^^^^ use of undeclared crate or module `raui_app`
[INFO] [stdout] 
[INFO] [stdout] 
[INFO] [stdout] error[E0432]: unresolved import `raui_retained`
[INFO] [stdout]   --> examples/retained_mode.rs:11:5
[INFO] [stdout]    |
[INFO] [stdout] 11 | use raui_retained::*;
[INFO] [stdout]    |     ^^^^^^^^^^^^^ use of undeclared crate or module `raui_retained`
[INFO] [stdout] 
[INFO] [stdout] 
[INFO] [stdout] error[E0433]: failed to resolve: use of undeclared crate or module `raui_app`
[INFO] [stdout]  --> examples/image_box_procedural.rs:3:5
[INFO] [stdout]   |
[INFO] [stdout] 3 | use raui_app::prelude::*;
[INFO] [stdout]   |     ^^^^^^^^ use of undeclared crate or module `raui_app`
[INFO] [stdout] 
[INFO] [stdout] 
[INFO] [stdout] error[E0433]: failed to resolve: use of undeclared crate or module `raui_app`
[INFO] [stdout]  --> examples/image_box_frame.rs:3:5
[INFO] [stdout]   |
[INFO] [stdout] 3 | use raui_app::prelude::*;
[INFO] [stdout]   |     ^^^^^^^^ use of undeclared crate or module `raui_app`
[INFO] [stdout] 
[INFO] [stdout] 
[INFO] [stdout] error[E0433]: failed to resolve: use of undeclared crate or module `raui_app`
[INFO] [stdout]  --> examples/grid_box.rs:3:5
[INFO] [stdout]   |
[INFO] [stdout] 3 | use raui_app::prelude::*;
[INFO] [stdout]   |     ^^^^^^^^ use of undeclared crate or module `raui_app`
[INFO] [stdout] 
[INFO] [stdout] 
[INFO] [stdout] error[E0433]: failed to resolve: use of undeclared type `DeclarativeApp`
[INFO] [stdout]   --> examples/image_box_image.rs:24:5
[INFO] [stdout]    |
[INFO] [stdout] 24 |     DeclarativeApp::simple("Image Box - Image", tree);
[INFO] [stdout]    |     ^^^^^^^^^^^^^^ use of undeclared type `DeclarativeApp`
[INFO] [stdout] 
[INFO] [stdout] 
[INFO] [stdout] error[E0433]: failed to resolve: use of undeclared type `DeclarativeApp`
[INFO] [stdout]   --> examples/image_box_frame.rs:22:5
[INFO] [stdout]    |
[INFO] [stdout] 22 |     DeclarativeApp::simple("Image Box - Frame", tree);
[INFO] [stdout]    |     ^^^^^^^^^^^^^^ use of undeclared type `DeclarativeApp`
[INFO] [stdout] 
[INFO] [stdout] 
[INFO] [stdout] error[E0433]: failed to resolve: use of undeclared crate or module `raui_app`
[INFO] [stdout]  --> examples/content_box.rs:3:5
[INFO] [stdout]   |
[INFO] [stdout] 3 | use raui_app::prelude::*;
[INFO] [stdout]   |     ^^^^^^^^ use of undeclared crate or module `raui_app`
[INFO] [stdout] 
[INFO] [stdout] 
[INFO] [stdout] error: aborting due to 2 previous errors
[INFO] [stdout] 
[INFO] [stdout] 
[INFO] [stdout] For more information about this error, try `rustc --explain E0433`.
[INFO] [stdout] 
[INFO] [stdout] error[E0433]: failed to resolve: use of undeclared crate or module `raui_app`
[INFO] [stdout]  --> examples/app.rs:3:5
[INFO] [stdout]   |
[INFO] [stdout] 3 | use raui_app::prelude::*;
[INFO] [stdout]   |     ^^^^^^^^ use of undeclared crate or module `raui_app`
[INFO] [stdout] 
[INFO] [stdout] 
[INFO] [stdout] error: aborting due to 2 previous errors
[INFO] [stdout] 
[INFO] [stdout] 
[INFO] [stdout] For more information about this error, try `rustc --explain E0433`.
[INFO] [stdout] 
[INFO] [stderr] error: could not compile `raui` (example "image_box_frame") due to 3 previous errors
[INFO] [stderr] warning: build failed, waiting for other jobs to finish...
[INFO] [stderr] error: could not compile `raui` (example "image_box_image") due to 3 previous errors
[INFO] [stdout] error[E0433]: failed to resolve: use of undeclared type `DeclarativeApp`
[INFO] [stdout]   --> examples/app.rs:42:5
[INFO] [stdout]    |
[INFO] [stdout] 42 |     DeclarativeApp::simple("RAUI application example", tree);
[INFO] [stdout]    |     ^^^^^^^^^^^^^^ use of undeclared type `DeclarativeApp`
[INFO] [stdout] 
[INFO] [stdout] 
[INFO] [stdout] error[E0433]: failed to resolve: use of undeclared type `DeclarativeApp`
[INFO] [stdout]   --> examples/image_box_procedural.rs:58:5
[INFO] [stdout]    |
[INFO] [stdout] 58 |     DeclarativeApp::simple("Image Box - Procedural", tree);
[INFO] [stdout]    |     ^^^^^^^^^^^^^^ use of undeclared type `DeclarativeApp`
[INFO] [stdout] 
[INFO] [stdout] 
[INFO] [stdout] error: aborting due to 2 previous errors
[INFO] [stdout] 
[INFO] [stdout] 
[INFO] [stdout] For more information about this error, try `rustc --explain E0433`.
[INFO] [stdout] 
[INFO] [stdout] error[E0433]: failed to resolve: use of undeclared type `DeclarativeApp`
[INFO] [stdout]   --> examples/grid_box.rs:67:5
[INFO] [stdout]    |
[INFO] [stdout] 67 |     DeclarativeApp::simple("Grid Box", tree);
[INFO] [stdout]    |     ^^^^^^^^^^^^^^ use of undeclared type `DeclarativeApp`
[INFO] [stdout] 
[INFO] [stdout] 
[INFO] [stdout] error: aborting due to 2 previous errors
[INFO] [stdout] 
[INFO] [stdout] 
[INFO] [stdout] For more information about this error, try `rustc --explain E0433`.
[INFO] [stdout] 
[INFO] [stderr] error: could not compile `raui` (example "grid_box") due to 3 previous errors
[INFO] [stderr] error: could not compile `raui` (example "app") due to 3 previous errors
[INFO] [stdout] error: aborting due to 2 previous errors
[INFO] [stdout] 
[INFO] [stdout] 
[INFO] [stdout] For more information about this error, try `rustc --explain E0433`.
[INFO] [stdout] 
[INFO] [stdout] error[E0433]: failed to resolve: use of undeclared type `DeclarativeApp`
[INFO] [stdout]   --> examples/content_box.rs:47:5
[INFO] [stdout]    |
[INFO] [stdout] 47 |     DeclarativeApp::simple("Content Box", tree);
[INFO] [stdout]    |     ^^^^^^^^^^^^^^ use of undeclared type `DeclarativeApp`
[INFO] [stdout] 
[INFO] [stdout] 
[INFO] [stderr] error: could not compile `raui` (example "image_box_procedural") due to 3 previous errors
[INFO] [stdout] error: aborting due to 2 previous errors
[INFO] [stdout] 
[INFO] [stdout] 
[INFO] [stdout] For more information about this error, try `rustc --explain E0433`.
[INFO] [stdout] 
[INFO] [stderr] error: could not compile `raui` (example "content_box") due to 3 previous errors
[INFO] [stdout] error[E0412]: cannot find type `View` in this scope
[INFO] [stdout]   --> examples/retained_mode.rs:18:18
[INFO] [stdout]    |
[INFO] [stdout] 18 |     pub counter: View<CounterView>,
[INFO] [stdout]    |                  ^^^^ not found in this scope
[INFO] [stdout] 
[INFO] [stdout] 
[INFO] [stdout] error[E0412]: cannot find type `View` in this scope
[INFO] [stdout]   --> examples/retained_mode.rs:19:27
[INFO] [stdout]    |
[INFO] [stdout] 19 |     pub increment_button: View<Button<LabelView>>,
[INFO] [stdout]    |                           ^^^^ not found in this scope
[INFO] [stdout] 
[INFO] [stdout] 
[INFO] [stdout] error[E0412]: cannot find type `View` in this scope
[INFO] [stdout]   --> examples/retained_mode.rs:20:27
[INFO] [stdout]    |
[INFO] [stdout] 20 |     pub decrement_button: View<Button<LabelView>>,
[INFO] [stdout]    |                           ^^^^ not found in this scope
[INFO] [stdout] 
[INFO] [stdout] 
[INFO] [stdout] error[E0405]: cannot find trait `ViewState` in this scope
[INFO] [stdout]   --> examples/retained_mode.rs:23:6
[INFO] [stdout]    |
[INFO] [stdout] 23 | impl ViewState for AppView {
[INFO] [stdout]    |      ^^^^^^^^^ not found in this scope
[INFO] [stdout] 
[INFO] [stdout] 
[INFO] [stdout] error[E0412]: cannot find type `ViewValue` in this scope
[INFO] [stdout]   --> examples/retained_mode.rs:82:18
[INFO] [stdout]    |
[INFO] [stdout] 82 |     pub counter: ViewValue<usize>,
[INFO] [stdout]    |                  ^^^^^^^^^ not found in this scope
[INFO] [stdout] 
[INFO] [stdout] 
[INFO] [stdout] error[E0405]: cannot find trait `ViewState` in this scope
[INFO] [stdout]   --> examples/retained_mode.rs:85:6
[INFO] [stdout]    |
[INFO] [stdout] 85 | impl ViewState for CounterView {
[INFO] [stdout]    |      ^^^^^^^^^ not found in this scope
[INFO] [stdout] 
[INFO] [stdout] 
[INFO] [stdout] error[E0405]: cannot find trait `ViewState` in this scope
[INFO] [stdout]    --> examples/retained_mode.rs:130:6
[INFO] [stdout]     |
[INFO] [stdout] 130 | impl ViewState for LabelView {
[INFO] [stdout]     |      ^^^^^^^^^ not found in this scope
[INFO] [stdout] 
[INFO] [stdout] 
[INFO] [stdout] error[E0405]: cannot find trait `ViewState` in this scope
[INFO] [stdout]    --> examples/retained_mode.rs:161:18
[INFO] [stdout]     |
[INFO] [stdout] 161 | struct Button<T: ViewState> {
[INFO] [stdout]     |                  ^^^^^^^^^ not found in this scope
[INFO] [stdout] 
[INFO] [stdout] 
[INFO] [stdout] error[E0412]: cannot find type `View` in this scope
[INFO] [stdout]    --> examples/retained_mode.rs:162:18
[INFO] [stdout]     |
[INFO] [stdout] 162 |     pub content: View<T>,
[INFO] [stdout]     |                  ^^^^ not found in this scope
[INFO] [stdout] 
[INFO] [stdout] 
[INFO] [stdout] error[E0405]: cannot find trait `ViewState` in this scope
[INFO] [stdout]    --> examples/retained_mode.rs:166:9
[INFO] [stdout]     |
[INFO] [stdout] 166 | impl<T: ViewState> Button<T> {
[INFO] [stdout]     |         ^^^^^^^^^ not found in this scope
[INFO] [stdout] 
[INFO] [stdout] 
[INFO] [stdout] error[E0412]: cannot find type `View` in this scope
[INFO] [stdout]    --> examples/retained_mode.rs:167:21
[INFO] [stdout]     |
[INFO] [stdout] 167 |     fn new(content: View<T>) -> Self {
[INFO] [stdout]     |                     ^^^^ not found in this scope
[INFO] [stdout] 
[INFO] [stdout] 
[INFO] [stdout] error[E0405]: cannot find trait `ViewState` in this scope
[INFO] [stdout]    --> examples/retained_mode.rs:180:20
[INFO] [stdout]     |
[INFO] [stdout] 180 | impl<T: ViewState> ViewState for Button<T> {
[INFO] [stdout]     |                    ^^^^^^^^^ not found in this scope
[INFO] [stdout] 
[INFO] [stdout] 
[INFO] [stdout] error[E0405]: cannot find trait `ViewState` in this scope
[INFO] [stdout]    --> examples/retained_mode.rs:180:9
[INFO] [stdout]     |
[INFO] [stdout] 180 | impl<T: ViewState> ViewState for Button<T> {
[INFO] [stdout]     |         ^^^^^^^^^ not found in this scope
[INFO] [stdout] 
[INFO] [stdout] 
[INFO] [stdout] error[E0412]: cannot find type `View` in this scope
[INFO] [stdout]    --> examples/retained_mode.rs:228:44
[INFO] [stdout]     |
[INFO] [stdout] 228 | fn create_app(notifier: ChangeNotifier) -> View<AppView> {
[INFO] [stdout]     |                                            ^^^^ not found in this scope
[INFO] [stdout] 
[INFO] [stdout] 
[INFO] [stdout] error[E0433]: failed to resolve: use of undeclared type `View`
[INFO] [stdout]    --> examples/retained_mode.rs:233:19
[INFO] [stdout]     |
[INFO] [stdout] 233 |     let counter = View::new(CounterView {
[INFO] [stdout]     |                   ^^^^ use of undeclared type `View`
[INFO] [stdout] 
[INFO] [stdout] 
[INFO] [stdout] error[E0433]: failed to resolve: use of undeclared type `ViewValue`
[INFO] [stdout]    --> examples/retained_mode.rs:234:18
[INFO] [stdout]     |
[INFO] [stdout] 234 |         counter: ViewValue::new(0).with_notifier(notifier),
[INFO] [stdout]     |                  ^^^^^^^^^ use of undeclared type `ViewValue`
[INFO] [stdout] 
[INFO] [stdout] 
[INFO] [stdout] error[E0433]: failed to resolve: use of undeclared type `View`
[INFO] [stdout]    --> examples/retained_mode.rs:239:28
[INFO] [stdout]     |
[INFO] [stdout] 239 |     let increment_button = View::new(Button::new(View::new(LabelView::new("Add"))).on_click(
[INFO] [stdout]     |                            ^^^^ use of undeclared type `View`
[INFO] [stdout] 
[INFO] [stdout] 
[INFO] [stdout] error[E0433]: failed to resolve: use of undeclared type `View`
[INFO] [stdout]    --> examples/retained_mode.rs:239:50
[INFO] [stdout]     |
[INFO] [stdout] 239 |     let increment_button = View::new(Button::new(View::new(LabelView::new("Add"))).on_click(
[INFO] [stdout]     |                                                  ^^^^ use of undeclared type `View`
[INFO] [stdout] 
[INFO] [stdout] 
[INFO] [stdout] error[E0433]: failed to resolve: use of undeclared type `View`
[INFO] [stdout]    --> examples/retained_mode.rs:245:28
[INFO] [stdout]     |
[INFO] [stdout] 245 |     let decrement_button = View::new(Button::new(View::new(LabelView::new("Subtract"))).on_click(
[INFO] [stdout]     |                            ^^^^ use of undeclared type `View`
[INFO] [stdout] 
[INFO] [stdout] 
[INFO] [stdout] error[E0433]: failed to resolve: use of undeclared type `View`
[INFO] [stdout]    --> examples/retained_mode.rs:245:50
[INFO] [stdout]     |
[INFO] [stdout] 245 |     let decrement_button = View::new(Button::new(View::new(LabelView::new("Subtract"))).on_click(
[INFO] [stdout]     |                                                  ^^^^ use of undeclared type `View`
[INFO] [stdout] 
[INFO] [stdout] 
[INFO] [stdout] error[E0433]: failed to resolve: use of undeclared type `View`
[INFO] [stdout]    --> examples/retained_mode.rs:252:5
[INFO] [stdout]     |
[INFO] [stdout] 252 |     View::new(AppView {
[INFO] [stdout]     |     ^^^^ use of undeclared type `View`
[INFO] [stdout] 
[INFO] [stdout] 
[INFO] [stdout] error[E0433]: failed to resolve: use of undeclared type `RetainedApp`
[INFO] [stdout]    --> examples/retained_mode.rs:260:5
[INFO] [stdout]     |
[INFO] [stdout] 260 |     RetainedApp::simple("Retained mode UI", |notifier| create_app(notifier));
[INFO] [stdout]     |     ^^^^^^^^^^^ use of undeclared type `RetainedApp`
[INFO] [stdout] 
[INFO] [stdout] 
[INFO] [stdout] error: aborting due to 24 previous errors
[INFO] [stdout] 
[INFO] [stdout] 
[INFO] [stdout] Some errors have detailed explanations: E0405, E0412, E0432, E0433.
[INFO] [stdout] 
[INFO] [stdout] For more information about an error, try `rustc --explain E0405`.
[INFO] [stdout] 
[INFO] [stderr] error: could not compile `raui` (example "retained_mode") due to 25 previous errors
[INFO] running `Command { std: "docker" "inspect" "4a4223019462ef73de6c090e013fa2acfb28619574256f0e81f9fc3f455e2217", kill_on_drop: false }`
[INFO] running `Command { std: "docker" "rm" "-f" "4a4223019462ef73de6c090e013fa2acfb28619574256f0e81f9fc3f455e2217", kill_on_drop: false }`
[INFO] [stdout] 4a4223019462ef73de6c090e013fa2acfb28619574256f0e81f9fc3f455e2217
[INFO] testing raui-0.55.6 against beta-2023-12-22 for beta-1.76-1
[INFO] extracting crate raui 0.55.6 into /workspace/builds/worker-3-tc2/source
[INFO] validating manifest of crates.io crate raui 0.55.6 on toolchain beta-2023-12-22
[INFO] running `Command { std: CARGO_HOME="/workspace/cargo-home" RUSTUP_HOME="/workspace/rustup-home" "/workspace/cargo-home/bin/cargo" "+beta-2023-12-22" "metadata" "--manifest-path" "Cargo.toml" "--no-deps", kill_on_drop: false }`
[INFO] started tweaking crates.io crate raui 0.55.6
[INFO] finished tweaking crates.io crate raui 0.55.6
[INFO] tweaked toml for crates.io crate raui 0.55.6 written to /workspace/builds/worker-3-tc2/source/Cargo.toml
[INFO] crate crates.io crate raui 0.55.6 already has a lockfile, it will not be regenerated
[INFO] running `Command { std: CARGO_HOME="/workspace/cargo-home" RUSTUP_HOME="/workspace/rustup-home" "/workspace/cargo-home/bin/cargo" "+beta-2023-12-22" "fetch" "--manifest-path" "Cargo.toml", kill_on_drop: false }`
[INFO] running `Command { std: "docker" "create" "-v" "/var/lib/crater-agent-workspace/builds/worker-3-tc2/target:/opt/rustwide/target:rw,Z" "-v" "/var/lib/crater-agent-workspace/builds/worker-3-tc2/source:/opt/rustwide/workdir:ro,Z" "-v" "/var/lib/crater-agent-workspace/cargo-home:/opt/rustwide/cargo-home:ro,Z" "-v" "/var/lib/crater-agent-workspace/rustup-home:/opt/rustwide/rustup-home:ro,Z" "-e" "SOURCE_DIR=/opt/rustwide/workdir" "-e" "CARGO_TARGET_DIR=/opt/rustwide/target" "-e" "CARGO_HOME=/opt/rustwide/cargo-home" "-e" "RUSTUP_HOME=/opt/rustwide/rustup-home" "-w" "/opt/rustwide/workdir" "-m" "1610612736" "--user" "0:0" "--network" "none" "ghcr.io/rust-lang/crates-build-env/linux@sha256:2788e3201cd34a07e3172128adcd8b3090168a8e3bcc40d7c032b9dda1df7d1c" "/opt/rustwide/cargo-home/bin/cargo" "+beta-2023-12-22" "metadata" "--no-deps" "--format-version=1", kill_on_drop: false }`
[INFO] [stdout] 4bdab8c1feaf184efeb69822f499532b9fd99fa9447698415ef776af00ba9155
[INFO] running `Command { std: "docker" "start" "-a" "4bdab8c1feaf184efeb69822f499532b9fd99fa9447698415ef776af00ba9155", kill_on_drop: false }`
[INFO] running `Command { std: "docker" "inspect" "4bdab8c1feaf184efeb69822f499532b9fd99fa9447698415ef776af00ba9155", kill_on_drop: false }`
[INFO] running `Command { std: "docker" "rm" "-f" "4bdab8c1feaf184efeb69822f499532b9fd99fa9447698415ef776af00ba9155", kill_on_drop: false }`
[INFO] [stdout] 4bdab8c1feaf184efeb69822f499532b9fd99fa9447698415ef776af00ba9155
[INFO] running `Command { std: "docker" "create" "-v" "/var/lib/crater-agent-workspace/builds/worker-3-tc2/target:/opt/rustwide/target:rw,Z" "-v" "/var/lib/crater-agent-workspace/builds/worker-3-tc2/source:/opt/rustwide/workdir:ro,Z" "-v" "/var/lib/crater-agent-workspace/cargo-home:/opt/rustwide/cargo-home:ro,Z" "-v" "/var/lib/crater-agent-workspace/rustup-home:/opt/rustwide/rustup-home:ro,Z" "-e" "SOURCE_DIR=/opt/rustwide/workdir" "-e" "CARGO_TARGET_DIR=/opt/rustwide/target" "-e" "CARGO_INCREMENTAL=0" "-e" "RUST_BACKTRACE=full" "-e" "RUSTFLAGS=--cap-lints=warn" "-e" "RUSTDOCFLAGS=--cap-lints=warn" "-e" "CARGO_HOME=/opt/rustwide/cargo-home" "-e" "RUSTUP_HOME=/opt/rustwide/rustup-home" "-w" "/opt/rustwide/workdir" "-m" "1610612736" "--user" "0:0" "--network" "none" "ghcr.io/rust-lang/crates-build-env/linux@sha256:2788e3201cd34a07e3172128adcd8b3090168a8e3bcc40d7c032b9dda1df7d1c" "/opt/rustwide/cargo-home/bin/cargo" "+beta-2023-12-22" "build" "--frozen" "--message-format=json", kill_on_drop: false }`
[INFO] [stdout] 61d57f13e96855cdaf19bb2c083544f4199896a636521bd055c1ee8740403b51
[INFO] running `Command { std: "docker" "start" "-a" "61d57f13e96855cdaf19bb2c083544f4199896a636521bd055c1ee8740403b51", kill_on_drop: false }`
[INFO] [stderr]    Compiling proc-macro2 v1.0.69
[INFO] [stderr]    Compiling serde v1.0.192
[INFO] [stderr]    Compiling libc v0.2.150
[INFO] [stderr]    Compiling syn v1.0.109
[INFO] [stderr]    Compiling serde_json v1.0.108
[INFO] [stderr]    Compiling quote v1.0.33
[INFO] [stderr]    Compiling syn v2.0.39
[INFO] [stderr]    Compiling getrandom v0.2.11
[INFO] [stderr]    Compiling serde_derive v1.0.192
[INFO] [stderr]    Compiling raui-derive v0.55.6
[INFO] [stderr]    Compiling uuid v0.8.2
[INFO] [stderr]    Compiling typid v1.1.1
[INFO] [stderr]    Compiling intuicio-data v0.23.1
[INFO] [stderr]    Compiling raui-core v0.55.6
[INFO] [stderr]    Compiling raui-json-renderer v0.55.6
[INFO] [stderr]    Compiling raui v0.55.6 (/opt/rustwide/workdir)
[INFO] [stderr]     Finished dev [unoptimized + debuginfo] target(s) in 15.93s
[INFO] running `Command { std: "docker" "inspect" "61d57f13e96855cdaf19bb2c083544f4199896a636521bd055c1ee8740403b51", kill_on_drop: false }`
[INFO] running `Command { std: "docker" "rm" "-f" "61d57f13e96855cdaf19bb2c083544f4199896a636521bd055c1ee8740403b51", kill_on_drop: false }`
[INFO] [stdout] 61d57f13e96855cdaf19bb2c083544f4199896a636521bd055c1ee8740403b51
[INFO] running `Command { std: "docker" "create" "-v" "/var/lib/crater-agent-workspace/builds/worker-3-tc2/target:/opt/rustwide/target:rw,Z" "-v" "/var/lib/crater-agent-workspace/builds/worker-3-tc2/source:/opt/rustwide/workdir:ro,Z" "-v" "/var/lib/crater-agent-workspace/cargo-home:/opt/rustwide/cargo-home:ro,Z" "-v" "/var/lib/crater-agent-workspace/rustup-home:/opt/rustwide/rustup-home:ro,Z" "-e" "SOURCE_DIR=/opt/rustwide/workdir" "-e" "CARGO_TARGET_DIR=/opt/rustwide/target" "-e" "CARGO_INCREMENTAL=0" "-e" "RUST_BACKTRACE=full" "-e" "RUSTFLAGS=--cap-lints=warn" "-e" "RUSTDOCFLAGS=--cap-lints=warn" "-e" "CARGO_HOME=/opt/rustwide/cargo-home" "-e" "RUSTUP_HOME=/opt/rustwide/rustup-home" "-w" "/opt/rustwide/workdir" "-m" "1610612736" "--user" "0:0" "--network" "none" "ghcr.io/rust-lang/crates-build-env/linux@sha256:2788e3201cd34a07e3172128adcd8b3090168a8e3bcc40d7c032b9dda1df7d1c" "/opt/rustwide/cargo-home/bin/cargo" "+beta-2023-12-22" "test" "--frozen" "--no-run" "--message-format=json", kill_on_drop: false }`
[INFO] [stdout] 045ff4455fb344f2988d6399d6f41d377b609d72b3792389fa38158da25f314b
[INFO] running `Command { std: "docker" "start" "-a" "045ff4455fb344f2988d6399d6f41d377b609d72b3792389fa38158da25f314b", kill_on_drop: false }`
[INFO] [stderr]    Compiling raui v0.55.6 (/opt/rustwide/workdir)
[INFO] [stdout] error[E0433]: failed to resolve: use of undeclared crate or module `raui_app`
[INFO] [stdout]  --> examples/immediate_mode.rs:8:5
[INFO] [stdout]   |
[INFO] [stdout] 8 | use raui_app::prelude::*;
[INFO] [stdout]   |     ^^^^^^^^ use of undeclared crate or module `raui_app`
[INFO] [stdout] 
[INFO] [stdout] 
[INFO] [stdout] error[E0433]: failed to resolve: use of undeclared crate or module `raui_immediate_widgets`
[INFO] [stdout]   --> examples/immediate_mode.rs:15:9
[INFO] [stdout]    |
[INFO] [stdout] 15 |     use raui_immediate_widgets::prelude::*;
[INFO] [stdout]    |         ^^^^^^^^^^^^^^^^^^^^^^ use of undeclared crate or module `raui_immediate_widgets`
[INFO] [stdout] 
[INFO] [stdout] 
[INFO] [stdout] error[E0432]: unresolved import `raui_immediate`
[INFO] [stdout]   --> examples/immediate_mode.rs:14:9
[INFO] [stdout]    |
[INFO] [stdout] 14 |     use raui_immediate::*;
[INFO] [stdout]    |         ^^^^^^^^^^^^^^ use of undeclared crate or module `raui_immediate`
[INFO] [stdout] 
[INFO] [stdout] 
[INFO] [stdout] error[E0433]: failed to resolve: use of undeclared crate or module `raui_app`
[INFO] [stdout]  --> examples/horizontal_box.rs:3:5
[INFO] [stdout]   |
[INFO] [stdout] 3 | use raui_app::prelude::*;
[INFO] [stdout]   |     ^^^^^^^^ use of undeclared crate or module `raui_app`
[INFO] [stdout] 
[INFO] [stdout] 
[INFO] [stdout] error[E0433]: failed to resolve: use of undeclared crate or module `raui_app`
[INFO] [stdout]  --> examples/space_box.rs:3:5
[INFO] [stdout]   |
[INFO] [stdout] 3 | use raui_app::prelude::*;
[INFO] [stdout]   |     ^^^^^^^^ use of undeclared crate or module `raui_app`
[INFO] [stdout] 
[INFO] [stdout] 
[INFO] [stdout] error[E0433]: failed to resolve: use of undeclared crate or module `raui_app`
[INFO] [stdout]  --> examples/tabs_box.rs:3:5
[INFO] [stdout]   |
[INFO] [stdout] 3 | use raui_app::prelude::*;
[INFO] [stdout]   |     ^^^^^^^^ use of undeclared crate or module `raui_app`
[INFO] [stdout] 
[INFO] [stdout] 
[INFO] [stdout] error[E0433]: failed to resolve: use of undeclared crate or module `raui_app`
[INFO] [stdout]  --> examples/view_model_widget.rs:5:5
[INFO] [stdout]   |
[INFO] [stdout] 5 | use raui_app::prelude::*;
[INFO] [stdout]   |     ^^^^^^^^ use of undeclared crate or module `raui_app`
[INFO] [stdout] 
[INFO] [stdout] 
[INFO] [stdout] error[E0433]: failed to resolve: use of undeclared crate or module `raui_app`
[INFO] [stdout]  --> examples/input_field.rs:3:5
[INFO] [stdout]   |
[INFO] [stdout] 3 | use raui_app::prelude::*;
[INFO] [stdout]   |     ^^^^^^^^ use of undeclared crate or module `raui_app`
[INFO] [stdout] 
[INFO] [stdout] 
[INFO] [stdout] error[E0422]: cannot find struct, variant or union type `WrapBoxProps` in this scope
[INFO] [stdout]   --> examples/immediate_mode.rs:19:21
[INFO] [stdout]    |
[INFO] [stdout] 19 |         let props = WrapBoxProps {
[INFO] [stdout]    |                     ^^^^^^^^^^^^ not found in this scope
[INFO] [stdout]    |
[INFO] [stdout] help: consider importing one of these items
[INFO] [stdout]    |
[INFO] [stdout] 13 +     use raui::prelude::WrapBoxProps;
[INFO] [stdout]    |
[INFO] [stdout] 13 +     use raui_core::prelude::WrapBoxProps;
[INFO] [stdout]    |
[INFO] [stdout] 
[INFO] [stdout] 
[INFO] [stdout] error[E0425]: cannot find function `wrap_box` in this scope
[INFO] [stdout]   --> examples/immediate_mode.rs:24:9
[INFO] [stdout]    |
[INFO] [stdout] 24 |         wrap_box(props, || {
[INFO] [stdout]    |         ^^^^^^^^ not found in this scope
[INFO] [stdout]    |
[INFO] [stdout] help: consider importing one of these items
[INFO] [stdout]    |
[INFO] [stdout] 13 +     use raui::prelude::wrap_box;
[INFO] [stdout]    |
[INFO] [stdout] 13 +     use raui_core::prelude::wrap_box;
[INFO] [stdout]    |
[INFO] [stdout] 
[INFO] [stdout] 
[INFO] [stdout] error[E0425]: cannot find function `nav_vertical_box` in this scope
[INFO] [stdout]   --> examples/immediate_mode.rs:29:13
[INFO] [stdout]    |
[INFO] [stdout] 29 |             nav_vertical_box((), || {
[INFO] [stdout]    |             ^^^^^^^^^^^^^^^^ not found in this scope
[INFO] [stdout]    |
[INFO] [stdout] help: consider importing one of these items
[INFO] [stdout]    |
[INFO] [stdout] 13 +     use raui::prelude::nav_vertical_box;
[INFO] [stdout]    |
[INFO] [stdout] 13 +     use raui_core::prelude::nav_vertical_box;
[INFO] [stdout]    |
[INFO] [stdout] 
[INFO] [stdout] 
[INFO] [stdout] error[E0422]: cannot find struct, variant or union type `FlexBoxItemLayout` in this scope
[INFO] [stdout]   --> examples/immediate_mode.rs:30:30
[INFO] [stdout]    |
[INFO] [stdout] 30 |                 let layout = FlexBoxItemLayout {
[INFO] [stdout]    |                              ^^^^^^^^^^^^^^^^^ not found in this scope
[INFO] [stdout]    |
[INFO] [stdout] help: consider importing one of these items
[INFO] [stdout]    |
[INFO] [stdout] 13 +     use raui::prelude::FlexBoxItemLayout;
[INFO] [stdout]    |
[INFO] [stdout] 13 +     use raui_core::prelude::FlexBoxItemLayout;
[INFO] [stdout]    |
[INFO] [stdout] 
[INFO] [stdout] 
[INFO] [stdout] error[E0422]: cannot find struct, variant or union type `HorizontalBoxProps` in this scope
[INFO] [stdout]   --> examples/immediate_mode.rs:41:33
[INFO] [stdout]    |
[INFO] [stdout] 41 |                     let props = HorizontalBoxProps {
[INFO] [stdout]    |                                 ^^^^^^^^^^^^^^^^^^ not found in this scope
[INFO] [stdout]    |
[INFO] [stdout] help: consider importing one of these items
[INFO] [stdout]    |
[INFO] [stdout] 13 +     use raui::prelude::HorizontalBoxProps;
[INFO] [stdout]    |
[INFO] [stdout] 13 +     use raui_core::prelude::HorizontalBoxProps;
[INFO] [stdout]    |
[INFO] [stdout] 
[INFO] [stdout] 
[INFO] [stdout] error[E0425]: cannot find function `horizontal_box` in this scope
[INFO] [stdout]   --> examples/immediate_mode.rs:46:21
[INFO] [stdout]    |
[INFO] [stdout] 46 |                     horizontal_box(props, || {
[INFO] [stdout]    |                     ^^^^^^^^^^^^^^ not found in this scope
[INFO] [stdout]    |
[INFO] [stdout] help: consider importing one of these items
[INFO] [stdout]    |
[INFO] [stdout] 13 +     use raui::prelude::horizontal_box;
[INFO] [stdout]    |
[INFO] [stdout] 13 +     use raui_core::prelude::horizontal_box;
[INFO] [stdout]    |
[INFO] [stdout] 
[INFO] [stdout] 
[INFO] [stdout] error[E0412]: cannot find type `ImmediateButton` in this scope
[INFO] [stdout]   --> examples/immediate_mode.rs:62:35
[INFO] [stdout]    |
[INFO] [stdout] 62 |     fn text_button(text: &str) -> ImmediateButton {
[INFO] [stdout]    |                                   ^^^^^^^^^^^^^^^ not found in this scope
[INFO] [stdout] 
[INFO] [stdout] 
[INFO] [stdout] error[E0425]: cannot find function `button` in this scope
[INFO] [stdout]   --> examples/immediate_mode.rs:69:9
[INFO] [stdout]    |
[INFO] [stdout] 69 |         button(NavItemActive, |state| {
[INFO] [stdout]    |         ^^^^^^ not found in this scope
[INFO] [stdout]    |
[INFO] [stdout] help: consider importing one of these items
[INFO] [stdout]    |
[INFO] [stdout] 13 +     use raui::prelude::button;
[INFO] [stdout]    |
[INFO] [stdout] 13 +     use raui_core::prelude::button;
[INFO] [stdout]    |
[INFO] [stdout] 
[INFO] [stdout] 
[INFO] [stdout] error[E0425]: cannot find value `NavItemActive` in this scope
[INFO] [stdout]   --> examples/immediate_mode.rs:69:16
[INFO] [stdout]    |
[INFO] [stdout] 69 |         button(NavItemActive, |state| {
[INFO] [stdout]    |                ^^^^^^^^^^^^^ not found in this scope
[INFO] [stdout]    |
[INFO] [stdout] help: consider importing one of these items
[INFO] [stdout]    |
[INFO] [stdout] 13 +     use raui::prelude::NavItemActive;
[INFO] [stdout]    |
[INFO] [stdout] 13 +     use raui_core::prelude::NavItemActive;
[INFO] [stdout]    |
[INFO] [stdout] 
[INFO] [stdout] 
[INFO] [stdout] error[E0425]: cannot find function `content_box` in this scope
[INFO] [stdout]   --> examples/immediate_mode.rs:70:13
[INFO] [stdout]    |
[INFO] [stdout] 70 |             content_box((), || {
[INFO] [stdout]    |             ^^^^^^^^^^^ not found in this scope
[INFO] [stdout]    |
[INFO] [stdout] help: consider importing one of these items
[INFO] [stdout]    |
[INFO] [stdout] 13 +     use raui::prelude::content_box;
[INFO] [stdout]    |
[INFO] [stdout] 13 +     use raui_core::prelude::content_box;
[INFO] [stdout]    |
[INFO] [stdout] 
[INFO] [stdout] 
[INFO] [stdout] error[E0425]: cannot find function `image_box` in this scope
[INFO] [stdout]   --> examples/immediate_mode.rs:71:17
[INFO] [stdout]    |
[INFO] [stdout] 71 |                 image_box(ImageBoxProps::colored(Color {
[INFO] [stdout]    |                 ^^^^^^^^^ not found in this scope
[INFO] [stdout]    |
[INFO] [stdout] help: consider importing one of these items
[INFO] [stdout]    |
[INFO] [stdout] 13 +     use raui::prelude::image_box;
[INFO] [stdout]    |
[INFO] [stdout] 13 +     use raui_core::prelude::image_box;
[INFO] [stdout]    |
[INFO] [stdout] 
[INFO] [stdout] 
[INFO] [stdout] error[E0433]: failed to resolve: use of undeclared type `ImageBoxProps`
[INFO] [stdout]   --> examples/immediate_mode.rs:71:27
[INFO] [stdout]    |
[INFO] [stdout] 71 |                 image_box(ImageBoxProps::colored(Color {
[INFO] [stdout]    |                           ^^^^^^^^^^^^^ use of undeclared type `ImageBoxProps`
[INFO] [stdout]    |
[INFO] [stdout] help: consider importing one of these items
[INFO] [stdout]    |
[INFO] [stdout] 13 +     use raui::prelude::ImageBoxProps;
[INFO] [stdout]    |
[INFO] [stdout] 13 +     use raui_core::prelude::ImageBoxProps;
[INFO] [stdout]    |
[INFO] [stdout] 
[INFO] [stdout] 
[INFO] [stdout] error[E0422]: cannot find struct, variant or union type `Color` in this scope
[INFO] [stdout]   --> examples/immediate_mode.rs:71:50
[INFO] [stdout]    |
[INFO] [stdout] 71 |                 image_box(ImageBoxProps::colored(Color {
[INFO] [stdout]    |                                                  ^^^^^ not found in this scope
[INFO] [stdout]    |
[INFO] [stdout] help: consider importing one of these items
[INFO] [stdout]    |
[INFO] [stdout] 13 +     use raui::prelude::Color;
[INFO] [stdout]    |
[INFO] [stdout] 13 +     use raui::prelude::ImageBoxMaterial::Color;
[INFO] [stdout]    |
[INFO] [stdout] 13 +     use raui_core::prelude::Color;
[INFO] [stdout]    |
[INFO] [stdout] 13 +     use raui_core::prelude::ImageBoxMaterial::Color;
[INFO] [stdout]    |
[INFO] [stdout] 
[INFO] [stdout] 
[INFO] [stdout] error[E0425]: cannot find function `text_box` in this scope
[INFO] [stdout]   --> examples/immediate_mode.rs:78:17
[INFO] [stdout]    |
[INFO] [stdout] 78 |                 text_box(TextBoxProps {
[INFO] [stdout]    |                 ^^^^^^^^ not found in this scope
[INFO] [stdout]    |
[INFO] [stdout] help: consider importing one of these items
[INFO] [stdout]    |
[INFO] [stdout] 13 +     use raui::prelude::text_box;
[INFO] [stdout]    |
[INFO] [stdout] 13 +     use raui_core::prelude::text_box;
[INFO] [stdout]    |
[INFO] [stdout] 
[INFO] [stdout] 
[INFO] [stdout] error[E0422]: cannot find struct, variant or union type `TextBoxProps` in this scope
[INFO] [stdout]   --> examples/immediate_mode.rs:78:26
[INFO] [stdout]    |
[INFO] [stdout] 78 |                 text_box(TextBoxProps {
[INFO] [stdout]    |                          ^^^^^^^^^^^^ not found in this scope
[INFO] [stdout]    |
[INFO] [stdout] help: consider importing one of these items
[INFO] [stdout]    |
[INFO] [stdout] 13 +     use raui::prelude::TextBoxProps;
[INFO] [stdout]    |
[INFO] [stdout] 13 +     use raui_core::prelude::TextBoxProps;
[INFO] [stdout]    |
[INFO] [stdout] 
[INFO] [stdout] 
[INFO] [stdout] error[E0422]: cannot find struct, variant or union type `TextBoxFont` in this scope
[INFO] [stdout]   --> examples/immediate_mode.rs:80:27
[INFO] [stdout]    |
[INFO] [stdout] 80 |                     font: TextBoxFont {
[INFO] [stdout]    |                           ^^^^^^^^^^^ not found in this scope
[INFO] [stdout]    |
[INFO] [stdout] help: consider importing one of these items
[INFO] [stdout]    |
[INFO] [stdout] 13 +     use raui::prelude::TextBoxFont;
[INFO] [stdout]    |
[INFO] [stdout] 13 +     use raui_core::prelude::TextBoxFont;
[INFO] [stdout]    |
[INFO] [stdout] 
[INFO] [stdout] 
[INFO] [stdout] error[E0422]: cannot find struct, variant or union type `Color` in this scope
[INFO] [stdout]   --> examples/immediate_mode.rs:84:28
[INFO] [stdout]    |
[INFO] [stdout] 84 |                     color: Color {
[INFO] [stdout]    |                            ^^^^^ not found in this scope
[INFO] [stdout]    |
[INFO] [stdout] help: consider importing one of these items
[INFO] [stdout]    |
[INFO] [stdout] 13 +     use raui::prelude::Color;
[INFO] [stdout]    |
[INFO] [stdout] 13 +     use raui::prelude::ImageBoxMaterial::Color;
[INFO] [stdout]    |
[INFO] [stdout] 13 +     use raui_core::prelude::Color;
[INFO] [stdout]    |
[INFO] [stdout] 13 +     use raui_core::prelude::ImageBoxMaterial::Color;
[INFO] [stdout]    |
[INFO] [stdout] 
[INFO] [stdout] 
[INFO] [stdout] error[E0425]: cannot find value `NavItemActive` in this scope
[INFO] [stdout]    --> examples/immediate_mode.rs:101:22
[INFO] [stdout]     |
[INFO] [stdout] 101 |         let props = (NavItemActive, TextInputMode::UnsignedInteger);
[INFO] [stdout]     |                      ^^^^^^^^^^^^^ not found in this scope
[INFO] [stdout]     |
[INFO] [stdout] help: consider importing one of these items
[INFO] [stdout]     |
[INFO] [stdout] 13  +     use raui::prelude::NavItemActive;
[INFO] [stdout]     |
[INFO] [stdout] 13  +     use raui_core::prelude::NavItemActive;
[INFO] [stdout]     |
[INFO] [stdout] 
[INFO] [stdout] 
[INFO] [stdout] error[E0433]: failed to resolve: use of undeclared type `TextInputMode`
[INFO] [stdout]    --> examples/immediate_mode.rs:101:37
[INFO] [stdout]     |
[INFO] [stdout] 101 |         let props = (NavItemActive, TextInputMode::UnsignedInteger);
[INFO] [stdout]     |                                     ^^^^^^^^^^^^^ use of undeclared type `TextInputMode`
[INFO] [stdout]     |
[INFO] [stdout] help: consider importing one of these items
[INFO] [stdout]     |
[INFO] [stdout] 13  +     use raui::prelude::TextInputMode;
[INFO] [stdout]     |
[INFO] [stdout] 13  +     use raui_core::prelude::TextInputMode;
[INFO] [stdout]     |
[INFO] [stdout] 
[INFO] [stdout] 
[INFO] [stdout] error[E0425]: cannot find function `input_field` in this scope
[INFO] [stdout]    --> examples/immediate_mode.rs:103:28
[INFO] [stdout]     |
[INFO] [stdout] 103 |         let (result, ..) = input_field(value, props, |text, state, button| {
[INFO] [stdout]     |                            ^^^^^^^^^^^ not found in this scope
[INFO] [stdout]     |
[INFO] [stdout] help: consider importing one of these items
[INFO] [stdout]     |
[INFO] [stdout] 13  +     use raui::prelude::input_field;
[INFO] [stdout]     |
[INFO] [stdout] 13  +     use raui_core::prelude::input_field;
[INFO] [stdout]     |
[INFO] [stdout] 
[INFO] [stdout] 
[INFO] [stdout] error[E0425]: cannot find function `text_box` in this scope
[INFO] [stdout]    --> examples/immediate_mode.rs:104:13
[INFO] [stdout]     |
[INFO] [stdout] 104 |             text_box(TextBoxProps {
[INFO] [stdout]     |             ^^^^^^^^ not found in this scope
[INFO] [stdout]     |
[INFO] [stdout] help: consider importing one of these items
[INFO] [stdout]     |
[INFO] [stdout] 13  +     use raui::prelude::text_box;
[INFO] [stdout]     |
[INFO] [stdout] 13  +     use raui_core::prelude::text_box;
[INFO] [stdout]     |
[INFO] [stdout] 
[INFO] [stdout] 
[INFO] [stdout] error[E0422]: cannot find struct, variant or union type `TextBoxProps` in this scope
[INFO] [stdout]    --> examples/immediate_mode.rs:104:22
[INFO] [stdout]     |
[INFO] [stdout] 104 |             text_box(TextBoxProps {
[INFO] [stdout]     |                      ^^^^^^^^^^^^ not found in this scope
[INFO] [stdout]     |
[INFO] [stdout] help: consider importing one of these items
[INFO] [stdout]     |
[INFO] [stdout] 13  +     use raui::prelude::TextBoxProps;
[INFO] [stdout]     |
[INFO] [stdout] 13  +     use raui_core::prelude::TextBoxProps;
[INFO] [stdout]     |
[INFO] [stdout] 
[INFO] [stdout] 
[INFO] [stdout] error[E0422]: cannot find struct, variant or union type `TextBoxFont` in this scope
[INFO] [stdout]    --> examples/immediate_mode.rs:112:23
[INFO] [stdout]     |
[INFO] [stdout] 112 |                 font: TextBoxFont {
[INFO] [stdout]     |                       ^^^^^^^^^^^ not found in this scope
[INFO] [stdout]     |
[INFO] [stdout] help: consider importing one of these items
[INFO] [stdout]     |
[INFO] [stdout] 13  +     use raui::prelude::TextBoxFont;
[INFO] [stdout]     |
[INFO] [stdout] 13  +     use raui_core::prelude::TextBoxFont;
[INFO] [stdout]     |
[INFO] [stdout] 
[INFO] [stdout] 
[INFO] [stdout] error[E0422]: cannot find struct, variant or union type `Color` in this scope
[INFO] [stdout]    --> examples/immediate_mode.rs:116:24
[INFO] [stdout]     |
[INFO] [stdout] 116 |                 color: Color {
[INFO] [stdout]     |                        ^^^^^ not found in this scope
[INFO] [stdout]     |
[INFO] [stdout] help: consider importing one of these items
[INFO] [stdout]     |
[INFO] [stdout] 13  +     use raui::prelude::Color;
[INFO] [stdout]     |
[INFO] [stdout] 13  +     use raui::prelude::ImageBoxMaterial::Color;
[INFO] [stdout]     |
[INFO] [stdout] 13  +     use raui_core::prelude::Color;
[INFO] [stdout]     |
[INFO] [stdout] 13  +     use raui_core::prelude::ImageBoxMaterial::Color;
[INFO] [stdout]     |
[INFO] [stdout] 
[INFO] [stdout] 
[INFO] [stdout] error[E0433]: failed to resolve: use of undeclared type `DeclarativeApp`
[INFO] [stdout]   --> examples/tabs_box.rs:94:5
[INFO] [stdout]    |
[INFO] [stdout] 94 |     DeclarativeApp::simple("Tabs Box", make_widget!(app));
[INFO] [stdout]    |     ^^^^^^^^^^^^^^ use of undeclared type `DeclarativeApp`
[INFO] [stdout] 
[INFO] [stdout] 
[INFO] [stdout] error[E0433]: failed to resolve: use of undeclared type `DeclarativeApp`
[INFO] [stdout]   --> examples/space_box.rs:31:5
[INFO] [stdout]    |
[INFO] [stdout] 31 |     DeclarativeApp::simple("Space Box", tree);
[INFO] [stdout]    |     ^^^^^^^^^^^^^^ use of undeclared type `DeclarativeApp`
[INFO] [stdout] 
[INFO] [stdout] 
[INFO] [stdout] error[E0433]: failed to resolve: use of undeclared type `DeclarativeApp`
[INFO] [stdout]   --> examples/horizontal_box.rs:53:5
[INFO] [stdout]    |
[INFO] [stdout] 53 |     DeclarativeApp::simple("Horizontal Box", tree);
[INFO] [stdout]    |     ^^^^^^^^^^^^^^ use of undeclared type `DeclarativeApp`
[INFO] [stdout] 
[INFO] [stdout] 
[INFO] [stdout] error: aborting due to 2 previous errors
[INFO] [stdout] 
[INFO] [stdout] 
[INFO] [stdout] For more information about this error, try `rustc --explain E0433`.
[INFO] [stdout] 
[INFO] [stdout] error[E0433]: failed to resolve: use of undeclared type `DeclarativeApp`
[INFO] [stdout]   --> examples/view_model_widget.rs:96:5
[INFO] [stdout]    |
[INFO] [stdout] 96 |     DeclarativeApp::simple("View-Model - Widget", make_widget!(app));
[INFO] [stdout]    |     ^^^^^^^^^^^^^^ use of undeclared type `DeclarativeApp`
[INFO] [stdout] 
[INFO] [stdout] 
[INFO] [stdout] error: aborting due to 2 previous errors
[INFO] [stdout] 
[INFO] [stdout] 
[INFO] [stdout] For more information about this error, try `rustc --explain E0433`.
[INFO] [stdout] 
[INFO] [stdout] error: aborting due to 2 previous errors
[INFO] [stdout] 
[INFO] [stdout] 
[INFO] [stdout] For more information about this error, try `rustc --explain E0433`.
[INFO] [stdout] 
[INFO] [stdout] error: aborting due to 2 previous errors
[INFO] [stdout] 
[INFO] [stdout] 
[INFO] [stdout] For more information about this error, try `rustc --explain E0433`.
[INFO] [stdout] 
[INFO] [stdout] error[E0433]: failed to resolve: use of undeclared crate or module `raui_app`
[INFO] [stdout]  --> examples/switch_box.rs:3:5
[INFO] [stdout]   |
[INFO] [stdout] 3 | use raui_app::prelude::*;
[INFO] [stdout]   |     ^^^^^^^^ use of undeclared crate or module `raui_app`
[INFO] [stdout] 
[INFO] [stdout] 
[INFO] [stderr] error: could not compile `raui` (example "space_box") due to 3 previous errors
[INFO] [stderr] warning: build failed, waiting for other jobs to finish...
[INFO] [stderr] error: could not compile `raui` (example "view_model_widget") due to 3 previous errors
[INFO] [stdout] error[E0425]: cannot find function `apply_props` in this scope
[INFO] [stdout]   --> examples/immediate_mode.rs:38:17
[INFO] [stdout]    |
[INFO] [stdout] 38 |                 apply_props(layout, || {
[INFO] [stdout]    |                 ^^^^^^^^^^^ not found in this scope
[INFO] [stdout] 
[INFO] [stdout] 
[INFO] [stderr] error: could not compile `raui` (example "tabs_box") due to 3 previous errors
[INFO] [stderr] error: could not compile `raui` (example "horizontal_box") due to 3 previous errors
[INFO] [stdout] error[E0433]: failed to resolve: use of undeclared type `ImmediateApp`
[INFO] [stdout]    --> examples/immediate_mode.rs:136:5
[INFO] [stdout]     |
[INFO] [stdout] 136 |     ImmediateApp::simple("Immediate mode UI", move || {
[INFO] [stdout]     |     ^^^^^^^^^^^^ use of undeclared type `ImmediateApp`
[INFO] [stdout] 
[INFO] [stdout] 
[INFO] [stdout] error[E0433]: failed to resolve: use of undeclared type `DeclarativeApp`
[INFO] [stdout]    --> examples/input_field.rs:197:15
[INFO] [stdout]     |
[INFO] [stdout] 197 |     let app = DeclarativeApp::default()
[INFO] [stdout]     |               ^^^^^^^^^^^^^^ use of undeclared type `DeclarativeApp`
[INFO] [stdout] 
[INFO] [stdout] 
[INFO] [stdout] error[E0433]: failed to resolve: use of undeclared type `App`
[INFO] [stdout]    --> examples/input_field.rs:225:5
[INFO] [stdout]     |
[INFO] [stdout] 225 |     App::new(AppConfig::default().title("Input Field")).run(app);
[INFO] [stdout]     |     ^^^ use of undeclared type `App`
[INFO] [stdout] 
[INFO] [stdout] 
[INFO] [stdout] error: aborting due to 29 previous errors
[INFO] [stdout] 
[INFO] [stdout] 
[INFO] [stdout] error[E0433]: failed to resolve: use of undeclared type `AppConfig`
[INFO] [stdout]    --> examples/input_field.rs:225:14
[INFO] [stdout]     |
[INFO] [stdout] 225 |     App::new(AppConfig::default().title("Input Field")).run(app);
[INFO] [stdout]     |              ^^^^^^^^^ use of undeclared type `AppConfig`
[INFO] [stdout] 
[INFO] [stdout] 
[INFO] [stdout] Some errors have detailed explanations: E0412, E0422, E0425, E0432, E0433.
[INFO] [stdout] 
[INFO] [stdout] For more information about an error, try `rustc --explain E0412`.
[INFO] [stdout] 
[INFO] [stdout] error: aborting due to 4 previous errors
[INFO] [stdout] 
[INFO] [stdout] 
[INFO] [stdout] For more information about this error, try `rustc --explain E0433`.
[INFO] [stdout] 
[INFO] [stderr] error: could not compile `raui` (example "immediate_mode") due to 30 previous errors
[INFO] [stderr] error: could not compile `raui` (example "input_field") due to 5 previous errors
[INFO] [stdout] error[E0433]: failed to resolve: use of undeclared type `DeclarativeApp`
[INFO] [stdout]   --> examples/switch_box.rs:60:15
[INFO] [stdout]    |
[INFO] [stdout] 60 |     let app = DeclarativeApp::default()
[INFO] [stdout]    |               ^^^^^^^^^^^^^^ use of undeclared type `DeclarativeApp`
[INFO] [stdout] 
[INFO] [stdout] 
[INFO] [stdout] error[E0433]: failed to resolve: use of undeclared type `ElementState`
[INFO] [stdout]   --> examples/switch_box.rs:76:35
[INFO] [stdout]    |
[INFO] [stdout] 76 |                 if input.state == ElementState::Pressed {
[INFO] [stdout]    |                                   ^^^^^^^^^^^^ use of undeclared type `ElementState`
[INFO] [stdout] 
[INFO] [stdout] 
[INFO] [stdout] error[E0433]: failed to resolve: use of undeclared type `App`
[INFO] [stdout]   --> examples/switch_box.rs:97:5
[INFO] [stdout]    |
[INFO] [stdout] 97 |     App::new(AppConfig::default().title("Switch Box")).run(app);
[INFO] [stdout]    |     ^^^ use of undeclared type `App`
[INFO] [stdout] 
[INFO] [stdout] 
[INFO] [stdout] error[E0433]: failed to resolve: use of undeclared type `AppConfig`
[INFO] [stdout]   --> examples/switch_box.rs:97:14
[INFO] [stdout]    |
[INFO] [stdout] 97 |     App::new(AppConfig::default().title("Switch Box")).run(app);
[INFO] [stdout]    |              ^^^^^^^^^ use of undeclared type `AppConfig`
[INFO] [stdout] 
[INFO] [stdout] 
[INFO] [stdout] error[E0433]: failed to resolve: use of undeclared type `VirtualKeyCode`
[INFO] [stdout]   --> examples/switch_box.rs:86:29
[INFO] [stdout]    |
[INFO] [stdout] 86 | ...                   VirtualKeyCode::Key3 | VirtualKeyCode::Numpad3 => {
[INFO] [stdout]    |                       ^^^^^^^^^^^^^^ use of undeclared type `VirtualKeyCode`
[INFO] [stdout] 
[INFO] [stdout] 
[INFO] [stdout] error[E0433]: failed to resolve: use of undeclared type `Event`
[INFO] [stdout]   --> examples/switch_box.rs:71:20
[INFO] [stdout]    |
[INFO] [stdout] 71 |             if let Event::WindowEvent {
[INFO] [stdout]    |                    ^^^^^ use of undeclared type `Event`
[INFO] [stdout] 
[INFO] [stdout] 
[INFO] [stdout] error[E0433]: failed to resolve: use of undeclared type `WindowEvent`
[INFO] [stdout]   --> examples/switch_box.rs:72:24
[INFO] [stdout]    |
[INFO] [stdout] 72 |                 event: WindowEvent::KeyboardInput { input, .. },
[INFO] [stdout]    |                        ^^^^^^^^^^^ use of undeclared type `WindowEvent`
[INFO] [stdout] 
[INFO] [stdout] 
[INFO] [stdout] error[E0433]: failed to resolve: use of undeclared type `VirtualKeyCode`
[INFO] [stdout]   --> examples/switch_box.rs:86:52
[INFO] [stdout]    |
[INFO] [stdout] 86 | ...                   VirtualKeyCode::Key3 | VirtualKeyCode::Numpad3 => {
[INFO] [stdout]    |                                              ^^^^^^^^^^^^^^ use of undeclared type `VirtualKeyCode`
[INFO] [stdout] 
[INFO] [stdout] 
[INFO] [stdout] error[E0433]: failed to resolve: use of undeclared type `VirtualKeyCode`
[INFO] [stdout]   --> examples/switch_box.rs:79:29
[INFO] [stdout]    |
[INFO] [stdout] 79 | ...                   VirtualKeyCode::Key1 | VirtualKeyCode::Numpad1 => {
[INFO] [stdout]    |                       ^^^^^^^^^^^^^^ use of undeclared type `VirtualKeyCode`
[INFO] [stdout] 
[INFO] [stdout] 
[INFO] [stdout] error[E0433]: failed to resolve: use of undeclared type `VirtualKeyCode`
[INFO] [stdout]   --> examples/switch_box.rs:79:52
[INFO] [stdout]    |
[INFO] [stdout] 79 | ...                   VirtualKeyCode::Key1 | VirtualKeyCode::Numpad1 => {
[INFO] [stdout]    |                                              ^^^^^^^^^^^^^^ use of undeclared type `VirtualKeyCode`
[INFO] [stdout] 
[INFO] [stdout] 
[INFO] [stdout] error[E0433]: failed to resolve: use of undeclared type `VirtualKeyCode`
[INFO] [stdout]   --> examples/switch_box.rs:83:29
[INFO] [stdout]    |
[INFO] [stdout] 83 | ...                   VirtualKeyCode::Key2 | VirtualKeyCode::Numpad2 => {
[INFO] [stdout]    |                       ^^^^^^^^^^^^^^ use of undeclared type `VirtualKeyCode`
[INFO] [stdout] 
[INFO] [stdout] 
[INFO] [stdout] error[E0433]: failed to resolve: use of undeclared type `VirtualKeyCode`
[INFO] [stdout]   --> examples/switch_box.rs:83:52
[INFO] [stdout]    |
[INFO] [stdout] 83 | ...                   VirtualKeyCode::Key2 | VirtualKeyCode::Numpad2 => {
[INFO] [stdout]    |                                              ^^^^^^^^^^^^^^ use of undeclared type `VirtualKeyCode`
[INFO] [stdout] 
[INFO] [stdout] 
[INFO] [stdout] error: aborting due to 13 previous errors
[INFO] [stdout] 
[INFO] [stdout] 
[INFO] [stdout] For more information about this error, try `rustc --explain E0433`.
[INFO] [stdout] 
[INFO] [stderr] error: could not compile `raui` (example "switch_box") due to 14 previous errors
[INFO] running `Command { std: "docker" "inspect" "045ff4455fb344f2988d6399d6f41d377b609d72b3792389fa38158da25f314b", kill_on_drop: false }`
[INFO] running `Command { std: "docker" "rm" "-f" "045ff4455fb344f2988d6399d6f41d377b609d72b3792389fa38158da25f314b", kill_on_drop: false }`
[INFO] [stdout] 045ff4455fb344f2988d6399d6f41d377b609d72b3792389fa38158da25f314b
