[INFO] fetching crate raphtory-io 0.4.0...
[INFO] testing raphtory-io-0.4.0 against 1.75.0 for beta-1.76-1
[INFO] extracting crate raphtory-io 0.4.0 into /workspace/builds/worker-1-tc1/source
[INFO] validating manifest of crates.io crate raphtory-io 0.4.0 on toolchain 1.75.0
[INFO] running `Command { std: CARGO_HOME="/workspace/cargo-home" RUSTUP_HOME="/workspace/rustup-home" "/workspace/cargo-home/bin/cargo" "+1.75.0" "metadata" "--manifest-path" "Cargo.toml" "--no-deps", kill_on_drop: false }`
[INFO] started tweaking crates.io crate raphtory-io 0.4.0
[INFO] finished tweaking crates.io crate raphtory-io 0.4.0
[INFO] tweaked toml for crates.io crate raphtory-io 0.4.0 written to /workspace/builds/worker-1-tc1/source/Cargo.toml
[INFO] running `Command { std: CARGO_HOME="/workspace/cargo-home" RUSTUP_HOME="/workspace/rustup-home" "/workspace/cargo-home/bin/cargo" "+1.75.0" "generate-lockfile" "--manifest-path" "Cargo.toml", kill_on_drop: false }`
[INFO] [stderr]     Updating crates.io index
[INFO] running `Command { std: CARGO_HOME="/workspace/cargo-home" RUSTUP_HOME="/workspace/rustup-home" "/workspace/cargo-home/bin/cargo" "+1.75.0" "fetch" "--manifest-path" "Cargo.toml", kill_on_drop: false }`
[INFO] [stderr]     Blocking waiting for file lock on package cache
[INFO] [stderr]  Downloading crates ...
[INFO] [stderr]   Downloaded genawaiter-macro v0.99.1
[INFO] [stderr]   Downloaded tantivy-tokenizer-api v0.1.1
[INFO] [stderr]   Downloaded genawaiter-proc-macro v0.99.1
[INFO] [stderr]   Downloaded ownedbytes v0.5.0
[INFO] [stderr]   Downloaded deadpool-runtime v0.1.3
[INFO] [stderr]   Downloaded murmurhash32 v0.3.0
[INFO] [stderr]   Downloaded neo4rs-macros v0.2.1
[INFO] [stderr]   Downloaded genawaiter v0.99.1
[INFO] [stderr]   Downloaded tantivy-query-grammar v0.20.0
[INFO] [stderr]   Downloaded lz4_flex v0.10.0
[INFO] [stderr]   Downloaded tantivy-columnar v0.1.0
[INFO] [stderr]   Downloaded raphtory v0.4.3
[INFO] [stderr]   Downloaded tantivy v0.20.2
[INFO] [stderr]   Downloaded tantivy-common v0.5.0
[INFO] [stderr]   Downloaded neo4rs v0.6.2
[INFO] [stderr]   Downloaded sorted_vector_map v0.1.0
[INFO] [stderr]   Downloaded sketches-ddsketch v0.2.1
[INFO] [stderr]   Downloaded tantivy-sstable v0.1.0
[INFO] [stderr]   Downloaded tantivy-stacker v0.1.0
[INFO] [stderr]   Downloaded tantivy-bitpacker v0.4.0
[INFO] running `Command { std: "docker" "create" "-v" "/var/lib/crater-agent-workspace/builds/worker-1-tc1/target:/opt/rustwide/target:rw,Z" "-v" "/var/lib/crater-agent-workspace/builds/worker-1-tc1/source:/opt/rustwide/workdir:ro,Z" "-v" "/var/lib/crater-agent-workspace/cargo-home:/opt/rustwide/cargo-home:ro,Z" "-v" "/var/lib/crater-agent-workspace/rustup-home:/opt/rustwide/rustup-home:ro,Z" "-e" "SOURCE_DIR=/opt/rustwide/workdir" "-e" "CARGO_TARGET_DIR=/opt/rustwide/target" "-e" "CARGO_HOME=/opt/rustwide/cargo-home" "-e" "RUSTUP_HOME=/opt/rustwide/rustup-home" "-w" "/opt/rustwide/workdir" "-m" "1610612736" "--user" "0:0" "--network" "none" "ghcr.io/rust-lang/crates-build-env/linux@sha256:2788e3201cd34a07e3172128adcd8b3090168a8e3bcc40d7c032b9dda1df7d1c" "/opt/rustwide/cargo-home/bin/cargo" "+1.75.0" "metadata" "--no-deps" "--format-version=1", kill_on_drop: false }`
[INFO] [stdout] 7ba2d09b527e38a935c65531883d500cec4a0736947be77b1a99a130da8b4854
[INFO] running `Command { std: "docker" "start" "-a" "7ba2d09b527e38a935c65531883d500cec4a0736947be77b1a99a130da8b4854", kill_on_drop: false }`
[INFO] running `Command { std: "docker" "inspect" "7ba2d09b527e38a935c65531883d500cec4a0736947be77b1a99a130da8b4854", kill_on_drop: false }`
[INFO] running `Command { std: "docker" "rm" "-f" "7ba2d09b527e38a935c65531883d500cec4a0736947be77b1a99a130da8b4854", kill_on_drop: false }`
[INFO] [stdout] 7ba2d09b527e38a935c65531883d500cec4a0736947be77b1a99a130da8b4854
[INFO] running `Command { std: "docker" "create" "-v" "/var/lib/crater-agent-workspace/builds/worker-1-tc1/target:/opt/rustwide/target:rw,Z" "-v" "/var/lib/crater-agent-workspace/builds/worker-1-tc1/source:/opt/rustwide/workdir:ro,Z" "-v" "/var/lib/crater-agent-workspace/cargo-home:/opt/rustwide/cargo-home:ro,Z" "-v" "/var/lib/crater-agent-workspace/rustup-home:/opt/rustwide/rustup-home:ro,Z" "-e" "SOURCE_DIR=/opt/rustwide/workdir" "-e" "CARGO_TARGET_DIR=/opt/rustwide/target" "-e" "CARGO_INCREMENTAL=0" "-e" "RUST_BACKTRACE=full" "-e" "RUSTFLAGS=--cap-lints=warn" "-e" "RUSTDOCFLAGS=--cap-lints=warn" "-e" "CARGO_HOME=/opt/rustwide/cargo-home" "-e" "RUSTUP_HOME=/opt/rustwide/rustup-home" "-w" "/opt/rustwide/workdir" "-m" "1610612736" "--user" "0:0" "--network" "none" "ghcr.io/rust-lang/crates-build-env/linux@sha256:2788e3201cd34a07e3172128adcd8b3090168a8e3bcc40d7c032b9dda1df7d1c" "/opt/rustwide/cargo-home/bin/cargo" "+1.75.0" "build" "--frozen" "--message-format=json", kill_on_drop: false }`
[INFO] [stdout] 909c4a3b07406a607e91c0803b7beff3e44e40259d2d3292a35001d32770a8a5
[INFO] running `Command { std: "docker" "start" "-a" "909c4a3b07406a607e91c0803b7beff3e44e40259d2d3292a35001d32770a8a5", kill_on_drop: false }`
[INFO] [stderr]    Compiling libc v0.2.151
[INFO] [stderr]    Compiling proc-macro2 v1.0.75
[INFO] [stderr]    Compiling unicode-ident v1.0.12
[INFO] [stderr]    Compiling cfg-if v1.0.0
[INFO] [stderr]    Compiling serde v1.0.194
[INFO] [stderr]    Compiling autocfg v1.1.0
[INFO] [stderr]    Compiling pkg-config v0.3.28
[INFO] [stderr]    Compiling memchr v2.7.1
[INFO] [stderr]    Compiling scopeguard v1.2.0
[INFO] [stderr]    Compiling once_cell v1.19.0
[INFO] [stderr]    Compiling log v0.4.20
[INFO] [stderr]    Compiling syn v1.0.109
[INFO] [stderr]    Compiling pin-project-lite v0.2.13
[INFO] [stderr]    Compiling itoa v1.0.10
[INFO] [stderr]    Compiling version_check v0.9.4
[INFO] [stderr]    Compiling parking_lot_core v0.9.9
[INFO] [stderr]    Compiling smallvec v1.11.2
[INFO] [stderr]    Compiling fnv v1.0.7
[INFO] [stderr]    Compiling ppv-lite86 v0.2.17
[INFO] [stderr]    Compiling bytes v1.5.0
[INFO] [stderr]    Compiling futures-core v0.3.30
[INFO] [stderr]    Compiling futures-sink v0.3.30
[INFO] [stderr]    Compiling bitflags v2.4.1
[INFO] [stderr]    Compiling regex-syntax v0.8.2
[INFO] [stderr]    Compiling async-trait v0.1.77
[INFO] [stderr]    Compiling vcpkg v0.2.15
[INFO] [stderr]    Compiling futures-channel v0.3.30
[INFO] [stderr]    Compiling crossbeam-utils v0.8.18
[INFO] [stderr]    Compiling pin-utils v0.1.0
[INFO] [stderr]    Compiling byteorder v1.5.0
[INFO] [stderr]    Compiling lock_api v0.4.11
[INFO] [stderr]    Compiling slab v0.4.9
[INFO] [stderr]    Compiling futures-task v0.3.30
[INFO] [stderr]    Compiling futures-io v0.3.30
[INFO] [stderr]    Compiling powerfmt v0.2.0
[INFO] [stderr]    Compiling getrandom v0.1.16
[INFO] [stderr]    Compiling crunchy v0.2.2
[INFO] [stderr]    Compiling zstd-safe v6.0.6
[INFO] [stderr]    Compiling stable_deref_trait v1.2.0
[INFO] [stderr]    Compiling libm v0.2.8
[INFO] [stderr]    Compiling time-core v0.1.2
[INFO] [stderr]    Compiling aho-corasick v1.1.2
[INFO] [stderr]    Compiling hashbrown v0.14.3
[INFO] [stderr]    Compiling ownedbytes v0.5.0
[INFO] [stderr]    Compiling num-traits v0.2.17
[INFO] [stderr]    Compiling proc-macro-error-attr v0.4.12
[INFO] [stderr]    Compiling ahash v0.8.7
[INFO] [stderr]    Compiling tracing-core v0.1.32
[INFO] [stderr]    Compiling ryu v1.0.16
[INFO] [stderr]    Compiling openssl v0.10.62
[INFO] [stderr]    Compiling quote v1.0.35
[INFO] [stderr]    Compiling untrusted v0.9.0
[INFO] [stderr]    Compiling ident_case v1.0.1
[INFO] [stderr]    Compiling crc32fast v1.3.2
[INFO] [stderr]    Compiling syn v2.0.48
[INFO] [stderr]    Compiling thiserror v1.0.56
[INFO] [stderr]    Compiling foreign-types-shared v0.1.1
[INFO] [stderr]    Compiling tinyvec_macros v0.1.1
[INFO] [stderr]    Compiling strsim v0.10.0
[INFO] [stderr]    Compiling rustix v0.38.28
[INFO] [stderr]    Compiling foreign-types v0.3.2
[INFO] [stderr]    Compiling tinyvec v1.6.0
[INFO] [stderr]    Compiling crossbeam-epoch v0.9.17
[INFO] [stderr]    Compiling http v0.2.11
[INFO] [stderr]    Compiling proc-macro-error v0.4.12
[INFO] [stderr]    Compiling native-tls v0.2.11
[INFO] [stderr]    Compiling zerocopy v0.7.32
[INFO] [stderr]    Compiling proc-macro-hack v0.5.20+deprecated
[INFO] [stderr]    Compiling linux-raw-sys v0.4.12
[INFO] [stderr]    Compiling percent-encoding v2.3.1
[INFO] [stderr]    Compiling rayon-core v1.12.0
[INFO] [stderr]    Compiling equivalent v1.0.1
[INFO] [stderr]    Compiling httparse v1.8.0
[INFO] [stderr]    Compiling utf8-ranges v1.0.5
[INFO] [stderr]    Compiling either v1.9.0
[INFO] [stderr]    Compiling regex-syntax v0.6.29
[INFO] [stderr]    Compiling unicode-normalization v0.1.22
[INFO] [stderr]    Compiling form_urlencoded v1.2.1
[INFO] [stderr]    Compiling indexmap v2.1.0
[INFO] [stderr]    Compiling crossbeam-deque v0.8.4
[INFO] [stderr]    Compiling jobserver v0.1.27
[INFO] [stderr]    Compiling getrandom v0.2.11
[INFO] [stderr]    Compiling num_cpus v1.16.0
[INFO] [stderr]    Compiling mio v0.8.10
[INFO] [stderr]    Compiling socket2 v0.5.5
[INFO] [stderr]    Compiling cc v1.0.83
[INFO] [stderr]    Compiling signal-hook-registry v1.4.1
[INFO] [stderr]    Compiling regex-automata v0.4.3
[INFO] [stderr]    Compiling rand_core v0.6.4
[INFO] [stderr]    Compiling rand_chacha v0.3.1
[INFO] [stderr]    Compiling rand_core v0.5.1
[INFO] [stderr]    Compiling bitpacking v0.8.4
[INFO] [stderr]    Compiling rand v0.8.5
[INFO] [stderr]    Compiling rand_chacha v0.2.2
[INFO] [stderr]    Compiling unicode-bidi v0.3.14
[INFO] [stderr]    Compiling serde_json v1.0.111
[INFO] [stderr]    Compiling retain_mut v0.1.7
[INFO] [stderr]    Compiling openssl-probe v0.1.5
[INFO] [stderr]    Compiling murmurhash32 v0.3.0
[INFO] [stderr]    Compiling try-lock v0.2.5
[INFO] [stderr]    Compiling untrusted v0.7.1
[INFO] [stderr]    Compiling spin v0.5.2
[INFO] [stderr]    Compiling rustls v0.21.10
[INFO] [stderr]    Compiling idna v0.5.0
[INFO] [stderr]    Compiling want v0.3.1
[INFO] [stderr]    Compiling rand v0.7.3
[INFO] [stderr]    Compiling http-body v0.4.6
[INFO] [stderr]    Compiling hashbrown v0.13.2
[INFO] [stderr]    Compiling itertools v0.10.5
[INFO] [stderr]    Compiling openssl-sys v0.9.98
[INFO] [stderr]    Compiling zstd-sys v2.0.9+zstd.1.5.5
[INFO] [stderr]    Compiling ring v0.17.7
[INFO] [stderr]    Compiling ring v0.16.20
[INFO] [stderr] error: could not compile `syn` (lib)
[INFO] [stderr] 
[INFO] [stderr] Caused by:
[INFO] [stderr]   process didn't exit successfully: `/opt/rustwide/rustup-home/toolchains/1.75.0-x86_64-unknown-linux-gnu/bin/rustc --crate-name syn --edition=2021 /opt/rustwide/cargo-home/registry/src/index.crates.io-6f17d22bba15001f/syn-2.0.48/src/lib.rs --error-format=json --json=diagnostic-rendered-ansi,artifacts,future-incompat --crate-type lib --emit=dep-info,metadata,link -C embed-bitcode=no --cfg 'feature="clone-impls"' --cfg 'feature="default"' --cfg 'feature="derive"' --cfg 'feature="extra-traits"' --cfg 'feature="full"' --cfg 'feature="parsing"' --cfg 'feature="printing"' --cfg 'feature="proc-macro"' --cfg 'feature="quote"' --cfg 'feature="visit"' --cfg 'feature="visit-mut"' -C metadata=44503c552a32fcf2 -C extra-filename=-44503c552a32fcf2 --out-dir /opt/rustwide/target/debug/deps -L dependency=/opt/rustwide/target/debug/deps --extern proc_macro2=/opt/rustwide/target/debug/deps/libproc_macro2-3f89e7e213360ccf.rmeta --extern quote=/opt/rustwide/target/debug/deps/libquote-9168ea920d68759a.rmeta --extern unicode_ident=/opt/rustwide/target/debug/deps/libunicode_ident-e03ce37406b474da.rmeta --cap-lints allow --cap-lints=warn` (signal: 9, SIGKILL: kill)
[INFO] [stderr] warning: build failed, waiting for other jobs to finish...
[INFO] running `Command { std: "docker" "inspect" "909c4a3b07406a607e91c0803b7beff3e44e40259d2d3292a35001d32770a8a5", kill_on_drop: false }`
[INFO] running `Command { std: "docker" "rm" "-f" "909c4a3b07406a607e91c0803b7beff3e44e40259d2d3292a35001d32770a8a5", kill_on_drop: false }`
[INFO] [stdout] 909c4a3b07406a607e91c0803b7beff3e44e40259d2d3292a35001d32770a8a5
[INFO] testing raphtory-io-0.4.0 against beta-2023-12-22 for beta-1.76-1
[INFO] extracting crate raphtory-io 0.4.0 into /workspace/builds/worker-1-tc2/source
[INFO] validating manifest of crates.io crate raphtory-io 0.4.0 on toolchain beta-2023-12-22
[INFO] running `Command { std: CARGO_HOME="/workspace/cargo-home" RUSTUP_HOME="/workspace/rustup-home" "/workspace/cargo-home/bin/cargo" "+beta-2023-12-22" "metadata" "--manifest-path" "Cargo.toml" "--no-deps", kill_on_drop: false }`
[INFO] started tweaking crates.io crate raphtory-io 0.4.0
[INFO] finished tweaking crates.io crate raphtory-io 0.4.0
[INFO] tweaked toml for crates.io crate raphtory-io 0.4.0 written to /workspace/builds/worker-1-tc2/source/Cargo.toml
[INFO] running `Command { std: CARGO_HOME="/workspace/cargo-home" RUSTUP_HOME="/workspace/rustup-home" "/workspace/cargo-home/bin/cargo" "+beta-2023-12-22" "generate-lockfile" "--manifest-path" "Cargo.toml", kill_on_drop: false }`
[INFO] [stderr]     Updating crates.io index
[INFO] running `Command { std: CARGO_HOME="/workspace/cargo-home" RUSTUP_HOME="/workspace/rustup-home" "/workspace/cargo-home/bin/cargo" "+beta-2023-12-22" "fetch" "--manifest-path" "Cargo.toml", kill_on_drop: false }`
[INFO] running `Command { std: "docker" "create" "-v" "/var/lib/crater-agent-workspace/builds/worker-1-tc2/target:/opt/rustwide/target:rw,Z" "-v" "/var/lib/crater-agent-workspace/builds/worker-1-tc2/source:/opt/rustwide/workdir:ro,Z" "-v" "/var/lib/crater-agent-workspace/cargo-home:/opt/rustwide/cargo-home:ro,Z" "-v" "/var/lib/crater-agent-workspace/rustup-home:/opt/rustwide/rustup-home:ro,Z" "-e" "SOURCE_DIR=/opt/rustwide/workdir" "-e" "CARGO_TARGET_DIR=/opt/rustwide/target" "-e" "CARGO_HOME=/opt/rustwide/cargo-home" "-e" "RUSTUP_HOME=/opt/rustwide/rustup-home" "-w" "/opt/rustwide/workdir" "-m" "1610612736" "--user" "0:0" "--network" "none" "ghcr.io/rust-lang/crates-build-env/linux@sha256:2788e3201cd34a07e3172128adcd8b3090168a8e3bcc40d7c032b9dda1df7d1c" "/opt/rustwide/cargo-home/bin/cargo" "+beta-2023-12-22" "metadata" "--no-deps" "--format-version=1", kill_on_drop: false }`
[INFO] [stdout] ee3f5815aa050feaa89f34fffcacb8233b9ab969834f107ef73f04851f20708c
[INFO] running `Command { std: "docker" "start" "-a" "ee3f5815aa050feaa89f34fffcacb8233b9ab969834f107ef73f04851f20708c", kill_on_drop: false }`
[INFO] running `Command { std: "docker" "inspect" "ee3f5815aa050feaa89f34fffcacb8233b9ab969834f107ef73f04851f20708c", kill_on_drop: false }`
[INFO] running `Command { std: "docker" "rm" "-f" "ee3f5815aa050feaa89f34fffcacb8233b9ab969834f107ef73f04851f20708c", kill_on_drop: false }`
[INFO] [stdout] ee3f5815aa050feaa89f34fffcacb8233b9ab969834f107ef73f04851f20708c
[INFO] running `Command { std: "docker" "create" "-v" "/var/lib/crater-agent-workspace/builds/worker-1-tc2/target:/opt/rustwide/target:rw,Z" "-v" "/var/lib/crater-agent-workspace/builds/worker-1-tc2/source:/opt/rustwide/workdir:ro,Z" "-v" "/var/lib/crater-agent-workspace/cargo-home:/opt/rustwide/cargo-home:ro,Z" "-v" "/var/lib/crater-agent-workspace/rustup-home:/opt/rustwide/rustup-home:ro,Z" "-e" "SOURCE_DIR=/opt/rustwide/workdir" "-e" "CARGO_TARGET_DIR=/opt/rustwide/target" "-e" "CARGO_INCREMENTAL=0" "-e" "RUST_BACKTRACE=full" "-e" "RUSTFLAGS=--cap-lints=warn" "-e" "RUSTDOCFLAGS=--cap-lints=warn" "-e" "CARGO_HOME=/opt/rustwide/cargo-home" "-e" "RUSTUP_HOME=/opt/rustwide/rustup-home" "-w" "/opt/rustwide/workdir" "-m" "1610612736" "--user" "0:0" "--network" "none" "ghcr.io/rust-lang/crates-build-env/linux@sha256:2788e3201cd34a07e3172128adcd8b3090168a8e3bcc40d7c032b9dda1df7d1c" "/opt/rustwide/cargo-home/bin/cargo" "+beta-2023-12-22" "build" "--frozen" "--message-format=json", kill_on_drop: false }`
[INFO] [stdout] ee509105a2cd8a05c67f12d80ea8232bee116bf936fd49e17d841765d3235e40
[INFO] running `Command { std: "docker" "start" "-a" "ee509105a2cd8a05c67f12d80ea8232bee116bf936fd49e17d841765d3235e40", kill_on_drop: false }`
[INFO] [stderr]    Compiling libc v0.2.151
[INFO] [stderr]    Compiling proc-macro2 v1.0.75
[INFO] [stderr]    Compiling unicode-ident v1.0.12
[INFO] [stderr]    Compiling cfg-if v1.0.0
[INFO] [stderr]    Compiling serde v1.0.194
[INFO] [stderr]    Compiling autocfg v1.1.0
[INFO] [stderr]    Compiling pkg-config v0.3.28
[INFO] [stderr]    Compiling memchr v2.7.1
[INFO] [stderr]    Compiling scopeguard v1.2.0
[INFO] [stderr]    Compiling once_cell v1.19.0
[INFO] [stderr]    Compiling itoa v1.0.10
[INFO] [stderr]    Compiling log v0.4.20
[INFO] [stderr]    Compiling pin-project-lite v0.2.13
[INFO] [stderr]    Compiling syn v1.0.109
[INFO] [stderr]    Compiling parking_lot_core v0.9.9
[INFO] [stderr]    Compiling version_check v0.9.4
[INFO] [stderr]    Compiling smallvec v1.11.2
[INFO] [stderr]    Compiling fnv v1.0.7
[INFO] [stderr]    Compiling futures-core v0.3.30
[INFO] [stderr]    Compiling bytes v1.5.0
[INFO] [stderr]    Compiling ppv-lite86 v0.2.17
[INFO] [stderr]    Compiling futures-sink v0.3.30
[INFO] [stderr]    Compiling bitflags v2.4.1
[INFO] [stderr]    Compiling regex-syntax v0.8.2
[INFO] [stderr]    Compiling async-trait v0.1.77
[INFO] [stderr]    Compiling vcpkg v0.2.15
[INFO] [stderr]    Compiling futures-channel v0.3.30
[INFO] [stderr]    Compiling futures-io v0.3.30
[INFO] [stderr]    Compiling lock_api v0.4.11
[INFO] [stderr]    Compiling slab v0.4.9
[INFO] [stderr]    Compiling pin-utils v0.1.0
[INFO] [stderr]    Compiling futures-task v0.3.30
[INFO] [stderr]    Compiling byteorder v1.5.0
[INFO] [stderr]    Compiling crossbeam-utils v0.8.18
[INFO] [stderr]    Compiling aho-corasick v1.1.2
[INFO] [stderr]    Compiling getrandom v0.1.16
[INFO] [stderr]    Compiling powerfmt v0.2.0
[INFO] [stderr]    Compiling time-core v0.1.2
[INFO] [stderr]    Compiling stable_deref_trait v1.2.0
[INFO] [stderr]    Compiling crunchy v0.2.2
[INFO] [stderr]    Compiling zstd-safe v6.0.6
[INFO] [stderr]    Compiling libm v0.2.8
[INFO] [stderr]    Compiling hashbrown v0.14.3
[INFO] [stderr]    Compiling ownedbytes v0.5.0
[INFO] [stderr]    Compiling proc-macro-error-attr v0.4.12
[INFO] [stderr]    Compiling ahash v0.8.7
[INFO] [stderr]    Compiling num-traits v0.2.17
[INFO] [stderr]    Compiling quote v1.0.35
[INFO] [stderr]    Compiling tracing-core v0.1.32
[INFO] [stderr]    Compiling foreign-types-shared v0.1.1
[INFO] [stderr]    Compiling untrusted v0.9.0
[INFO] [stderr]    Compiling ryu v1.0.16
[INFO] [stderr]    Compiling thiserror v1.0.56
[INFO] [stderr]    Compiling ident_case v1.0.1
[INFO] [stderr]    Compiling syn v2.0.48
[INFO] [stderr]    Compiling strsim v0.10.0
[INFO] [stderr]    Compiling tinyvec_macros v0.1.1
[INFO] [stderr]    Compiling openssl v0.10.62
[INFO] [stderr]    Compiling rustix v0.38.28
[INFO] [stderr]    Compiling crc32fast v1.3.2
[INFO] [stderr]    Compiling tinyvec v1.6.0
[INFO] [stderr]    Compiling foreign-types v0.3.2
[INFO] [stderr]    Compiling crossbeam-epoch v0.9.17
[INFO] [stderr]    Compiling http v0.2.11
[INFO] [stderr]    Compiling proc-macro-error v0.4.12
[INFO] [stderr]    Compiling either v1.9.0
[INFO] [stderr]    Compiling percent-encoding v2.3.1
[INFO] [stderr]    Compiling regex-syntax v0.6.29
[INFO] [stderr]    Compiling equivalent v1.0.1
[INFO] [stderr]    Compiling rayon-core v1.12.0
[INFO] [stderr]    Compiling zerocopy v0.7.32
[INFO] [stderr]    Compiling linux-raw-sys v0.4.12
[INFO] [stderr]    Compiling proc-macro-hack v0.5.20+deprecated
[INFO] [stderr]    Compiling native-tls v0.2.11
[INFO] [stderr]    Compiling httparse v1.8.0
[INFO] [stderr]    Compiling utf8-ranges v1.0.5
[INFO] [stderr]    Compiling indexmap v2.1.0
[INFO] [stderr]    Compiling jobserver v0.1.27
[INFO] [stderr]    Compiling getrandom v0.2.11
[INFO] [stderr]    Compiling num_cpus v1.16.0
[INFO] [stderr]    Compiling socket2 v0.5.5
[INFO] [stderr]    Compiling cc v1.0.83
[INFO] [stderr]    Compiling mio v0.8.10
[INFO] [stderr]    Compiling signal-hook-registry v1.4.1
[INFO] [stderr]    Compiling rand_core v0.6.4
[INFO] [stderr]    Compiling regex-automata v0.4.3
[INFO] [stderr]    Compiling rand_chacha v0.3.1
[INFO] [stderr]    Compiling rand_core v0.5.1
[INFO] [stderr]    Compiling rand_chacha v0.2.2
[INFO] [stderr]    Compiling unicode-normalization v0.1.22
[INFO] [stderr]    Compiling rand v0.8.5
[INFO] [stderr]    Compiling form_urlencoded v1.2.1
[INFO] [stderr]    Compiling crossbeam-deque v0.8.4
[INFO] [stderr]    Compiling bitpacking v0.8.4
[INFO] [stderr]    Compiling spin v0.5.2
[INFO] [stderr]    Compiling serde_json v1.0.111
[INFO] [stderr]    Compiling untrusted v0.7.1
[INFO] [stderr]    Compiling try-lock v0.2.5
[INFO] [stderr]    Compiling retain_mut v0.1.7
[INFO] [stderr]    Compiling rustls v0.21.10
[INFO] [stderr]    Compiling murmurhash32 v0.3.0
[INFO] [stderr]    Compiling unicode-bidi v0.3.14
[INFO] [stderr]    Compiling openssl-probe v0.1.5
[INFO] [stderr]    Compiling want v0.3.1
[INFO] [stderr]    Compiling hashbrown v0.13.2
[INFO] [stderr]    Compiling rand v0.7.3
[INFO] [stderr]    Compiling tantivy-fst v0.4.0
[INFO] [stderr]    Compiling idna v0.5.0
[INFO] [stderr]    Compiling zstd-sys v2.0.9+zstd.1.5.5
[INFO] [stderr]    Compiling openssl-sys v0.9.98
[INFO] [stderr]    Compiling ring v0.17.7
[INFO] [stderr]    Compiling ring v0.16.20
[INFO] [stderr]    Compiling bzip2-sys v0.1.11+1.0.8
[INFO] [stderr]    Compiling http-body v0.4.6
[INFO] [stderr]    Compiling itertools v0.10.5
[INFO] [stderr]    Compiling combine v4.6.6
[INFO] [stderr]    Compiling instant v0.1.12
[INFO] [stderr]    Compiling tower-service v0.3.2
[INFO] [stderr]    Compiling iana-time-zone v0.1.59
[INFO] [stderr]    Compiling fastrand v2.0.1
[INFO] [stderr]    Compiling regex v1.10.2
[INFO] [stderr]    Compiling syn-mid v0.5.4
[INFO] [stderr]    Compiling darling_core v0.13.4
[INFO] [stderr]    Compiling httpdate v1.0.3
[INFO] [stderr]    Compiling fastdivide v0.4.0
[INFO] [stderr]    Compiling adler v1.0.2
[INFO] [stderr]    Compiling base64 v0.21.5
[INFO] [stderr]    Compiling env_logger v0.7.1
[INFO] [stderr]    Compiling miniz_oxide v0.7.1
[INFO] [stderr]    Compiling env_logger v0.8.4
[INFO] [stderr]    Compiling tempfile v3.9.0
[INFO] [stderr]    Compiling quickcheck v0.9.2
[INFO] [stderr]    Compiling measure_time v0.8.2
[INFO] [stderr]    Compiling fs4 v0.6.6
[INFO] [stderr]    Compiling url v2.5.0
[INFO] [stderr]    Compiling lru v0.10.1
[INFO] [stderr]    Compiling rayon v1.8.0
[INFO] [stderr]    Compiling tantivy-bitpacker v0.4.0
[INFO] [stderr]    Compiling fail v0.5.1
[INFO] [stderr]    Compiling nanorand v0.7.0
[INFO] [stderr]    Compiling rand v0.4.6
[INFO] [stderr]    Compiling memmap2 v0.6.2
[INFO] [stderr]    Compiling crossbeam-channel v0.5.10
[INFO] [stderr]    Compiling rustc-hash v1.1.0
[INFO] [stderr]    Compiling downcast-rs v1.2.0
[INFO] [stderr]    Compiling remove_dir_all v0.5.3
[INFO] [stderr]    Compiling arc-swap v1.6.0
[INFO] [stderr]    Compiling static_assertions v1.1.0
[INFO] [stderr]    Compiling bytemuck v1.14.0
[INFO] [stderr]    Compiling levenshtein_automata v0.2.1
[INFO] [stderr]    Compiling census v0.4.1
[INFO] [stderr]    Compiling deadpool-runtime v0.1.3
[INFO] [stderr]    Compiling oneshot v0.1.6
[INFO] [stderr]    Compiling htmlescape v0.3.1
[INFO] [stderr]    Compiling genawaiter-macro v0.99.1
[INFO] [stderr]    Compiling lz4_flex v0.10.0
[INFO] [stderr]    Compiling tempdir v0.3.7
[INFO] [stderr]    Compiling twox-hash v1.6.3
[INFO] [stderr]    Compiling sorted_vector_map v0.1.0
[INFO] [stderr]    Compiling flate2 v1.0.28
[INFO] [stderr]    Compiling quickcheck v1.0.3
[INFO] [stderr]    Compiling rand_distr v0.4.3
[INFO] [stderr]    Compiling time v0.1.45
[INFO] [stderr]    Compiling csv-core v0.1.11
[INFO] [stderr]    Compiling encoding_rs v0.8.33
[INFO] [stderr]    Compiling quickcheck_macros v1.0.0
[INFO] [stderr]    Compiling neo4rs-macros v0.2.1
[INFO] [stderr]    Compiling ipnet v2.9.0
[INFO] [stderr]    Compiling replace_with v0.1.7
[INFO] [stderr]    Compiling mime v0.3.17
[INFO] [stderr]    Compiling darling_macro v0.13.4
[INFO] [stderr]    Compiling rustls-webpki v0.100.3
[INFO] [stderr]    Compiling serde_derive v1.0.194
[INFO] [stderr]    Compiling tokio-macros v2.2.0
[INFO] [stderr]    Compiling futures-macro v0.3.30
[INFO] [stderr]    Compiling tracing-attributes v0.1.27
[INFO] [stderr]    Compiling thiserror-impl v1.0.56
[INFO] [stderr]    Compiling openssl-macros v0.1.1
[INFO] [stderr]    Compiling pin-project-internal v1.1.3
[INFO] [stderr]    Compiling enum_dispatch v0.3.12
[INFO] [stderr]    Compiling genawaiter-proc-macro v0.99.1
[INFO] [stderr]    Compiling webpki-roots v0.23.1
[INFO] [stderr]    Compiling darling v0.13.4
[INFO] [stderr]    Compiling serde_with_macros v1.5.2
[INFO] [stderr]    Compiling bzip2 v0.4.4
[INFO] [stderr]    Compiling futures-util v0.3.30
[INFO] [stderr]    Compiling genawaiter v0.99.1
[INFO] [stderr]    Compiling pin-project v1.1.3
[INFO] [stderr]    Compiling tantivy-query-grammar v0.20.0
[INFO] [stderr]    Compiling zip v0.5.13
[INFO] [stderr]    Compiling tracing v0.1.40
[INFO] [stderr]    Compiling futures-executor v0.3.30
[INFO] [stderr]    Compiling futures v0.3.30
[INFO] [stderr]    Compiling zstd v0.12.4
[INFO] [stderr]    Compiling deranged v0.3.11
[INFO] [stderr]    Compiling uuid v1.6.1
[INFO] [stderr]    Compiling sketches-ddsketch v0.2.1
[INFO] [stderr]    Compiling tantivy-tokenizer-api v0.1.1
[INFO] [stderr]    Compiling chrono v0.4.31
[INFO] [stderr]    Compiling rust-stemmers v1.2.0
[INFO] [stderr]    Compiling serde_with v1.14.0
[INFO] [stderr]    Compiling serde_urlencoded v0.7.1
[INFO] [stderr]    Compiling bincode v1.3.3
[INFO] [stderr]    Compiling roaring v0.10.2
[INFO] [stderr]    Compiling csv v1.3.0
[INFO] [stderr]    Compiling parking_lot v0.12.1
[INFO] [stderr]    Compiling spin v0.9.8
[INFO] [stderr]    Compiling dashmap v5.5.3
[INFO] [stderr]    Compiling flume v0.10.14
[INFO] [stderr]    Compiling tokio v1.35.1
[INFO] [stderr]    Compiling time v0.3.31
[INFO] [stderr]    Compiling rustls-webpki v0.101.7
[INFO] [stderr]    Compiling sct v0.7.1
[INFO] [stderr]    Compiling tantivy-common v0.5.0
[INFO] [stderr]    Compiling tantivy-sstable v0.1.0
[INFO] [stderr]    Compiling tantivy-stacker v0.1.0
[INFO] [stderr]    Compiling tantivy-columnar v0.1.0
[INFO] [stderr]    Compiling tantivy v0.20.2
[INFO] [stderr]    Compiling tokio-util v0.7.10
[INFO] [stderr]    Compiling tokio-native-tls v0.3.1
[INFO] [stderr]    Compiling deadpool v0.9.5
[INFO] [stderr]    Compiling tokio-rustls v0.24.1
[INFO] [stderr]    Compiling neo4rs v0.6.2
[INFO] [stderr]    Compiling h2 v0.3.22
[INFO] [stderr]    Compiling hyper v0.14.28
[INFO] [stderr]    Compiling hyper-tls v0.5.0
[INFO] [stderr]    Compiling reqwest v0.11.23
[INFO] [stderr]    Compiling raphtory v0.4.3
[INFO] [stderr]    Compiling raphtory-io v0.4.0 (/opt/rustwide/workdir)
[INFO] [stdout] error[E0433]: failed to resolve: could not find `view_api` in `db`
[INFO] [stdout]  --> src/graph_loader/example/company_house.rs:5:19
[INFO] [stdout]   |
[INFO] [stdout] 5 | use raphtory::db::view_api::internal::GraphViewInternalOps;
[INFO] [stdout]   |                   ^^^^^^^^ could not find `view_api` in `db`
[INFO] [stdout] 
[INFO] [stdout] 
[INFO] [stdout] error[E0432]: unresolved import `raphtory::db::graph::Graph`
[INFO] [stdout]  --> src/graph_loader/example/company_house.rs:4:5
[INFO] [stdout]   |
[INFO] [stdout] 4 | use raphtory::db::graph::Graph;
[INFO] [stdout]   |     ^^^^^^^^^^^^^^^^^^^^^^^^^^ no `Graph` in `db::graph`
[INFO] [stdout]   |
[INFO] [stdout] help: a similar name exists in the module
[INFO] [stdout]   |
[INFO] [stdout] 4 | use raphtory::db::graph::graph;
[INFO] [stdout]   |                          ~~~~~
[INFO] [stdout] help: consider importing one of these items instead
[INFO] [stdout]   |
[INFO] [stdout] 4 | use crate::graph_loader::example::company_house::Prop::Graph;
[INFO] [stdout]   |     ~~~~~~~~~~~~~~~~~~~~~~~~~~~~~~~~~~~~~~~~~~~~~~~~~~~~~~~~
[INFO] [stdout] 4 | use neo4rs::Graph;
[INFO] [stdout]   |     ~~~~~~~~~~~~~
[INFO] [stdout] 4 | use raphtory::core::entities::properties::tprop::TProp::Graph;
[INFO] [stdout]   |     ~~~~~~~~~~~~~~~~~~~~~~~~~~~~~~~~~~~~~~~~~~~~~~~~~~~~~~~~~
[INFO] [stdout] 4 | use raphtory::prelude::Graph;
[INFO] [stdout]   |     ~~~~~~~~~~~~~~~~~~~~~~~~
[INFO] [stdout]     and 1 other candidate
[INFO] [stdout] 
[INFO] [stdout] 
[INFO] [stdout] error[E0432]: unresolved import `raphtory::db::view_api`
[INFO] [stdout]  --> src/graph_loader/example/company_house.rs:6:19
[INFO] [stdout]   |
[INFO] [stdout] 6 | use raphtory::db::view_api::{GraphViewOps, VertexViewOps};
[INFO] [stdout]   |                   ^^^^^^^^ could not find `view_api` in `db`
[INFO] [stdout] 
[INFO] [stdout] 
[INFO] [stdout] error[E0432]: unresolved import `raphtory::db::graph::Graph`
[INFO] [stdout]   --> src/graph_loader/example/lotr_graph.rs:25:5
[INFO] [stdout]    |
[INFO] [stdout] 25 | use raphtory::db::graph::Graph;
[INFO] [stdout]    |     ^^^^^^^^^^^^^^^^^^^^^^^^^^ no `Graph` in `db::graph`
[INFO] [stdout]    |
[INFO] [stdout] help: a similar name exists in the module
[INFO] [stdout]    |
[INFO] [stdout] 25 | use raphtory::db::graph::graph;
[INFO] [stdout]    |                          ~~~~~
[INFO] [stdout] help: consider importing one of these items instead
[INFO] [stdout]    |
[INFO] [stdout] 25 | use neo4rs::Graph;
[INFO] [stdout]    |     ~~~~~~~~~~~~~
[INFO] [stdout] 25 | use raphtory::core::entities::properties::tprop::TProp::Graph;
[INFO] [stdout]    |     ~~~~~~~~~~~~~~~~~~~~~~~~~~~~~~~~~~~~~~~~~~~~~~~~~~~~~~~~~
[INFO] [stdout] 25 | use raphtory::prelude::Graph;
[INFO] [stdout]    |     ~~~~~~~~~~~~~~~~~~~~~~~~
[INFO] [stdout] 25 | use raphtory::prelude::Prop::Graph;
[INFO] [stdout]    |     ~~~~~~~~~~~~~~~~~~~~~~~~~~~~~~
[INFO] [stdout] 
[INFO] [stdout] 
[INFO] [stdout] error[E0432]: unresolved import `raphtory::db::graph::Graph`
[INFO] [stdout]   --> src/graph_loader/example/reddit_hyperlinks.rs:46:5
[INFO] [stdout]    |
[INFO] [stdout] 46 | use raphtory::db::graph::Graph;
[INFO] [stdout]    |     ^^^^^^^^^^^^^^^^^^^^^^^^^^ no `Graph` in `db::graph`
[INFO] [stdout]    |
[INFO] [stdout] help: a similar name exists in the module
[INFO] [stdout]    |
[INFO] [stdout] 46 | use raphtory::db::graph::graph;
[INFO] [stdout]    |                          ~~~~~
[INFO] [stdout] help: consider importing one of these items instead
[INFO] [stdout]    |
[INFO] [stdout] 46 | use crate::graph_loader::example::reddit_hyperlinks::Prop::Graph;
[INFO] [stdout]    |     ~~~~~~~~~~~~~~~~~~~~~~~~~~~~~~~~~~~~~~~~~~~~~~~~~~~~~~~~~~~~
[INFO] [stdout] 46 | use neo4rs::Graph;
[INFO] [stdout]    |     ~~~~~~~~~~~~~
[INFO] [stdout] 46 | use raphtory::core::entities::properties::tprop::TProp::Graph;
[INFO] [stdout]    |     ~~~~~~~~~~~~~~~~~~~~~~~~~~~~~~~~~~~~~~~~~~~~~~~~~~~~~~~~~
[INFO] [stdout] 46 | use raphtory::prelude::Graph;
[INFO] [stdout]    |     ~~~~~~~~~~~~~~~~~~~~~~~~
[INFO] [stdout]      and 1 other candidate
[INFO] [stdout] 
[INFO] [stdout] 
[INFO] [stdout] error[E0433]: failed to resolve: could not find `view_api` in `db`
[INFO] [stdout]  --> src/graph_loader/example/stable_coins.rs:5:19
[INFO] [stdout]   |
[INFO] [stdout] 5 | use raphtory::db::view_api::internal::GraphViewInternalOps;
[INFO] [stdout]   |                   ^^^^^^^^ could not find `view_api` in `db`
[INFO] [stdout] 
[INFO] [stdout] 
[INFO] [stdout] error[E0432]: unresolved import `raphtory::db::graph::Graph`
[INFO] [stdout]  --> src/graph_loader/example/stable_coins.rs:4:5
[INFO] [stdout]   |
[INFO] [stdout] 4 | use raphtory::db::graph::Graph;
[INFO] [stdout]   |     ^^^^^^^^^^^^^^^^^^^^^^^^^^ no `Graph` in `db::graph`
[INFO] [stdout]   |
[INFO] [stdout] help: a similar name exists in the module
[INFO] [stdout]   |
[INFO] [stdout] 4 | use raphtory::db::graph::graph;
[INFO] [stdout]   |                          ~~~~~
[INFO] [stdout] help: consider importing one of these items instead
[INFO] [stdout]   |
[INFO] [stdout] 4 | use crate::graph_loader::example::stable_coins::Prop::Graph;
[INFO] [stdout]   |     ~~~~~~~~~~~~~~~~~~~~~~~~~~~~~~~~~~~~~~~~~~~~~~~~~~~~~~~
[INFO] [stdout] 4 | use neo4rs::Graph;
[INFO] [stdout]   |     ~~~~~~~~~~~~~
[INFO] [stdout] 4 | use raphtory::core::entities::properties::tprop::TProp::Graph;
[INFO] [stdout]   |     ~~~~~~~~~~~~~~~~~~~~~~~~~~~~~~~~~~~~~~~~~~~~~~~~~~~~~~~~~
[INFO] [stdout] 4 | use raphtory::prelude::Graph;
[INFO] [stdout]   |     ~~~~~~~~~~~~~~~~~~~~~~~~
[INFO] [stdout]     and 1 other candidate
[INFO] [stdout] 
[INFO] [stdout] 
[INFO] [stdout] error[E0432]: unresolved import `raphtory::db::view_api`
[INFO] [stdout]  --> src/graph_loader/example/stable_coins.rs:6:19
[INFO] [stdout]   |
[INFO] [stdout] 6 | use raphtory::db::view_api::GraphViewOps;
[INFO] [stdout]   |                   ^^^^^^^^ could not find `view_api` in `db`
[INFO] [stdout] 
[INFO] [stdout] 
[INFO] [stdout] error[E0433]: failed to resolve: could not find `tgraph_shard` in `core`
[INFO] [stdout]  --> src/graph_loader/source/json_loader.rs:3:21
[INFO] [stdout]   |
[INFO] [stdout] 3 | use raphtory::core::tgraph_shard::errors::GraphError;
[INFO] [stdout]   |                     ^^^^^^^^^^^^ could not find `tgraph_shard` in `core`
[INFO] [stdout] 
[INFO] [stdout] 
[INFO] [stdout] error[E0432]: unresolved import `raphtory::db::graph::Graph`
[INFO] [stdout]   --> src/graph_loader/example/sx_superuser_graph.rs:49:5
[INFO] [stdout]    |
[INFO] [stdout] 49 | use raphtory::db::graph::Graph;
[INFO] [stdout]    |     ^^^^^^^^^^^^^^^^^^^^^^^^^^ no `Graph` in `db::graph`
[INFO] [stdout]    |
[INFO] [stdout] help: a similar name exists in the module
[INFO] [stdout]    |
[INFO] [stdout] 49 | use raphtory::db::graph::graph;
[INFO] [stdout]    |                          ~~~~~
[INFO] [stdout] help: consider importing one of these items instead
[INFO] [stdout]    |
[INFO] [stdout] 49 | use neo4rs::Graph;
[INFO] [stdout]    |     ~~~~~~~~~~~~~
[INFO] [stdout] 49 | use raphtory::core::entities::properties::tprop::TProp::Graph;
[INFO] [stdout]    |     ~~~~~~~~~~~~~~~~~~~~~~~~~~~~~~~~~~~~~~~~~~~~~~~~~~~~~~~~~
[INFO] [stdout] 49 | use raphtory::prelude::Graph;
[INFO] [stdout]    |     ~~~~~~~~~~~~~~~~~~~~~~~~
[INFO] [stdout] 49 | use raphtory::prelude::Prop::Graph;
[INFO] [stdout]    |     ~~~~~~~~~~~~~~~~~~~~~~~~~~~~~~
[INFO] [stdout] 
[INFO] [stdout] 
[INFO] [stdout] error[E0412]: cannot find type `Graph` in module `rap`
[INFO] [stdout]  --> src/graph_loader/example/neo4j_examples.rs:6:39
[INFO] [stdout]   |
[INFO] [stdout] 6 | fn load_movies(row: Row, graph: &rap::Graph) {
[INFO] [stdout]   |                                       ^^^^^ not found in `rap`
[INFO] [stdout]   |
[INFO] [stdout] help: consider importing one of these items
[INFO] [stdout]   |
[INFO] [stdout] 1 + use crate::graph_loader::example::neo4j_examples::rap::graph::Graph;
[INFO] [stdout]   |
[INFO] [stdout] 1 + use neo4rs::Graph;
[INFO] [stdout]   |
[INFO] [stdout] 1 + use raphtory::prelude::Graph;
[INFO] [stdout]   |
[INFO] [stdout] help: if you import `Graph`, refer to it directly
[INFO] [stdout]   |
[INFO] [stdout] 6 - fn load_movies(row: Row, graph: &rap::Graph) {
[INFO] [stdout] 6 + fn load_movies(row: Row, graph: &Graph) {
[INFO] [stdout]   |
[INFO] [stdout] 
[INFO] [stdout] 
[INFO] [stdout] error[E0412]: cannot find type `Graph` in module `rap`
[INFO] [stdout]   --> src/graph_loader/example/neo4j_examples.rs:57:11
[INFO] [stdout]    |
[INFO] [stdout] 57 | ) -> rap::Graph {
[INFO] [stdout]    |           ^^^^^ not found in `rap`
[INFO] [stdout]    |
[INFO] [stdout] help: consider importing one of these items
[INFO] [stdout]    |
[INFO] [stdout] 1  + use crate::graph_loader::example::neo4j_examples::rap::graph::Graph;
[INFO] [stdout]    |
[INFO] [stdout] 1  + use neo4rs::Graph;
[INFO] [stdout]    |
[INFO] [stdout] 1  + use raphtory::prelude::Graph;
[INFO] [stdout]    |
[INFO] [stdout] help: if you import `Graph`, refer to it directly
[INFO] [stdout]    |
[INFO] [stdout] 57 - ) -> rap::Graph {
[INFO] [stdout] 57 + ) -> Graph {
[INFO] [stdout]    |
[INFO] [stdout] 
[INFO] [stdout] 
[INFO] [stdout] error[E0433]: failed to resolve: could not find `Graph` in `rap`
[INFO] [stdout]   --> src/graph_loader/example/neo4j_examples.rs:58:18
[INFO] [stdout]    |
[INFO] [stdout] 58 |     let g = rap::Graph::new(shards);
[INFO] [stdout]    |                  ^^^^^ could not find `Graph` in `rap`
[INFO] [stdout]    |
[INFO] [stdout] help: consider importing one of these items
[INFO] [stdout]    |
[INFO] [stdout] 1  + use crate::graph_loader::example::neo4j_examples::rap::graph::Graph;
[INFO] [stdout]    |
[INFO] [stdout] 1  + use neo4rs::Graph;
[INFO] [stdout]    |
[INFO] [stdout] 1  + use raphtory::prelude::Graph;
[INFO] [stdout]    |
[INFO] [stdout] help: if you import `Graph`, refer to it directly
[INFO] [stdout]    |
[INFO] [stdout] 58 -     let g = rap::Graph::new(shards);
[INFO] [stdout] 58 +     let g = Graph::new(shards);
[INFO] [stdout]    |
[INFO] [stdout] 
[INFO] [stdout] 
[INFO] [stdout] error[E0412]: cannot find type `Graph` in module `rap`
[INFO] [stdout]   --> src/graph_loader/source/neo4j_loader.rs:36:18
[INFO] [stdout]    |
[INFO] [stdout] 36 |         g: &rap::Graph,
[INFO] [stdout]    |                  ^^^^^ not found in `rap`
[INFO] [stdout]    |
[INFO] [stdout] help: consider importing one of these items
[INFO] [stdout]    |
[INFO] [stdout] 1  + use crate::graph_loader::source::neo4j_loader::rap::graph::Graph;
[INFO] [stdout]    |
[INFO] [stdout] 1  + use neo4rs::Graph;
[INFO] [stdout]    |
[INFO] [stdout] 1  + use raphtory::prelude::Graph;
[INFO] [stdout]    |
[INFO] [stdout] help: if you import `Graph`, refer to it directly
[INFO] [stdout]    |
[INFO] [stdout] 36 -         g: &rap::Graph,
[INFO] [stdout] 36 +         g: &Graph,
[INFO] [stdout]    |
[INFO] [stdout] 
[INFO] [stdout] 
[INFO] [stdout] error[E0412]: cannot find type `Graph` in module `rap`
[INFO] [stdout]   --> src/graph_loader/source/neo4j_loader.rs:38:31
[INFO] [stdout]    |
[INFO] [stdout] 38 |         loader: fn(Row, &rap::Graph),
[INFO] [stdout]    |                               ^^^^^ not found in `rap`
[INFO] [stdout]    |
[INFO] [stdout] help: consider importing one of these items
[INFO] [stdout]    |
[INFO] [stdout] 1  + use crate::graph_loader::source::neo4j_loader::rap::graph::Graph;
[INFO] [stdout]    |
[INFO] [stdout] 1  + use neo4rs::Graph;
[INFO] [stdout]    |
[INFO] [stdout] 1  + use raphtory::prelude::Graph;
[INFO] [stdout]    |
[INFO] [stdout] help: if you import `Graph`, refer to it directly
[INFO] [stdout]    |
[INFO] [stdout] 38 -         loader: fn(Row, &rap::Graph),
[INFO] [stdout] 38 +         loader: fn(Row, &Graph),
[INFO] [stdout]    |
[INFO] [stdout] 
[INFO] [stdout] 
[INFO] [stdout] warning: unused import: `ZipFile`
[INFO] [stdout]   --> src/graph_loader/mod.rs:28:29
[INFO] [stdout]    |
[INFO] [stdout] 28 | use zip::read::{ZipArchive, ZipFile};
[INFO] [stdout]    |                             ^^^^^^^
[INFO] [stdout]    |
[INFO] [stdout]    = note: `#[warn(unused_imports)]` on by default
[INFO] [stdout] 
[INFO] [stdout] 
[INFO] [stdout] warning: unused import: `std::fs::File`
[INFO] [stdout]  --> src/graph_loader/example/stable_coins.rs:9:5
[INFO] [stdout]   |
[INFO] [stdout] 9 | use std::fs::File;
[INFO] [stdout]   |     ^^^^^^^^^^^^^
[INFO] [stdout] 
[INFO] [stdout] 
[INFO] [stdout] warning: unused imports: `Cursor`, `copy`
[INFO] [stdout]   --> src/graph_loader/example/stable_coins.rs:10:15
[INFO] [stdout]    |
[INFO] [stdout] 10 | use std::io::{copy, Cursor};
[INFO] [stdout]    |               ^^^^  ^^^^^^
[INFO] [stdout] 
[INFO] [stdout] 
[INFO] [stdout] warning: unused import: `Path`
[INFO] [stdout]   --> src/graph_loader/example/stable_coins.rs:11:17
[INFO] [stdout]    |
[INFO] [stdout] 11 | use std::path::{Path, PathBuf};
[INFO] [stdout]    |                 ^^^^
[INFO] [stdout] 
[INFO] [stdout] 
[INFO] [stdout] warning: unused import: `std::time::Duration`
[INFO] [stdout]   --> src/graph_loader/example/stable_coins.rs:12:5
[INFO] [stdout]    |
[INFO] [stdout] 12 | use std::time::Duration;
[INFO] [stdout]    |     ^^^^^^^^^^^^^^^^^^^
[INFO] [stdout] 
[INFO] [stdout] 
[INFO] [stdout] error[E0425]: cannot find function `config` in this scope
[INFO] [stdout]   --> src/graph_loader/source/neo4j_loader.rs:16:22
[INFO] [stdout]    |
[INFO] [stdout] 16 |         let config = config()
[INFO] [stdout]    |                      ^^^^^^ not found in this scope
[INFO] [stdout] 
[INFO] [stdout] 
[INFO] [stdout] error: aborting due to 16 previous errors; 5 warnings emitted
[INFO] [stdout] 
[INFO] [stdout] 
[INFO] [stdout] Some errors have detailed explanations: E0412, E0425, E0432, E0433.
[INFO] [stdout] 
[INFO] [stdout] For more information about an error, try `rustc --explain E0412`.
[INFO] [stdout] 
[INFO] [stderr] error: could not compile `raphtory-io` (lib) due to 17 previous errors; 5 warnings emitted
[INFO] [stderr] warning: build failed, waiting for other jobs to finish...
[INFO] running `Command { std: "docker" "inspect" "ee509105a2cd8a05c67f12d80ea8232bee116bf936fd49e17d841765d3235e40", kill_on_drop: false }`
[INFO] running `Command { std: "docker" "rm" "-f" "ee509105a2cd8a05c67f12d80ea8232bee116bf936fd49e17d841765d3235e40", kill_on_drop: false }`
[INFO] [stdout] ee509105a2cd8a05c67f12d80ea8232bee116bf936fd49e17d841765d3235e40
