[INFO] fetching crate ranged_type 0.1.0...
[INFO] testing ranged_type-0.1.0 against 1.75.0 for beta-1.76-1
[INFO] extracting crate ranged_type 0.1.0 into /workspace/builds/worker-2-tc1/source
[INFO] validating manifest of crates.io crate ranged_type 0.1.0 on toolchain 1.75.0
[INFO] running `Command { std: CARGO_HOME="/workspace/cargo-home" RUSTUP_HOME="/workspace/rustup-home" "/workspace/cargo-home/bin/cargo" "+1.75.0" "metadata" "--manifest-path" "Cargo.toml" "--no-deps", kill_on_drop: false }`
[INFO] removed /workspace/builds/worker-2-tc1/source/rust-toolchain
[INFO] started tweaking crates.io crate ranged_type 0.1.0
[INFO] finished tweaking crates.io crate ranged_type 0.1.0
[INFO] tweaked toml for crates.io crate ranged_type 0.1.0 written to /workspace/builds/worker-2-tc1/source/Cargo.toml
[INFO] running `Command { std: CARGO_HOME="/workspace/cargo-home" RUSTUP_HOME="/workspace/rustup-home" "/workspace/cargo-home/bin/cargo" "+1.75.0" "generate-lockfile" "--manifest-path" "Cargo.toml", kill_on_drop: false }`
[INFO] [stderr]     Updating crates.io index
[INFO] running `Command { std: CARGO_HOME="/workspace/cargo-home" RUSTUP_HOME="/workspace/rustup-home" "/workspace/cargo-home/bin/cargo" "+1.75.0" "fetch" "--manifest-path" "Cargo.toml", kill_on_drop: false }`
[INFO] [stderr]  Downloading crates ...
[INFO] [stderr]   Downloaded assert2 v0.3.11
[INFO] [stderr]   Downloaded assert2-macros v0.3.11
[INFO] [stderr]   Downloaded arith_traits v0.1.0
[INFO] [stderr]   Downloaded arith_wrappers v0.1.0
[INFO] running `Command { std: "docker" "create" "-v" "/var/lib/crater-agent-workspace/builds/worker-2-tc1/target:/opt/rustwide/target:rw,Z" "-v" "/var/lib/crater-agent-workspace/builds/worker-2-tc1/source:/opt/rustwide/workdir:ro,Z" "-v" "/var/lib/crater-agent-workspace/cargo-home:/opt/rustwide/cargo-home:ro,Z" "-v" "/var/lib/crater-agent-workspace/rustup-home:/opt/rustwide/rustup-home:ro,Z" "-e" "SOURCE_DIR=/opt/rustwide/workdir" "-e" "CARGO_TARGET_DIR=/opt/rustwide/target" "-e" "CARGO_HOME=/opt/rustwide/cargo-home" "-e" "RUSTUP_HOME=/opt/rustwide/rustup-home" "-w" "/opt/rustwide/workdir" "-m" "1610612736" "--user" "0:0" "--network" "none" "ghcr.io/rust-lang/crates-build-env/linux@sha256:2788e3201cd34a07e3172128adcd8b3090168a8e3bcc40d7c032b9dda1df7d1c" "/opt/rustwide/cargo-home/bin/cargo" "+1.75.0" "metadata" "--no-deps" "--format-version=1", kill_on_drop: false }`
[INFO] [stdout] bbe66a8b1cc40291b1e25ea41fd501818f1b567e9f5ce4b6887294904b5b799b
[INFO] running `Command { std: "docker" "start" "-a" "bbe66a8b1cc40291b1e25ea41fd501818f1b567e9f5ce4b6887294904b5b799b", kill_on_drop: false }`
[INFO] running `Command { std: "docker" "inspect" "bbe66a8b1cc40291b1e25ea41fd501818f1b567e9f5ce4b6887294904b5b799b", kill_on_drop: false }`
[INFO] running `Command { std: "docker" "rm" "-f" "bbe66a8b1cc40291b1e25ea41fd501818f1b567e9f5ce4b6887294904b5b799b", kill_on_drop: false }`
[INFO] [stdout] bbe66a8b1cc40291b1e25ea41fd501818f1b567e9f5ce4b6887294904b5b799b
[INFO] running `Command { std: "docker" "create" "-v" "/var/lib/crater-agent-workspace/builds/worker-2-tc1/target:/opt/rustwide/target:rw,Z" "-v" "/var/lib/crater-agent-workspace/builds/worker-2-tc1/source:/opt/rustwide/workdir:ro,Z" "-v" "/var/lib/crater-agent-workspace/cargo-home:/opt/rustwide/cargo-home:ro,Z" "-v" "/var/lib/crater-agent-workspace/rustup-home:/opt/rustwide/rustup-home:ro,Z" "-e" "SOURCE_DIR=/opt/rustwide/workdir" "-e" "CARGO_TARGET_DIR=/opt/rustwide/target" "-e" "CARGO_INCREMENTAL=0" "-e" "RUST_BACKTRACE=full" "-e" "RUSTFLAGS=--cap-lints=warn" "-e" "RUSTDOCFLAGS=--cap-lints=warn" "-e" "CARGO_HOME=/opt/rustwide/cargo-home" "-e" "RUSTUP_HOME=/opt/rustwide/rustup-home" "-w" "/opt/rustwide/workdir" "-m" "1610612736" "--user" "0:0" "--network" "none" "ghcr.io/rust-lang/crates-build-env/linux@sha256:2788e3201cd34a07e3172128adcd8b3090168a8e3bcc40d7c032b9dda1df7d1c" "/opt/rustwide/cargo-home/bin/cargo" "+1.75.0" "build" "--frozen" "--message-format=json", kill_on_drop: false }`
[INFO] [stdout] 37850aa3b86013d36eb386993d87384a318625414ed4ffa5a69bd28a33010f58
[INFO] running `Command { std: "docker" "start" "-a" "37850aa3b86013d36eb386993d87384a318625414ed4ffa5a69bd28a33010f58", kill_on_drop: false }`
[INFO] [stderr]    Compiling thiserror v1.0.56
[INFO] [stderr]    Compiling thiserror-impl v1.0.56
[INFO] [stderr]    Compiling num-traits v0.2.17
[INFO] [stderr]    Compiling arith_traits v0.1.0
[INFO] [stderr]    Compiling arith_wrappers v0.1.0
[INFO] [stderr]    Compiling ranged_type v0.1.0 (/opt/rustwide/workdir)
[INFO] [stdout] error[E0557]: feature has been removed
[INFO] [stdout]  --> src/lib.rs:4:5
[INFO] [stdout]   |
[INFO] [stdout] 4 |     const_evaluatable_checked,
[INFO] [stdout]   |     ^^^^^^^^^^^^^^^^^^^^^^^^^ feature has been removed
[INFO] [stdout]   |
[INFO] [stdout]   = note: renamed to `generic_const_exprs`
[INFO] [stdout] 
[INFO] [stdout] 
[INFO] [stdout] error[E0557]: feature has been removed
[INFO] [stdout]  --> src/lib.rs:5:5
[INFO] [stdout]   |
[INFO] [stdout] 5 |     const_fn,
[INFO] [stdout]   |     ^^^^^^^^ feature has been removed
[INFO] [stdout]   |
[INFO] [stdout]   = note: split into finer-grained feature gates
[INFO] [stdout] 
[INFO] [stdout] 
[INFO] [stdout] error[E0557]: feature has been removed
[INFO] [stdout]  --> src/lib.rs:6:5
[INFO] [stdout]   |
[INFO] [stdout] 6 |     const_generics,
[INFO] [stdout]   |     ^^^^^^^^^^^^^^ feature has been removed
[INFO] [stdout]   |
[INFO] [stdout]   = note: removed in favor of `#![feature(adt_const_params)]` and `#![feature(generic_const_exprs)]`
[INFO] [stdout] 
[INFO] [stdout] 
[INFO] [stdout] error: generic parameters may not be used in const operations
[INFO] [stdout]  --> src/ranged_i32/add/ranged_i32.rs:9:17
[INFO] [stdout]   |
[INFO] [stdout] 9 |     RangedI32<{ START + START_RHS }, { END + END_RHS - 1 }>: ,
[INFO] [stdout]   |                 ^^^^^ cannot perform const operation using `START`
[INFO] [stdout]   |
[INFO] [stdout]   = help: const parameters may only be used as standalone arguments, i.e. `START`
[INFO] [stdout] 
[INFO] [stdout] 
[INFO] [stdout] error: generic parameters may not be used in const operations
[INFO] [stdout]  --> src/ranged_i32/add/ranged_i32.rs:9:25
[INFO] [stdout]   |
[INFO] [stdout] 9 |     RangedI32<{ START + START_RHS }, { END + END_RHS - 1 }>: ,
[INFO] [stdout]   |                         ^^^^^^^^^ cannot perform const operation using `START_RHS`
[INFO] [stdout]   |
[INFO] [stdout]   = help: const parameters may only be used as standalone arguments, i.e. `START_RHS`
[INFO] [stdout] 
[INFO] [stdout] 
[INFO] [stdout] error: generic parameters may not be used in const operations
[INFO] [stdout]  --> src/ranged_i32/add/ranged_i32.rs:9:40
[INFO] [stdout]   |
[INFO] [stdout] 9 |     RangedI32<{ START + START_RHS }, { END + END_RHS - 1 }>: ,
[INFO] [stdout]   |                                        ^^^ cannot perform const operation using `END`
[INFO] [stdout]   |
[INFO] [stdout]   = help: const parameters may only be used as standalone arguments, i.e. `END`
[INFO] [stdout] 
[INFO] [stdout] 
[INFO] [stdout] error: generic parameters may not be used in const operations
[INFO] [stdout]  --> src/ranged_i32/add/ranged_i32.rs:9:46
[INFO] [stdout]   |
[INFO] [stdout] 9 |     RangedI32<{ START + START_RHS }, { END + END_RHS - 1 }>: ,
[INFO] [stdout]   |                                              ^^^^^^^ cannot perform const operation using `END_RHS`
[INFO] [stdout]   |
[INFO] [stdout]   = help: const parameters may only be used as standalone arguments, i.e. `END_RHS`
[INFO] [stdout] 
[INFO] [stdout] 
[INFO] [stdout] error: generic parameters may not be used in const operations
[INFO] [stdout]   --> src/ranged_i32/add/ranged_i32.rs:12:31
[INFO] [stdout]    |
[INFO] [stdout] 12 |     type Output = RangedI32<{ START + START_RHS }, { END + END_RHS - 1 }>;
[INFO] [stdout]    |                               ^^^^^ cannot perform const operation using `START`
[INFO] [stdout]    |
[INFO] [stdout]    = help: const parameters may only be used as standalone arguments, i.e. `START`
[INFO] [stdout] 
[INFO] [stdout] 
[INFO] [stdout] error: generic parameters may not be used in const operations
[INFO] [stdout]   --> src/ranged_i32/add/ranged_i32.rs:12:39
[INFO] [stdout]    |
[INFO] [stdout] 12 |     type Output = RangedI32<{ START + START_RHS }, { END + END_RHS - 1 }>;
[INFO] [stdout]    |                                       ^^^^^^^^^ cannot perform const operation using `START_RHS`
[INFO] [stdout]    |
[INFO] [stdout]    = help: const parameters may only be used as standalone arguments, i.e. `START_RHS`
[INFO] [stdout] 
[INFO] [stdout] 
[INFO] [stdout] error: generic parameters may not be used in const operations
[INFO] [stdout]   --> src/ranged_i32/add/ranged_i32.rs:12:54
[INFO] [stdout]    |
[INFO] [stdout] 12 |     type Output = RangedI32<{ START + START_RHS }, { END + END_RHS - 1 }>;
[INFO] [stdout]    |                                                      ^^^ cannot perform const operation using `END`
[INFO] [stdout]    |
[INFO] [stdout]    = help: const parameters may only be used as standalone arguments, i.e. `END`
[INFO] [stdout] 
[INFO] [stdout] 
[INFO] [stdout] error: generic parameters may not be used in const operations
[INFO] [stdout]   --> src/ranged_i32/add/ranged_i32.rs:12:60
[INFO] [stdout]    |
[INFO] [stdout] 12 |     type Output = RangedI32<{ START + START_RHS }, { END + END_RHS - 1 }>;
[INFO] [stdout]    |                                                            ^^^^^^^ cannot perform const operation using `END_RHS`
[INFO] [stdout]    |
[INFO] [stdout]    = help: const parameters may only be used as standalone arguments, i.e. `END_RHS`
[INFO] [stdout] 
[INFO] [stdout] 
[INFO] [stdout] error: generic parameters may not be used in const operations
[INFO] [stdout]  --> src/ranged_i32/sub/ranged_i32.rs:9:17
[INFO] [stdout]   |
[INFO] [stdout] 9 |     RangedI32<{ START - END_RHS + 1 }, { END - START_RHS - 1 }>: ,
[INFO] [stdout]   |                 ^^^^^ cannot perform const operation using `START`
[INFO] [stdout]   |
[INFO] [stdout]   = help: const parameters may only be used as standalone arguments, i.e. `START`
[INFO] [stdout] 
[INFO] [stdout] 
[INFO] [stdout] error: generic parameters may not be used in const operations
[INFO] [stdout]  --> src/ranged_i32/sub/ranged_i32.rs:9:25
[INFO] [stdout]   |
[INFO] [stdout] 9 |     RangedI32<{ START - END_RHS + 1 }, { END - START_RHS - 1 }>: ,
[INFO] [stdout]   |                         ^^^^^^^ cannot perform const operation using `END_RHS`
[INFO] [stdout]   |
[INFO] [stdout]   = help: const parameters may only be used as standalone arguments, i.e. `END_RHS`
[INFO] [stdout] 
[INFO] [stdout] 
[INFO] [stdout] error: generic parameters may not be used in const operations
[INFO] [stdout]  --> src/ranged_i32/sub/ranged_i32.rs:9:42
[INFO] [stdout]   |
[INFO] [stdout] 9 |     RangedI32<{ START - END_RHS + 1 }, { END - START_RHS - 1 }>: ,
[INFO] [stdout]   |                                          ^^^ cannot perform const operation using `END`
[INFO] [stdout]   |
[INFO] [stdout]   = help: const parameters may only be used as standalone arguments, i.e. `END`
[INFO] [stdout] 
[INFO] [stdout] 
[INFO] [stdout] error: generic parameters may not be used in const operations
[INFO] [stdout]  --> src/ranged_i32/sub/ranged_i32.rs:9:48
[INFO] [stdout]   |
[INFO] [stdout] 9 |     RangedI32<{ START - END_RHS + 1 }, { END - START_RHS - 1 }>: ,
[INFO] [stdout]   |                                                ^^^^^^^^^ cannot perform const operation using `START_RHS`
[INFO] [stdout]   |
[INFO] [stdout]   = help: const parameters may only be used as standalone arguments, i.e. `START_RHS`
[INFO] [stdout] 
[INFO] [stdout] 
[INFO] [stdout] error: generic parameters may not be used in const operations
[INFO] [stdout]   --> src/ranged_i32/sub/ranged_i32.rs:12:31
[INFO] [stdout]    |
[INFO] [stdout] 12 |     type Output = RangedI32<{ START - END_RHS + 1 }, { END - START_RHS - 1 }>;
[INFO] [stdout]    |                               ^^^^^ cannot perform const operation using `START`
[INFO] [stdout]    |
[INFO] [stdout]    = help: const parameters may only be used as standalone arguments, i.e. `START`
[INFO] [stdout] 
[INFO] [stdout] 
[INFO] [stdout] error: generic parameters may not be used in const operations
[INFO] [stdout]   --> src/ranged_i32/sub/ranged_i32.rs:12:39
[INFO] [stdout]    |
[INFO] [stdout] 12 |     type Output = RangedI32<{ START - END_RHS + 1 }, { END - START_RHS - 1 }>;
[INFO] [stdout]    |                                       ^^^^^^^ cannot perform const operation using `END_RHS`
[INFO] [stdout]    |
[INFO] [stdout]    = help: const parameters may only be used as standalone arguments, i.e. `END_RHS`
[INFO] [stdout] 
[INFO] [stdout] 
[INFO] [stdout] error: generic parameters may not be used in const operations
[INFO] [stdout]   --> src/ranged_i32/sub/ranged_i32.rs:12:56
[INFO] [stdout]    |
[INFO] [stdout] 12 |     type Output = RangedI32<{ START - END_RHS + 1 }, { END - START_RHS - 1 }>;
[INFO] [stdout]    |                                                        ^^^ cannot perform const operation using `END`
[INFO] [stdout]    |
[INFO] [stdout]    = help: const parameters may only be used as standalone arguments, i.e. `END`
[INFO] [stdout] 
[INFO] [stdout] 
[INFO] [stdout] error: generic parameters may not be used in const operations
[INFO] [stdout]   --> src/ranged_i32/sub/ranged_i32.rs:12:62
[INFO] [stdout]    |
[INFO] [stdout] 12 |     type Output = RangedI32<{ START - END_RHS + 1 }, { END - START_RHS - 1 }>;
[INFO] [stdout]    |                                                              ^^^^^^^^^ cannot perform const operation using `START_RHS`
[INFO] [stdout]    |
[INFO] [stdout]    = help: const parameters may only be used as standalone arguments, i.e. `START_RHS`
[INFO] [stdout] 
[INFO] [stdout] 
[INFO] [stdout] error[E0554]: `#![feature]` may not be used on the stable release channel
[INFO] [stdout]  --> src/lib.rs:1:1
[INFO] [stdout]   |
[INFO] [stdout] 1 | / #![feature(
[INFO] [stdout] 2 | |     bool_to_option,
[INFO] [stdout] 3 | |     const_checked_int_methods,
[INFO] [stdout] 4 | |     const_evaluatable_checked,
[INFO] [stdout] ... |
[INFO] [stdout] 8 | |     structural_match
[INFO] [stdout] 9 | | )]
[INFO] [stdout]   | |__^
[INFO] [stdout]   |
[INFO] [stdout]   = help: the feature `const_panic` has been stable since `1.57.0` and no longer requires an attribute to enable
[INFO] [stdout] 
[INFO] [stdout] 
[INFO] [stdout] warning: the feature `const_panic` has been stable since 1.57.0 and no longer requires an attribute to enable
[INFO] [stdout]  --> src/lib.rs:7:5
[INFO] [stdout]   |
[INFO] [stdout] 7 |     const_panic,
[INFO] [stdout]   |     ^^^^^^^^^^^
[INFO] [stdout]   |
[INFO] [stdout]   = note: `#[warn(stable_features)]` on by default
[INFO] [stdout] 
[INFO] [stdout] 
[INFO] [stdout] error[E0554]: `#![feature]` may not be used on the stable release channel
[INFO] [stdout]  --> src/lib.rs:2:5
[INFO] [stdout]   |
[INFO] [stdout] 2 |     bool_to_option,
[INFO] [stdout]   |     ^^^^^^^^^^^^^^
[INFO] [stdout] 
[INFO] [stdout] 
[INFO] [stdout] error[E0554]: `#![feature]` may not be used on the stable release channel
[INFO] [stdout]  --> src/lib.rs:3:5
[INFO] [stdout]   |
[INFO] [stdout] 3 |     const_checked_int_methods,
[INFO] [stdout]   |     ^^^^^^^^^^^^^^^^^^^^^^^^^
[INFO] [stdout] 
[INFO] [stdout] 
[INFO] [stdout] warning: the feature `bool_to_option` has been stable since 1.62.0 and no longer requires an attribute to enable
[INFO] [stdout]  --> src/lib.rs:2:5
[INFO] [stdout]   |
[INFO] [stdout] 2 |     bool_to_option,
[INFO] [stdout]   |     ^^^^^^^^^^^^^^
[INFO] [stdout] 
[INFO] [stdout] 
[INFO] [stdout] warning: the feature `const_checked_int_methods` has been stable since 1.47.0 and no longer requires an attribute to enable
[INFO] [stdout]  --> src/lib.rs:3:5
[INFO] [stdout]   |
[INFO] [stdout] 3 |     const_checked_int_methods,
[INFO] [stdout]   |     ^^^^^^^^^^^^^^^^^^^^^^^^^
[INFO] [stdout] 
[INFO] [stdout] 
[INFO] [stdout] error: aborting due to 22 previous errors; 3 warnings emitted
[INFO] [stdout] 
[INFO] [stdout] 
[INFO] [stdout] Some errors have detailed explanations: E0554, E0557.
[INFO] [stdout] 
[INFO] [stdout] For more information about an error, try `rustc --explain E0554`.
[INFO] [stdout] 
[INFO] [stderr] error: could not compile `ranged_type` (lib) due to 23 previous errors; 3 warnings emitted
[INFO] running `Command { std: "docker" "inspect" "37850aa3b86013d36eb386993d87384a318625414ed4ffa5a69bd28a33010f58", kill_on_drop: false }`
[INFO] running `Command { std: "docker" "rm" "-f" "37850aa3b86013d36eb386993d87384a318625414ed4ffa5a69bd28a33010f58", kill_on_drop: false }`
[INFO] [stdout] 37850aa3b86013d36eb386993d87384a318625414ed4ffa5a69bd28a33010f58
[INFO] testing ranged_type-0.1.0 against beta-2023-12-22 for beta-1.76-1
[INFO] extracting crate ranged_type 0.1.0 into /workspace/builds/worker-2-tc2/source
[INFO] validating manifest of crates.io crate ranged_type 0.1.0 on toolchain beta-2023-12-22
[INFO] running `Command { std: CARGO_HOME="/workspace/cargo-home" RUSTUP_HOME="/workspace/rustup-home" "/workspace/cargo-home/bin/cargo" "+beta-2023-12-22" "metadata" "--manifest-path" "Cargo.toml" "--no-deps", kill_on_drop: false }`
[INFO] removed /workspace/builds/worker-2-tc2/source/rust-toolchain
[INFO] started tweaking crates.io crate ranged_type 0.1.0
[INFO] finished tweaking crates.io crate ranged_type 0.1.0
[INFO] tweaked toml for crates.io crate ranged_type 0.1.0 written to /workspace/builds/worker-2-tc2/source/Cargo.toml
[INFO] running `Command { std: CARGO_HOME="/workspace/cargo-home" RUSTUP_HOME="/workspace/rustup-home" "/workspace/cargo-home/bin/cargo" "+beta-2023-12-22" "generate-lockfile" "--manifest-path" "Cargo.toml", kill_on_drop: false }`
[INFO] [stderr]     Updating crates.io index
[INFO] running `Command { std: CARGO_HOME="/workspace/cargo-home" RUSTUP_HOME="/workspace/rustup-home" "/workspace/cargo-home/bin/cargo" "+beta-2023-12-22" "fetch" "--manifest-path" "Cargo.toml", kill_on_drop: false }`
[INFO] running `Command { std: "docker" "create" "-v" "/var/lib/crater-agent-workspace/builds/worker-2-tc2/target:/opt/rustwide/target:rw,Z" "-v" "/var/lib/crater-agent-workspace/builds/worker-2-tc2/source:/opt/rustwide/workdir:ro,Z" "-v" "/var/lib/crater-agent-workspace/cargo-home:/opt/rustwide/cargo-home:ro,Z" "-v" "/var/lib/crater-agent-workspace/rustup-home:/opt/rustwide/rustup-home:ro,Z" "-e" "SOURCE_DIR=/opt/rustwide/workdir" "-e" "CARGO_TARGET_DIR=/opt/rustwide/target" "-e" "CARGO_HOME=/opt/rustwide/cargo-home" "-e" "RUSTUP_HOME=/opt/rustwide/rustup-home" "-w" "/opt/rustwide/workdir" "-m" "1610612736" "--user" "0:0" "--network" "none" "ghcr.io/rust-lang/crates-build-env/linux@sha256:2788e3201cd34a07e3172128adcd8b3090168a8e3bcc40d7c032b9dda1df7d1c" "/opt/rustwide/cargo-home/bin/cargo" "+beta-2023-12-22" "metadata" "--no-deps" "--format-version=1", kill_on_drop: false }`
[INFO] [stdout] 98f6de65b9b98be156e14d13aaa5464bb9627653e92d6659d02adf5671bdaec9
[INFO] running `Command { std: "docker" "start" "-a" "98f6de65b9b98be156e14d13aaa5464bb9627653e92d6659d02adf5671bdaec9", kill_on_drop: false }`
[INFO] running `Command { std: "docker" "inspect" "98f6de65b9b98be156e14d13aaa5464bb9627653e92d6659d02adf5671bdaec9", kill_on_drop: false }`
[INFO] running `Command { std: "docker" "rm" "-f" "98f6de65b9b98be156e14d13aaa5464bb9627653e92d6659d02adf5671bdaec9", kill_on_drop: false }`
[INFO] [stdout] 98f6de65b9b98be156e14d13aaa5464bb9627653e92d6659d02adf5671bdaec9
[INFO] running `Command { std: "docker" "create" "-v" "/var/lib/crater-agent-workspace/builds/worker-2-tc2/target:/opt/rustwide/target:rw,Z" "-v" "/var/lib/crater-agent-workspace/builds/worker-2-tc2/source:/opt/rustwide/workdir:ro,Z" "-v" "/var/lib/crater-agent-workspace/cargo-home:/opt/rustwide/cargo-home:ro,Z" "-v" "/var/lib/crater-agent-workspace/rustup-home:/opt/rustwide/rustup-home:ro,Z" "-e" "SOURCE_DIR=/opt/rustwide/workdir" "-e" "CARGO_TARGET_DIR=/opt/rustwide/target" "-e" "CARGO_INCREMENTAL=0" "-e" "RUST_BACKTRACE=full" "-e" "RUSTFLAGS=--cap-lints=warn" "-e" "RUSTDOCFLAGS=--cap-lints=warn" "-e" "CARGO_HOME=/opt/rustwide/cargo-home" "-e" "RUSTUP_HOME=/opt/rustwide/rustup-home" "-w" "/opt/rustwide/workdir" "-m" "1610612736" "--user" "0:0" "--network" "none" "ghcr.io/rust-lang/crates-build-env/linux@sha256:2788e3201cd34a07e3172128adcd8b3090168a8e3bcc40d7c032b9dda1df7d1c" "/opt/rustwide/cargo-home/bin/cargo" "+beta-2023-12-22" "build" "--frozen" "--message-format=json", kill_on_drop: false }`
[INFO] [stdout] 457e5bae4898a265147dadd16b3898aa3565f5a971c3cdf0f4ad701894ba9ced
[INFO] running `Command { std: "docker" "start" "-a" "457e5bae4898a265147dadd16b3898aa3565f5a971c3cdf0f4ad701894ba9ced", kill_on_drop: false }`
[INFO] [stderr]    Compiling thiserror v1.0.56
[INFO] [stderr]    Compiling num-traits v0.2.17
[INFO] [stderr]    Compiling thiserror-impl v1.0.56
[INFO] [stderr]    Compiling arith_traits v0.1.0
[INFO] [stderr]    Compiling arith_wrappers v0.1.0
[INFO] [stderr]    Compiling ranged_type v0.1.0 (/opt/rustwide/workdir)
[INFO] [stdout] error[E0557]: feature has been removed
[INFO] [stdout]  --> src/lib.rs:4:5
[INFO] [stdout]   |
[INFO] [stdout] 4 |     const_evaluatable_checked,
[INFO] [stdout]   |     ^^^^^^^^^^^^^^^^^^^^^^^^^ feature has been removed
[INFO] [stdout]   |
[INFO] [stdout]   = note: renamed to `generic_const_exprs`
[INFO] [stdout] 
[INFO] [stdout] 
[INFO] [stdout] error[E0557]: feature has been removed
[INFO] [stdout]  --> src/lib.rs:5:5
[INFO] [stdout]   |
[INFO] [stdout] 5 |     const_fn,
[INFO] [stdout]   |     ^^^^^^^^ feature has been removed
[INFO] [stdout]   |
[INFO] [stdout]   = note: split into finer-grained feature gates
[INFO] [stdout] 
[INFO] [stdout] 
[INFO] [stdout] error[E0557]: feature has been removed
[INFO] [stdout]  --> src/lib.rs:6:5
[INFO] [stdout]   |
[INFO] [stdout] 6 |     const_generics,
[INFO] [stdout]   |     ^^^^^^^^^^^^^^ feature has been removed
[INFO] [stdout]   |
[INFO] [stdout]   = note: removed in favor of `#![feature(adt_const_params)]` and `#![feature(generic_const_exprs)]`
[INFO] [stdout] 
[INFO] [stdout] 
[INFO] [stdout] error: generic parameters may not be used in const operations
[INFO] [stdout]  --> src/ranged_i32/add/ranged_i32.rs:9:17
[INFO] [stdout]   |
[INFO] [stdout] 9 |     RangedI32<{ START + START_RHS }, { END + END_RHS - 1 }>: ,
[INFO] [stdout]   |                 ^^^^^ cannot perform const operation using `START`
[INFO] [stdout]   |
[INFO] [stdout]   = help: const parameters may only be used as standalone arguments, i.e. `START`
[INFO] [stdout] 
[INFO] [stdout] 
[INFO] [stdout] error: generic parameters may not be used in const operations
[INFO] [stdout]  --> src/ranged_i32/add/ranged_i32.rs:9:25
[INFO] [stdout]   |
[INFO] [stdout] 9 |     RangedI32<{ START + START_RHS }, { END + END_RHS - 1 }>: ,
[INFO] [stdout]   |                         ^^^^^^^^^ cannot perform const operation using `START_RHS`
[INFO] [stdout]   |
[INFO] [stdout]   = help: const parameters may only be used as standalone arguments, i.e. `START_RHS`
[INFO] [stdout] 
[INFO] [stdout] 
[INFO] [stdout] error: generic parameters may not be used in const operations
[INFO] [stdout]  --> src/ranged_i32/add/ranged_i32.rs:9:40
[INFO] [stdout]   |
[INFO] [stdout] 9 |     RangedI32<{ START + START_RHS }, { END + END_RHS - 1 }>: ,
[INFO] [stdout]   |                                        ^^^ cannot perform const operation using `END`
[INFO] [stdout]   |
[INFO] [stdout]   = help: const parameters may only be used as standalone arguments, i.e. `END`
[INFO] [stdout] 
[INFO] [stdout] 
[INFO] [stdout] error: generic parameters may not be used in const operations
[INFO] [stdout]  --> src/ranged_i32/add/ranged_i32.rs:9:46
[INFO] [stdout]   |
[INFO] [stdout] 9 |     RangedI32<{ START + START_RHS }, { END + END_RHS - 1 }>: ,
[INFO] [stdout]   |                                              ^^^^^^^ cannot perform const operation using `END_RHS`
[INFO] [stdout]   |
[INFO] [stdout]   = help: const parameters may only be used as standalone arguments, i.e. `END_RHS`
[INFO] [stdout] 
[INFO] [stdout] 
[INFO] [stdout] error: generic parameters may not be used in const operations
[INFO] [stdout]   --> src/ranged_i32/add/ranged_i32.rs:12:31
[INFO] [stdout]    |
[INFO] [stdout] 12 |     type Output = RangedI32<{ START + START_RHS }, { END + END_RHS - 1 }>;
[INFO] [stdout]    |                               ^^^^^ cannot perform const operation using `START`
[INFO] [stdout]    |
[INFO] [stdout]    = help: const parameters may only be used as standalone arguments, i.e. `START`
[INFO] [stdout] 
[INFO] [stdout] 
[INFO] [stdout] error: generic parameters may not be used in const operations
[INFO] [stdout]   --> src/ranged_i32/add/ranged_i32.rs:12:39
[INFO] [stdout]    |
[INFO] [stdout] 12 |     type Output = RangedI32<{ START + START_RHS }, { END + END_RHS - 1 }>;
[INFO] [stdout]    |                                       ^^^^^^^^^ cannot perform const operation using `START_RHS`
[INFO] [stdout]    |
[INFO] [stdout]    = help: const parameters may only be used as standalone arguments, i.e. `START_RHS`
[INFO] [stdout] 
[INFO] [stdout] 
[INFO] [stdout] error: generic parameters may not be used in const operations
[INFO] [stdout]   --> src/ranged_i32/add/ranged_i32.rs:12:54
[INFO] [stdout]    |
[INFO] [stdout] 12 |     type Output = RangedI32<{ START + START_RHS }, { END + END_RHS - 1 }>;
[INFO] [stdout]    |                                                      ^^^ cannot perform const operation using `END`
[INFO] [stdout]    |
[INFO] [stdout]    = help: const parameters may only be used as standalone arguments, i.e. `END`
[INFO] [stdout] 
[INFO] [stdout] 
[INFO] [stdout] error: generic parameters may not be used in const operations
[INFO] [stdout]   --> src/ranged_i32/add/ranged_i32.rs:12:60
[INFO] [stdout]    |
[INFO] [stdout] 12 |     type Output = RangedI32<{ START + START_RHS }, { END + END_RHS - 1 }>;
[INFO] [stdout]    |                                                            ^^^^^^^ cannot perform const operation using `END_RHS`
[INFO] [stdout]    |
[INFO] [stdout]    = help: const parameters may only be used as standalone arguments, i.e. `END_RHS`
[INFO] [stdout] 
[INFO] [stdout] 
[INFO] [stdout] error: generic parameters may not be used in const operations
[INFO] [stdout]  --> src/ranged_i32/sub/ranged_i32.rs:9:17
[INFO] [stdout]   |
[INFO] [stdout] 9 |     RangedI32<{ START - END_RHS + 1 }, { END - START_RHS - 1 }>: ,
[INFO] [stdout]   |                 ^^^^^ cannot perform const operation using `START`
[INFO] [stdout]   |
[INFO] [stdout]   = help: const parameters may only be used as standalone arguments, i.e. `START`
[INFO] [stdout] 
[INFO] [stdout] 
[INFO] [stdout] error: generic parameters may not be used in const operations
[INFO] [stdout]  --> src/ranged_i32/sub/ranged_i32.rs:9:25
[INFO] [stdout]   |
[INFO] [stdout] 9 |     RangedI32<{ START - END_RHS + 1 }, { END - START_RHS - 1 }>: ,
[INFO] [stdout]   |                         ^^^^^^^ cannot perform const operation using `END_RHS`
[INFO] [stdout]   |
[INFO] [stdout]   = help: const parameters may only be used as standalone arguments, i.e. `END_RHS`
[INFO] [stdout] 
[INFO] [stdout] 
[INFO] [stdout] error: generic parameters may not be used in const operations
[INFO] [stdout]  --> src/ranged_i32/sub/ranged_i32.rs:9:42
[INFO] [stdout]   |
[INFO] [stdout] 9 |     RangedI32<{ START - END_RHS + 1 }, { END - START_RHS - 1 }>: ,
[INFO] [stdout]   |                                          ^^^ cannot perform const operation using `END`
[INFO] [stdout]   |
[INFO] [stdout]   = help: const parameters may only be used as standalone arguments, i.e. `END`
[INFO] [stdout] 
[INFO] [stdout] 
[INFO] [stdout] error: generic parameters may not be used in const operations
[INFO] [stdout]  --> src/ranged_i32/sub/ranged_i32.rs:9:48
[INFO] [stdout]   |
[INFO] [stdout] 9 |     RangedI32<{ START - END_RHS + 1 }, { END - START_RHS - 1 }>: ,
[INFO] [stdout]   |                                                ^^^^^^^^^ cannot perform const operation using `START_RHS`
[INFO] [stdout]   |
[INFO] [stdout]   = help: const parameters may only be used as standalone arguments, i.e. `START_RHS`
[INFO] [stdout] 
[INFO] [stdout] 
[INFO] [stdout] error: generic parameters may not be used in const operations
[INFO] [stdout]   --> src/ranged_i32/sub/ranged_i32.rs:12:31
[INFO] [stdout]    |
[INFO] [stdout] 12 |     type Output = RangedI32<{ START - END_RHS + 1 }, { END - START_RHS - 1 }>;
[INFO] [stdout]    |                               ^^^^^ cannot perform const operation using `START`
[INFO] [stdout]    |
[INFO] [stdout]    = help: const parameters may only be used as standalone arguments, i.e. `START`
[INFO] [stdout] 
[INFO] [stdout] 
[INFO] [stdout] error: generic parameters may not be used in const operations
[INFO] [stdout]   --> src/ranged_i32/sub/ranged_i32.rs:12:39
[INFO] [stdout]    |
[INFO] [stdout] 12 |     type Output = RangedI32<{ START - END_RHS + 1 }, { END - START_RHS - 1 }>;
[INFO] [stdout]    |                                       ^^^^^^^ cannot perform const operation using `END_RHS`
[INFO] [stdout]    |
[INFO] [stdout]    = help: const parameters may only be used as standalone arguments, i.e. `END_RHS`
[INFO] [stdout] 
[INFO] [stdout] 
[INFO] [stdout] error: generic parameters may not be used in const operations
[INFO] [stdout]   --> src/ranged_i32/sub/ranged_i32.rs:12:56
[INFO] [stdout]    |
[INFO] [stdout] 12 |     type Output = RangedI32<{ START - END_RHS + 1 }, { END - START_RHS - 1 }>;
[INFO] [stdout]    |                                                        ^^^ cannot perform const operation using `END`
[INFO] [stdout]    |
[INFO] [stdout]    = help: const parameters may only be used as standalone arguments, i.e. `END`
[INFO] [stdout] 
[INFO] [stdout] 
[INFO] [stdout] error: generic parameters may not be used in const operations
[INFO] [stdout]   --> src/ranged_i32/sub/ranged_i32.rs:12:62
[INFO] [stdout]    |
[INFO] [stdout] 12 |     type Output = RangedI32<{ START - END_RHS + 1 }, { END - START_RHS - 1 }>;
[INFO] [stdout]    |                                                              ^^^^^^^^^ cannot perform const operation using `START_RHS`
[INFO] [stdout]    |
[INFO] [stdout]    = help: const parameters may only be used as standalone arguments, i.e. `START_RHS`
[INFO] [stdout] 
[INFO] [stdout] 
[INFO] [stdout] error[E0554]: `#![feature]` may not be used on the beta release channel
[INFO] [stdout]  --> src/lib.rs:1:1
[INFO] [stdout]   |
[INFO] [stdout] 1 | / #![feature(
[INFO] [stdout] 2 | |     bool_to_option,
[INFO] [stdout] 3 | |     const_checked_int_methods,
[INFO] [stdout] 4 | |     const_evaluatable_checked,
[INFO] [stdout] ... |
[INFO] [stdout] 8 | |     structural_match
[INFO] [stdout] 9 | | )]
[INFO] [stdout]   | |__^
[INFO] [stdout]   |
[INFO] [stdout]   = help: the feature `const_panic` has been stable since `1.57.0` and no longer requires an attribute to enable
[INFO] [stdout] 
[INFO] [stdout] 
[INFO] [stdout] warning: the feature `const_panic` has been stable since 1.57.0 and no longer requires an attribute to enable
[INFO] [stdout]  --> src/lib.rs:7:5
[INFO] [stdout]   |
[INFO] [stdout] 7 |     const_panic,
[INFO] [stdout]   |     ^^^^^^^^^^^
[INFO] [stdout]   |
[INFO] [stdout]   = note: `#[warn(stable_features)]` on by default
[INFO] [stdout] 
[INFO] [stdout] 
[INFO] [stdout] error[E0554]: `#![feature]` may not be used on the beta release channel
[INFO] [stdout]  --> src/lib.rs:2:5
[INFO] [stdout]   |
[INFO] [stdout] 2 |     bool_to_option,
[INFO] [stdout]   |     ^^^^^^^^^^^^^^
[INFO] [stdout] 
[INFO] [stdout] 
[INFO] [stdout] error[E0554]: `#![feature]` may not be used on the beta release channel
[INFO] [stdout]  --> src/lib.rs:3:5
[INFO] [stdout]   |
[INFO] [stdout] 3 |     const_checked_int_methods,
[INFO] [stdout]   |     ^^^^^^^^^^^^^^^^^^^^^^^^^
[INFO] [stdout] 
[INFO] [stdout] 
[INFO] [stdout] warning: the feature `bool_to_option` has been stable since 1.62.0 and no longer requires an attribute to enable
[INFO] [stdout]  --> src/lib.rs:2:5
[INFO] [stdout]   |
[INFO] [stdout] 2 |     bool_to_option,
[INFO] [stdout]   |     ^^^^^^^^^^^^^^
[INFO] [stdout] 
[INFO] [stdout] 
[INFO] [stdout] warning: the feature `const_checked_int_methods` has been stable since 1.47.0 and no longer requires an attribute to enable
[INFO] [stdout]  --> src/lib.rs:3:5
[INFO] [stdout]   |
[INFO] [stdout] 3 |     const_checked_int_methods,
[INFO] [stdout]   |     ^^^^^^^^^^^^^^^^^^^^^^^^^
[INFO] [stdout] 
[INFO] [stdout] 
[INFO] [stdout] error: aborting due to 22 previous errors; 3 warnings emitted
[INFO] [stdout] 
[INFO] [stdout] 
[INFO] [stdout] Some errors have detailed explanations: E0554, E0557.
[INFO] [stdout] 
[INFO] [stdout] For more information about an error, try `rustc --explain E0554`.
[INFO] [stdout] 
[INFO] [stderr] error: could not compile `ranged_type` (lib) due to 23 previous errors; 3 warnings emitted
[INFO] running `Command { std: "docker" "inspect" "457e5bae4898a265147dadd16b3898aa3565f5a971c3cdf0f4ad701894ba9ced", kill_on_drop: false }`
[INFO] running `Command { std: "docker" "rm" "-f" "457e5bae4898a265147dadd16b3898aa3565f5a971c3cdf0f4ad701894ba9ced", kill_on_drop: false }`
[INFO] [stdout] 457e5bae4898a265147dadd16b3898aa3565f5a971c3cdf0f4ad701894ba9ced
