[INFO] fetching crate race-solana-types 0.0.10...
[INFO] testing race-solana-types-0.0.10 against 1.75.0 for beta-1.76-1
[INFO] extracting crate race-solana-types 0.0.10 into /workspace/builds/worker-6-tc1/source
[INFO] validating manifest of crates.io crate race-solana-types 0.0.10 on toolchain 1.75.0
[INFO] running `Command { std: CARGO_HOME="/workspace/cargo-home" RUSTUP_HOME="/workspace/rustup-home" "/workspace/cargo-home/bin/cargo" "+1.75.0" "metadata" "--manifest-path" "Cargo.toml" "--no-deps", kill_on_drop: false }`
[INFO] started tweaking crates.io crate race-solana-types 0.0.10
[INFO] finished tweaking crates.io crate race-solana-types 0.0.10
[INFO] tweaked toml for crates.io crate race-solana-types 0.0.10 written to /workspace/builds/worker-6-tc1/source/Cargo.toml
[INFO] running `Command { std: CARGO_HOME="/workspace/cargo-home" RUSTUP_HOME="/workspace/rustup-home" "/workspace/cargo-home/bin/cargo" "+1.75.0" "generate-lockfile" "--manifest-path" "Cargo.toml", kill_on_drop: false }`
[INFO] [stderr]     Updating crates.io index
[INFO] running `Command { std: CARGO_HOME="/workspace/cargo-home" RUSTUP_HOME="/workspace/rustup-home" "/workspace/cargo-home/bin/cargo" "+1.75.0" "fetch" "--manifest-path" "Cargo.toml", kill_on_drop: false }`
[INFO] [stderr]     Blocking waiting for file lock on package cache
[INFO] [stderr]     Blocking waiting for file lock on package cache
[INFO] [stderr]  Downloading crates ...
[INFO] [stderr]   Downloaded solana-logger v1.17.14
[INFO] [stderr]   Downloaded solana-sdk v1.17.14
[INFO] [stderr]   Downloaded solana-zk-token-sdk v1.17.14
[INFO] running `Command { std: "docker" "create" "-v" "/var/lib/crater-agent-workspace/builds/worker-6-tc1/target:/opt/rustwide/target:rw,Z" "-v" "/var/lib/crater-agent-workspace/builds/worker-6-tc1/source:/opt/rustwide/workdir:ro,Z" "-v" "/var/lib/crater-agent-workspace/cargo-home:/opt/rustwide/cargo-home:ro,Z" "-v" "/var/lib/crater-agent-workspace/rustup-home:/opt/rustwide/rustup-home:ro,Z" "-e" "SOURCE_DIR=/opt/rustwide/workdir" "-e" "CARGO_TARGET_DIR=/opt/rustwide/target" "-e" "CARGO_HOME=/opt/rustwide/cargo-home" "-e" "RUSTUP_HOME=/opt/rustwide/rustup-home" "-w" "/opt/rustwide/workdir" "-m" "1610612736" "--user" "0:0" "--network" "none" "ghcr.io/rust-lang/crates-build-env/linux@sha256:2788e3201cd34a07e3172128adcd8b3090168a8e3bcc40d7c032b9dda1df7d1c" "/opt/rustwide/cargo-home/bin/cargo" "+1.75.0" "metadata" "--no-deps" "--format-version=1", kill_on_drop: false }`
[INFO] [stdout] 93d050b49a147b5062bbb5ee714991d9c71ff3094c781ad1ceb88470f5b64c03
[INFO] running `Command { std: "docker" "start" "-a" "93d050b49a147b5062bbb5ee714991d9c71ff3094c781ad1ceb88470f5b64c03", kill_on_drop: false }`
[INFO] running `Command { std: "docker" "inspect" "93d050b49a147b5062bbb5ee714991d9c71ff3094c781ad1ceb88470f5b64c03", kill_on_drop: false }`
[INFO] running `Command { std: "docker" "rm" "-f" "93d050b49a147b5062bbb5ee714991d9c71ff3094c781ad1ceb88470f5b64c03", kill_on_drop: false }`
[INFO] [stdout] 93d050b49a147b5062bbb5ee714991d9c71ff3094c781ad1ceb88470f5b64c03
[INFO] running `Command { std: "docker" "create" "-v" "/var/lib/crater-agent-workspace/builds/worker-6-tc1/target:/opt/rustwide/target:rw,Z" "-v" "/var/lib/crater-agent-workspace/builds/worker-6-tc1/source:/opt/rustwide/workdir:ro,Z" "-v" "/var/lib/crater-agent-workspace/cargo-home:/opt/rustwide/cargo-home:ro,Z" "-v" "/var/lib/crater-agent-workspace/rustup-home:/opt/rustwide/rustup-home:ro,Z" "-e" "SOURCE_DIR=/opt/rustwide/workdir" "-e" "CARGO_TARGET_DIR=/opt/rustwide/target" "-e" "CARGO_INCREMENTAL=0" "-e" "RUST_BACKTRACE=full" "-e" "RUSTFLAGS=--cap-lints=warn" "-e" "RUSTDOCFLAGS=--cap-lints=warn" "-e" "CARGO_HOME=/opt/rustwide/cargo-home" "-e" "RUSTUP_HOME=/opt/rustwide/rustup-home" "-w" "/opt/rustwide/workdir" "-m" "1610612736" "--user" "0:0" "--network" "none" "ghcr.io/rust-lang/crates-build-env/linux@sha256:2788e3201cd34a07e3172128adcd8b3090168a8e3bcc40d7c032b9dda1df7d1c" "/opt/rustwide/cargo-home/bin/cargo" "+1.75.0" "build" "--frozen" "--message-format=json", kill_on_drop: false }`
[INFO] [stdout] 77a27ac851f0bbb330e22575797c7110e35a7f9ba9c68f1fa5856f8e8137ad2b
[INFO] running `Command { std: "docker" "start" "-a" "77a27ac851f0bbb330e22575797c7110e35a7f9ba9c68f1fa5856f8e8137ad2b", kill_on_drop: false }`
[INFO] [stderr]    Compiling proc-macro2 v1.0.75
[INFO] [stderr]    Compiling serde v1.0.194
[INFO] [stderr]    Compiling libc v0.2.151
[INFO] [stderr]    Compiling subtle v2.4.1
[INFO] [stderr]    Compiling syn v1.0.109
[INFO] [stderr]    Compiling once_cell v1.19.0
[INFO] [stderr]    Compiling semver v1.0.21
[INFO] [stderr]    Compiling getrandom v0.1.16
[INFO] [stderr]    Compiling generic-array v0.14.7
[INFO] [stderr]    Compiling num-traits v0.2.17
[INFO] [stderr]    Compiling ahash v0.8.7
[INFO] [stderr]    Compiling num-integer v0.1.45
[INFO] [stderr]    Compiling either v1.9.0
[INFO] [stderr]    Compiling crunchy v0.2.2
[INFO] [stderr]    Compiling num-bigint v0.4.4
[INFO] [stderr]    Compiling zerocopy v0.7.32
[INFO] [stderr]    Compiling crossbeam-utils v0.8.18
[INFO] [stderr]    Compiling jobserver v0.1.27
[INFO] [stderr]    Compiling paste v1.0.14
[INFO] [stderr]    Compiling block-padding v0.2.1
[INFO] [stderr]    Compiling rustc_version v0.4.0
[INFO] [stderr]    Compiling cc v1.0.83
[INFO] [stderr]    Compiling wasm-bindgen-shared v0.2.89
[INFO] [stderr]    Compiling itertools v0.10.5
[INFO] [stderr]    Compiling digest v0.9.0
[INFO] [stderr]    Compiling byteorder v1.5.0
[INFO] [stderr]    Compiling rayon-core v1.12.0
[INFO] [stderr]    Compiling quote v1.0.35
[INFO] [stderr]    Compiling libsecp256k1-core v0.2.2
[INFO] [stderr]    Compiling hashbrown v0.14.3
[INFO] [stderr]    Compiling crossbeam-epoch v0.9.17
[INFO] [stderr]    Compiling thiserror v1.0.56
[INFO] [stderr]    Compiling equivalent v1.0.1
[INFO] [stderr]    Compiling syn v2.0.48
[INFO] [stderr]    Compiling ahash v0.7.7
[INFO] [stderr]    Compiling crossbeam-deque v0.8.4
[INFO] [stderr]    Compiling log v0.4.20
[INFO] [stderr]    Compiling toml_datetime v0.6.5
[INFO] [stderr]    Compiling bumpalo v3.14.0
[INFO] [stderr]    Compiling feature-probe v0.1.1
[INFO] [stderr]    Compiling winnow v0.5.32
[INFO] [stderr]    Compiling indexmap v2.1.0
[INFO] [stderr]    Compiling solana-frozen-abi-macro v1.17.14
[INFO] [stderr]    Compiling bv v0.11.1
[INFO] [stderr]    Compiling libsecp256k1-gen-ecmult v0.2.1
[INFO] [stderr]    Compiling libsecp256k1-gen-genmult v0.2.1
[INFO] [stderr]    Compiling bitmaps v2.1.0
[INFO] [stderr]    Compiling im v15.1.0
[INFO] [stderr]    Compiling keccak v0.1.4
[INFO] [stderr]    Compiling getrandom v0.2.11
[INFO] [stderr]    Compiling fnv v1.0.7
[INFO] [stderr]    Compiling rand_core v0.6.4
[INFO] [stderr]    Compiling rand_core v0.5.1
[INFO] [stderr]    Compiling rustversion v1.0.14
[INFO] [stderr]    Compiling tinyvec_macros v0.1.1
[INFO] [stderr]    Compiling rand_chacha v0.3.1
[INFO] [stderr]    Compiling anyhow v1.0.79
[INFO] [stderr]    Compiling rand_chacha v0.2.2
[INFO] [stderr]    Compiling arrayref v0.3.7
[INFO] [stderr]    Compiling serde_json v1.0.111
[INFO] [stderr]    Compiling rand_xoshiro v0.6.0
[INFO] [stderr]    Compiling tinyvec v1.6.0
[INFO] [stderr]    Compiling hashbrown v0.13.2
[INFO] [stderr]    Compiling rand v0.8.5
[INFO] [stderr]    Compiling rayon v1.8.0
[INFO] [stderr]    Compiling rand v0.7.3
[INFO] [stderr]    Compiling sized-chunks v0.6.5
[INFO] [stderr]    Compiling ark-std v0.4.0
[INFO] [stderr]    Compiling libsecp256k1 v0.6.0
[INFO] [stderr]    Compiling solana-frozen-abi v1.17.14
[INFO] [stderr]    Compiling memoffset v0.9.0
[INFO] [stderr]    Compiling ident_case v1.0.1
[INFO] [stderr]    Compiling memchr v2.7.1
[INFO] [stderr]    Compiling blake3 v1.5.0
[INFO] [stderr]    Compiling strsim v0.10.0
[INFO] [stderr]    Compiling ryu v1.0.16
[INFO] [stderr]    Compiling itoa v1.0.10
[INFO] [stderr]    Compiling bs58 v0.4.0
[INFO] [stderr]    Compiling constant_time_eq v0.3.0
[INFO] [stderr]    Compiling wasm-bindgen v0.2.89
[INFO] [stderr]    Compiling arrayvec v0.7.4
[INFO] [stderr]    Compiling unicode-normalization v0.1.22
[INFO] [stderr]    Compiling solana-program v1.17.14
[INFO] [stderr]    Compiling hashbrown v0.11.2
[INFO] [stderr]    Compiling toml_edit v0.19.15
[INFO] [stderr]    Compiling aho-corasick v1.1.2
[INFO] [stderr]    Compiling toml v0.5.11
[INFO] [stderr]    Compiling memmap2 v0.5.10
[INFO] [stderr]    Compiling base64 v0.12.3
[INFO] [stderr]    Compiling rustc-hash v1.1.0
[INFO] [stderr]    Compiling regex-syntax v0.8.2
[INFO] [stderr]    Compiling signature v1.6.4
[INFO] [stderr]    Compiling base64 v0.21.5
[INFO] [stderr]    Compiling atty v0.2.14
[INFO] [stderr]    Compiling termcolor v1.4.0
[INFO] [stderr]    Compiling humantime v2.1.0
[INFO] [stderr]    Compiling ed25519 v1.5.3
[INFO] [stderr]    Compiling solana-sdk v1.17.14
[INFO] [stderr]    Compiling percent-encoding v2.3.1
[INFO] [stderr]    Compiling derivation-path v0.2.0
[INFO] [stderr]    Compiling qstring v0.7.2
[INFO] [stderr]    Compiling uriparse v0.6.4
[INFO] [stderr]    Compiling chrono v0.4.31
[INFO] [stderr]    Compiling assert_matches v1.5.0
[INFO] [stderr]    Compiling wasm-bindgen-backend v0.2.89
[INFO] [stderr]    Compiling darling_core v0.20.3
[INFO] [stderr]    Compiling proc-macro-crate v0.1.5
[INFO] [stderr]    Compiling borsh-derive-internal v0.10.3
[INFO] [stderr]    Compiling borsh-schema-derive-internal v0.10.3
[INFO] [stderr]    Compiling borsh-schema-derive-internal v0.9.3
[INFO] [stderr]    Compiling proc-macro-crate v1.3.1
[INFO] [stderr]    Compiling borsh-derive-internal v0.9.3
[INFO] [stderr]    Compiling regex-automata v0.4.3
[INFO] [stderr]    Compiling wasm-bindgen-macro-support v0.2.89
[INFO] [stderr]    Compiling serde_derive v1.0.194
[INFO] [stderr]    Compiling zeroize_derive v1.4.2
[INFO] [stderr]    Compiling thiserror-impl v1.0.56
[INFO] [stderr]    Compiling bytemuck_derive v1.5.0
[INFO] [stderr]    Compiling solana-sdk-macro v1.17.14
[INFO] [stderr]    Compiling ark-serialize-derive v0.4.2
[INFO] [stderr]    Compiling derivative v2.2.0
[INFO] [stderr]    Compiling ark-ff-macros v0.4.2
[INFO] [stderr]    Compiling ark-ff-asm v0.4.2
[INFO] [stderr]    Compiling wasm-bindgen-macro v0.2.89
[INFO] [stderr]    Compiling borsh-derive v0.9.3
[INFO] [stderr]    Compiling borsh-derive v0.10.3
[INFO] [stderr]    Compiling num-derive v0.3.3
[INFO] [stderr]    Compiling darling_macro v0.20.3
[INFO] [stderr]    Compiling num_enum_derive v0.6.1
[INFO] [stderr]    Compiling num_enum_derive v0.5.11
[INFO] [stderr]    Compiling zeroize v1.3.0
[INFO] [stderr]    Compiling qualifier_attr v0.2.2
[INFO] [stderr]    Compiling merlin v3.0.0
[INFO] [stderr]    Compiling borsh v0.9.3
[INFO] [stderr]    Compiling borsh v0.10.3
[INFO] [stderr]    Compiling darling v0.20.3
[INFO] [stderr]    Compiling serde_with_macros v2.3.3
[INFO] [stderr]    Compiling bytemuck v1.14.0
[INFO] [stderr]    Compiling regex v1.10.2
[INFO] [stderr]    Compiling env_logger v0.9.3
[INFO] [stderr]    Compiling solana-logger v1.17.14
[INFO] [stderr]    Compiling num_enum v0.6.1
[INFO] [stderr]    Compiling num_enum v0.5.11
[INFO] [stderr]    Compiling serde_bytes v0.11.14
[INFO] [stderr]    Compiling bitflags v2.4.1
[INFO] [stderr]    Compiling bincode v1.3.3
[INFO] [stderr]    Compiling serde_with v2.3.3
[INFO] [stderr]    Compiling crypto-common v0.1.6
[INFO] [stderr]    Compiling block-buffer v0.10.4
[INFO] [stderr]    Compiling block-buffer v0.9.0
[INFO] [stderr]    Compiling crypto-mac v0.8.0
[INFO] [stderr]    Compiling cipher v0.3.0
[INFO] [stderr]    Compiling universal-hash v0.4.1
[INFO] [stderr]    Compiling aead v0.4.3
[INFO] [stderr]    Compiling pbkdf2 v0.4.0
[INFO] [stderr]    Compiling polyval v0.5.3
[INFO] [stderr]    Compiling digest v0.10.7
[INFO] [stderr]    Compiling sha2 v0.9.9
[INFO] [stderr]    Compiling hmac v0.8.1
[INFO] [stderr]    Compiling curve25519-dalek v3.2.1
[INFO] [stderr]    Compiling sha3 v0.9.1
[INFO] [stderr]    Compiling ctr v0.8.0
[INFO] [stderr]    Compiling aes v0.7.5
[INFO] [stderr]    Compiling hmac-drbg v0.3.0
[INFO] [stderr]    Compiling ark-serialize v0.4.2
[INFO] [stderr]    Compiling sha2 v0.10.8
[INFO] [stderr]    Compiling sha3 v0.10.8
[INFO] [stderr]    Compiling hmac v0.12.1
[INFO] [stderr]    Compiling pbkdf2 v0.11.0
[INFO] [stderr]    Compiling tiny-bip39 v0.8.2
[INFO] [stderr]    Compiling ark-ff v0.4.2
[INFO] [stderr]    Compiling aes-gcm-siv v0.10.3
[INFO] [stderr]    Compiling ed25519-dalek v1.0.1
[INFO] [stderr]    Compiling ed25519-dalek-bip32 v0.2.0
[INFO] [stderr]    Compiling ark-poly v0.4.2
[INFO] [stderr]    Compiling ark-ec v0.4.2
[INFO] [stderr]    Compiling ark-bn254 v0.4.0
[INFO] [stderr]    Compiling light-poseidon v0.2.0
[INFO] [stderr]    Compiling spl-memo v3.0.1
[INFO] [stderr]    Compiling spl-token v3.5.0
[INFO] [stderr]    Compiling solana-zk-token-sdk v1.17.14
[INFO] [stderr]    Compiling spl-token-2022 v0.6.1
[INFO] [stderr]    Compiling spl-associated-token-account v1.1.3
[INFO] [stderr]    Compiling race-solana-types v0.0.10 (/opt/rustwide/workdir)
[INFO] [stderr]     Finished dev [unoptimized + debuginfo] target(s) in 1m 17s
[INFO] running `Command { std: "docker" "inspect" "77a27ac851f0bbb330e22575797c7110e35a7f9ba9c68f1fa5856f8e8137ad2b", kill_on_drop: false }`
[INFO] running `Command { std: "docker" "rm" "-f" "77a27ac851f0bbb330e22575797c7110e35a7f9ba9c68f1fa5856f8e8137ad2b", kill_on_drop: false }`
[INFO] [stdout] 77a27ac851f0bbb330e22575797c7110e35a7f9ba9c68f1fa5856f8e8137ad2b
[INFO] running `Command { std: "docker" "create" "-v" "/var/lib/crater-agent-workspace/builds/worker-6-tc1/target:/opt/rustwide/target:rw,Z" "-v" "/var/lib/crater-agent-workspace/builds/worker-6-tc1/source:/opt/rustwide/workdir:ro,Z" "-v" "/var/lib/crater-agent-workspace/cargo-home:/opt/rustwide/cargo-home:ro,Z" "-v" "/var/lib/crater-agent-workspace/rustup-home:/opt/rustwide/rustup-home:ro,Z" "-e" "SOURCE_DIR=/opt/rustwide/workdir" "-e" "CARGO_TARGET_DIR=/opt/rustwide/target" "-e" "CARGO_INCREMENTAL=0" "-e" "RUST_BACKTRACE=full" "-e" "RUSTFLAGS=--cap-lints=warn" "-e" "RUSTDOCFLAGS=--cap-lints=warn" "-e" "CARGO_HOME=/opt/rustwide/cargo-home" "-e" "RUSTUP_HOME=/opt/rustwide/rustup-home" "-w" "/opt/rustwide/workdir" "-m" "1610612736" "--user" "0:0" "--network" "none" "ghcr.io/rust-lang/crates-build-env/linux@sha256:2788e3201cd34a07e3172128adcd8b3090168a8e3bcc40d7c032b9dda1df7d1c" "/opt/rustwide/cargo-home/bin/cargo" "+1.75.0" "test" "--frozen" "--no-run" "--message-format=json", kill_on_drop: false }`
[INFO] [stdout] 0c37975e5b20bdadfc9ec34e51d51015da1135512fccfc0108c2bf0807df482e
[INFO] running `Command { std: "docker" "start" "-a" "0c37975e5b20bdadfc9ec34e51d51015da1135512fccfc0108c2bf0807df482e", kill_on_drop: false }`
[INFO] [stderr]    Compiling race-solana-types v0.0.10 (/opt/rustwide/workdir)
[INFO] [stdout] warning: use of deprecated function `solana_program::borsh::get_instance_packed_len`: Please use `borsh0_10::get_instance_packed_len` instead
[INFO] [stdout]    --> src/state/game.rs:108:32
[INFO] [stdout]     |
[INFO] [stdout] 108 |     use solana_program::borsh::get_instance_packed_len;
[INFO] [stdout]     |                                ^^^^^^^^^^^^^^^^^^^^^^^
[INFO] [stdout]     |
[INFO] [stdout]     = note: `#[warn(deprecated)]` on by default
[INFO] [stdout] 
[INFO] [stdout] 
[INFO] [stdout] warning: use of deprecated function `solana_program::borsh::get_instance_packed_len`: Please use `borsh0_10::get_instance_packed_len` instead
[INFO] [stdout]    --> src/state/game.rs:131:30
[INFO] [stdout]     |
[INFO] [stdout] 131 |         let game_state_len = get_instance_packed_len(&state)?;
[INFO] [stdout]     |                              ^^^^^^^^^^^^^^^^^^^^^^^
[INFO] [stdout] 
[INFO] [stdout] 
[INFO] [stdout] warning: use of deprecated function `solana_program::borsh::get_instance_packed_len`: Please use `borsh0_10::get_instance_packed_len` instead
[INFO] [stdout]   --> src/state/registry.rs:57:32
[INFO] [stdout]    |
[INFO] [stdout] 57 |     use solana_program::borsh::get_instance_packed_len;
[INFO] [stdout]    |                                ^^^^^^^^^^^^^^^^^^^^^^^
[INFO] [stdout] 
[INFO] [stdout] 
[INFO] [stdout] warning: use of deprecated function `solana_program::borsh::get_instance_packed_len`: Please use `borsh0_10::get_instance_packed_len` instead
[INFO] [stdout]   --> src/state/registry.rs:77:13
[INFO] [stdout]    |
[INFO] [stdout] 77 |             get_instance_packed_len(&registry)?
[INFO] [stdout]    |             ^^^^^^^^^^^^^^^^^^^^^^^
[INFO] [stdout] 
[INFO] [stdout] 
[INFO] [stdout] warning: use of deprecated function `solana_program::borsh::get_instance_packed_len`: Please use `borsh0_10::get_instance_packed_len` instead
[INFO] [stdout]   --> src/state/registry.rs:88:28
[INFO] [stdout]    |
[INFO] [stdout] 88 |         let unpadded_len = get_instance_packed_len(&registry)?;
[INFO] [stdout]    |                            ^^^^^^^^^^^^^^^^^^^^^^^
[INFO] [stdout] 
[INFO] [stdout] 
[INFO] [stdout] warning: use of deprecated function `solana_program::borsh::get_instance_packed_len`: Please use `borsh0_10::get_instance_packed_len` instead
[INFO] [stdout]   --> src/state/server.rs:47:32
[INFO] [stdout]    |
[INFO] [stdout] 47 |     use solana_program::borsh::get_instance_packed_len;
[INFO] [stdout]    |                                ^^^^^^^^^^^^^^^^^^^^^^^
[INFO] [stdout] 
[INFO] [stdout] 
[INFO] [stdout] warning: use of deprecated function `solana_program::borsh::get_instance_packed_len`: Please use `borsh0_10::get_instance_packed_len` instead
[INFO] [stdout]   --> src/state/server.rs:57:28
[INFO] [stdout]    |
[INFO] [stdout] 57 |         let unpadded_len = get_instance_packed_len(&server)?;
[INFO] [stdout]    |                            ^^^^^^^^^^^^^^^^^^^^^^^
[INFO] [stdout] 
[INFO] [stdout] 
[INFO] [stdout] warning: use of deprecated function `solana_program::borsh::get_instance_packed_len`: Please use `borsh0_10::get_instance_packed_len` instead
[INFO] [stdout]   --> src/state/server.rs:60:20
[INFO] [stdout]    |
[INFO] [stdout] 60 |         assert_eq!(get_instance_packed_len(&server)?, 104);
[INFO] [stdout]    |                    ^^^^^^^^^^^^^^^^^^^^^^^
[INFO] [stdout] 
[INFO] [stdout] 
[INFO] [stdout] warning: use of deprecated function `solana_program::borsh::get_instance_packed_len`: Please use `borsh0_10::get_instance_packed_len` instead
[INFO] [stdout]   --> src/state/profile.rs:49:33
[INFO] [stdout]    |
[INFO] [stdout] 49 |      use solana_program::borsh::get_instance_packed_len;
[INFO] [stdout]    |                                 ^^^^^^^^^^^^^^^^^^^^^^^
[INFO] [stdout] 
[INFO] [stdout] 
[INFO] [stdout] warning: use of deprecated function `solana_program::borsh::get_instance_packed_len`: Please use `borsh0_10::get_instance_packed_len` instead
[INFO] [stdout]   --> src/state/profile.rs:64:28
[INFO] [stdout]    |
[INFO] [stdout] 64 |         let unpadded_len = get_instance_packed_len(&player)?;
[INFO] [stdout]    |                            ^^^^^^^^^^^^^^^^^^^^^^^
[INFO] [stdout] 
[INFO] [stdout] 
[INFO] [stdout] error[E0277]: the trait bound `game::GameState: borsh::ser::BorshSerialize` is not satisfied
[INFO] [stdout]    --> src/state/game.rs:131:54
[INFO] [stdout]     |
[INFO] [stdout] 131 |         let game_state_len = get_instance_packed_len(&state)?;
[INFO] [stdout]     |                              ----------------------- ^^^^^^ the trait `borsh::ser::BorshSerialize` is not implemented for `game::GameState`
[INFO] [stdout]     |                              |
[INFO] [stdout]     |                              required by a bound introduced by this call
[INFO] [stdout]     |
[INFO] [stdout]     = help: the following other types implement trait `borsh::ser::BorshSerialize`:
[INFO] [stdout]               bool
[INFO] [stdout]               isize
[INFO] [stdout]               i8
[INFO] [stdout]               i16
[INFO] [stdout]               i32
[INFO] [stdout]               i64
[INFO] [stdout]               i128
[INFO] [stdout]               usize
[INFO] [stdout]             and 79 others
[INFO] [stdout] note: required by a bound in `solana_program::borsh::get_instance_packed_len`
[INFO] [stdout]    --> /opt/rustwide/cargo-home/registry/src/index.crates.io-6f17d22bba15001f/solana-program-1.17.14/src/borsh.rs:52:35
[INFO] [stdout]     |
[INFO] [stdout] 52  | pub fn get_instance_packed_len<T: BorshSerialize>(instance: &T) -> Result<usize, Error> {
[INFO] [stdout]     |                                   ^^^^^^^^^^^^^^ required by this bound in `get_instance_packed_len`
[INFO] [stdout] 
[INFO] [stdout] 
[INFO] [stdout] error[E0277]: the trait bound `registry::RegistryState: borsh::ser::BorshSerialize` is not satisfied
[INFO] [stdout]   --> src/state/registry.rs:77:37
[INFO] [stdout]    |
[INFO] [stdout] 77 |             get_instance_packed_len(&registry)?
[INFO] [stdout]    |             ----------------------- ^^^^^^^^^ the trait `borsh::ser::BorshSerialize` is not implemented for `registry::RegistryState`
[INFO] [stdout]    |             |
[INFO] [stdout]    |             required by a bound introduced by this call
[INFO] [stdout]    |
[INFO] [stdout]    = help: the following other types implement trait `borsh::ser::BorshSerialize`:
[INFO] [stdout]              bool
[INFO] [stdout]              isize
[INFO] [stdout]              i8
[INFO] [stdout]              i16
[INFO] [stdout]              i32
[INFO] [stdout]              i64
[INFO] [stdout]              i128
[INFO] [stdout]              usize
[INFO] [stdout]            and 79 others
[INFO] [stdout] note: required by a bound in `solana_program::borsh::get_instance_packed_len`
[INFO] [stdout]   --> /opt/rustwide/cargo-home/registry/src/index.crates.io-6f17d22bba15001f/solana-program-1.17.14/src/borsh.rs:52:35
[INFO] [stdout]    |
[INFO] [stdout] 52 | pub fn get_instance_packed_len<T: BorshSerialize>(instance: &T) -> Result<usize, Error> {
[INFO] [stdout]    |                                   ^^^^^^^^^^^^^^ required by this bound in `get_instance_packed_len`
[INFO] [stdout] 
[INFO] [stdout] 
[INFO] [stdout] error[E0277]: the trait bound `registry::RegistryState: borsh::ser::BorshSerialize` is not satisfied
[INFO] [stdout]   --> src/state/registry.rs:88:52
[INFO] [stdout]    |
[INFO] [stdout] 88 |         let unpadded_len = get_instance_packed_len(&registry)?;
[INFO] [stdout]    |                            ----------------------- ^^^^^^^^^ the trait `borsh::ser::BorshSerialize` is not implemented for `registry::RegistryState`
[INFO] [stdout]    |                            |
[INFO] [stdout]    |                            required by a bound introduced by this call
[INFO] [stdout]    |
[INFO] [stdout]    = help: the following other types implement trait `borsh::ser::BorshSerialize`:
[INFO] [stdout]              bool
[INFO] [stdout]              isize
[INFO] [stdout]              i8
[INFO] [stdout]              i16
[INFO] [stdout]              i32
[INFO] [stdout]              i64
[INFO] [stdout]              i128
[INFO] [stdout]              usize
[INFO] [stdout]            and 79 others
[INFO] [stdout] note: required by a bound in `solana_program::borsh::get_instance_packed_len`
[INFO] [stdout]   --> /opt/rustwide/cargo-home/registry/src/index.crates.io-6f17d22bba15001f/solana-program-1.17.14/src/borsh.rs:52:35
[INFO] [stdout]    |
[INFO] [stdout] 52 | pub fn get_instance_packed_len<T: BorshSerialize>(instance: &T) -> Result<usize, Error> {
[INFO] [stdout]    |                                   ^^^^^^^^^^^^^^ required by this bound in `get_instance_packed_len`
[INFO] [stdout] 
[INFO] [stdout] 
[INFO] [stdout] error[E0277]: the trait bound `server::ServerState: borsh::ser::BorshSerialize` is not satisfied
[INFO] [stdout]   --> src/state/server.rs:57:52
[INFO] [stdout]    |
[INFO] [stdout] 57 |         let unpadded_len = get_instance_packed_len(&server)?;
[INFO] [stdout]    |                            ----------------------- ^^^^^^^ the trait `borsh::ser::BorshSerialize` is not implemented for `server::ServerState`
[INFO] [stdout]    |                            |
[INFO] [stdout]    |                            required by a bound introduced by this call
[INFO] [stdout]    |
[INFO] [stdout]    = help: the following other types implement trait `borsh::ser::BorshSerialize`:
[INFO] [stdout]              bool
[INFO] [stdout]              isize
[INFO] [stdout]              i8
[INFO] [stdout]              i16
[INFO] [stdout]              i32
[INFO] [stdout]              i64
[INFO] [stdout]              i128
[INFO] [stdout]              usize
[INFO] [stdout]            and 79 others
[INFO] [stdout] note: required by a bound in `solana_program::borsh::get_instance_packed_len`
[INFO] [stdout]   --> /opt/rustwide/cargo-home/registry/src/index.crates.io-6f17d22bba15001f/solana-program-1.17.14/src/borsh.rs:52:35
[INFO] [stdout]    |
[INFO] [stdout] 52 | pub fn get_instance_packed_len<T: BorshSerialize>(instance: &T) -> Result<usize, Error> {
[INFO] [stdout]    |                                   ^^^^^^^^^^^^^^ required by this bound in `get_instance_packed_len`
[INFO] [stdout] 
[INFO] [stdout] 
[INFO] [stdout] error[E0277]: the trait bound `server::ServerState: borsh::ser::BorshSerialize` is not satisfied
[INFO] [stdout]   --> src/state/server.rs:60:44
[INFO] [stdout]    |
[INFO] [stdout] 60 |         assert_eq!(get_instance_packed_len(&server)?, 104);
[INFO] [stdout]    |                    ----------------------- ^^^^^^^ the trait `borsh::ser::BorshSerialize` is not implemented for `server::ServerState`
[INFO] [stdout]    |                    |
[INFO] [stdout]    |                    required by a bound introduced by this call
[INFO] [stdout]    |
[INFO] [stdout]    = help: the following other types implement trait `borsh::ser::BorshSerialize`:
[INFO] [stdout]              bool
[INFO] [stdout]              isize
[INFO] [stdout]              i8
[INFO] [stdout]              i16
[INFO] [stdout]              i32
[INFO] [stdout]              i64
[INFO] [stdout]              i128
[INFO] [stdout]              usize
[INFO] [stdout]            and 79 others
[INFO] [stdout] note: required by a bound in `solana_program::borsh::get_instance_packed_len`
[INFO] [stdout]   --> /opt/rustwide/cargo-home/registry/src/index.crates.io-6f17d22bba15001f/solana-program-1.17.14/src/borsh.rs:52:35
[INFO] [stdout]    |
[INFO] [stdout] 52 | pub fn get_instance_packed_len<T: BorshSerialize>(instance: &T) -> Result<usize, Error> {
[INFO] [stdout]    |                                   ^^^^^^^^^^^^^^ required by this bound in `get_instance_packed_len`
[INFO] [stdout] 
[INFO] [stdout] 
[INFO] [stdout] error[E0277]: the trait bound `profile::PlayerState: borsh::ser::BorshSerialize` is not satisfied
[INFO] [stdout]   --> src/state/profile.rs:64:52
[INFO] [stdout]    |
[INFO] [stdout] 64 |         let unpadded_len = get_instance_packed_len(&player)?;
[INFO] [stdout]    |                            ----------------------- ^^^^^^^ the trait `borsh::ser::BorshSerialize` is not implemented for `profile::PlayerState`
[INFO] [stdout]    |                            |
[INFO] [stdout]    |                            required by a bound introduced by this call
[INFO] [stdout]    |
[INFO] [stdout]    = help: the following other types implement trait `borsh::ser::BorshSerialize`:
[INFO] [stdout]              bool
[INFO] [stdout]              isize
[INFO] [stdout]              i8
[INFO] [stdout]              i16
[INFO] [stdout]              i32
[INFO] [stdout]              i64
[INFO] [stdout]              i128
[INFO] [stdout]              usize
[INFO] [stdout]            and 79 others
[INFO] [stdout] note: required by a bound in `solana_program::borsh::get_instance_packed_len`
[INFO] [stdout]   --> /opt/rustwide/cargo-home/registry/src/index.crates.io-6f17d22bba15001f/solana-program-1.17.14/src/borsh.rs:52:35
[INFO] [stdout]    |
[INFO] [stdout] 52 | pub fn get_instance_packed_len<T: BorshSerialize>(instance: &T) -> Result<usize, Error> {
[INFO] [stdout]    |                                   ^^^^^^^^^^^^^^ required by this bound in `get_instance_packed_len`
[INFO] [stdout] 
[INFO] [stdout] 
[INFO] [stdout] error: aborting due to 6 previous errors; 10 warnings emitted
[INFO] [stdout] 
[INFO] [stdout] 
[INFO] [stdout] For more information about this error, try `rustc --explain E0277`.
[INFO] [stdout] 
[INFO] [stderr] error: could not compile `race-solana-types` (lib test) due to 7 previous errors; 10 warnings emitted
[INFO] running `Command { std: "docker" "inspect" "0c37975e5b20bdadfc9ec34e51d51015da1135512fccfc0108c2bf0807df482e", kill_on_drop: false }`
[INFO] running `Command { std: "docker" "rm" "-f" "0c37975e5b20bdadfc9ec34e51d51015da1135512fccfc0108c2bf0807df482e", kill_on_drop: false }`
[INFO] [stdout] 0c37975e5b20bdadfc9ec34e51d51015da1135512fccfc0108c2bf0807df482e
[INFO] testing race-solana-types-0.0.10 against beta-2023-12-22 for beta-1.76-1
[INFO] extracting crate race-solana-types 0.0.10 into /workspace/builds/worker-6-tc2/source
[INFO] validating manifest of crates.io crate race-solana-types 0.0.10 on toolchain beta-2023-12-22
[INFO] running `Command { std: CARGO_HOME="/workspace/cargo-home" RUSTUP_HOME="/workspace/rustup-home" "/workspace/cargo-home/bin/cargo" "+beta-2023-12-22" "metadata" "--manifest-path" "Cargo.toml" "--no-deps", kill_on_drop: false }`
[INFO] started tweaking crates.io crate race-solana-types 0.0.10
[INFO] finished tweaking crates.io crate race-solana-types 0.0.10
[INFO] tweaked toml for crates.io crate race-solana-types 0.0.10 written to /workspace/builds/worker-6-tc2/source/Cargo.toml
[INFO] running `Command { std: CARGO_HOME="/workspace/cargo-home" RUSTUP_HOME="/workspace/rustup-home" "/workspace/cargo-home/bin/cargo" "+beta-2023-12-22" "generate-lockfile" "--manifest-path" "Cargo.toml", kill_on_drop: false }`
[INFO] [stderr]     Updating crates.io index
[INFO] running `Command { std: CARGO_HOME="/workspace/cargo-home" RUSTUP_HOME="/workspace/rustup-home" "/workspace/cargo-home/bin/cargo" "+beta-2023-12-22" "fetch" "--manifest-path" "Cargo.toml", kill_on_drop: false }`
[INFO] [stderr]     Blocking waiting for file lock on package cache
[INFO] running `Command { std: "docker" "create" "-v" "/var/lib/crater-agent-workspace/builds/worker-6-tc2/target:/opt/rustwide/target:rw,Z" "-v" "/var/lib/crater-agent-workspace/builds/worker-6-tc2/source:/opt/rustwide/workdir:ro,Z" "-v" "/var/lib/crater-agent-workspace/cargo-home:/opt/rustwide/cargo-home:ro,Z" "-v" "/var/lib/crater-agent-workspace/rustup-home:/opt/rustwide/rustup-home:ro,Z" "-e" "SOURCE_DIR=/opt/rustwide/workdir" "-e" "CARGO_TARGET_DIR=/opt/rustwide/target" "-e" "CARGO_HOME=/opt/rustwide/cargo-home" "-e" "RUSTUP_HOME=/opt/rustwide/rustup-home" "-w" "/opt/rustwide/workdir" "-m" "1610612736" "--user" "0:0" "--network" "none" "ghcr.io/rust-lang/crates-build-env/linux@sha256:2788e3201cd34a07e3172128adcd8b3090168a8e3bcc40d7c032b9dda1df7d1c" "/opt/rustwide/cargo-home/bin/cargo" "+beta-2023-12-22" "metadata" "--no-deps" "--format-version=1", kill_on_drop: false }`
[INFO] [stdout] 1e1be0661d94f03fa42a3353917ab082bdd62965cde8dedf3327f1ecdba2b226
[INFO] running `Command { std: "docker" "start" "-a" "1e1be0661d94f03fa42a3353917ab082bdd62965cde8dedf3327f1ecdba2b226", kill_on_drop: false }`
[INFO] running `Command { std: "docker" "inspect" "1e1be0661d94f03fa42a3353917ab082bdd62965cde8dedf3327f1ecdba2b226", kill_on_drop: false }`
[INFO] running `Command { std: "docker" "rm" "-f" "1e1be0661d94f03fa42a3353917ab082bdd62965cde8dedf3327f1ecdba2b226", kill_on_drop: false }`
[INFO] [stdout] 1e1be0661d94f03fa42a3353917ab082bdd62965cde8dedf3327f1ecdba2b226
[INFO] running `Command { std: "docker" "create" "-v" "/var/lib/crater-agent-workspace/builds/worker-6-tc2/target:/opt/rustwide/target:rw,Z" "-v" "/var/lib/crater-agent-workspace/builds/worker-6-tc2/source:/opt/rustwide/workdir:ro,Z" "-v" "/var/lib/crater-agent-workspace/cargo-home:/opt/rustwide/cargo-home:ro,Z" "-v" "/var/lib/crater-agent-workspace/rustup-home:/opt/rustwide/rustup-home:ro,Z" "-e" "SOURCE_DIR=/opt/rustwide/workdir" "-e" "CARGO_TARGET_DIR=/opt/rustwide/target" "-e" "CARGO_INCREMENTAL=0" "-e" "RUST_BACKTRACE=full" "-e" "RUSTFLAGS=--cap-lints=warn" "-e" "RUSTDOCFLAGS=--cap-lints=warn" "-e" "CARGO_HOME=/opt/rustwide/cargo-home" "-e" "RUSTUP_HOME=/opt/rustwide/rustup-home" "-w" "/opt/rustwide/workdir" "-m" "1610612736" "--user" "0:0" "--network" "none" "ghcr.io/rust-lang/crates-build-env/linux@sha256:2788e3201cd34a07e3172128adcd8b3090168a8e3bcc40d7c032b9dda1df7d1c" "/opt/rustwide/cargo-home/bin/cargo" "+beta-2023-12-22" "build" "--frozen" "--message-format=json", kill_on_drop: false }`
[INFO] [stdout] 5c9253ccb4bbaade38507a1ae6dd82bd6c8b70b30c575b1a6b1d77d45397ec2a
[INFO] running `Command { std: "docker" "start" "-a" "5c9253ccb4bbaade38507a1ae6dd82bd6c8b70b30c575b1a6b1d77d45397ec2a", kill_on_drop: false }`
[INFO] [stderr]    Compiling proc-macro2 v1.0.75
[INFO] [stderr]    Compiling serde v1.0.194
[INFO] [stderr]    Compiling libc v0.2.151
[INFO] [stderr]    Compiling subtle v2.4.1
[INFO] [stderr]    Compiling syn v1.0.109
[INFO] [stderr]    Compiling once_cell v1.19.0
[INFO] [stderr]    Compiling semver v1.0.21
[INFO] [stderr]    Compiling getrandom v0.1.16
[INFO] [stderr]    Compiling generic-array v0.14.7
[INFO] [stderr]    Compiling num-traits v0.2.17
[INFO] [stderr]    Compiling ahash v0.8.7
[INFO] [stderr]    Compiling num-integer v0.1.45
[INFO] [stderr]    Compiling crunchy v0.2.2
[INFO] [stderr]    Compiling either v1.9.0
[INFO] [stderr]    Compiling num-bigint v0.4.4
[INFO] [stderr]    Compiling zerocopy v0.7.32
[INFO] [stderr]    Compiling crossbeam-utils v0.8.18
[INFO] [stderr]    Compiling jobserver v0.1.27
[INFO] [stderr]    Compiling block-padding v0.2.1
[INFO] [stderr]    Compiling paste v1.0.14
[INFO] [stderr]    Compiling wasm-bindgen-shared v0.2.89
[INFO] [stderr]    Compiling rustc_version v0.4.0
[INFO] [stderr]    Compiling cc v1.0.83
[INFO] [stderr]    Compiling itertools v0.10.5
[INFO] [stderr]    Compiling byteorder v1.5.0
[INFO] [stderr]    Compiling equivalent v1.0.1
[INFO] [stderr]    Compiling digest v0.9.0
[INFO] [stderr]    Compiling quote v1.0.35
[INFO] [stderr]    Compiling libsecp256k1-core v0.2.2
[INFO] [stderr]    Compiling hashbrown v0.14.3
[INFO] [stderr]    Compiling thiserror v1.0.56
[INFO] [stderr]    Compiling syn v2.0.48
[INFO] [stderr]    Compiling rayon-core v1.12.0
[INFO] [stderr]    Compiling ahash v0.7.7
[INFO] [stderr]    Compiling crossbeam-epoch v0.9.17
[INFO] [stderr]    Compiling toml_datetime v0.6.5
[INFO] [stderr]    Compiling indexmap v2.1.0
[INFO] [stderr]    Compiling feature-probe v0.1.1
[INFO] [stderr]    Compiling bumpalo v3.14.0
[INFO] [stderr]    Compiling log v0.4.20
[INFO] [stderr]    Compiling winnow v0.5.32
[INFO] [stderr]    Compiling crossbeam-deque v0.8.4
[INFO] [stderr]    Compiling bv v0.11.1
[INFO] [stderr]    Compiling libsecp256k1-gen-ecmult v0.2.1
[INFO] [stderr]    Compiling libsecp256k1-gen-genmult v0.2.1
[INFO] [stderr]    Compiling solana-frozen-abi-macro v1.17.14
[INFO] [stderr]    Compiling getrandom v0.2.11
[INFO] [stderr]    Compiling bitmaps v2.1.0
[INFO] [stderr]    Compiling rand_core v0.6.4
[INFO] [stderr]    Compiling rand_core v0.5.1
[INFO] [stderr]    Compiling im v15.1.0
[INFO] [stderr]    Compiling keccak v0.1.4
[INFO] [stderr]    Compiling fnv v1.0.7
[INFO] [stderr]    Compiling rand_chacha v0.3.1
[INFO] [stderr]    Compiling hashbrown v0.13.2
[INFO] [stderr]    Compiling rand_chacha v0.2.2
[INFO] [stderr]    Compiling rustversion v1.0.14
[INFO] [stderr]    Compiling anyhow v1.0.79
[INFO] [stderr]    Compiling rand v0.8.5
[INFO] [stderr]    Compiling rand v0.7.3
[INFO] [stderr]    Compiling arrayref v0.3.7
[INFO] [stderr]    Compiling tinyvec_macros v0.1.1
[INFO] [stderr]    Compiling tinyvec v1.6.0
[INFO] [stderr]    Compiling serde_json v1.0.111
[INFO] [stderr]    Compiling sized-chunks v0.6.5
[INFO] [stderr]    Compiling rand_xoshiro v0.6.0
[INFO] [stderr]    Compiling rayon v1.8.0
[INFO] [stderr]    Compiling libsecp256k1 v0.6.0
[INFO] [stderr]    Compiling solana-frozen-abi v1.17.14
[INFO] [stderr]    Compiling memoffset v0.9.0
[INFO] [stderr]    Compiling ryu v1.0.16
[INFO] [stderr]    Compiling itoa v1.0.10
[INFO] [stderr]    Compiling blake3 v1.5.0
[INFO] [stderr]    Compiling constant_time_eq v0.3.0
[INFO] [stderr]    Compiling bs58 v0.4.0
[INFO] [stderr]    Compiling toml v0.5.11
[INFO] [stderr]    Compiling memchr v2.7.1
[INFO] [stderr]    Compiling arrayvec v0.7.4
[INFO] [stderr]    Compiling ark-std v0.4.0
[INFO] [stderr]    Compiling strsim v0.10.0
[INFO] [stderr]    Compiling wasm-bindgen v0.2.89
[INFO] [stderr]    Compiling ident_case v1.0.1
[INFO] [stderr]    Compiling solana-program v1.17.14
[INFO] [stderr]    Compiling unicode-normalization v0.1.22
[INFO] [stderr]    Compiling aho-corasick v1.1.2
[INFO] [stderr]    Compiling hashbrown v0.11.2
[INFO] [stderr]    Compiling toml_edit v0.19.15
[INFO] [stderr]    Compiling proc-macro-crate v0.1.5
[INFO] [stderr]    Compiling memmap2 v0.5.10
[INFO] [stderr]    Compiling rustc-hash v1.1.0
[INFO] [stderr]    Compiling regex-syntax v0.8.2
[INFO] [stderr]    Compiling base64 v0.12.3
[INFO] [stderr]    Compiling signature v1.6.4
[INFO] [stderr]    Compiling base64 v0.21.5
[INFO] [stderr]    Compiling atty v0.2.14
[INFO] [stderr]    Compiling termcolor v1.4.0
[INFO] [stderr]    Compiling ed25519 v1.5.3
[INFO] [stderr]    Compiling humantime v2.1.0
[INFO] [stderr]    Compiling solana-sdk v1.17.14
[INFO] [stderr]    Compiling borsh-schema-derive-internal v0.10.3
[INFO] [stderr]    Compiling borsh-derive-internal v0.10.3
[INFO] [stderr]    Compiling borsh-derive-internal v0.9.3
[INFO] [stderr]    Compiling borsh-schema-derive-internal v0.9.3
[INFO] [stderr]    Compiling percent-encoding v2.3.1
[INFO] [stderr]    Compiling derivation-path v0.2.0
[INFO] [stderr]    Compiling uriparse v0.6.4
[INFO] [stderr]    Compiling chrono v0.4.31
[INFO] [stderr]    Compiling wasm-bindgen-backend v0.2.89
[INFO] [stderr]    Compiling darling_core v0.20.3
[INFO] [stderr]    Compiling qstring v0.7.2
[INFO] [stderr]    Compiling assert_matches v1.5.0
[INFO] [stderr]    Compiling proc-macro-crate v1.3.1
[INFO] [stderr]    Compiling regex-automata v0.4.3
[INFO] [stderr]    Compiling wasm-bindgen-macro-support v0.2.89
[INFO] [stderr]    Compiling serde_derive v1.0.194
[INFO] [stderr]    Compiling zeroize_derive v1.4.2
[INFO] [stderr]    Compiling thiserror-impl v1.0.56
[INFO] [stderr]    Compiling bytemuck_derive v1.5.0
[INFO] [stderr]    Compiling solana-sdk-macro v1.17.14
[INFO] [stderr]    Compiling num_enum_derive v0.6.1
[INFO] [stderr]    Compiling wasm-bindgen-macro v0.2.89
[INFO] [stderr]    Compiling qualifier_attr v0.2.2
[INFO] [stderr]    Compiling ark-serialize-derive v0.4.2
[INFO] [stderr]    Compiling derivative v2.2.0
[INFO] [stderr]    Compiling ark-ff-asm v0.4.2
[INFO] [stderr]    Compiling ark-ff-macros v0.4.2
[INFO] [stderr]    Compiling borsh-derive v0.10.3
[INFO] [stderr]    Compiling borsh-derive v0.9.3
[INFO] [stderr]    Compiling darling_macro v0.20.3
[INFO] [stderr]    Compiling num-derive v0.3.3
[INFO] [stderr]    Compiling borsh v0.10.3
[INFO] [stderr]    Compiling num_enum_derive v0.5.11
[INFO] [stderr]    Compiling darling v0.20.3
[INFO] [stderr]    Compiling regex v1.10.2
[INFO] [stderr]    Compiling serde_with_macros v2.3.3
[INFO] [stderr]    Compiling borsh v0.9.3
[INFO] [stderr]    Compiling zeroize v1.3.0
[INFO] [stderr]    Compiling bytemuck v1.14.0
[INFO] [stderr]    Compiling merlin v3.0.0
[INFO] [stderr]    Compiling env_logger v0.9.3
[INFO] [stderr]    Compiling num_enum v0.6.1
[INFO] [stderr]    Compiling solana-logger v1.17.14
[INFO] [stderr]    Compiling num_enum v0.5.11
[INFO] [stderr]    Compiling serde_bytes v0.11.14
[INFO] [stderr]    Compiling bitflags v2.4.1
[INFO] [stderr]    Compiling bincode v1.3.3
[INFO] [stderr]    Compiling serde_with v2.3.3
[INFO] [stderr]    Compiling crypto-common v0.1.6
[INFO] [stderr]    Compiling block-buffer v0.10.4
[INFO] [stderr]    Compiling block-buffer v0.9.0
[INFO] [stderr]    Compiling crypto-mac v0.8.0
[INFO] [stderr]    Compiling cipher v0.3.0
[INFO] [stderr]    Compiling universal-hash v0.4.1
[INFO] [stderr]    Compiling aead v0.4.3
[INFO] [stderr]    Compiling pbkdf2 v0.4.0
[INFO] [stderr]    Compiling polyval v0.5.3
[INFO] [stderr]    Compiling sha2 v0.9.9
[INFO] [stderr]    Compiling hmac v0.8.1
[INFO] [stderr]    Compiling curve25519-dalek v3.2.1
[INFO] [stderr]    Compiling digest v0.10.7
[INFO] [stderr]    Compiling sha3 v0.9.1
[INFO] [stderr]    Compiling aes v0.7.5
[INFO] [stderr]    Compiling ctr v0.8.0
[INFO] [stderr]    Compiling hmac-drbg v0.3.0
[INFO] [stderr]    Compiling ark-serialize v0.4.2
[INFO] [stderr]    Compiling sha2 v0.10.8
[INFO] [stderr]    Compiling sha3 v0.10.8
[INFO] [stderr]    Compiling hmac v0.12.1
[INFO] [stderr]    Compiling pbkdf2 v0.11.0
[INFO] [stderr]    Compiling tiny-bip39 v0.8.2
[INFO] [stderr]    Compiling ark-ff v0.4.2
[INFO] [stderr]    Compiling aes-gcm-siv v0.10.3
[INFO] [stderr]    Compiling ed25519-dalek v1.0.1
[INFO] [stderr]    Compiling ed25519-dalek-bip32 v0.2.0
[INFO] [stderr]    Compiling ark-poly v0.4.2
[INFO] [stderr]    Compiling ark-ec v0.4.2
[INFO] [stderr]    Compiling ark-bn254 v0.4.0
[INFO] [stderr]    Compiling light-poseidon v0.2.0
[INFO] [stderr]    Compiling spl-memo v3.0.1
[INFO] [stderr]    Compiling spl-token v3.5.0
[INFO] [stderr]    Compiling solana-zk-token-sdk v1.17.14
[INFO] [stderr]    Compiling spl-token-2022 v0.6.1
[INFO] [stderr]    Compiling spl-associated-token-account v1.1.3
[INFO] [stderr]    Compiling race-solana-types v0.0.10 (/opt/rustwide/workdir)
[INFO] [stderr]     Finished dev [unoptimized + debuginfo] target(s) in 49.19s
[INFO] running `Command { std: "docker" "inspect" "5c9253ccb4bbaade38507a1ae6dd82bd6c8b70b30c575b1a6b1d77d45397ec2a", kill_on_drop: false }`
[INFO] running `Command { std: "docker" "rm" "-f" "5c9253ccb4bbaade38507a1ae6dd82bd6c8b70b30c575b1a6b1d77d45397ec2a", kill_on_drop: false }`
[INFO] [stdout] 5c9253ccb4bbaade38507a1ae6dd82bd6c8b70b30c575b1a6b1d77d45397ec2a
[INFO] running `Command { std: "docker" "create" "-v" "/var/lib/crater-agent-workspace/builds/worker-6-tc2/target:/opt/rustwide/target:rw,Z" "-v" "/var/lib/crater-agent-workspace/builds/worker-6-tc2/source:/opt/rustwide/workdir:ro,Z" "-v" "/var/lib/crater-agent-workspace/cargo-home:/opt/rustwide/cargo-home:ro,Z" "-v" "/var/lib/crater-agent-workspace/rustup-home:/opt/rustwide/rustup-home:ro,Z" "-e" "SOURCE_DIR=/opt/rustwide/workdir" "-e" "CARGO_TARGET_DIR=/opt/rustwide/target" "-e" "CARGO_INCREMENTAL=0" "-e" "RUST_BACKTRACE=full" "-e" "RUSTFLAGS=--cap-lints=warn" "-e" "RUSTDOCFLAGS=--cap-lints=warn" "-e" "CARGO_HOME=/opt/rustwide/cargo-home" "-e" "RUSTUP_HOME=/opt/rustwide/rustup-home" "-w" "/opt/rustwide/workdir" "-m" "1610612736" "--user" "0:0" "--network" "none" "ghcr.io/rust-lang/crates-build-env/linux@sha256:2788e3201cd34a07e3172128adcd8b3090168a8e3bcc40d7c032b9dda1df7d1c" "/opt/rustwide/cargo-home/bin/cargo" "+beta-2023-12-22" "test" "--frozen" "--no-run" "--message-format=json", kill_on_drop: false }`
[INFO] [stdout] e74f1c9d14b76cf54088d1c877607197e02a900a21f8807b414751e935e2f177
[INFO] running `Command { std: "docker" "start" "-a" "e74f1c9d14b76cf54088d1c877607197e02a900a21f8807b414751e935e2f177", kill_on_drop: false }`
[INFO] [stderr]    Compiling race-solana-types v0.0.10 (/opt/rustwide/workdir)
[INFO] [stdout] warning: use of deprecated function `solana_program::borsh::get_instance_packed_len`: Please use `borsh0_10::get_instance_packed_len` instead
[INFO] [stdout]    --> src/state/game.rs:108:32
[INFO] [stdout]     |
[INFO] [stdout] 108 |     use solana_program::borsh::get_instance_packed_len;
[INFO] [stdout]     |                                ^^^^^^^^^^^^^^^^^^^^^^^
[INFO] [stdout]     |
[INFO] [stdout]     = note: `#[warn(deprecated)]` on by default
[INFO] [stdout] 
[INFO] [stdout] 
[INFO] [stdout] warning: use of deprecated function `solana_program::borsh::get_instance_packed_len`: Please use `borsh0_10::get_instance_packed_len` instead
[INFO] [stdout]    --> src/state/game.rs:131:30
[INFO] [stdout]     |
[INFO] [stdout] 131 |         let game_state_len = get_instance_packed_len(&state)?;
[INFO] [stdout]     |                              ^^^^^^^^^^^^^^^^^^^^^^^
[INFO] [stdout] 
[INFO] [stdout] 
[INFO] [stdout] warning: use of deprecated function `solana_program::borsh::get_instance_packed_len`: Please use `borsh0_10::get_instance_packed_len` instead
[INFO] [stdout]   --> src/state/registry.rs:57:32
[INFO] [stdout]    |
[INFO] [stdout] 57 |     use solana_program::borsh::get_instance_packed_len;
[INFO] [stdout]    |                                ^^^^^^^^^^^^^^^^^^^^^^^
[INFO] [stdout] 
[INFO] [stdout] 
[INFO] [stdout] warning: use of deprecated function `solana_program::borsh::get_instance_packed_len`: Please use `borsh0_10::get_instance_packed_len` instead
[INFO] [stdout]   --> src/state/registry.rs:77:13
[INFO] [stdout]    |
[INFO] [stdout] 77 |             get_instance_packed_len(&registry)?
[INFO] [stdout]    |             ^^^^^^^^^^^^^^^^^^^^^^^
[INFO] [stdout] 
[INFO] [stdout] 
[INFO] [stdout] warning: use of deprecated function `solana_program::borsh::get_instance_packed_len`: Please use `borsh0_10::get_instance_packed_len` instead
[INFO] [stdout]   --> src/state/registry.rs:88:28
[INFO] [stdout]    |
[INFO] [stdout] 88 |         let unpadded_len = get_instance_packed_len(&registry)?;
[INFO] [stdout]    |                            ^^^^^^^^^^^^^^^^^^^^^^^
[INFO] [stdout] 
[INFO] [stdout] 
[INFO] [stdout] warning: use of deprecated function `solana_program::borsh::get_instance_packed_len`: Please use `borsh0_10::get_instance_packed_len` instead
[INFO] [stdout]   --> src/state/server.rs:47:32
[INFO] [stdout]    |
[INFO] [stdout] 47 |     use solana_program::borsh::get_instance_packed_len;
[INFO] [stdout]    |                                ^^^^^^^^^^^^^^^^^^^^^^^
[INFO] [stdout] 
[INFO] [stdout] 
[INFO] [stdout] warning: use of deprecated function `solana_program::borsh::get_instance_packed_len`: Please use `borsh0_10::get_instance_packed_len` instead
[INFO] [stdout]   --> src/state/server.rs:57:28
[INFO] [stdout]    |
[INFO] [stdout] 57 |         let unpadded_len = get_instance_packed_len(&server)?;
[INFO] [stdout]    |                            ^^^^^^^^^^^^^^^^^^^^^^^
[INFO] [stdout] 
[INFO] [stdout] 
[INFO] [stdout] warning: use of deprecated function `solana_program::borsh::get_instance_packed_len`: Please use `borsh0_10::get_instance_packed_len` instead
[INFO] [stdout]   --> src/state/server.rs:60:20
[INFO] [stdout]    |
[INFO] [stdout] 60 |         assert_eq!(get_instance_packed_len(&server)?, 104);
[INFO] [stdout]    |                    ^^^^^^^^^^^^^^^^^^^^^^^
[INFO] [stdout] 
[INFO] [stdout] 
[INFO] [stdout] warning: use of deprecated function `solana_program::borsh::get_instance_packed_len`: Please use `borsh0_10::get_instance_packed_len` instead
[INFO] [stdout]   --> src/state/profile.rs:49:33
[INFO] [stdout]    |
[INFO] [stdout] 49 |      use solana_program::borsh::get_instance_packed_len;
[INFO] [stdout]    |                                 ^^^^^^^^^^^^^^^^^^^^^^^
[INFO] [stdout] 
[INFO] [stdout] 
[INFO] [stdout] warning: use of deprecated function `solana_program::borsh::get_instance_packed_len`: Please use `borsh0_10::get_instance_packed_len` instead
[INFO] [stdout]   --> src/state/profile.rs:64:28
[INFO] [stdout]    |
[INFO] [stdout] 64 |         let unpadded_len = get_instance_packed_len(&player)?;
[INFO] [stdout]    |                            ^^^^^^^^^^^^^^^^^^^^^^^
[INFO] [stdout] 
[INFO] [stdout] 
[INFO] [stdout] error[E0277]: the trait bound `game::GameState: borsh::ser::BorshSerialize` is not satisfied
[INFO] [stdout]    --> src/state/game.rs:131:54
[INFO] [stdout]     |
[INFO] [stdout] 131 |         let game_state_len = get_instance_packed_len(&state)?;
[INFO] [stdout]     |                              ----------------------- ^^^^^^ the trait `borsh::ser::BorshSerialize` is not implemented for `game::GameState`
[INFO] [stdout]     |                              |
[INFO] [stdout]     |                              required by a bound introduced by this call
[INFO] [stdout]     |
[INFO] [stdout]     = help: the following other types implement trait `borsh::ser::BorshSerialize`:
[INFO] [stdout]               bool
[INFO] [stdout]               isize
[INFO] [stdout]               i8
[INFO] [stdout]               i16
[INFO] [stdout]               i32
[INFO] [stdout]               i64
[INFO] [stdout]               i128
[INFO] [stdout]               usize
[INFO] [stdout]             and 79 others
[INFO] [stdout] note: required by a bound in `solana_program::borsh::get_instance_packed_len`
[INFO] [stdout]    --> /opt/rustwide/cargo-home/registry/src/index.crates.io-6f17d22bba15001f/solana-program-1.17.14/src/borsh.rs:52:35
[INFO] [stdout]     |
[INFO] [stdout] 52  | pub fn get_instance_packed_len<T: BorshSerialize>(instance: &T) -> Result<usize, Error> {
[INFO] [stdout]     |                                   ^^^^^^^^^^^^^^ required by this bound in `get_instance_packed_len`
[INFO] [stdout] 
[INFO] [stdout] 
[INFO] [stdout] error[E0277]: the trait bound `registry::RegistryState: borsh::ser::BorshSerialize` is not satisfied
[INFO] [stdout]   --> src/state/registry.rs:77:37
[INFO] [stdout]    |
[INFO] [stdout] 77 |             get_instance_packed_len(&registry)?
[INFO] [stdout]    |             ----------------------- ^^^^^^^^^ the trait `borsh::ser::BorshSerialize` is not implemented for `registry::RegistryState`
[INFO] [stdout]    |             |
[INFO] [stdout]    |             required by a bound introduced by this call
[INFO] [stdout]    |
[INFO] [stdout]    = help: the following other types implement trait `borsh::ser::BorshSerialize`:
[INFO] [stdout]              bool
[INFO] [stdout]              isize
[INFO] [stdout]              i8
[INFO] [stdout]              i16
[INFO] [stdout]              i32
[INFO] [stdout]              i64
[INFO] [stdout]              i128
[INFO] [stdout]              usize
[INFO] [stdout]            and 79 others
[INFO] [stdout] note: required by a bound in `solana_program::borsh::get_instance_packed_len`
[INFO] [stdout]   --> /opt/rustwide/cargo-home/registry/src/index.crates.io-6f17d22bba15001f/solana-program-1.17.14/src/borsh.rs:52:35
[INFO] [stdout]    |
[INFO] [stdout] 52 | pub fn get_instance_packed_len<T: BorshSerialize>(instance: &T) -> Result<usize, Error> {
[INFO] [stdout]    |                                   ^^^^^^^^^^^^^^ required by this bound in `get_instance_packed_len`
[INFO] [stdout] 
[INFO] [stdout] 
[INFO] [stdout] error[E0277]: the trait bound `registry::RegistryState: borsh::ser::BorshSerialize` is not satisfied
[INFO] [stdout]   --> src/state/registry.rs:88:52
[INFO] [stdout]    |
[INFO] [stdout] 88 |         let unpadded_len = get_instance_packed_len(&registry)?;
[INFO] [stdout]    |                            ----------------------- ^^^^^^^^^ the trait `borsh::ser::BorshSerialize` is not implemented for `registry::RegistryState`
[INFO] [stdout]    |                            |
[INFO] [stdout]    |                            required by a bound introduced by this call
[INFO] [stdout]    |
[INFO] [stdout]    = help: the following other types implement trait `borsh::ser::BorshSerialize`:
[INFO] [stdout]              bool
[INFO] [stdout]              isize
[INFO] [stdout]              i8
[INFO] [stdout]              i16
[INFO] [stdout]              i32
[INFO] [stdout]              i64
[INFO] [stdout]              i128
[INFO] [stdout]              usize
[INFO] [stdout]            and 79 others
[INFO] [stdout] note: required by a bound in `solana_program::borsh::get_instance_packed_len`
[INFO] [stdout]   --> /opt/rustwide/cargo-home/registry/src/index.crates.io-6f17d22bba15001f/solana-program-1.17.14/src/borsh.rs:52:35
[INFO] [stdout]    |
[INFO] [stdout] 52 | pub fn get_instance_packed_len<T: BorshSerialize>(instance: &T) -> Result<usize, Error> {
[INFO] [stdout]    |                                   ^^^^^^^^^^^^^^ required by this bound in `get_instance_packed_len`
[INFO] [stdout] 
[INFO] [stdout] 
[INFO] [stdout] error[E0277]: the trait bound `server::ServerState: borsh::ser::BorshSerialize` is not satisfied
[INFO] [stdout]   --> src/state/server.rs:57:52
[INFO] [stdout]    |
[INFO] [stdout] 57 |         let unpadded_len = get_instance_packed_len(&server)?;
[INFO] [stdout]    |                            ----------------------- ^^^^^^^ the trait `borsh::ser::BorshSerialize` is not implemented for `server::ServerState`
[INFO] [stdout]    |                            |
[INFO] [stdout]    |                            required by a bound introduced by this call
[INFO] [stdout]    |
[INFO] [stdout]    = help: the following other types implement trait `borsh::ser::BorshSerialize`:
[INFO] [stdout]              bool
[INFO] [stdout]              isize
[INFO] [stdout]              i8
[INFO] [stdout]              i16
[INFO] [stdout]              i32
[INFO] [stdout]              i64
[INFO] [stdout]              i128
[INFO] [stdout]              usize
[INFO] [stdout]            and 79 others
[INFO] [stdout] note: required by a bound in `solana_program::borsh::get_instance_packed_len`
[INFO] [stdout]   --> /opt/rustwide/cargo-home/registry/src/index.crates.io-6f17d22bba15001f/solana-program-1.17.14/src/borsh.rs:52:35
[INFO] [stdout]    |
[INFO] [stdout] 52 | pub fn get_instance_packed_len<T: BorshSerialize>(instance: &T) -> Result<usize, Error> {
[INFO] [stdout]    |                                   ^^^^^^^^^^^^^^ required by this bound in `get_instance_packed_len`
[INFO] [stdout] 
[INFO] [stdout] 
[INFO] [stdout] error[E0277]: the trait bound `server::ServerState: borsh::ser::BorshSerialize` is not satisfied
[INFO] [stdout]   --> src/state/server.rs:60:44
[INFO] [stdout]    |
[INFO] [stdout] 60 |         assert_eq!(get_instance_packed_len(&server)?, 104);
[INFO] [stdout]    |                    ----------------------- ^^^^^^^ the trait `borsh::ser::BorshSerialize` is not implemented for `server::ServerState`
[INFO] [stdout]    |                    |
[INFO] [stdout]    |                    required by a bound introduced by this call
[INFO] [stdout]    |
[INFO] [stdout]    = help: the following other types implement trait `borsh::ser::BorshSerialize`:
[INFO] [stdout]              bool
[INFO] [stdout]              isize
[INFO] [stdout]              i8
[INFO] [stdout]              i16
[INFO] [stdout]              i32
[INFO] [stdout]              i64
[INFO] [stdout]              i128
[INFO] [stdout]              usize
[INFO] [stdout]            and 79 others
[INFO] [stdout] note: required by a bound in `solana_program::borsh::get_instance_packed_len`
[INFO] [stdout]   --> /opt/rustwide/cargo-home/registry/src/index.crates.io-6f17d22bba15001f/solana-program-1.17.14/src/borsh.rs:52:35
[INFO] [stdout]    |
[INFO] [stdout] 52 | pub fn get_instance_packed_len<T: BorshSerialize>(instance: &T) -> Result<usize, Error> {
[INFO] [stdout]    |                                   ^^^^^^^^^^^^^^ required by this bound in `get_instance_packed_len`
[INFO] [stdout] 
[INFO] [stdout] 
[INFO] [stdout] error[E0277]: the trait bound `profile::PlayerState: borsh::ser::BorshSerialize` is not satisfied
[INFO] [stdout]   --> src/state/profile.rs:64:52
[INFO] [stdout]    |
[INFO] [stdout] 64 |         let unpadded_len = get_instance_packed_len(&player)?;
[INFO] [stdout]    |                            ----------------------- ^^^^^^^ the trait `borsh::ser::BorshSerialize` is not implemented for `profile::PlayerState`
[INFO] [stdout]    |                            |
[INFO] [stdout]    |                            required by a bound introduced by this call
[INFO] [stdout]    |
[INFO] [stdout]    = help: the following other types implement trait `borsh::ser::BorshSerialize`:
[INFO] [stdout]              bool
[INFO] [stdout]              isize
[INFO] [stdout]              i8
[INFO] [stdout]              i16
[INFO] [stdout]              i32
[INFO] [stdout]              i64
[INFO] [stdout]              i128
[INFO] [stdout]              usize
[INFO] [stdout]            and 79 others
[INFO] [stdout] note: required by a bound in `solana_program::borsh::get_instance_packed_len`
[INFO] [stdout]   --> /opt/rustwide/cargo-home/registry/src/index.crates.io-6f17d22bba15001f/solana-program-1.17.14/src/borsh.rs:52:35
[INFO] [stdout]    |
[INFO] [stdout] 52 | pub fn get_instance_packed_len<T: BorshSerialize>(instance: &T) -> Result<usize, Error> {
[INFO] [stdout]    |                                   ^^^^^^^^^^^^^^ required by this bound in `get_instance_packed_len`
[INFO] [stdout] 
[INFO] [stdout] 
[INFO] [stdout] error: aborting due to 6 previous errors; 10 warnings emitted
[INFO] [stdout] 
[INFO] [stdout] 
[INFO] [stdout] For more information about this error, try `rustc --explain E0277`.
[INFO] [stdout] 
[INFO] [stderr] error: could not compile `race-solana-types` (lib test) due to 7 previous errors; 10 warnings emitted
[INFO] running `Command { std: "docker" "inspect" "e74f1c9d14b76cf54088d1c877607197e02a900a21f8807b414751e935e2f177", kill_on_drop: false }`
[INFO] running `Command { std: "docker" "rm" "-f" "e74f1c9d14b76cf54088d1c877607197e02a900a21f8807b414751e935e2f177", kill_on_drop: false }`
[INFO] [stdout] e74f1c9d14b76cf54088d1c877607197e02a900a21f8807b414751e935e2f177
