[INFO] fetching crate ra_syntax 0.1.0...
[INFO] testing ra_syntax-0.1.0 against 1.75.0 for beta-1.76-1
[INFO] extracting crate ra_syntax 0.1.0 into /workspace/builds/worker-2-tc1/source
[INFO] validating manifest of crates.io crate ra_syntax 0.1.0 on toolchain 1.75.0
[INFO] running `Command { std: CARGO_HOME="/workspace/cargo-home" RUSTUP_HOME="/workspace/rustup-home" "/workspace/cargo-home/bin/cargo" "+1.75.0" "metadata" "--manifest-path" "Cargo.toml" "--no-deps", kill_on_drop: false }`
[INFO] started tweaking crates.io crate ra_syntax 0.1.0
[INFO] finished tweaking crates.io crate ra_syntax 0.1.0
[INFO] tweaked toml for crates.io crate ra_syntax 0.1.0 written to /workspace/builds/worker-2-tc1/source/Cargo.toml
[INFO] running `Command { std: CARGO_HOME="/workspace/cargo-home" RUSTUP_HOME="/workspace/rustup-home" "/workspace/cargo-home/bin/cargo" "+1.75.0" "generate-lockfile" "--manifest-path" "Cargo.toml", kill_on_drop: false }`
[INFO] [stderr]     Updating crates.io index
[INFO] running `Command { std: CARGO_HOME="/workspace/cargo-home" RUSTUP_HOME="/workspace/rustup-home" "/workspace/cargo-home/bin/cargo" "+1.75.0" "fetch" "--manifest-path" "Cargo.toml", kill_on_drop: false }`
[INFO] [stderr]  Downloading crates ...
[INFO] [stderr]   Downloaded drop_bomb v0.1.5
[INFO] [stderr]   Downloaded text_unit v0.1.10
[INFO] [stderr]   Downloaded parking_lot v0.6.4
[INFO] [stderr]   Downloaded parking_lot_core v0.3.1
[INFO] [stderr]   Downloaded rowan v0.1.4
[INFO] running `Command { std: "docker" "create" "-v" "/var/lib/crater-agent-workspace/builds/worker-2-tc1/target:/opt/rustwide/target:rw,Z" "-v" "/var/lib/crater-agent-workspace/builds/worker-2-tc1/source:/opt/rustwide/workdir:ro,Z" "-v" "/var/lib/crater-agent-workspace/cargo-home:/opt/rustwide/cargo-home:ro,Z" "-v" "/var/lib/crater-agent-workspace/rustup-home:/opt/rustwide/rustup-home:ro,Z" "-e" "SOURCE_DIR=/opt/rustwide/workdir" "-e" "CARGO_TARGET_DIR=/opt/rustwide/target" "-e" "CARGO_HOME=/opt/rustwide/cargo-home" "-e" "RUSTUP_HOME=/opt/rustwide/rustup-home" "-w" "/opt/rustwide/workdir" "-m" "1610612736" "--user" "0:0" "--network" "none" "ghcr.io/rust-lang/crates-build-env/linux@sha256:2788e3201cd34a07e3172128adcd8b3090168a8e3bcc40d7c032b9dda1df7d1c" "/opt/rustwide/cargo-home/bin/cargo" "+1.75.0" "metadata" "--no-deps" "--format-version=1", kill_on_drop: false }`
[INFO] [stdout] 612e7a3cc1c6a51f4f0b631852e82c05d06977066b9c015bfff37be2327293c8
[INFO] running `Command { std: "docker" "start" "-a" "612e7a3cc1c6a51f4f0b631852e82c05d06977066b9c015bfff37be2327293c8", kill_on_drop: false }`
[INFO] running `Command { std: "docker" "inspect" "612e7a3cc1c6a51f4f0b631852e82c05d06977066b9c015bfff37be2327293c8", kill_on_drop: false }`
[INFO] running `Command { std: "docker" "rm" "-f" "612e7a3cc1c6a51f4f0b631852e82c05d06977066b9c015bfff37be2327293c8", kill_on_drop: false }`
[INFO] [stdout] 612e7a3cc1c6a51f4f0b631852e82c05d06977066b9c015bfff37be2327293c8
[INFO] running `Command { std: "docker" "create" "-v" "/var/lib/crater-agent-workspace/builds/worker-2-tc1/target:/opt/rustwide/target:rw,Z" "-v" "/var/lib/crater-agent-workspace/builds/worker-2-tc1/source:/opt/rustwide/workdir:ro,Z" "-v" "/var/lib/crater-agent-workspace/cargo-home:/opt/rustwide/cargo-home:ro,Z" "-v" "/var/lib/crater-agent-workspace/rustup-home:/opt/rustwide/rustup-home:ro,Z" "-e" "SOURCE_DIR=/opt/rustwide/workdir" "-e" "CARGO_TARGET_DIR=/opt/rustwide/target" "-e" "CARGO_INCREMENTAL=0" "-e" "RUST_BACKTRACE=full" "-e" "RUSTFLAGS=--cap-lints=warn" "-e" "RUSTDOCFLAGS=--cap-lints=warn" "-e" "CARGO_HOME=/opt/rustwide/cargo-home" "-e" "RUSTUP_HOME=/opt/rustwide/rustup-home" "-w" "/opt/rustwide/workdir" "-m" "1610612736" "--user" "0:0" "--network" "none" "ghcr.io/rust-lang/crates-build-env/linux@sha256:2788e3201cd34a07e3172128adcd8b3090168a8e3bcc40d7c032b9dda1df7d1c" "/opt/rustwide/cargo-home/bin/cargo" "+1.75.0" "build" "--frozen" "--message-format=json", kill_on_drop: false }`
[INFO] [stdout] 427998e1a7e1dd9c324a1ceb0c41b2f3eb56836971439f5fb5800532a48c4f49
[INFO] running `Command { std: "docker" "start" "-a" "427998e1a7e1dd9c324a1ceb0c41b2f3eb56836971439f5fb5800532a48c4f49", kill_on_drop: false }`
[INFO] [stderr]    Compiling rand_core v0.4.2
[INFO] [stderr]    Compiling stable_deref_trait v1.2.0
[INFO] [stderr]    Compiling scopeguard v0.3.3
[INFO] [stderr]    Compiling serde v1.0.194
[INFO] [stderr]    Compiling autocfg v0.1.8
[INFO] [stderr]    Compiling parking_lot_core v0.4.0
[INFO] [stderr]    Compiling parking_lot_core v0.3.1
[INFO] [stderr]    Compiling text_unit v0.1.10
[INFO] [stderr]    Compiling rand_core v0.3.1
[INFO] [stderr]    Compiling rand_pcg v0.1.2
[INFO] [stderr]    Compiling rand_chacha v0.1.1
[INFO] [stderr]    Compiling rand v0.6.5
[INFO] [stderr]    Compiling rand_isaac v0.1.1
[INFO] [stderr]    Compiling rand_xorshift v0.1.1
[INFO] [stderr]    Compiling rand_hc v0.1.0
[INFO] [stderr]    Compiling rand_jitter v0.1.4
[INFO] [stderr]    Compiling rand_os v0.1.3
[INFO] [stderr]    Compiling owning_ref v0.4.1
[INFO] [stderr]    Compiling rand v0.5.6
[INFO] [stderr]    Compiling lock_api v0.1.5
[INFO] [stderr]    Compiling either v1.9.0
[INFO] [stderr]    Compiling unicode-xid v0.1.0
[INFO] [stderr]    Compiling drop_bomb v0.1.5
[INFO] [stderr]    Compiling itertools v0.7.11
[INFO] [stderr]    Compiling parking_lot v0.6.4
[INFO] [stderr]    Compiling parking_lot v0.7.1
[INFO] [stderr]    Compiling smol_str v0.1.24
[INFO] [stderr]    Compiling rowan v0.1.4
[INFO] [stderr]    Compiling ra_syntax v0.1.0 (/opt/rustwide/workdir)
[INFO] [stdout] warning: `...` range patterns are deprecated
[INFO] [stdout]   --> src/lexer/numbers.rs:17:16
[INFO] [stdout]    |
[INFO] [stdout] 17 |             '0'...'9' | '_' | '.' | 'e' | 'E' => {
[INFO] [stdout]    |                ^^^ help: use `..=` for an inclusive range
[INFO] [stdout]    |
[INFO] [stdout]    = warning: this is accepted in the current edition (Rust 2015) but is a hard error in Rust 2021!
[INFO] [stdout]    = note: for more information, see <https://doc.rust-lang.org/nightly/edition-guide/rust-2021/warnings-promoted-to-error.html>
[INFO] [stdout]    = note: `#[warn(ellipsis_inclusive_range_patterns)]` on by default
[INFO] [stdout] 
[INFO] [stdout] 
[INFO] [stdout] warning: `...` range patterns are deprecated
[INFO] [stdout]   --> src/lexer/numbers.rs:48:22
[INFO] [stdout]    |
[INFO] [stdout] 48 |             '_' | '0'...'9' => {
[INFO] [stdout]    |                      ^^^ help: use `..=` for an inclusive range
[INFO] [stdout]    |
[INFO] [stdout]    = warning: this is accepted in the current edition (Rust 2015) but is a hard error in Rust 2021!
[INFO] [stdout]    = note: for more information, see <https://doc.rust-lang.org/nightly/edition-guide/rust-2021/warnings-promoted-to-error.html>
[INFO] [stdout] 
[INFO] [stdout] 
[INFO] [stdout] warning: `...` range patterns are deprecated
[INFO] [stdout]   --> src/lexer/numbers.rs:51:16
[INFO] [stdout]    |
[INFO] [stdout] 51 |             'a'...'f' | 'A'...'F' if allow_hex => {
[INFO] [stdout]    |                ^^^ help: use `..=` for an inclusive range
[INFO] [stdout]    |
[INFO] [stdout]    = warning: this is accepted in the current edition (Rust 2015) but is a hard error in Rust 2021!
[INFO] [stdout]    = note: for more information, see <https://doc.rust-lang.org/nightly/edition-guide/rust-2021/warnings-promoted-to-error.html>
[INFO] [stdout] 
[INFO] [stdout] 
[INFO] [stdout] warning: `...` range patterns are deprecated
[INFO] [stdout]   --> src/lexer/numbers.rs:51:28
[INFO] [stdout]    |
[INFO] [stdout] 51 |             'a'...'f' | 'A'...'F' if allow_hex => {
[INFO] [stdout]    |                            ^^^ help: use `..=` for an inclusive range
[INFO] [stdout]    |
[INFO] [stdout]    = warning: this is accepted in the current edition (Rust 2015) but is a hard error in Rust 2021!
[INFO] [stdout]    = note: for more information, see <https://doc.rust-lang.org/nightly/edition-guide/rust-2021/warnings-promoted-to-error.html>
[INFO] [stdout] 
[INFO] [stdout] 
[INFO] [stdout] warning: 4 warnings emitted
[INFO] [stdout] 
[INFO] [stdout] 
[INFO] [stderr]     Finished dev [unoptimized + debuginfo] target(s) in 5.29s
[INFO] running `Command { std: "docker" "inspect" "427998e1a7e1dd9c324a1ceb0c41b2f3eb56836971439f5fb5800532a48c4f49", kill_on_drop: false }`
[INFO] running `Command { std: "docker" "rm" "-f" "427998e1a7e1dd9c324a1ceb0c41b2f3eb56836971439f5fb5800532a48c4f49", kill_on_drop: false }`
[INFO] [stdout] 427998e1a7e1dd9c324a1ceb0c41b2f3eb56836971439f5fb5800532a48c4f49
[INFO] running `Command { std: "docker" "create" "-v" "/var/lib/crater-agent-workspace/builds/worker-2-tc1/target:/opt/rustwide/target:rw,Z" "-v" "/var/lib/crater-agent-workspace/builds/worker-2-tc1/source:/opt/rustwide/workdir:ro,Z" "-v" "/var/lib/crater-agent-workspace/cargo-home:/opt/rustwide/cargo-home:ro,Z" "-v" "/var/lib/crater-agent-workspace/rustup-home:/opt/rustwide/rustup-home:ro,Z" "-e" "SOURCE_DIR=/opt/rustwide/workdir" "-e" "CARGO_TARGET_DIR=/opt/rustwide/target" "-e" "CARGO_INCREMENTAL=0" "-e" "RUST_BACKTRACE=full" "-e" "RUSTFLAGS=--cap-lints=warn" "-e" "RUSTDOCFLAGS=--cap-lints=warn" "-e" "CARGO_HOME=/opt/rustwide/cargo-home" "-e" "RUSTUP_HOME=/opt/rustwide/rustup-home" "-w" "/opt/rustwide/workdir" "-m" "1610612736" "--user" "0:0" "--network" "none" "ghcr.io/rust-lang/crates-build-env/linux@sha256:2788e3201cd34a07e3172128adcd8b3090168a8e3bcc40d7c032b9dda1df7d1c" "/opt/rustwide/cargo-home/bin/cargo" "+1.75.0" "test" "--frozen" "--no-run" "--message-format=json", kill_on_drop: false }`
[INFO] [stdout] 557d9d85328b69adf8cc6699dbef286742d21babcdb55411feba519c45888200
[INFO] running `Command { std: "docker" "start" "-a" "557d9d85328b69adf8cc6699dbef286742d21babcdb55411feba519c45888200", kill_on_drop: false }`
[INFO] [stdout] warning: `...` range patterns are deprecated
[INFO] [stdout]   --> src/lexer/numbers.rs:17:16
[INFO] [stdout]    |
[INFO] [stdout] 17 |             '0'...'9' | '_' | '.' | 'e' | 'E' => {
[INFO] [stdout]    |                ^^^ help: use `..=` for an inclusive range
[INFO] [stdout]    |
[INFO] [stdout]    = warning: this is accepted in the current edition (Rust 2015) but is a hard error in Rust 2021!
[INFO] [stdout]    = note: for more information, see <https://doc.rust-lang.org/nightly/edition-guide/rust-2021/warnings-promoted-to-error.html>
[INFO] [stdout]    = note: `#[warn(ellipsis_inclusive_range_patterns)]` on by default
[INFO] [stdout] 
[INFO] [stdout] 
[INFO] [stdout] warning: `...` range patterns are deprecated
[INFO] [stdout]   --> src/lexer/numbers.rs:48:22
[INFO] [stdout]    |
[INFO] [stdout] 48 |             '_' | '0'...'9' => {
[INFO] [stdout]    |                      ^^^ help: use `..=` for an inclusive range
[INFO] [stdout]    |
[INFO] [stdout]    = warning: this is accepted in the current edition (Rust 2015) but is a hard error in Rust 2021!
[INFO] [stdout]    = note: for more information, see <https://doc.rust-lang.org/nightly/edition-guide/rust-2021/warnings-promoted-to-error.html>
[INFO] [stdout] 
[INFO] [stdout] 
[INFO] [stderr]    Compiling walkdir v2.4.0
[INFO] [stdout] warning: `...` range patterns are deprecated
[INFO] [stdout]   --> src/lexer/numbers.rs:51:16
[INFO] [stdout]    |
[INFO] [stdout] 51 |             'a'...'f' | 'A'...'F' if allow_hex => {
[INFO] [stdout]    |                ^^^ help: use `..=` for an inclusive range
[INFO] [stdout]    |
[INFO] [stdout]    = warning: this is accepted in the current edition (Rust 2015) but is a hard error in Rust 2021!
[INFO] [stdout]    = note: for more information, see <https://doc.rust-lang.org/nightly/edition-guide/rust-2021/warnings-promoted-to-error.html>
[INFO] [stdout] 
[INFO] [stdout] 
[INFO] [stdout] warning: `...` range patterns are deprecated
[INFO] [stdout]   --> src/lexer/numbers.rs:51:28
[INFO] [stdout]    |
[INFO] [stdout] 51 |             'a'...'f' | 'A'...'F' if allow_hex => {
[INFO] [stdout]    |                            ^^^ help: use `..=` for an inclusive range
[INFO] [stdout]    |
[INFO] [stdout]    = warning: this is accepted in the current edition (Rust 2015) but is a hard error in Rust 2021!
[INFO] [stdout]    = note: for more information, see <https://doc.rust-lang.org/nightly/edition-guide/rust-2021/warnings-promoted-to-error.html>
[INFO] [stdout] 
[INFO] [stdout] 
[INFO] [stdout] warning: 4 warnings emitted
[INFO] [stdout] 
[INFO] [stdout] 
[INFO] [stderr]    Compiling ra_syntax v0.1.0 (/opt/rustwide/workdir)
[INFO] [stdout] error[E0463]: can't find crate for `test_utils`
[INFO] [stdout]   --> src/lib.rs:31:1
[INFO] [stdout]    |
[INFO] [stdout] 31 | extern crate test_utils;
[INFO] [stdout]    | ^^^^^^^^^^^^^^^^^^^^^^^^ can't find crate
[INFO] [stdout] 
[INFO] [stdout] 
[INFO] [stdout] error[E0463]: can't find crate for `test_utils`
[INFO] [stdout]  --> tests/test.rs:3:1
[INFO] [stdout]   |
[INFO] [stdout] 3 | extern crate test_utils;
[INFO] [stdout]   | ^^^^^^^^^^^^^^^^^^^^^^^^ can't find crate
[INFO] [stdout] 
[INFO] [stdout] 
[INFO] [stdout] error: cannot find macro `assert_eq_text` in this scope
[INFO] [stdout]   --> tests/test.rs:95:5
[INFO] [stdout]    |
[INFO] [stdout] 95 |     assert_eq_text!(expected, actual, "file: {}", pretty_path.display());
[INFO] [stdout]    |     ^^^^^^^^^^^^^^
[INFO] [stdout] 
[INFO] [stdout] 
[INFO] [stdout] error: aborting due to 2 previous errors
[INFO] [stdout] 
[INFO] [stdout] 
[INFO] [stdout] For more information about this error, try `rustc --explain E0463`.
[INFO] [stdout] 
[INFO] [stdout] error: cannot find macro `assert_eq_text` in this scope
[INFO] [stdout]    --> src/reparsing.rs:215:9
[INFO] [stdout]     |
[INFO] [stdout] 215 |         assert_eq_text!(
[INFO] [stdout]     |         ^^^^^^^^^^^^^^
[INFO] [stdout] 
[INFO] [stdout] 
[INFO] [stderr] error: could not compile `ra_syntax` (test "test") due to 3 previous errors
[INFO] [stderr] warning: build failed, waiting for other jobs to finish...
[INFO] [stdout] warning: `...` range patterns are deprecated
[INFO] [stdout]   --> src/lexer/numbers.rs:17:16
[INFO] [stdout]    |
[INFO] [stdout] 17 |             '0'...'9' | '_' | '.' | 'e' | 'E' => {
[INFO] [stdout]    |                ^^^ help: use `..=` for an inclusive range
[INFO] [stdout]    |
[INFO] [stdout]    = warning: this is accepted in the current edition (Rust 2015) but is a hard error in Rust 2021!
[INFO] [stdout]    = note: for more information, see <https://doc.rust-lang.org/nightly/edition-guide/rust-2021/warnings-promoted-to-error.html>
[INFO] [stdout]    = note: `#[warn(ellipsis_inclusive_range_patterns)]` on by default
[INFO] [stdout] 
[INFO] [stdout] 
[INFO] [stdout] warning: `...` range patterns are deprecated
[INFO] [stdout]   --> src/lexer/numbers.rs:48:22
[INFO] [stdout]    |
[INFO] [stdout] 48 |             '_' | '0'...'9' => {
[INFO] [stdout]    |                      ^^^ help: use `..=` for an inclusive range
[INFO] [stdout]    |
[INFO] [stdout]    = warning: this is accepted in the current edition (Rust 2015) but is a hard error in Rust 2021!
[INFO] [stdout]    = note: for more information, see <https://doc.rust-lang.org/nightly/edition-guide/rust-2021/warnings-promoted-to-error.html>
[INFO] [stdout] 
[INFO] [stdout] 
[INFO] [stdout] warning: `...` range patterns are deprecated
[INFO] [stdout]   --> src/lexer/numbers.rs:51:16
[INFO] [stdout]    |
[INFO] [stdout] 51 |             'a'...'f' | 'A'...'F' if allow_hex => {
[INFO] [stdout]    |                ^^^ help: use `..=` for an inclusive range
[INFO] [stdout]    |
[INFO] [stdout]    = warning: this is accepted in the current edition (Rust 2015) but is a hard error in Rust 2021!
[INFO] [stdout]    = note: for more information, see <https://doc.rust-lang.org/nightly/edition-guide/rust-2021/warnings-promoted-to-error.html>
[INFO] [stdout] 
[INFO] [stdout] 
[INFO] [stdout] warning: `...` range patterns are deprecated
[INFO] [stdout]   --> src/lexer/numbers.rs:51:28
[INFO] [stdout]    |
[INFO] [stdout] 51 |             'a'...'f' | 'A'...'F' if allow_hex => {
[INFO] [stdout]    |                            ^^^ help: use `..=` for an inclusive range
[INFO] [stdout]    |
[INFO] [stdout]    = warning: this is accepted in the current edition (Rust 2015) but is a hard error in Rust 2021!
[INFO] [stdout]    = note: for more information, see <https://doc.rust-lang.org/nightly/edition-guide/rust-2021/warnings-promoted-to-error.html>
[INFO] [stdout] 
[INFO] [stdout] 
[INFO] [stdout] warning: unused import: `utils::dump_tree`
[INFO] [stdout]    --> src/reparsing.rs:189:71
[INFO] [stdout]     |
[INFO] [stdout] 189 |         super::{test_utils::extract_range, text_utils::replace_range, utils::dump_tree, File},
[INFO] [stdout]     |                                                                       ^^^^^^^^^^^^^^^^
[INFO] [stdout]     |
[INFO] [stdout]     = note: `#[warn(unused_imports)]` on by default
[INFO] [stdout] 
[INFO] [stdout] 
[INFO] [stdout] error: aborting due to 2 previous errors; 5 warnings emitted
[INFO] [stdout] 
[INFO] [stdout] 
[INFO] [stdout] For more information about this error, try `rustc --explain E0463`.
[INFO] [stdout] 
[INFO] [stderr] error: could not compile `ra_syntax` (lib test) due to 3 previous errors; 5 warnings emitted
[INFO] running `Command { std: "docker" "inspect" "557d9d85328b69adf8cc6699dbef286742d21babcdb55411feba519c45888200", kill_on_drop: false }`
[INFO] running `Command { std: "docker" "rm" "-f" "557d9d85328b69adf8cc6699dbef286742d21babcdb55411feba519c45888200", kill_on_drop: false }`
[INFO] [stdout] 557d9d85328b69adf8cc6699dbef286742d21babcdb55411feba519c45888200
[INFO] testing ra_syntax-0.1.0 against beta-2023-12-22 for beta-1.76-1
[INFO] extracting crate ra_syntax 0.1.0 into /workspace/builds/worker-2-tc2/source
[INFO] validating manifest of crates.io crate ra_syntax 0.1.0 on toolchain beta-2023-12-22
[INFO] running `Command { std: CARGO_HOME="/workspace/cargo-home" RUSTUP_HOME="/workspace/rustup-home" "/workspace/cargo-home/bin/cargo" "+beta-2023-12-22" "metadata" "--manifest-path" "Cargo.toml" "--no-deps", kill_on_drop: false }`
[INFO] started tweaking crates.io crate ra_syntax 0.1.0
[INFO] finished tweaking crates.io crate ra_syntax 0.1.0
[INFO] tweaked toml for crates.io crate ra_syntax 0.1.0 written to /workspace/builds/worker-2-tc2/source/Cargo.toml
[INFO] running `Command { std: CARGO_HOME="/workspace/cargo-home" RUSTUP_HOME="/workspace/rustup-home" "/workspace/cargo-home/bin/cargo" "+beta-2023-12-22" "generate-lockfile" "--manifest-path" "Cargo.toml", kill_on_drop: false }`
[INFO] [stderr]     Updating crates.io index
[INFO] running `Command { std: CARGO_HOME="/workspace/cargo-home" RUSTUP_HOME="/workspace/rustup-home" "/workspace/cargo-home/bin/cargo" "+beta-2023-12-22" "fetch" "--manifest-path" "Cargo.toml", kill_on_drop: false }`
[INFO] running `Command { std: "docker" "create" "-v" "/var/lib/crater-agent-workspace/builds/worker-2-tc2/target:/opt/rustwide/target:rw,Z" "-v" "/var/lib/crater-agent-workspace/builds/worker-2-tc2/source:/opt/rustwide/workdir:ro,Z" "-v" "/var/lib/crater-agent-workspace/cargo-home:/opt/rustwide/cargo-home:ro,Z" "-v" "/var/lib/crater-agent-workspace/rustup-home:/opt/rustwide/rustup-home:ro,Z" "-e" "SOURCE_DIR=/opt/rustwide/workdir" "-e" "CARGO_TARGET_DIR=/opt/rustwide/target" "-e" "CARGO_HOME=/opt/rustwide/cargo-home" "-e" "RUSTUP_HOME=/opt/rustwide/rustup-home" "-w" "/opt/rustwide/workdir" "-m" "1610612736" "--user" "0:0" "--network" "none" "ghcr.io/rust-lang/crates-build-env/linux@sha256:2788e3201cd34a07e3172128adcd8b3090168a8e3bcc40d7c032b9dda1df7d1c" "/opt/rustwide/cargo-home/bin/cargo" "+beta-2023-12-22" "metadata" "--no-deps" "--format-version=1", kill_on_drop: false }`
[INFO] [stdout] 92b778bb9b2e0aaf6542d223446b6fe3f2fdec0c6f3538ee16a0e2081c8486f1
[INFO] running `Command { std: "docker" "start" "-a" "92b778bb9b2e0aaf6542d223446b6fe3f2fdec0c6f3538ee16a0e2081c8486f1", kill_on_drop: false }`
[INFO] running `Command { std: "docker" "inspect" "92b778bb9b2e0aaf6542d223446b6fe3f2fdec0c6f3538ee16a0e2081c8486f1", kill_on_drop: false }`
[INFO] running `Command { std: "docker" "rm" "-f" "92b778bb9b2e0aaf6542d223446b6fe3f2fdec0c6f3538ee16a0e2081c8486f1", kill_on_drop: false }`
[INFO] [stdout] 92b778bb9b2e0aaf6542d223446b6fe3f2fdec0c6f3538ee16a0e2081c8486f1
[INFO] running `Command { std: "docker" "create" "-v" "/var/lib/crater-agent-workspace/builds/worker-2-tc2/target:/opt/rustwide/target:rw,Z" "-v" "/var/lib/crater-agent-workspace/builds/worker-2-tc2/source:/opt/rustwide/workdir:ro,Z" "-v" "/var/lib/crater-agent-workspace/cargo-home:/opt/rustwide/cargo-home:ro,Z" "-v" "/var/lib/crater-agent-workspace/rustup-home:/opt/rustwide/rustup-home:ro,Z" "-e" "SOURCE_DIR=/opt/rustwide/workdir" "-e" "CARGO_TARGET_DIR=/opt/rustwide/target" "-e" "CARGO_INCREMENTAL=0" "-e" "RUST_BACKTRACE=full" "-e" "RUSTFLAGS=--cap-lints=warn" "-e" "RUSTDOCFLAGS=--cap-lints=warn" "-e" "CARGO_HOME=/opt/rustwide/cargo-home" "-e" "RUSTUP_HOME=/opt/rustwide/rustup-home" "-w" "/opt/rustwide/workdir" "-m" "1610612736" "--user" "0:0" "--network" "none" "ghcr.io/rust-lang/crates-build-env/linux@sha256:2788e3201cd34a07e3172128adcd8b3090168a8e3bcc40d7c032b9dda1df7d1c" "/opt/rustwide/cargo-home/bin/cargo" "+beta-2023-12-22" "build" "--frozen" "--message-format=json", kill_on_drop: false }`
[INFO] [stdout] c8a813e55369cfecce92091709bc205c93494447b2cdf082a65a81d7501ce138
[INFO] running `Command { std: "docker" "start" "-a" "c8a813e55369cfecce92091709bc205c93494447b2cdf082a65a81d7501ce138", kill_on_drop: false }`
[INFO] [stderr]    Compiling rand_core v0.4.2
[INFO] [stderr]    Compiling autocfg v0.1.8
[INFO] [stderr]    Compiling stable_deref_trait v1.2.0
[INFO] [stderr]    Compiling serde v1.0.194
[INFO] [stderr]    Compiling scopeguard v0.3.3
[INFO] [stderr]    Compiling parking_lot_core v0.4.0
[INFO] [stderr]    Compiling parking_lot_core v0.3.1
[INFO] [stderr]    Compiling text_unit v0.1.10
[INFO] [stderr]    Compiling rand_chacha v0.1.1
[INFO] [stderr]    Compiling rand_pcg v0.1.2
[INFO] [stderr]    Compiling rand v0.6.5
[INFO] [stderr]    Compiling owning_ref v0.4.1
[INFO] [stderr]    Compiling rand_core v0.3.1
[INFO] [stderr]    Compiling rand_isaac v0.1.1
[INFO] [stderr]    Compiling rand_hc v0.1.0
[INFO] [stderr]    Compiling rand_xorshift v0.1.1
[INFO] [stderr]    Compiling rand_jitter v0.1.4
[INFO] [stderr]    Compiling rand_os v0.1.3
[INFO] [stderr]    Compiling lock_api v0.1.5
[INFO] [stderr]    Compiling rand v0.5.6
[INFO] [stderr]    Compiling either v1.9.0
[INFO] [stderr]    Compiling unicode-xid v0.1.0
[INFO] [stderr]    Compiling drop_bomb v0.1.5
[INFO] [stderr]    Compiling itertools v0.7.11
[INFO] [stderr]    Compiling parking_lot v0.7.1
[INFO] [stderr]    Compiling parking_lot v0.6.4
[INFO] [stderr]    Compiling smol_str v0.1.24
[INFO] [stderr]    Compiling rowan v0.1.4
[INFO] [stderr]    Compiling ra_syntax v0.1.0 (/opt/rustwide/workdir)
[INFO] [stdout] warning: `...` range patterns are deprecated
[INFO] [stdout]   --> src/lexer/numbers.rs:17:16
[INFO] [stdout]    |
[INFO] [stdout] 17 |             '0'...'9' | '_' | '.' | 'e' | 'E' => {
[INFO] [stdout]    |                ^^^ help: use `..=` for an inclusive range
[INFO] [stdout]    |
[INFO] [stdout]    = warning: this is accepted in the current edition (Rust 2015) but is a hard error in Rust 2021!
[INFO] [stdout]    = note: for more information, see <https://doc.rust-lang.org/nightly/edition-guide/rust-2021/warnings-promoted-to-error.html>
[INFO] [stdout]    = note: `#[warn(ellipsis_inclusive_range_patterns)]` on by default
[INFO] [stdout] 
[INFO] [stdout] 
[INFO] [stdout] warning: `...` range patterns are deprecated
[INFO] [stdout]   --> src/lexer/numbers.rs:48:22
[INFO] [stdout]    |
[INFO] [stdout] 48 |             '_' | '0'...'9' => {
[INFO] [stdout]    |                      ^^^ help: use `..=` for an inclusive range
[INFO] [stdout]    |
[INFO] [stdout]    = warning: this is accepted in the current edition (Rust 2015) but is a hard error in Rust 2021!
[INFO] [stdout]    = note: for more information, see <https://doc.rust-lang.org/nightly/edition-guide/rust-2021/warnings-promoted-to-error.html>
[INFO] [stdout] 
[INFO] [stdout] 
[INFO] [stdout] warning: `...` range patterns are deprecated
[INFO] [stdout]   --> src/lexer/numbers.rs:51:16
[INFO] [stdout]    |
[INFO] [stdout] 51 |             'a'...'f' | 'A'...'F' if allow_hex => {
[INFO] [stdout]    |                ^^^ help: use `..=` for an inclusive range
[INFO] [stdout]    |
[INFO] [stdout]    = warning: this is accepted in the current edition (Rust 2015) but is a hard error in Rust 2021!
[INFO] [stdout]    = note: for more information, see <https://doc.rust-lang.org/nightly/edition-guide/rust-2021/warnings-promoted-to-error.html>
[INFO] [stdout] 
[INFO] [stdout] 
[INFO] [stdout] warning: `...` range patterns are deprecated
[INFO] [stdout]   --> src/lexer/numbers.rs:51:28
[INFO] [stdout]    |
[INFO] [stdout] 51 |             'a'...'f' | 'A'...'F' if allow_hex => {
[INFO] [stdout]    |                            ^^^ help: use `..=` for an inclusive range
[INFO] [stdout]    |
[INFO] [stdout]    = warning: this is accepted in the current edition (Rust 2015) but is a hard error in Rust 2021!
[INFO] [stdout]    = note: for more information, see <https://doc.rust-lang.org/nightly/edition-guide/rust-2021/warnings-promoted-to-error.html>
[INFO] [stdout] 
[INFO] [stdout] 
[INFO] [stdout] warning: 4 warnings emitted
[INFO] [stdout] 
[INFO] [stdout] 
[INFO] [stderr]     Finished dev [unoptimized + debuginfo] target(s) in 8.03s
[INFO] running `Command { std: "docker" "inspect" "c8a813e55369cfecce92091709bc205c93494447b2cdf082a65a81d7501ce138", kill_on_drop: false }`
[INFO] running `Command { std: "docker" "rm" "-f" "c8a813e55369cfecce92091709bc205c93494447b2cdf082a65a81d7501ce138", kill_on_drop: false }`
[INFO] [stdout] c8a813e55369cfecce92091709bc205c93494447b2cdf082a65a81d7501ce138
[INFO] running `Command { std: "docker" "create" "-v" "/var/lib/crater-agent-workspace/builds/worker-2-tc2/target:/opt/rustwide/target:rw,Z" "-v" "/var/lib/crater-agent-workspace/builds/worker-2-tc2/source:/opt/rustwide/workdir:ro,Z" "-v" "/var/lib/crater-agent-workspace/cargo-home:/opt/rustwide/cargo-home:ro,Z" "-v" "/var/lib/crater-agent-workspace/rustup-home:/opt/rustwide/rustup-home:ro,Z" "-e" "SOURCE_DIR=/opt/rustwide/workdir" "-e" "CARGO_TARGET_DIR=/opt/rustwide/target" "-e" "CARGO_INCREMENTAL=0" "-e" "RUST_BACKTRACE=full" "-e" "RUSTFLAGS=--cap-lints=warn" "-e" "RUSTDOCFLAGS=--cap-lints=warn" "-e" "CARGO_HOME=/opt/rustwide/cargo-home" "-e" "RUSTUP_HOME=/opt/rustwide/rustup-home" "-w" "/opt/rustwide/workdir" "-m" "1610612736" "--user" "0:0" "--network" "none" "ghcr.io/rust-lang/crates-build-env/linux@sha256:2788e3201cd34a07e3172128adcd8b3090168a8e3bcc40d7c032b9dda1df7d1c" "/opt/rustwide/cargo-home/bin/cargo" "+beta-2023-12-22" "test" "--frozen" "--no-run" "--message-format=json", kill_on_drop: false }`
[INFO] [stdout] e9e775548bcdf33c1c476223e31c20c47ebf310420a3d3399ffd3a079150f49e
[INFO] running `Command { std: "docker" "start" "-a" "e9e775548bcdf33c1c476223e31c20c47ebf310420a3d3399ffd3a079150f49e", kill_on_drop: false }`
[INFO] [stderr]    Compiling walkdir v2.4.0
[INFO] [stdout] warning: `...` range patterns are deprecated
[INFO] [stdout]   --> src/lexer/numbers.rs:17:16
[INFO] [stdout]    |
[INFO] [stdout] 17 |             '0'...'9' | '_' | '.' | 'e' | 'E' => {
[INFO] [stdout]    |                ^^^ help: use `..=` for an inclusive range
[INFO] [stdout]    |
[INFO] [stdout]    = warning: this is accepted in the current edition (Rust 2015) but is a hard error in Rust 2021!
[INFO] [stdout]    = note: for more information, see <https://doc.rust-lang.org/nightly/edition-guide/rust-2021/warnings-promoted-to-error.html>
[INFO] [stdout]    = note: `#[warn(ellipsis_inclusive_range_patterns)]` on by default
[INFO] [stdout] 
[INFO] [stdout] 
[INFO] [stdout] warning: `...` range patterns are deprecated
[INFO] [stdout]   --> src/lexer/numbers.rs:48:22
[INFO] [stdout]    |
[INFO] [stdout] 48 |             '_' | '0'...'9' => {
[INFO] [stdout]    |                      ^^^ help: use `..=` for an inclusive range
[INFO] [stdout]    |
[INFO] [stdout]    = warning: this is accepted in the current edition (Rust 2015) but is a hard error in Rust 2021!
[INFO] [stdout]    = note: for more information, see <https://doc.rust-lang.org/nightly/edition-guide/rust-2021/warnings-promoted-to-error.html>
[INFO] [stdout] 
[INFO] [stdout] 
[INFO] [stdout] warning: `...` range patterns are deprecated
[INFO] [stdout]   --> src/lexer/numbers.rs:51:16
[INFO] [stdout]    |
[INFO] [stdout] 51 |             'a'...'f' | 'A'...'F' if allow_hex => {
[INFO] [stdout]    |                ^^^ help: use `..=` for an inclusive range
[INFO] [stdout]    |
[INFO] [stdout]    = warning: this is accepted in the current edition (Rust 2015) but is a hard error in Rust 2021!
[INFO] [stdout]    = note: for more information, see <https://doc.rust-lang.org/nightly/edition-guide/rust-2021/warnings-promoted-to-error.html>
[INFO] [stdout] 
[INFO] [stdout] 
[INFO] [stdout] warning: `...` range patterns are deprecated
[INFO] [stdout]   --> src/lexer/numbers.rs:51:28
[INFO] [stdout]    |
[INFO] [stdout] 51 |             'a'...'f' | 'A'...'F' if allow_hex => {
[INFO] [stdout]    |                            ^^^ help: use `..=` for an inclusive range
[INFO] [stdout]    |
[INFO] [stdout]    = warning: this is accepted in the current edition (Rust 2015) but is a hard error in Rust 2021!
[INFO] [stdout]    = note: for more information, see <https://doc.rust-lang.org/nightly/edition-guide/rust-2021/warnings-promoted-to-error.html>
[INFO] [stdout] 
[INFO] [stdout] 
[INFO] [stdout] warning: 4 warnings emitted
[INFO] [stdout] 
[INFO] [stdout] 
[INFO] [stderr]    Compiling ra_syntax v0.1.0 (/opt/rustwide/workdir)
[INFO] [stdout] error[E0463]: can't find crate for `test_utils`
[INFO] [stdout]  --> tests/test.rs:3:1
[INFO] [stdout]   |
[INFO] [stdout] 3 | extern crate test_utils;
[INFO] [stdout]   | ^^^^^^^^^^^^^^^^^^^^^^^^ can't find crate
[INFO] [stdout] 
[INFO] [stdout] 
[INFO] [stdout] error[E0463]: can't find crate for `test_utils`
[INFO] [stdout]   --> src/lib.rs:31:1
[INFO] [stdout]    |
[INFO] [stdout] 31 | extern crate test_utils;
[INFO] [stdout]    | ^^^^^^^^^^^^^^^^^^^^^^^^ can't find crate
[INFO] [stdout] 
[INFO] [stdout] 
[INFO] [stdout] error: cannot find macro `assert_eq_text` in this scope
[INFO] [stdout]   --> tests/test.rs:95:5
[INFO] [stdout]    |
[INFO] [stdout] 95 |     assert_eq_text!(expected, actual, "file: {}", pretty_path.display());
[INFO] [stdout]    |     ^^^^^^^^^^^^^^
[INFO] [stdout] 
[INFO] [stdout] 
[INFO] [stdout] error: aborting due to 2 previous errors
[INFO] [stdout] 
[INFO] [stdout] 
[INFO] [stdout] For more information about this error, try `rustc --explain E0463`.
[INFO] [stdout] 
[INFO] [stderr] error: could not compile `ra_syntax` (test "test") due to 3 previous errors
[INFO] [stderr] warning: build failed, waiting for other jobs to finish...
[INFO] [stdout] error: cannot find macro `assert_eq_text` in this scope
[INFO] [stdout]    --> src/reparsing.rs:215:9
[INFO] [stdout]     |
[INFO] [stdout] 215 |         assert_eq_text!(
[INFO] [stdout]     |         ^^^^^^^^^^^^^^
[INFO] [stdout] 
[INFO] [stdout] 
[INFO] [stdout] warning: `...` range patterns are deprecated
[INFO] [stdout]   --> src/lexer/numbers.rs:17:16
[INFO] [stdout]    |
[INFO] [stdout] 17 |             '0'...'9' | '_' | '.' | 'e' | 'E' => {
[INFO] [stdout]    |                ^^^ help: use `..=` for an inclusive range
[INFO] [stdout]    |
[INFO] [stdout]    = warning: this is accepted in the current edition (Rust 2015) but is a hard error in Rust 2021!
[INFO] [stdout]    = note: for more information, see <https://doc.rust-lang.org/nightly/edition-guide/rust-2021/warnings-promoted-to-error.html>
[INFO] [stdout]    = note: `#[warn(ellipsis_inclusive_range_patterns)]` on by default
[INFO] [stdout] 
[INFO] [stdout] 
[INFO] [stdout] warning: `...` range patterns are deprecated
[INFO] [stdout]   --> src/lexer/numbers.rs:48:22
[INFO] [stdout]    |
[INFO] [stdout] 48 |             '_' | '0'...'9' => {
[INFO] [stdout]    |                      ^^^ help: use `..=` for an inclusive range
[INFO] [stdout]    |
[INFO] [stdout]    = warning: this is accepted in the current edition (Rust 2015) but is a hard error in Rust 2021!
[INFO] [stdout]    = note: for more information, see <https://doc.rust-lang.org/nightly/edition-guide/rust-2021/warnings-promoted-to-error.html>
[INFO] [stdout] 
[INFO] [stdout] 
[INFO] [stdout] warning: `...` range patterns are deprecated
[INFO] [stdout]   --> src/lexer/numbers.rs:51:16
[INFO] [stdout]    |
[INFO] [stdout] 51 |             'a'...'f' | 'A'...'F' if allow_hex => {
[INFO] [stdout]    |                ^^^ help: use `..=` for an inclusive range
[INFO] [stdout]    |
[INFO] [stdout]    = warning: this is accepted in the current edition (Rust 2015) but is a hard error in Rust 2021!
[INFO] [stdout]    = note: for more information, see <https://doc.rust-lang.org/nightly/edition-guide/rust-2021/warnings-promoted-to-error.html>
[INFO] [stdout] 
[INFO] [stdout] 
[INFO] [stdout] warning: `...` range patterns are deprecated
[INFO] [stdout]   --> src/lexer/numbers.rs:51:28
[INFO] [stdout]    |
[INFO] [stdout] 51 |             'a'...'f' | 'A'...'F' if allow_hex => {
[INFO] [stdout]    |                            ^^^ help: use `..=` for an inclusive range
[INFO] [stdout]    |
[INFO] [stdout]    = warning: this is accepted in the current edition (Rust 2015) but is a hard error in Rust 2021!
[INFO] [stdout]    = note: for more information, see <https://doc.rust-lang.org/nightly/edition-guide/rust-2021/warnings-promoted-to-error.html>
[INFO] [stdout] 
[INFO] [stdout] 
[INFO] [stdout] warning: unused import: `utils::dump_tree`
[INFO] [stdout]    --> src/reparsing.rs:189:71
[INFO] [stdout]     |
[INFO] [stdout] 189 |         super::{test_utils::extract_range, text_utils::replace_range, utils::dump_tree, File},
[INFO] [stdout]     |                                                                       ^^^^^^^^^^^^^^^^
[INFO] [stdout]     |
[INFO] [stdout]     = note: `#[warn(unused_imports)]` on by default
[INFO] [stdout] 
[INFO] [stdout] 
[INFO] [stdout] error: aborting due to 2 previous errors; 5 warnings emitted
[INFO] [stdout] 
[INFO] [stdout] 
[INFO] [stdout] For more information about this error, try `rustc --explain E0463`.
[INFO] [stdout] 
[INFO] [stderr] error: could not compile `ra_syntax` (lib test) due to 3 previous errors; 5 warnings emitted
[INFO] running `Command { std: "docker" "inspect" "e9e775548bcdf33c1c476223e31c20c47ebf310420a3d3399ffd3a079150f49e", kill_on_drop: false }`
[INFO] running `Command { std: "docker" "rm" "-f" "e9e775548bcdf33c1c476223e31c20c47ebf310420a3d3399ffd3a079150f49e", kill_on_drop: false }`
[INFO] [stdout] e9e775548bcdf33c1c476223e31c20c47ebf310420a3d3399ffd3a079150f49e
