[INFO] fetching crate ra_ap_cfg 0.0.187...
[INFO] testing ra_ap_cfg-0.0.187 against 1.75.0 for beta-1.76-1
[INFO] extracting crate ra_ap_cfg 0.0.187 into /workspace/builds/worker-7-tc1/source
[INFO] validating manifest of crates.io crate ra_ap_cfg 0.0.187 on toolchain 1.75.0
[INFO] running `Command { std: CARGO_HOME="/workspace/cargo-home" RUSTUP_HOME="/workspace/rustup-home" "/workspace/cargo-home/bin/cargo" "+1.75.0" "metadata" "--manifest-path" "Cargo.toml" "--no-deps", kill_on_drop: false }`
[INFO] started tweaking crates.io crate ra_ap_cfg 0.0.187
[INFO] finished tweaking crates.io crate ra_ap_cfg 0.0.187
[INFO] tweaked toml for crates.io crate ra_ap_cfg 0.0.187 written to /workspace/builds/worker-7-tc1/source/Cargo.toml
[INFO] running `Command { std: CARGO_HOME="/workspace/cargo-home" RUSTUP_HOME="/workspace/rustup-home" "/workspace/cargo-home/bin/cargo" "+1.75.0" "generate-lockfile" "--manifest-path" "Cargo.toml", kill_on_drop: false }`
[INFO] [stderr]     Updating crates.io index
[INFO] running `Command { std: CARGO_HOME="/workspace/cargo-home" RUSTUP_HOME="/workspace/rustup-home" "/workspace/cargo-home/bin/cargo" "+1.75.0" "fetch" "--manifest-path" "Cargo.toml", kill_on_drop: false }`
[INFO] [stderr]  Downloading crates ...
[INFO] [stderr]   Downloaded ra_ap_stdx v0.0.187
[INFO] [stderr]   Downloaded jod-thread v0.1.2
[INFO] [stderr]   Downloaded ra_ap_tt v0.0.187
[INFO] running `Command { std: "docker" "create" "-v" "/var/lib/crater-agent-workspace/builds/worker-7-tc1/target:/opt/rustwide/target:rw,Z" "-v" "/var/lib/crater-agent-workspace/builds/worker-7-tc1/source:/opt/rustwide/workdir:ro,Z" "-v" "/var/lib/crater-agent-workspace/cargo-home:/opt/rustwide/cargo-home:ro,Z" "-v" "/var/lib/crater-agent-workspace/rustup-home:/opt/rustwide/rustup-home:ro,Z" "-e" "SOURCE_DIR=/opt/rustwide/workdir" "-e" "CARGO_TARGET_DIR=/opt/rustwide/target" "-e" "CARGO_HOME=/opt/rustwide/cargo-home" "-e" "RUSTUP_HOME=/opt/rustwide/rustup-home" "-w" "/opt/rustwide/workdir" "-m" "1610612736" "--user" "0:0" "--network" "none" "ghcr.io/rust-lang/crates-build-env/linux@sha256:2788e3201cd34a07e3172128adcd8b3090168a8e3bcc40d7c032b9dda1df7d1c" "/opt/rustwide/cargo-home/bin/cargo" "+1.75.0" "metadata" "--no-deps" "--format-version=1", kill_on_drop: false }`
[INFO] [stdout] 57fa58562b6eb4b7771947f4ec05e57f34b74283696b88c8a7d7d2b67d226f60
[INFO] running `Command { std: "docker" "start" "-a" "57fa58562b6eb4b7771947f4ec05e57f34b74283696b88c8a7d7d2b67d226f60", kill_on_drop: false }`
[INFO] running `Command { std: "docker" "inspect" "57fa58562b6eb4b7771947f4ec05e57f34b74283696b88c8a7d7d2b67d226f60", kill_on_drop: false }`
[INFO] running `Command { std: "docker" "rm" "-f" "57fa58562b6eb4b7771947f4ec05e57f34b74283696b88c8a7d7d2b67d226f60", kill_on_drop: false }`
[INFO] [stdout] 57fa58562b6eb4b7771947f4ec05e57f34b74283696b88c8a7d7d2b67d226f60
[INFO] running `Command { std: "docker" "create" "-v" "/var/lib/crater-agent-workspace/builds/worker-7-tc1/target:/opt/rustwide/target:rw,Z" "-v" "/var/lib/crater-agent-workspace/builds/worker-7-tc1/source:/opt/rustwide/workdir:ro,Z" "-v" "/var/lib/crater-agent-workspace/cargo-home:/opt/rustwide/cargo-home:ro,Z" "-v" "/var/lib/crater-agent-workspace/rustup-home:/opt/rustwide/rustup-home:ro,Z" "-e" "SOURCE_DIR=/opt/rustwide/workdir" "-e" "CARGO_TARGET_DIR=/opt/rustwide/target" "-e" "CARGO_INCREMENTAL=0" "-e" "RUST_BACKTRACE=full" "-e" "RUSTFLAGS=--cap-lints=warn" "-e" "RUSTDOCFLAGS=--cap-lints=warn" "-e" "CARGO_HOME=/opt/rustwide/cargo-home" "-e" "RUSTUP_HOME=/opt/rustwide/rustup-home" "-w" "/opt/rustwide/workdir" "-m" "1610612736" "--user" "0:0" "--network" "none" "ghcr.io/rust-lang/crates-build-env/linux@sha256:2788e3201cd34a07e3172128adcd8b3090168a8e3bcc40d7c032b9dda1df7d1c" "/opt/rustwide/cargo-home/bin/cargo" "+1.75.0" "build" "--frozen" "--message-format=json", kill_on_drop: false }`
[INFO] [stdout] 25aa6231986ec072d349ddc8e5d47f20e2a6683b2af9993271090ee1acf65f70
[INFO] running `Command { std: "docker" "start" "-a" "25aa6231986ec072d349ddc8e5d47f20e2a6683b2af9993271090ee1acf65f70", kill_on_drop: false }`
[INFO] [stderr]    Compiling crossbeam-utils v0.8.18
[INFO] [stderr]    Compiling libc v0.2.151
[INFO] [stderr]    Compiling log v0.4.20
[INFO] [stderr]    Compiling jod-thread v0.1.2
[INFO] [stderr]    Compiling smol_str v0.2.0
[INFO] [stderr]    Compiling rustc-hash v1.1.0
[INFO] [stderr]    Compiling always-assert v0.1.3
[INFO] [stderr]    Compiling crossbeam-channel v0.5.10
[INFO] [stderr]    Compiling ra_ap_stdx v0.0.187
[INFO] [stderr]    Compiling ra_ap_tt v0.0.187
[INFO] [stderr]    Compiling ra_ap_cfg v0.0.187 (/opt/rustwide/workdir)
[INFO] [stderr]     Finished dev [unoptimized + debuginfo] target(s) in 1.89s
[INFO] running `Command { std: "docker" "inspect" "25aa6231986ec072d349ddc8e5d47f20e2a6683b2af9993271090ee1acf65f70", kill_on_drop: false }`
[INFO] running `Command { std: "docker" "rm" "-f" "25aa6231986ec072d349ddc8e5d47f20e2a6683b2af9993271090ee1acf65f70", kill_on_drop: false }`
[INFO] [stdout] 25aa6231986ec072d349ddc8e5d47f20e2a6683b2af9993271090ee1acf65f70
[INFO] running `Command { std: "docker" "create" "-v" "/var/lib/crater-agent-workspace/builds/worker-7-tc1/target:/opt/rustwide/target:rw,Z" "-v" "/var/lib/crater-agent-workspace/builds/worker-7-tc1/source:/opt/rustwide/workdir:ro,Z" "-v" "/var/lib/crater-agent-workspace/cargo-home:/opt/rustwide/cargo-home:ro,Z" "-v" "/var/lib/crater-agent-workspace/rustup-home:/opt/rustwide/rustup-home:ro,Z" "-e" "SOURCE_DIR=/opt/rustwide/workdir" "-e" "CARGO_TARGET_DIR=/opt/rustwide/target" "-e" "CARGO_INCREMENTAL=0" "-e" "RUST_BACKTRACE=full" "-e" "RUSTFLAGS=--cap-lints=warn" "-e" "RUSTDOCFLAGS=--cap-lints=warn" "-e" "CARGO_HOME=/opt/rustwide/cargo-home" "-e" "RUSTUP_HOME=/opt/rustwide/rustup-home" "-w" "/opt/rustwide/workdir" "-m" "1610612736" "--user" "0:0" "--network" "none" "ghcr.io/rust-lang/crates-build-env/linux@sha256:2788e3201cd34a07e3172128adcd8b3090168a8e3bcc40d7c032b9dda1df7d1c" "/opt/rustwide/cargo-home/bin/cargo" "+1.75.0" "test" "--frozen" "--no-run" "--message-format=json", kill_on_drop: false }`
[INFO] [stdout] b164f26e0eb3cda8c17d8b68bdb78ce3b0e85b97a86ffbde7b395df52a8e9c76
[INFO] running `Command { std: "docker" "start" "-a" "b164f26e0eb3cda8c17d8b68bdb78ce3b0e85b97a86ffbde7b395df52a8e9c76", kill_on_drop: false }`
[INFO] [stderr]    Compiling ra_ap_cfg v0.0.187 (/opt/rustwide/workdir)
[INFO] [stdout] error[E0432]: unresolved import `arbitrary`
[INFO] [stdout]  --> src/tests.rs:1:5
[INFO] [stdout]   |
[INFO] [stdout] 1 | use arbitrary::{Arbitrary, Unstructured};
[INFO] [stdout]   |     ^^^^^^^^^ use of undeclared crate or module `arbitrary`
[INFO] [stdout] 
[INFO] [stdout] 
[INFO] [stdout] error[E0432]: unresolved import `expect_test`
[INFO] [stdout]  --> src/tests.rs:2:5
[INFO] [stdout]   |
[INFO] [stdout] 2 | use expect_test::{expect, Expect};
[INFO] [stdout]   |     ^^^^^^^^^^^ use of undeclared crate or module `expect_test`
[INFO] [stdout] 
[INFO] [stdout] 
[INFO] [stdout] error[E0432]: unresolved import `mbe`
[INFO] [stdout]  --> src/tests.rs:3:5
[INFO] [stdout]   |
[INFO] [stdout] 3 | use mbe::syntax_node_to_token_tree;
[INFO] [stdout]   |     ^^^ use of undeclared crate or module `mbe`
[INFO] [stdout] 
[INFO] [stdout] 
[INFO] [stdout] error[E0432]: unresolved import `syntax`
[INFO] [stdout]  --> src/tests.rs:4:5
[INFO] [stdout]   |
[INFO] [stdout] 4 | use syntax::{ast, AstNode};
[INFO] [stdout]   |     ^^^^^^ use of undeclared crate or module `syntax`
[INFO] [stdout] 
[INFO] [stdout] 
[INFO] [stdout] error[E0433]: failed to resolve: use of undeclared crate or module `derive_arbitrary`
[INFO] [stdout]   --> src/cfg_expr.rs:53:25
[INFO] [stdout]    |
[INFO] [stdout] 53 | #[cfg_attr(test, derive(derive_arbitrary::Arbitrary))]
[INFO] [stdout]    |                         ^^^^^^^^^^^^^^^^ use of undeclared crate or module `derive_arbitrary`
[INFO] [stdout] 
[INFO] [stdout] 
[INFO] [stdout] error: cannot determine resolution for the macro `expect`
[INFO] [stdout]   --> src/tests.rs:88:32
[INFO] [stdout]    |
[INFO] [stdout] 88 |     check_dnf("#![cfg(test)]", expect![[r#"#![cfg(test)]"#]]);
[INFO] [stdout]    |                                ^^^^^^
[INFO] [stdout]    |
[INFO] [stdout]    = note: import resolution is stuck, try simplifying macro imports
[INFO] [stdout] 
[INFO] [stdout] 
[INFO] [stdout] error: cannot determine resolution for the macro `expect`
[INFO] [stdout]   --> src/tests.rs:89:37
[INFO] [stdout]    |
[INFO] [stdout] 89 |     check_dnf("#![cfg(not(test))]", expect![[r#"#![cfg(not(test))]"#]]);
[INFO] [stdout]    |                                     ^^^^^^
[INFO] [stdout]    |
[INFO] [stdout]    = note: import resolution is stuck, try simplifying macro imports
[INFO] [stdout] 
[INFO] [stdout] 
[INFO] [stdout] error: cannot determine resolution for the macro `expect`
[INFO] [stdout]   --> src/tests.rs:90:42
[INFO] [stdout]    |
[INFO] [stdout] 90 |     check_dnf("#![cfg(not(not(test)))]", expect![[r#"#![cfg(test)]"#]]);
[INFO] [stdout]    |                                          ^^^^^^
[INFO] [stdout]    |
[INFO] [stdout]    = note: import resolution is stuck, try simplifying macro imports
[INFO] [stdout] 
[INFO] [stdout] 
[INFO] [stdout] error: cannot determine resolution for the macro `expect`
[INFO] [stdout]   --> src/tests.rs:92:37
[INFO] [stdout]    |
[INFO] [stdout] 92 |     check_dnf("#![cfg(all(a, b))]", expect![[r#"#![cfg(all(a, b))]"#]]);
[INFO] [stdout]    |                                     ^^^^^^
[INFO] [stdout]    |
[INFO] [stdout]    = note: import resolution is stuck, try simplifying macro imports
[INFO] [stdout] 
[INFO] [stdout] 
[INFO] [stdout] error: cannot determine resolution for the macro `expect`
[INFO] [stdout]   --> src/tests.rs:93:37
[INFO] [stdout]    |
[INFO] [stdout] 93 |     check_dnf("#![cfg(any(a, b))]", expect![[r#"#![cfg(any(a, b))]"#]]);
[INFO] [stdout]    |                                     ^^^^^^
[INFO] [stdout]    |
[INFO] [stdout]    = note: import resolution is stuck, try simplifying macro imports
[INFO] [stdout] 
[INFO] [stdout] 
[INFO] [stdout] error: cannot determine resolution for the macro `expect`
[INFO] [stdout]   --> src/tests.rs:95:34
[INFO] [stdout]    |
[INFO] [stdout] 95 |     check_dnf("#![cfg(not(a))]", expect![[r#"#![cfg(not(a))]"#]]);
[INFO] [stdout]    |                                  ^^^^^^
[INFO] [stdout]    |
[INFO] [stdout]    = note: import resolution is stuck, try simplifying macro imports
[INFO] [stdout] 
[INFO] [stdout] 
[INFO] [stdout] error: cannot determine resolution for the macro `expect`
[INFO] [stdout]    --> src/tests.rs:100:45
[INFO] [stdout]     |
[INFO] [stdout] 100 |     check_dnf("#![cfg(all(any(a, b), c))]", expect![[r#"#![cfg(any(all(a, c), all(b, c)))]"#]]);
[INFO] [stdout]     |                                             ^^^^^^
[INFO] [stdout]     |
[INFO] [stdout]     = note: import resolution is stuck, try simplifying macro imports
[INFO] [stdout] 
[INFO] [stdout] 
[INFO] [stdout] error: cannot determine resolution for the macro `expect`
[INFO] [stdout]    --> src/tests.rs:101:45
[INFO] [stdout]     |
[INFO] [stdout] 101 |     check_dnf("#![cfg(all(c, any(a, b)))]", expect![[r#"#![cfg(any(all(c, a), all(c, b)))]"#]]);
[INFO] [stdout]     |                                             ^^^^^^
[INFO] [stdout]     |
[INFO] [stdout]     = note: import resolution is stuck, try simplifying macro imports
[INFO] [stdout] 
[INFO] [stdout] 
[INFO] [stdout] error: cannot determine resolution for the macro `expect`
[INFO] [stdout]    --> src/tests.rs:104:9
[INFO] [stdout]     |
[INFO] [stdout] 104 |         expect![[r#"#![cfg(any(all(a, c), all(a, d), all(b, c), all(b, d)))]"#]],
[INFO] [stdout]     |         ^^^^^^
[INFO] [stdout]     |
[INFO] [stdout]     = note: import resolution is stuck, try simplifying macro imports
[INFO] [stdout] 
[INFO] [stdout] 
[INFO] [stdout] error: cannot determine resolution for the macro `expect`
[INFO] [stdout]    --> src/tests.rs:109:9
[INFO] [stdout]     |
[INFO] [stdout] 109 |         expect![[
[INFO] [stdout]     |         ^^^^^^
[INFO] [stdout]     |
[INFO] [stdout]     = note: import resolution is stuck, try simplifying macro imports
[INFO] [stdout] 
[INFO] [stdout] 
[INFO] [stdout] error: cannot determine resolution for the macro `expect`
[INFO] [stdout]    --> src/tests.rs:117:42
[INFO] [stdout]     |
[INFO] [stdout] 117 |     check_dnf("#![cfg(not(all(a, b)))]", expect![[r#"#![cfg(any(not(a), not(b)))]"#]]);
[INFO] [stdout]     |                                          ^^^^^^
[INFO] [stdout]     |
[INFO] [stdout]     = note: import resolution is stuck, try simplifying macro imports
[INFO] [stdout] 
[INFO] [stdout] 
[INFO] [stdout] error: cannot determine resolution for the macro `expect`
[INFO] [stdout]    --> src/tests.rs:118:42
[INFO] [stdout]     |
[INFO] [stdout] 118 |     check_dnf("#![cfg(not(any(a, b)))]", expect![[r#"#![cfg(all(not(a), not(b)))]"#]]);
[INFO] [stdout]     |                                          ^^^^^^
[INFO] [stdout]     |
[INFO] [stdout]     = note: import resolution is stuck, try simplifying macro imports
[INFO] [stdout] 
[INFO] [stdout] 
[INFO] [stdout] error: cannot determine resolution for the macro `expect`
[INFO] [stdout]    --> src/tests.rs:120:47
[INFO] [stdout]     |
[INFO] [stdout] 120 |     check_dnf("#![cfg(not(all(not(a), b)))]", expect![[r#"#![cfg(any(a, not(b)))]"#]]);
[INFO] [stdout]     |                                               ^^^^^^
[INFO] [stdout]     |
[INFO] [stdout]     = note: import resolution is stuck, try simplifying macro imports
[INFO] [stdout] 
[INFO] [stdout] 
[INFO] [stdout] error: cannot determine resolution for the macro `expect`
[INFO] [stdout]    --> src/tests.rs:121:47
[INFO] [stdout]     |
[INFO] [stdout] 121 |     check_dnf("#![cfg(not(any(a, not(b))))]", expect![[r#"#![cfg(all(not(a), b))]"#]]);
[INFO] [stdout]     |                                               ^^^^^^
[INFO] [stdout]     |
[INFO] [stdout]     = note: import resolution is stuck, try simplifying macro imports
[INFO] [stdout] 
[INFO] [stdout] 
[INFO] [stdout] error: cannot determine resolution for the macro `expect`
[INFO] [stdout]    --> src/tests.rs:126:57
[INFO] [stdout]     |
[INFO] [stdout] 126 |     check_dnf("#![cfg(all(any(a), not(all(any(b)))))]", expect![[r#"#![cfg(all(a, not(b)))]"#]]);
[INFO] [stdout]     |                                                         ^^^^^^
[INFO] [stdout]     |
[INFO] [stdout]     = note: import resolution is stuck, try simplifying macro imports
[INFO] [stdout] 
[INFO] [stdout] 
[INFO] [stdout] error: cannot determine resolution for the macro `expect`
[INFO] [stdout]    --> src/tests.rs:128:42
[INFO] [stdout]     |
[INFO] [stdout] 128 |     check_dnf("#![cfg(any(any(a, b)))]", expect![[r#"#![cfg(any(a, b))]"#]]);
[INFO] [stdout]     |                                          ^^^^^^
[INFO] [stdout]     |
[INFO] [stdout]     = note: import resolution is stuck, try simplifying macro imports
[INFO] [stdout] 
[INFO] [stdout] 
[INFO] [stdout] error: cannot determine resolution for the macro `expect`
[INFO] [stdout]    --> src/tests.rs:129:47
[INFO] [stdout]     |
[INFO] [stdout] 129 |     check_dnf("#![cfg(not(any(any(a, b))))]", expect![[r#"#![cfg(all(not(a), not(b)))]"#]]);
[INFO] [stdout]     |                                               ^^^^^^
[INFO] [stdout]     |
[INFO] [stdout]     = note: import resolution is stuck, try simplifying macro imports
[INFO] [stdout] 
[INFO] [stdout] 
[INFO] [stdout] error: cannot determine resolution for the macro `expect`
[INFO] [stdout]    --> src/tests.rs:130:42
[INFO] [stdout]     |
[INFO] [stdout] 130 |     check_dnf("#![cfg(all(all(a, b)))]", expect![[r#"#![cfg(all(a, b))]"#]]);
[INFO] [stdout]     |                                          ^^^^^^
[INFO] [stdout]     |
[INFO] [stdout]     = note: import resolution is stuck, try simplifying macro imports
[INFO] [stdout] 
[INFO] [stdout] 
[INFO] [stdout] error: cannot determine resolution for the macro `expect`
[INFO] [stdout]    --> src/tests.rs:131:47
[INFO] [stdout]     |
[INFO] [stdout] 131 |     check_dnf("#![cfg(not(all(all(a, b))))]", expect![[r#"#![cfg(any(not(a), not(b)))]"#]]);
[INFO] [stdout]     |                                               ^^^^^^
[INFO] [stdout]     |
[INFO] [stdout]     = note: import resolution is stuck, try simplifying macro imports
[INFO] [stdout] 
[INFO] [stdout] 
[INFO] [stdout] error: cannot determine resolution for the macro `expect`
[INFO] [stdout]    --> src/tests.rs:136:58
[INFO] [stdout]     |
[INFO] [stdout] 136 |     check_dnf("#![cfg(all(not(not(any(any(any()))))))]", expect![[r##"#![cfg(any())]"##]]);
[INFO] [stdout]     |                                                          ^^^^^^
[INFO] [stdout]     |
[INFO] [stdout]     = note: import resolution is stuck, try simplifying macro imports
[INFO] [stdout] 
[INFO] [stdout] 
[INFO] [stdout] error: cannot determine resolution for the macro `expect`
[INFO] [stdout]    --> src/tests.rs:137:48
[INFO] [stdout]     |
[INFO] [stdout] 137 |     check_dnf("#![cfg(all(any(all(any()))))]", expect![[r##"#![cfg(any())]"##]]);
[INFO] [stdout]     |                                                ^^^^^^
[INFO] [stdout]     |
[INFO] [stdout]     = note: import resolution is stuck, try simplifying macro imports
[INFO] [stdout] 
[INFO] [stdout] 
[INFO] [stdout] error: cannot determine resolution for the macro `expect`
[INFO] [stdout]    --> src/tests.rs:138:43
[INFO] [stdout]     |
[INFO] [stdout] 138 |     check_dnf("#![cfg(all(all(any())))]", expect![[r##"#![cfg(any())]"##]]);
[INFO] [stdout]     |                                           ^^^^^^
[INFO] [stdout]     |
[INFO] [stdout]     = note: import resolution is stuck, try simplifying macro imports
[INFO] [stdout] 
[INFO] [stdout] 
[INFO] [stdout] error: cannot determine resolution for the macro `expect`
[INFO] [stdout]    --> src/tests.rs:140:46
[INFO] [stdout]     |
[INFO] [stdout] 140 |     check_dnf("#![cfg(all(all(any(), x)))]", expect![[r##"#![cfg(any())]"##]]);
[INFO] [stdout]     |                                              ^^^^^^
[INFO] [stdout]     |
[INFO] [stdout]     = note: import resolution is stuck, try simplifying macro imports
[INFO] [stdout] 
[INFO] [stdout] 
[INFO] [stdout] error: cannot determine resolution for the macro `expect`
[INFO] [stdout]    --> src/tests.rs:141:46
[INFO] [stdout]     |
[INFO] [stdout] 141 |     check_dnf("#![cfg(all(all(any()), x))]", expect![[r##"#![cfg(any())]"##]]);
[INFO] [stdout]     |                                              ^^^^^^
[INFO] [stdout]     |
[INFO] [stdout]     = note: import resolution is stuck, try simplifying macro imports
[INFO] [stdout] 
[INFO] [stdout] 
[INFO] [stdout] error: cannot determine resolution for the macro `expect`
[INFO] [stdout]    --> src/tests.rs:142:44
[INFO] [stdout]     |
[INFO] [stdout] 142 |     check_dnf("#![cfg(all(all(any(x))))]", expect![[r##"#![cfg(x)]"##]]);
[INFO] [stdout]     |                                            ^^^^^^
[INFO] [stdout]     |
[INFO] [stdout]     = note: import resolution is stuck, try simplifying macro imports
[INFO] [stdout] 
[INFO] [stdout] 
[INFO] [stdout] error: cannot determine resolution for the macro `expect`
[INFO] [stdout]    --> src/tests.rs:143:47
[INFO] [stdout]     |
[INFO] [stdout] 143 |     check_dnf("#![cfg(all(all(any(x), x)))]", expect![[r##"#![cfg(all(x, x))]"##]]);
[INFO] [stdout]     |                                               ^^^^^^
[INFO] [stdout]     |
[INFO] [stdout]     = note: import resolution is stuck, try simplifying macro imports
[INFO] [stdout] 
[INFO] [stdout] 
[INFO] [stdout] error: cannot determine resolution for the macro `expect`
[INFO] [stdout]    --> src/tests.rs:182:45
[INFO] [stdout]     |
[INFO] [stdout] 182 |     check_why_inactive("#![cfg(a)]", &opts, expect![["a is disabled"]]);
[INFO] [stdout]     |                                             ^^^^^^
[INFO] [stdout]     |
[INFO] [stdout]     = note: import resolution is stuck, try simplifying macro imports
[INFO] [stdout] 
[INFO] [stdout] 
[INFO] [stdout] error: cannot determine resolution for the macro `expect`
[INFO] [stdout]    --> src/tests.rs:183:53
[INFO] [stdout]     |
[INFO] [stdout] 183 |     check_why_inactive("#![cfg(not(test))]", &opts, expect![["test is enabled"]]);
[INFO] [stdout]     |                                                     ^^^^^^
[INFO] [stdout]     |
[INFO] [stdout]     = note: import resolution is stuck, try simplifying macro imports
[INFO] [stdout] 
[INFO] [stdout] 
[INFO] [stdout] error: cannot determine resolution for the macro `expect`
[INFO] [stdout]    --> src/tests.rs:188:9
[INFO] [stdout]     |
[INFO] [stdout] 188 |         expect![["test and test2 are enabled"]],
[INFO] [stdout]     |         ^^^^^^
[INFO] [stdout]     |
[INFO] [stdout]     = note: import resolution is stuck, try simplifying macro imports
[INFO] [stdout] 
[INFO] [stdout] 
[INFO] [stdout] error: cannot determine resolution for the macro `expect`
[INFO] [stdout]    --> src/tests.rs:190:53
[INFO] [stdout]     |
[INFO] [stdout] 190 |     check_why_inactive("#![cfg(all(a, b))]", &opts, expect![["a and b are disabled"]]);
[INFO] [stdout]     |                                                     ^^^^^^
[INFO] [stdout]     |
[INFO] [stdout]     = note: import resolution is stuck, try simplifying macro imports
[INFO] [stdout] 
[INFO] [stdout] 
[INFO] [stdout] error: cannot determine resolution for the macro `expect`
[INFO] [stdout]    --> src/tests.rs:194:9
[INFO] [stdout]     |
[INFO] [stdout] 194 |         expect![["test is enabled and a is disabled"]],
[INFO] [stdout]     |         ^^^^^^
[INFO] [stdout]     |
[INFO] [stdout]     = note: import resolution is stuck, try simplifying macro imports
[INFO] [stdout] 
[INFO] [stdout] 
[INFO] [stdout] error: cannot determine resolution for the macro `expect`
[INFO] [stdout]    --> src/tests.rs:199:9
[INFO] [stdout]     |
[INFO] [stdout] 199 |         expect![["test is enabled and a is disabled"]],
[INFO] [stdout]     |         ^^^^^^
[INFO] [stdout]     |
[INFO] [stdout]     = note: import resolution is stuck, try simplifying macro imports
[INFO] [stdout] 
[INFO] [stdout] 
[INFO] [stdout] error: cannot determine resolution for the macro `expect`
[INFO] [stdout]    --> src/tests.rs:204:9
[INFO] [stdout]     |
[INFO] [stdout] 204 |         expect![["test and test2 are enabled and a is disabled"]],
[INFO] [stdout]     |         ^^^^^^
[INFO] [stdout]     |
[INFO] [stdout]     = note: import resolution is stuck, try simplifying macro imports
[INFO] [stdout] 
[INFO] [stdout] 
[INFO] [stdout] error[E0433]: failed to resolve: use of undeclared crate or module `oorandom`
[INFO] [stdout]    --> src/tests.rs:212:19
[INFO] [stdout]     |
[INFO] [stdout] 212 |     let mut rng = oorandom::Rand32::new(123456789);
[INFO] [stdout]     |                   ^^^^^^^^ use of undeclared crate or module `oorandom`
[INFO] [stdout] 
[INFO] [stdout] 
[INFO] [stdout] error[E0433]: failed to resolve: use of undeclared crate or module `arbitrary`
[INFO] [stdout]    --> src/cfg_expr.rs:134:6
[INFO] [stdout]     |
[INFO] [stdout] 134 | impl arbitrary::Arbitrary<'_> for CfgAtom {
[INFO] [stdout]     |      ^^^^^^^^^ use of undeclared crate or module `arbitrary`
[INFO] [stdout] 
[INFO] [stdout] 
[INFO] [stdout] error[E0433]: failed to resolve: use of undeclared crate or module `arbitrary`
[INFO] [stdout]    --> src/cfg_expr.rs:135:26
[INFO] [stdout]     |
[INFO] [stdout] 135 |     fn arbitrary(u: &mut arbitrary::Unstructured<'_>) -> arbitrary::Result<Self> {
[INFO] [stdout]     |                          ^^^^^^^^^ use of undeclared crate or module `arbitrary`
[INFO] [stdout] 
[INFO] [stdout] 
[INFO] [stdout] error[E0433]: failed to resolve: use of undeclared crate or module `arbitrary`
[INFO] [stdout]    --> src/cfg_expr.rs:135:58
[INFO] [stdout]     |
[INFO] [stdout] 135 |     fn arbitrary(u: &mut arbitrary::Unstructured<'_>) -> arbitrary::Result<Self> {
[INFO] [stdout]     |                                                          ^^^^^^^^^ use of undeclared crate or module `arbitrary`
[INFO] [stdout] 
[INFO] [stdout] 
[INFO] [stdout] error: aborting due to 42 previous errors
[INFO] [stdout] 
[INFO] [stdout] 
[INFO] [stdout] Some errors have detailed explanations: E0432, E0433.
[INFO] [stdout] 
[INFO] [stdout] For more information about an error, try `rustc --explain E0432`.
[INFO] [stdout] 
[INFO] [stderr] error: could not compile `ra_ap_cfg` (lib test) due to 43 previous errors
[INFO] running `Command { std: "docker" "inspect" "b164f26e0eb3cda8c17d8b68bdb78ce3b0e85b97a86ffbde7b395df52a8e9c76", kill_on_drop: false }`
[INFO] running `Command { std: "docker" "rm" "-f" "b164f26e0eb3cda8c17d8b68bdb78ce3b0e85b97a86ffbde7b395df52a8e9c76", kill_on_drop: false }`
[INFO] [stdout] b164f26e0eb3cda8c17d8b68bdb78ce3b0e85b97a86ffbde7b395df52a8e9c76
[INFO] testing ra_ap_cfg-0.0.187 against beta-2023-12-22 for beta-1.76-1
[INFO] extracting crate ra_ap_cfg 0.0.187 into /workspace/builds/worker-7-tc2/source
[INFO] validating manifest of crates.io crate ra_ap_cfg 0.0.187 on toolchain beta-2023-12-22
[INFO] running `Command { std: CARGO_HOME="/workspace/cargo-home" RUSTUP_HOME="/workspace/rustup-home" "/workspace/cargo-home/bin/cargo" "+beta-2023-12-22" "metadata" "--manifest-path" "Cargo.toml" "--no-deps", kill_on_drop: false }`
[INFO] started tweaking crates.io crate ra_ap_cfg 0.0.187
[INFO] finished tweaking crates.io crate ra_ap_cfg 0.0.187
[INFO] tweaked toml for crates.io crate ra_ap_cfg 0.0.187 written to /workspace/builds/worker-7-tc2/source/Cargo.toml
[INFO] running `Command { std: CARGO_HOME="/workspace/cargo-home" RUSTUP_HOME="/workspace/rustup-home" "/workspace/cargo-home/bin/cargo" "+beta-2023-12-22" "generate-lockfile" "--manifest-path" "Cargo.toml", kill_on_drop: false }`
[INFO] [stderr]     Updating crates.io index
[INFO] running `Command { std: CARGO_HOME="/workspace/cargo-home" RUSTUP_HOME="/workspace/rustup-home" "/workspace/cargo-home/bin/cargo" "+beta-2023-12-22" "fetch" "--manifest-path" "Cargo.toml", kill_on_drop: false }`
[INFO] running `Command { std: "docker" "create" "-v" "/var/lib/crater-agent-workspace/builds/worker-7-tc2/target:/opt/rustwide/target:rw,Z" "-v" "/var/lib/crater-agent-workspace/builds/worker-7-tc2/source:/opt/rustwide/workdir:ro,Z" "-v" "/var/lib/crater-agent-workspace/cargo-home:/opt/rustwide/cargo-home:ro,Z" "-v" "/var/lib/crater-agent-workspace/rustup-home:/opt/rustwide/rustup-home:ro,Z" "-e" "SOURCE_DIR=/opt/rustwide/workdir" "-e" "CARGO_TARGET_DIR=/opt/rustwide/target" "-e" "CARGO_HOME=/opt/rustwide/cargo-home" "-e" "RUSTUP_HOME=/opt/rustwide/rustup-home" "-w" "/opt/rustwide/workdir" "-m" "1610612736" "--user" "0:0" "--network" "none" "ghcr.io/rust-lang/crates-build-env/linux@sha256:2788e3201cd34a07e3172128adcd8b3090168a8e3bcc40d7c032b9dda1df7d1c" "/opt/rustwide/cargo-home/bin/cargo" "+beta-2023-12-22" "metadata" "--no-deps" "--format-version=1", kill_on_drop: false }`
[INFO] [stdout] 0fdedd01099dfc4c52afa16cb502bc5344d49c13988919524919d24576ac5e4f
[INFO] running `Command { std: "docker" "start" "-a" "0fdedd01099dfc4c52afa16cb502bc5344d49c13988919524919d24576ac5e4f", kill_on_drop: false }`
[INFO] running `Command { std: "docker" "inspect" "0fdedd01099dfc4c52afa16cb502bc5344d49c13988919524919d24576ac5e4f", kill_on_drop: false }`
[INFO] running `Command { std: "docker" "rm" "-f" "0fdedd01099dfc4c52afa16cb502bc5344d49c13988919524919d24576ac5e4f", kill_on_drop: false }`
[INFO] [stdout] 0fdedd01099dfc4c52afa16cb502bc5344d49c13988919524919d24576ac5e4f
[INFO] running `Command { std: "docker" "create" "-v" "/var/lib/crater-agent-workspace/builds/worker-7-tc2/target:/opt/rustwide/target:rw,Z" "-v" "/var/lib/crater-agent-workspace/builds/worker-7-tc2/source:/opt/rustwide/workdir:ro,Z" "-v" "/var/lib/crater-agent-workspace/cargo-home:/opt/rustwide/cargo-home:ro,Z" "-v" "/var/lib/crater-agent-workspace/rustup-home:/opt/rustwide/rustup-home:ro,Z" "-e" "SOURCE_DIR=/opt/rustwide/workdir" "-e" "CARGO_TARGET_DIR=/opt/rustwide/target" "-e" "CARGO_INCREMENTAL=0" "-e" "RUST_BACKTRACE=full" "-e" "RUSTFLAGS=--cap-lints=warn" "-e" "RUSTDOCFLAGS=--cap-lints=warn" "-e" "CARGO_HOME=/opt/rustwide/cargo-home" "-e" "RUSTUP_HOME=/opt/rustwide/rustup-home" "-w" "/opt/rustwide/workdir" "-m" "1610612736" "--user" "0:0" "--network" "none" "ghcr.io/rust-lang/crates-build-env/linux@sha256:2788e3201cd34a07e3172128adcd8b3090168a8e3bcc40d7c032b9dda1df7d1c" "/opt/rustwide/cargo-home/bin/cargo" "+beta-2023-12-22" "build" "--frozen" "--message-format=json", kill_on_drop: false }`
[INFO] [stdout] 3af859c9edda2753af7c40d5120f433726c6fe08770740361b7f6093dcaf216d
[INFO] running `Command { std: "docker" "start" "-a" "3af859c9edda2753af7c40d5120f433726c6fe08770740361b7f6093dcaf216d", kill_on_drop: false }`
[INFO] [stderr]    Compiling crossbeam-utils v0.8.18
[INFO] [stderr]    Compiling libc v0.2.151
[INFO] [stderr]    Compiling log v0.4.20
[INFO] [stderr]    Compiling jod-thread v0.1.2
[INFO] [stderr]    Compiling smol_str v0.2.0
[INFO] [stderr]    Compiling rustc-hash v1.1.0
[INFO] [stderr]    Compiling always-assert v0.1.3
[INFO] [stderr]    Compiling crossbeam-channel v0.5.10
[INFO] [stderr]    Compiling ra_ap_stdx v0.0.187
[INFO] [stderr]    Compiling ra_ap_tt v0.0.187
[INFO] [stderr]    Compiling ra_ap_cfg v0.0.187 (/opt/rustwide/workdir)
[INFO] [stderr]     Finished dev [unoptimized + debuginfo] target(s) in 1.84s
[INFO] running `Command { std: "docker" "inspect" "3af859c9edda2753af7c40d5120f433726c6fe08770740361b7f6093dcaf216d", kill_on_drop: false }`
[INFO] running `Command { std: "docker" "rm" "-f" "3af859c9edda2753af7c40d5120f433726c6fe08770740361b7f6093dcaf216d", kill_on_drop: false }`
[INFO] [stdout] 3af859c9edda2753af7c40d5120f433726c6fe08770740361b7f6093dcaf216d
[INFO] running `Command { std: "docker" "create" "-v" "/var/lib/crater-agent-workspace/builds/worker-7-tc2/target:/opt/rustwide/target:rw,Z" "-v" "/var/lib/crater-agent-workspace/builds/worker-7-tc2/source:/opt/rustwide/workdir:ro,Z" "-v" "/var/lib/crater-agent-workspace/cargo-home:/opt/rustwide/cargo-home:ro,Z" "-v" "/var/lib/crater-agent-workspace/rustup-home:/opt/rustwide/rustup-home:ro,Z" "-e" "SOURCE_DIR=/opt/rustwide/workdir" "-e" "CARGO_TARGET_DIR=/opt/rustwide/target" "-e" "CARGO_INCREMENTAL=0" "-e" "RUST_BACKTRACE=full" "-e" "RUSTFLAGS=--cap-lints=warn" "-e" "RUSTDOCFLAGS=--cap-lints=warn" "-e" "CARGO_HOME=/opt/rustwide/cargo-home" "-e" "RUSTUP_HOME=/opt/rustwide/rustup-home" "-w" "/opt/rustwide/workdir" "-m" "1610612736" "--user" "0:0" "--network" "none" "ghcr.io/rust-lang/crates-build-env/linux@sha256:2788e3201cd34a07e3172128adcd8b3090168a8e3bcc40d7c032b9dda1df7d1c" "/opt/rustwide/cargo-home/bin/cargo" "+beta-2023-12-22" "test" "--frozen" "--no-run" "--message-format=json", kill_on_drop: false }`
[INFO] [stdout] 181bfb4cce69cdc08f34ffd9967a0d2a7c21c0f5784475c0f0d5894d952f05a0
[INFO] running `Command { std: "docker" "start" "-a" "181bfb4cce69cdc08f34ffd9967a0d2a7c21c0f5784475c0f0d5894d952f05a0", kill_on_drop: false }`
[INFO] [stderr]    Compiling ra_ap_cfg v0.0.187 (/opt/rustwide/workdir)
[INFO] [stdout] error[E0432]: unresolved import `arbitrary`
[INFO] [stdout]  --> src/tests.rs:1:5
[INFO] [stdout]   |
[INFO] [stdout] 1 | use arbitrary::{Arbitrary, Unstructured};
[INFO] [stdout]   |     ^^^^^^^^^ use of undeclared crate or module `arbitrary`
[INFO] [stdout] 
[INFO] [stdout] 
[INFO] [stdout] error[E0432]: unresolved import `expect_test`
[INFO] [stdout]  --> src/tests.rs:2:5
[INFO] [stdout]   |
[INFO] [stdout] 2 | use expect_test::{expect, Expect};
[INFO] [stdout]   |     ^^^^^^^^^^^ use of undeclared crate or module `expect_test`
[INFO] [stdout] 
[INFO] [stdout] 
[INFO] [stdout] error[E0432]: unresolved import `mbe`
[INFO] [stdout]  --> src/tests.rs:3:5
[INFO] [stdout]   |
[INFO] [stdout] 3 | use mbe::syntax_node_to_token_tree;
[INFO] [stdout]   |     ^^^ use of undeclared crate or module `mbe`
[INFO] [stdout] 
[INFO] [stdout] 
[INFO] [stdout] error[E0432]: unresolved import `syntax`
[INFO] [stdout]  --> src/tests.rs:4:5
[INFO] [stdout]   |
[INFO] [stdout] 4 | use syntax::{ast, AstNode};
[INFO] [stdout]   |     ^^^^^^ use of undeclared crate or module `syntax`
[INFO] [stdout] 
[INFO] [stdout] 
[INFO] [stdout] error[E0433]: failed to resolve: use of undeclared crate or module `derive_arbitrary`
[INFO] [stdout]   --> src/cfg_expr.rs:53:25
[INFO] [stdout]    |
[INFO] [stdout] 53 | #[cfg_attr(test, derive(derive_arbitrary::Arbitrary))]
[INFO] [stdout]    |                         ^^^^^^^^^^^^^^^^ use of undeclared crate or module `derive_arbitrary`
[INFO] [stdout] 
[INFO] [stdout] 
[INFO] [stdout] error: cannot determine resolution for the macro `expect`
[INFO] [stdout]   --> src/tests.rs:88:32
[INFO] [stdout]    |
[INFO] [stdout] 88 |     check_dnf("#![cfg(test)]", expect![[r#"#![cfg(test)]"#]]);
[INFO] [stdout]    |                                ^^^^^^
[INFO] [stdout]    |
[INFO] [stdout]    = note: import resolution is stuck, try simplifying macro imports
[INFO] [stdout] 
[INFO] [stdout] 
[INFO] [stdout] error: cannot determine resolution for the macro `expect`
[INFO] [stdout]   --> src/tests.rs:89:37
[INFO] [stdout]    |
[INFO] [stdout] 89 |     check_dnf("#![cfg(not(test))]", expect![[r#"#![cfg(not(test))]"#]]);
[INFO] [stdout]    |                                     ^^^^^^
[INFO] [stdout]    |
[INFO] [stdout]    = note: import resolution is stuck, try simplifying macro imports
[INFO] [stdout] 
[INFO] [stdout] 
[INFO] [stdout] error: cannot determine resolution for the macro `expect`
[INFO] [stdout]   --> src/tests.rs:90:42
[INFO] [stdout]    |
[INFO] [stdout] 90 |     check_dnf("#![cfg(not(not(test)))]", expect![[r#"#![cfg(test)]"#]]);
[INFO] [stdout]    |                                          ^^^^^^
[INFO] [stdout]    |
[INFO] [stdout]    = note: import resolution is stuck, try simplifying macro imports
[INFO] [stdout] 
[INFO] [stdout] 
[INFO] [stdout] error: cannot determine resolution for the macro `expect`
[INFO] [stdout]   --> src/tests.rs:92:37
[INFO] [stdout]    |
[INFO] [stdout] 92 |     check_dnf("#![cfg(all(a, b))]", expect![[r#"#![cfg(all(a, b))]"#]]);
[INFO] [stdout]    |                                     ^^^^^^
[INFO] [stdout]    |
[INFO] [stdout]    = note: import resolution is stuck, try simplifying macro imports
[INFO] [stdout] 
[INFO] [stdout] 
[INFO] [stdout] error: cannot determine resolution for the macro `expect`
[INFO] [stdout]   --> src/tests.rs:93:37
[INFO] [stdout]    |
[INFO] [stdout] 93 |     check_dnf("#![cfg(any(a, b))]", expect![[r#"#![cfg(any(a, b))]"#]]);
[INFO] [stdout]    |                                     ^^^^^^
[INFO] [stdout]    |
[INFO] [stdout]    = note: import resolution is stuck, try simplifying macro imports
[INFO] [stdout] 
[INFO] [stdout] 
[INFO] [stdout] error: cannot determine resolution for the macro `expect`
[INFO] [stdout]   --> src/tests.rs:95:34
[INFO] [stdout]    |
[INFO] [stdout] 95 |     check_dnf("#![cfg(not(a))]", expect![[r#"#![cfg(not(a))]"#]]);
[INFO] [stdout]    |                                  ^^^^^^
[INFO] [stdout]    |
[INFO] [stdout]    = note: import resolution is stuck, try simplifying macro imports
[INFO] [stdout] 
[INFO] [stdout] 
[INFO] [stdout] error: cannot determine resolution for the macro `expect`
[INFO] [stdout]    --> src/tests.rs:100:45
[INFO] [stdout]     |
[INFO] [stdout] 100 |     check_dnf("#![cfg(all(any(a, b), c))]", expect![[r#"#![cfg(any(all(a, c), all(b, c)))]"#]]);
[INFO] [stdout]     |                                             ^^^^^^
[INFO] [stdout]     |
[INFO] [stdout]     = note: import resolution is stuck, try simplifying macro imports
[INFO] [stdout] 
[INFO] [stdout] 
[INFO] [stdout] error: cannot determine resolution for the macro `expect`
[INFO] [stdout]    --> src/tests.rs:101:45
[INFO] [stdout]     |
[INFO] [stdout] 101 |     check_dnf("#![cfg(all(c, any(a, b)))]", expect![[r#"#![cfg(any(all(c, a), all(c, b)))]"#]]);
[INFO] [stdout]     |                                             ^^^^^^
[INFO] [stdout]     |
[INFO] [stdout]     = note: import resolution is stuck, try simplifying macro imports
[INFO] [stdout] 
[INFO] [stdout] 
[INFO] [stdout] error: cannot determine resolution for the macro `expect`
[INFO] [stdout]    --> src/tests.rs:104:9
[INFO] [stdout]     |
[INFO] [stdout] 104 |         expect![[r#"#![cfg(any(all(a, c), all(a, d), all(b, c), all(b, d)))]"#]],
[INFO] [stdout]     |         ^^^^^^
[INFO] [stdout]     |
[INFO] [stdout]     = note: import resolution is stuck, try simplifying macro imports
[INFO] [stdout] 
[INFO] [stdout] 
[INFO] [stdout] error: cannot determine resolution for the macro `expect`
[INFO] [stdout]    --> src/tests.rs:109:9
[INFO] [stdout]     |
[INFO] [stdout] 109 |         expect![[
[INFO] [stdout]     |         ^^^^^^
[INFO] [stdout]     |
[INFO] [stdout]     = note: import resolution is stuck, try simplifying macro imports
[INFO] [stdout] 
[INFO] [stdout] 
[INFO] [stdout] error: cannot determine resolution for the macro `expect`
[INFO] [stdout]    --> src/tests.rs:117:42
[INFO] [stdout]     |
[INFO] [stdout] 117 |     check_dnf("#![cfg(not(all(a, b)))]", expect![[r#"#![cfg(any(not(a), not(b)))]"#]]);
[INFO] [stdout]     |                                          ^^^^^^
[INFO] [stdout]     |
[INFO] [stdout]     = note: import resolution is stuck, try simplifying macro imports
[INFO] [stdout] 
[INFO] [stdout] 
[INFO] [stdout] error: cannot determine resolution for the macro `expect`
[INFO] [stdout]    --> src/tests.rs:118:42
[INFO] [stdout]     |
[INFO] [stdout] 118 |     check_dnf("#![cfg(not(any(a, b)))]", expect![[r#"#![cfg(all(not(a), not(b)))]"#]]);
[INFO] [stdout]     |                                          ^^^^^^
[INFO] [stdout]     |
[INFO] [stdout]     = note: import resolution is stuck, try simplifying macro imports
[INFO] [stdout] 
[INFO] [stdout] 
[INFO] [stdout] error: cannot determine resolution for the macro `expect`
[INFO] [stdout]    --> src/tests.rs:120:47
[INFO] [stdout]     |
[INFO] [stdout] 120 |     check_dnf("#![cfg(not(all(not(a), b)))]", expect![[r#"#![cfg(any(a, not(b)))]"#]]);
[INFO] [stdout]     |                                               ^^^^^^
[INFO] [stdout]     |
[INFO] [stdout]     = note: import resolution is stuck, try simplifying macro imports
[INFO] [stdout] 
[INFO] [stdout] 
[INFO] [stdout] error: cannot determine resolution for the macro `expect`
[INFO] [stdout]    --> src/tests.rs:121:47
[INFO] [stdout]     |
[INFO] [stdout] 121 |     check_dnf("#![cfg(not(any(a, not(b))))]", expect![[r#"#![cfg(all(not(a), b))]"#]]);
[INFO] [stdout]     |                                               ^^^^^^
[INFO] [stdout]     |
[INFO] [stdout]     = note: import resolution is stuck, try simplifying macro imports
[INFO] [stdout] 
[INFO] [stdout] 
[INFO] [stdout] error: cannot determine resolution for the macro `expect`
[INFO] [stdout]    --> src/tests.rs:126:57
[INFO] [stdout]     |
[INFO] [stdout] 126 |     check_dnf("#![cfg(all(any(a), not(all(any(b)))))]", expect![[r#"#![cfg(all(a, not(b)))]"#]]);
[INFO] [stdout]     |                                                         ^^^^^^
[INFO] [stdout]     |
[INFO] [stdout]     = note: import resolution is stuck, try simplifying macro imports
[INFO] [stdout] 
[INFO] [stdout] 
[INFO] [stdout] error: cannot determine resolution for the macro `expect`
[INFO] [stdout]    --> src/tests.rs:128:42
[INFO] [stdout]     |
[INFO] [stdout] 128 |     check_dnf("#![cfg(any(any(a, b)))]", expect![[r#"#![cfg(any(a, b))]"#]]);
[INFO] [stdout]     |                                          ^^^^^^
[INFO] [stdout]     |
[INFO] [stdout]     = note: import resolution is stuck, try simplifying macro imports
[INFO] [stdout] 
[INFO] [stdout] 
[INFO] [stdout] error: cannot determine resolution for the macro `expect`
[INFO] [stdout]    --> src/tests.rs:129:47
[INFO] [stdout]     |
[INFO] [stdout] 129 |     check_dnf("#![cfg(not(any(any(a, b))))]", expect![[r#"#![cfg(all(not(a), not(b)))]"#]]);
[INFO] [stdout]     |                                               ^^^^^^
[INFO] [stdout]     |
[INFO] [stdout]     = note: import resolution is stuck, try simplifying macro imports
[INFO] [stdout] 
[INFO] [stdout] 
[INFO] [stdout] error: cannot determine resolution for the macro `expect`
[INFO] [stdout]    --> src/tests.rs:130:42
[INFO] [stdout]     |
[INFO] [stdout] 130 |     check_dnf("#![cfg(all(all(a, b)))]", expect![[r#"#![cfg(all(a, b))]"#]]);
[INFO] [stdout]     |                                          ^^^^^^
[INFO] [stdout]     |
[INFO] [stdout]     = note: import resolution is stuck, try simplifying macro imports
[INFO] [stdout] 
[INFO] [stdout] 
[INFO] [stdout] error: cannot determine resolution for the macro `expect`
[INFO] [stdout]    --> src/tests.rs:131:47
[INFO] [stdout]     |
[INFO] [stdout] 131 |     check_dnf("#![cfg(not(all(all(a, b))))]", expect![[r#"#![cfg(any(not(a), not(b)))]"#]]);
[INFO] [stdout]     |                                               ^^^^^^
[INFO] [stdout]     |
[INFO] [stdout]     = note: import resolution is stuck, try simplifying macro imports
[INFO] [stdout] 
[INFO] [stdout] 
[INFO] [stdout] error: cannot determine resolution for the macro `expect`
[INFO] [stdout]    --> src/tests.rs:136:58
[INFO] [stdout]     |
[INFO] [stdout] 136 |     check_dnf("#![cfg(all(not(not(any(any(any()))))))]", expect![[r##"#![cfg(any())]"##]]);
[INFO] [stdout]     |                                                          ^^^^^^
[INFO] [stdout]     |
[INFO] [stdout]     = note: import resolution is stuck, try simplifying macro imports
[INFO] [stdout] 
[INFO] [stdout] 
[INFO] [stdout] error: cannot determine resolution for the macro `expect`
[INFO] [stdout]    --> src/tests.rs:137:48
[INFO] [stdout]     |
[INFO] [stdout] 137 |     check_dnf("#![cfg(all(any(all(any()))))]", expect![[r##"#![cfg(any())]"##]]);
[INFO] [stdout]     |                                                ^^^^^^
[INFO] [stdout]     |
[INFO] [stdout]     = note: import resolution is stuck, try simplifying macro imports
[INFO] [stdout] 
[INFO] [stdout] 
[INFO] [stdout] error: cannot determine resolution for the macro `expect`
[INFO] [stdout]    --> src/tests.rs:138:43
[INFO] [stdout]     |
[INFO] [stdout] 138 |     check_dnf("#![cfg(all(all(any())))]", expect![[r##"#![cfg(any())]"##]]);
[INFO] [stdout]     |                                           ^^^^^^
[INFO] [stdout]     |
[INFO] [stdout]     = note: import resolution is stuck, try simplifying macro imports
[INFO] [stdout] 
[INFO] [stdout] 
[INFO] [stdout] error: cannot determine resolution for the macro `expect`
[INFO] [stdout]    --> src/tests.rs:140:46
[INFO] [stdout]     |
[INFO] [stdout] 140 |     check_dnf("#![cfg(all(all(any(), x)))]", expect![[r##"#![cfg(any())]"##]]);
[INFO] [stdout]     |                                              ^^^^^^
[INFO] [stdout]     |
[INFO] [stdout]     = note: import resolution is stuck, try simplifying macro imports
[INFO] [stdout] 
[INFO] [stdout] 
[INFO] [stdout] error: cannot determine resolution for the macro `expect`
[INFO] [stdout]    --> src/tests.rs:141:46
[INFO] [stdout]     |
[INFO] [stdout] 141 |     check_dnf("#![cfg(all(all(any()), x))]", expect![[r##"#![cfg(any())]"##]]);
[INFO] [stdout]     |                                              ^^^^^^
[INFO] [stdout]     |
[INFO] [stdout]     = note: import resolution is stuck, try simplifying macro imports
[INFO] [stdout] 
[INFO] [stdout] 
[INFO] [stdout] error: cannot determine resolution for the macro `expect`
[INFO] [stdout]    --> src/tests.rs:142:44
[INFO] [stdout]     |
[INFO] [stdout] 142 |     check_dnf("#![cfg(all(all(any(x))))]", expect![[r##"#![cfg(x)]"##]]);
[INFO] [stdout]     |                                            ^^^^^^
[INFO] [stdout]     |
[INFO] [stdout]     = note: import resolution is stuck, try simplifying macro imports
[INFO] [stdout] 
[INFO] [stdout] 
[INFO] [stdout] error: cannot determine resolution for the macro `expect`
[INFO] [stdout]    --> src/tests.rs:143:47
[INFO] [stdout]     |
[INFO] [stdout] 143 |     check_dnf("#![cfg(all(all(any(x), x)))]", expect![[r##"#![cfg(all(x, x))]"##]]);
[INFO] [stdout]     |                                               ^^^^^^
[INFO] [stdout]     |
[INFO] [stdout]     = note: import resolution is stuck, try simplifying macro imports
[INFO] [stdout] 
[INFO] [stdout] 
[INFO] [stdout] error: cannot determine resolution for the macro `expect`
[INFO] [stdout]    --> src/tests.rs:182:45
[INFO] [stdout]     |
[INFO] [stdout] 182 |     check_why_inactive("#![cfg(a)]", &opts, expect![["a is disabled"]]);
[INFO] [stdout]     |                                             ^^^^^^
[INFO] [stdout]     |
[INFO] [stdout]     = note: import resolution is stuck, try simplifying macro imports
[INFO] [stdout] 
[INFO] [stdout] 
[INFO] [stdout] error: cannot determine resolution for the macro `expect`
[INFO] [stdout]    --> src/tests.rs:183:53
[INFO] [stdout]     |
[INFO] [stdout] 183 |     check_why_inactive("#![cfg(not(test))]", &opts, expect![["test is enabled"]]);
[INFO] [stdout]     |                                                     ^^^^^^
[INFO] [stdout]     |
[INFO] [stdout]     = note: import resolution is stuck, try simplifying macro imports
[INFO] [stdout] 
[INFO] [stdout] 
[INFO] [stdout] error: cannot determine resolution for the macro `expect`
[INFO] [stdout]    --> src/tests.rs:188:9
[INFO] [stdout]     |
[INFO] [stdout] 188 |         expect![["test and test2 are enabled"]],
[INFO] [stdout]     |         ^^^^^^
[INFO] [stdout]     |
[INFO] [stdout]     = note: import resolution is stuck, try simplifying macro imports
[INFO] [stdout] 
[INFO] [stdout] 
[INFO] [stdout] error: cannot determine resolution for the macro `expect`
[INFO] [stdout]    --> src/tests.rs:190:53
[INFO] [stdout]     |
[INFO] [stdout] 190 |     check_why_inactive("#![cfg(all(a, b))]", &opts, expect![["a and b are disabled"]]);
[INFO] [stdout]     |                                                     ^^^^^^
[INFO] [stdout]     |
[INFO] [stdout]     = note: import resolution is stuck, try simplifying macro imports
[INFO] [stdout] 
[INFO] [stdout] 
[INFO] [stdout] error: cannot determine resolution for the macro `expect`
[INFO] [stdout]    --> src/tests.rs:194:9
[INFO] [stdout]     |
[INFO] [stdout] 194 |         expect![["test is enabled and a is disabled"]],
[INFO] [stdout]     |         ^^^^^^
[INFO] [stdout]     |
[INFO] [stdout]     = note: import resolution is stuck, try simplifying macro imports
[INFO] [stdout] 
[INFO] [stdout] 
[INFO] [stdout] error: cannot determine resolution for the macro `expect`
[INFO] [stdout]    --> src/tests.rs:199:9
[INFO] [stdout]     |
[INFO] [stdout] 199 |         expect![["test is enabled and a is disabled"]],
[INFO] [stdout]     |         ^^^^^^
[INFO] [stdout]     |
[INFO] [stdout]     = note: import resolution is stuck, try simplifying macro imports
[INFO] [stdout] 
[INFO] [stdout] 
[INFO] [stdout] error: cannot determine resolution for the macro `expect`
[INFO] [stdout]    --> src/tests.rs:204:9
[INFO] [stdout]     |
[INFO] [stdout] 204 |         expect![["test and test2 are enabled and a is disabled"]],
[INFO] [stdout]     |         ^^^^^^
[INFO] [stdout]     |
[INFO] [stdout]     = note: import resolution is stuck, try simplifying macro imports
[INFO] [stdout] 
[INFO] [stdout] 
[INFO] [stdout] error[E0433]: failed to resolve: use of undeclared crate or module `oorandom`
[INFO] [stdout]    --> src/tests.rs:212:19
[INFO] [stdout]     |
[INFO] [stdout] 212 |     let mut rng = oorandom::Rand32::new(123456789);
[INFO] [stdout]     |                   ^^^^^^^^ use of undeclared crate or module `oorandom`
[INFO] [stdout] 
[INFO] [stdout] 
[INFO] [stdout] error[E0433]: failed to resolve: use of undeclared crate or module `arbitrary`
[INFO] [stdout]    --> src/cfg_expr.rs:134:6
[INFO] [stdout]     |
[INFO] [stdout] 134 | impl arbitrary::Arbitrary<'_> for CfgAtom {
[INFO] [stdout]     |      ^^^^^^^^^ use of undeclared crate or module `arbitrary`
[INFO] [stdout] 
[INFO] [stdout] 
[INFO] [stdout] error[E0433]: failed to resolve: use of undeclared crate or module `arbitrary`
[INFO] [stdout]    --> src/cfg_expr.rs:135:26
[INFO] [stdout]     |
[INFO] [stdout] 135 |     fn arbitrary(u: &mut arbitrary::Unstructured<'_>) -> arbitrary::Result<Self> {
[INFO] [stdout]     |                          ^^^^^^^^^ use of undeclared crate or module `arbitrary`
[INFO] [stdout] 
[INFO] [stdout] 
[INFO] [stdout] error[E0433]: failed to resolve: use of undeclared crate or module `arbitrary`
[INFO] [stdout]    --> src/cfg_expr.rs:135:58
[INFO] [stdout]     |
[INFO] [stdout] 135 |     fn arbitrary(u: &mut arbitrary::Unstructured<'_>) -> arbitrary::Result<Self> {
[INFO] [stdout]     |                                                          ^^^^^^^^^ use of undeclared crate or module `arbitrary`
[INFO] [stdout] 
[INFO] [stdout] 
[INFO] [stdout] error: aborting due to 42 previous errors
[INFO] [stdout] 
[INFO] [stdout] 
[INFO] [stdout] Some errors have detailed explanations: E0432, E0433.
[INFO] [stdout] 
[INFO] [stdout] For more information about an error, try `rustc --explain E0432`.
[INFO] [stdout] 
[INFO] [stderr] error: could not compile `ra_ap_cfg` (lib test) due to 43 previous errors
[INFO] running `Command { std: "docker" "inspect" "181bfb4cce69cdc08f34ffd9967a0d2a7c21c0f5784475c0f0d5894d952f05a0", kill_on_drop: false }`
[INFO] running `Command { std: "docker" "rm" "-f" "181bfb4cce69cdc08f34ffd9967a0d2a7c21c0f5784475c0f0d5894d952f05a0", kill_on_drop: false }`
[INFO] [stdout] 181bfb4cce69cdc08f34ffd9967a0d2a7c21c0f5784475c0f0d5894d952f05a0
