[INFO] fetching crate qualysx 2.0.0...
[INFO] testing qualysx-2.0.0 against 1.75.0 for beta-1.76-1
[INFO] extracting crate qualysx 2.0.0 into /workspace/builds/worker-4-tc1/source
[INFO] validating manifest of crates.io crate qualysx 2.0.0 on toolchain 1.75.0
[INFO] running `Command { std: CARGO_HOME="/workspace/cargo-home" RUSTUP_HOME="/workspace/rustup-home" "/workspace/cargo-home/bin/cargo" "+1.75.0" "metadata" "--manifest-path" "Cargo.toml" "--no-deps", kill_on_drop: false }`
[INFO] started tweaking crates.io crate qualysx 2.0.0
[INFO] finished tweaking crates.io crate qualysx 2.0.0
[INFO] tweaked toml for crates.io crate qualysx 2.0.0 written to /workspace/builds/worker-4-tc1/source/Cargo.toml
[INFO] crate crates.io crate qualysx 2.0.0 already has a lockfile, it will not be regenerated
[INFO] running `Command { std: CARGO_HOME="/workspace/cargo-home" RUSTUP_HOME="/workspace/rustup-home" "/workspace/cargo-home/bin/cargo" "+1.75.0" "fetch" "--manifest-path" "Cargo.toml", kill_on_drop: false }`
[INFO] [stderr]  Downloading crates ...
[INFO] [stderr]   Downloaded openssl-sys v0.9.90
[INFO] [stderr]   Downloaded tempfile v3.7.0
[INFO] [stderr]   Downloaded xml-rs v0.8.16
[INFO] [stderr]   Downloaded serde v1.0.176
[INFO] [stderr]   Downloaded openssl v0.10.55
[INFO] [stderr]   Downloaded serde_derive v1.0.176
[INFO] running `Command { std: "docker" "create" "-v" "/var/lib/crater-agent-workspace/builds/worker-4-tc1/target:/opt/rustwide/target:rw,Z" "-v" "/var/lib/crater-agent-workspace/builds/worker-4-tc1/source:/opt/rustwide/workdir:ro,Z" "-v" "/var/lib/crater-agent-workspace/cargo-home:/opt/rustwide/cargo-home:ro,Z" "-v" "/var/lib/crater-agent-workspace/rustup-home:/opt/rustwide/rustup-home:ro,Z" "-e" "SOURCE_DIR=/opt/rustwide/workdir" "-e" "CARGO_TARGET_DIR=/opt/rustwide/target" "-e" "CARGO_HOME=/opt/rustwide/cargo-home" "-e" "RUSTUP_HOME=/opt/rustwide/rustup-home" "-w" "/opt/rustwide/workdir" "-m" "1610612736" "--user" "0:0" "--network" "none" "ghcr.io/rust-lang/crates-build-env/linux@sha256:2788e3201cd34a07e3172128adcd8b3090168a8e3bcc40d7c032b9dda1df7d1c" "/opt/rustwide/cargo-home/bin/cargo" "+1.75.0" "metadata" "--no-deps" "--format-version=1", kill_on_drop: false }`
[INFO] [stdout] f6cd33061555dec13192e1668fa4b66e2bb90830a887fae4a08c1d2f3c1d79b0
[INFO] running `Command { std: "docker" "start" "-a" "f6cd33061555dec13192e1668fa4b66e2bb90830a887fae4a08c1d2f3c1d79b0", kill_on_drop: false }`
[INFO] running `Command { std: "docker" "inspect" "f6cd33061555dec13192e1668fa4b66e2bb90830a887fae4a08c1d2f3c1d79b0", kill_on_drop: false }`
[INFO] running `Command { std: "docker" "rm" "-f" "f6cd33061555dec13192e1668fa4b66e2bb90830a887fae4a08c1d2f3c1d79b0", kill_on_drop: false }`
[INFO] [stdout] f6cd33061555dec13192e1668fa4b66e2bb90830a887fae4a08c1d2f3c1d79b0
[INFO] running `Command { std: "docker" "create" "-v" "/var/lib/crater-agent-workspace/builds/worker-4-tc1/target:/opt/rustwide/target:rw,Z" "-v" "/var/lib/crater-agent-workspace/builds/worker-4-tc1/source:/opt/rustwide/workdir:ro,Z" "-v" "/var/lib/crater-agent-workspace/cargo-home:/opt/rustwide/cargo-home:ro,Z" "-v" "/var/lib/crater-agent-workspace/rustup-home:/opt/rustwide/rustup-home:ro,Z" "-e" "SOURCE_DIR=/opt/rustwide/workdir" "-e" "CARGO_TARGET_DIR=/opt/rustwide/target" "-e" "CARGO_INCREMENTAL=0" "-e" "RUST_BACKTRACE=full" "-e" "RUSTFLAGS=--cap-lints=warn" "-e" "RUSTDOCFLAGS=--cap-lints=warn" "-e" "CARGO_HOME=/opt/rustwide/cargo-home" "-e" "RUSTUP_HOME=/opt/rustwide/rustup-home" "-w" "/opt/rustwide/workdir" "-m" "1610612736" "--user" "0:0" "--network" "none" "ghcr.io/rust-lang/crates-build-env/linux@sha256:2788e3201cd34a07e3172128adcd8b3090168a8e3bcc40d7c032b9dda1df7d1c" "/opt/rustwide/cargo-home/bin/cargo" "+1.75.0" "build" "--frozen" "--message-format=json", kill_on_drop: false }`
[INFO] [stdout] 94ae86f6579b56660e9d50d3a1e6d1ba7313064d0fdf572d4e02e6a70c9dc666
[INFO] running `Command { std: "docker" "start" "-a" "94ae86f6579b56660e9d50d3a1e6d1ba7313064d0fdf572d4e02e6a70c9dc666", kill_on_drop: false }`
[INFO] [stderr]    Compiling libc v0.2.147
[INFO] [stderr]    Compiling proc-macro2 v1.0.66
[INFO] [stderr]    Compiling unicode-ident v1.0.11
[INFO] [stderr]    Compiling lock_api v0.4.10
[INFO] [stderr]    Compiling pkg-config v0.3.27
[INFO] [stderr]    Compiling pin-project-lite v0.2.10
[INFO] [stderr]    Compiling cc v1.0.79
[INFO] [stderr]    Compiling parking_lot_core v0.9.8
[INFO] [stderr]    Compiling once_cell v1.18.0
[INFO] [stderr]    Compiling futures-core v0.3.28
[INFO] [stderr]    Compiling bytes v1.4.0
[INFO] [stderr]    Compiling smallvec v1.11.0
[INFO] [stderr]    Compiling tokio v1.29.1
[INFO] [stderr]    Compiling itoa v1.0.9
[INFO] [stderr]    Compiling slab v0.4.8
[INFO] [stderr]    Compiling memchr v2.5.0
[INFO] [stderr]    Compiling futures-task v0.3.28
[INFO] [stderr]    Compiling tracing-core v0.1.31
[INFO] [stderr]    Compiling quote v1.0.32
[INFO] [stderr]    Compiling indexmap v1.9.3
[INFO] [stderr]    Compiling foreign-types-shared v0.1.1
[INFO] [stderr]    Compiling serde v1.0.176
[INFO] [stderr]    Compiling syn v2.0.27
[INFO] [stderr]    Compiling mio v0.8.8
[INFO] [stderr]    Compiling signal-hook-registry v1.4.1
[INFO] [stderr]    Compiling socket2 v0.4.9
[INFO] [stderr]    Compiling openssl-sys v0.9.90
[INFO] [stderr]    Compiling parking_lot v0.12.1
[INFO] [stderr]    Compiling num_cpus v1.16.0
[INFO] [stderr]    Compiling openssl v0.10.55
[INFO] [stderr]    Compiling futures-util v0.3.28
[INFO] [stderr]    Compiling http v0.2.9
[INFO] [stderr]    Compiling tracing v0.1.37
[INFO] [stderr]    Compiling foreign-types v0.3.2
[INFO] [stderr]    Compiling futures-channel v0.3.28
[INFO] [stderr]    Compiling pin-utils v0.1.0
[INFO] [stderr]    Compiling bitflags v1.3.2
[INFO] [stderr]    Compiling native-tls v0.2.11
[INFO] [stderr]    Compiling serde_derive v1.0.176
[INFO] [stderr]    Compiling futures-sink v0.3.28
[INFO] [stderr]    Compiling hashbrown v0.12.3
[INFO] [stderr]    Compiling log v0.4.19
[INFO] [stderr]    Compiling futures-io v0.3.28
[INFO] [stderr]    Compiling tinyvec_macros v0.1.1
[INFO] [stderr]    Compiling tinyvec v1.6.0
[INFO] [stderr]    Compiling try-lock v0.2.4
[INFO] [stderr]    Compiling percent-encoding v2.3.0
[INFO] [stderr]    Compiling openssl-probe v0.1.5
[INFO] [stderr]    Compiling rustix v0.38.4
[INFO] [stderr]    Compiling form_urlencoded v1.2.0
[INFO] [stderr]    Compiling want v0.3.1
[INFO] [stderr]    Compiling http-body v0.4.5
[INFO] [stderr]    Compiling num-traits v0.2.16
[INFO] [stderr]    Compiling linux-raw-sys v0.4.3
[INFO] [stderr]    Compiling unicode-normalization v0.1.22
[INFO] [stderr]    Compiling unicode-bidi v0.3.13
[INFO] [stderr]    Compiling thiserror v1.0.44
[INFO] [stderr]    Compiling ryu v1.0.15
[INFO] [stderr]    Compiling serde_json v1.0.104
[INFO] [stderr]    Compiling tower-service v0.3.2
[INFO] [stderr]    Compiling httpdate v1.0.2
[INFO] [stderr]    Compiling bitflags v2.3.3
[INFO] [stderr]    Compiling idna v0.4.0
[INFO] [stderr]    Compiling time v0.1.45
[INFO] [stderr]    Compiling encoding_rs v0.8.32
[INFO] [stderr]    Compiling url v2.4.0
[INFO] [stderr]    Compiling xml-rs v0.8.16
[INFO] [stderr]    Compiling is-terminal v0.4.9
[INFO] [stderr]    Compiling iana-time-zone v0.1.57
[INFO] [stderr]    Compiling base64 v0.21.2
[INFO] [stderr]    Compiling ipnet v2.8.0
[INFO] [stderr]    Compiling chrono v0.4.26
[INFO] [stderr]    Compiling colored v2.0.4
[INFO] [stderr]    Compiling tokio-macros v2.1.0
[INFO] [stderr]    Compiling openssl-macros v0.1.1
[INFO] [stderr]    Compiling thiserror-impl v1.0.44
[INFO] [stderr]    Compiling atty v0.2.14
[INFO] [stderr]    Compiling serde_urlencoded v0.7.1
[INFO] [stderr]    Compiling serde-xml-rs v0.6.0
[INFO] [stderr]    Compiling tokio-util v0.7.8
[INFO] [stderr]    Compiling tokio-native-tls v0.3.1
[INFO] [stderr]    Compiling h2 v0.3.20
[INFO] [stderr]    Compiling hyper v0.14.27
[INFO] [stderr]    Compiling hyper-tls v0.5.0
[INFO] [stderr]    Compiling reqwest v0.11.18
[INFO] [stderr]    Compiling qualysx v2.0.0 (/opt/rustwide/workdir)
[INFO] [stderr]     Finished dev [unoptimized + debuginfo] target(s) in 20.86s
[INFO] running `Command { std: "docker" "inspect" "94ae86f6579b56660e9d50d3a1e6d1ba7313064d0fdf572d4e02e6a70c9dc666", kill_on_drop: false }`
[INFO] running `Command { std: "docker" "rm" "-f" "94ae86f6579b56660e9d50d3a1e6d1ba7313064d0fdf572d4e02e6a70c9dc666", kill_on_drop: false }`
[INFO] [stdout] 94ae86f6579b56660e9d50d3a1e6d1ba7313064d0fdf572d4e02e6a70c9dc666
[INFO] running `Command { std: "docker" "create" "-v" "/var/lib/crater-agent-workspace/builds/worker-4-tc1/target:/opt/rustwide/target:rw,Z" "-v" "/var/lib/crater-agent-workspace/builds/worker-4-tc1/source:/opt/rustwide/workdir:ro,Z" "-v" "/var/lib/crater-agent-workspace/cargo-home:/opt/rustwide/cargo-home:ro,Z" "-v" "/var/lib/crater-agent-workspace/rustup-home:/opt/rustwide/rustup-home:ro,Z" "-e" "SOURCE_DIR=/opt/rustwide/workdir" "-e" "CARGO_TARGET_DIR=/opt/rustwide/target" "-e" "CARGO_INCREMENTAL=0" "-e" "RUST_BACKTRACE=full" "-e" "RUSTFLAGS=--cap-lints=warn" "-e" "RUSTDOCFLAGS=--cap-lints=warn" "-e" "CARGO_HOME=/opt/rustwide/cargo-home" "-e" "RUSTUP_HOME=/opt/rustwide/rustup-home" "-w" "/opt/rustwide/workdir" "-m" "1610612736" "--user" "0:0" "--network" "none" "ghcr.io/rust-lang/crates-build-env/linux@sha256:2788e3201cd34a07e3172128adcd8b3090168a8e3bcc40d7c032b9dda1df7d1c" "/opt/rustwide/cargo-home/bin/cargo" "+1.75.0" "test" "--frozen" "--no-run" "--message-format=json", kill_on_drop: false }`
[INFO] [stdout] 67531d9cde68c14f4597c4ba43e744838f5cdc40c5cdb7a2f3fb922fd2a24243
[INFO] running `Command { std: "docker" "start" "-a" "67531d9cde68c14f4597c4ba43e744838f5cdc40c5cdb7a2f3fb922fd2a24243", kill_on_drop: false }`
[INFO] [stderr]    Compiling qualysx v2.0.0 (/opt/rustwide/workdir)
[INFO] [stdout] error: couldn't read src/..//files/ip_vuln.xml: No such file or directory (os error 2)
[INFO] [stdout]    --> src/lib.rs:531:28
[INFO] [stdout]     |
[INFO] [stdout] 531 |         let xml = from_str(include_str!("..//files/ip_vuln.xml")).unwrap();
[INFO] [stdout]     |                            ^^^^^^^^^^^^^^^^^^^^^^^^^^^^^^^^^^^^^
[INFO] [stdout]     |
[INFO] [stdout]     = note: this error originates in the macro `include_str` (in Nightly builds, run with -Z macro-backtrace for more info)
[INFO] [stdout] 
[INFO] [stdout] 
[INFO] [stdout] error: couldn't read src/../files/base.xml: No such file or directory (os error 2)
[INFO] [stdout]    --> src/lib.rs:607:22
[INFO] [stdout]     |
[INFO] [stdout] 607 |             ("base", include_str!("../files/base.xml")),
[INFO] [stdout]     |                      ^^^^^^^^^^^^^^^^^^^^^^^^^^^^^^^^^
[INFO] [stdout]     |
[INFO] [stdout]     = note: this error originates in the macro `include_str` (in Nightly builds, run with -Z macro-backtrace for more info)
[INFO] [stdout] 
[INFO] [stdout] 
[INFO] [stdout] error[E0063]: missing fields `asset_groups`, `asset_tag_list` and `option_profile` in initializer of `Header`
[INFO] [stdout]    --> src/lib.rs:500:30
[INFO] [stdout]     |
[INFO] [stdout] 500 |         let header: Header = Header {
[INFO] [stdout]     |                              ^^^^^^ missing `asset_groups`, `asset_tag_list` and `option_profile`
[INFO] [stdout] 
[INFO] [stdout] 
[INFO] [stdout] error[E0308]: mismatched types
[INFO] [stdout]    --> src/lib.rs:539:20
[INFO] [stdout]     |
[INFO] [stdout] 539 |             title: "Deprecated SSH Cryptographic Settings".to_string(),
[INFO] [stdout]     |                    ^^^^^^^^^^^^^^^^^^^^^^^^^^^^^^^^^^^^^^^^^^^^^^^^^^^ expected `Option<String>`, found `String`
[INFO] [stdout]     |
[INFO] [stdout]     = note: expected enum `std::option::Option<std::string::String>`
[INFO] [stdout]              found struct `std::string::String`
[INFO] [stdout] help: try wrapping the expression in `Some`
[INFO] [stdout]     |
[INFO] [stdout] 539 |             title: Some("Deprecated SSH Cryptographic Settings".to_string()),
[INFO] [stdout]     |                    +++++                                                   +
[INFO] [stdout] 
[INFO] [stdout] 
[INFO] [stdout] error[E0560]: struct `Vuln` has no field named `correlation`
[INFO] [stdout]    --> src/lib.rs:558:13
[INFO] [stdout]     |
[INFO] [stdout] 558 |             correlation: None,
[INFO] [stdout]     |             ^^^^^^^^^^^ `Vuln` does not have this field
[INFO] [stdout]     |
[INFO] [stdout]     = note: all struct fields are already assigned
[INFO] [stdout] 
[INFO] [stdout] 
[INFO] [stdout] error[E0560]: struct `Cat` has no field named `infos`
[INFO] [stdout]    --> src/lib.rs:571:13
[INFO] [stdout]     |
[INFO] [stdout] 571 |             infos: vec![],
[INFO] [stdout]     |             ^^^^^ `Cat` does not have this field
[INFO] [stdout]     |
[INFO] [stdout]     = note: available fields are: `tcats`
[INFO] [stdout] 
[INFO] [stdout] 
[INFO] [stdout] error[E0560]: struct `Cat` has no field named `services`
[INFO] [stdout]    --> src/lib.rs:572:13
[INFO] [stdout]     |
[INFO] [stdout] 572 |             services: vec![],
[INFO] [stdout]     |             ^^^^^^^^ `Cat` does not have this field
[INFO] [stdout]     |
[INFO] [stdout]     = note: available fields are: `tcats`
[INFO] [stdout] 
[INFO] [stdout] 
[INFO] [stdout] error[E0560]: struct `Cat` has no field named `practices`
[INFO] [stdout]    --> src/lib.rs:573:13
[INFO] [stdout]     |
[INFO] [stdout] 573 |             practices: vec![],
[INFO] [stdout]     |             ^^^^^^^^^ `Cat` does not have this field
[INFO] [stdout]     |
[INFO] [stdout]     = note: available fields are: `tcats`
[INFO] [stdout] 
[INFO] [stdout] 
[INFO] [stdout] error[E0560]: struct `Cat` has no field named `vulns`
[INFO] [stdout]    --> src/lib.rs:574:13
[INFO] [stdout]     |
[INFO] [stdout] 574 |             vulns: vec![vuln],
[INFO] [stdout]     |             ^^^^^ `Cat` does not have this field
[INFO] [stdout]     |
[INFO] [stdout]     = note: available fields are: `tcats`
[INFO] [stdout] 
[INFO] [stdout] 
[INFO] [stdout] error[E0308]: mismatched types
[INFO] [stdout]    --> src/lib.rs:583:19
[INFO] [stdout]     |
[INFO] [stdout] 583 |             name: "No registered hostname".to_string(),
[INFO] [stdout]     |                   ^^^^^^^^^^^^^^^^^^^^^^^^^^^^^^^^^^^^ expected `Option<String>`, found `String`
[INFO] [stdout]     |
[INFO] [stdout]     = note: expected enum `std::option::Option<std::string::String>`
[INFO] [stdout]              found struct `std::string::String`
[INFO] [stdout] help: try wrapping the expression in `Some`
[INFO] [stdout]     |
[INFO] [stdout] 583 |             name: Some("No registered hostname".to_string()),
[INFO] [stdout]     |                   +++++                                    +
[INFO] [stdout] 
[INFO] [stdout] 
[INFO] [stdout] error[E0063]: missing field `status` in initializer of `IP`
[INFO] [stdout]    --> src/lib.rs:581:22
[INFO] [stdout]     |
[INFO] [stdout] 581 |         let ip: IP = IP {
[INFO] [stdout]     |                      ^^ missing `status`
[INFO] [stdout] 
[INFO] [stdout] 
[INFO] [stdout] error: aborting due to 11 previous errors
[INFO] [stdout] 
[INFO] [stdout] 
[INFO] [stdout] Some errors have detailed explanations: E0063, E0308, E0560.
[INFO] [stdout] 
[INFO] [stdout] For more information about an error, try `rustc --explain E0063`.
[INFO] [stdout] 
[INFO] [stderr] error: could not compile `qualysx` (lib test) due to 12 previous errors
[INFO] running `Command { std: "docker" "inspect" "67531d9cde68c14f4597c4ba43e744838f5cdc40c5cdb7a2f3fb922fd2a24243", kill_on_drop: false }`
[INFO] running `Command { std: "docker" "rm" "-f" "67531d9cde68c14f4597c4ba43e744838f5cdc40c5cdb7a2f3fb922fd2a24243", kill_on_drop: false }`
[INFO] [stdout] 67531d9cde68c14f4597c4ba43e744838f5cdc40c5cdb7a2f3fb922fd2a24243
[INFO] testing qualysx-2.0.0 against beta-2023-12-22 for beta-1.76-1
[INFO] extracting crate qualysx 2.0.0 into /workspace/builds/worker-4-tc2/source
[INFO] validating manifest of crates.io crate qualysx 2.0.0 on toolchain beta-2023-12-22
[INFO] running `Command { std: CARGO_HOME="/workspace/cargo-home" RUSTUP_HOME="/workspace/rustup-home" "/workspace/cargo-home/bin/cargo" "+beta-2023-12-22" "metadata" "--manifest-path" "Cargo.toml" "--no-deps", kill_on_drop: false }`
[INFO] started tweaking crates.io crate qualysx 2.0.0
[INFO] finished tweaking crates.io crate qualysx 2.0.0
[INFO] tweaked toml for crates.io crate qualysx 2.0.0 written to /workspace/builds/worker-4-tc2/source/Cargo.toml
[INFO] crate crates.io crate qualysx 2.0.0 already has a lockfile, it will not be regenerated
[INFO] running `Command { std: CARGO_HOME="/workspace/cargo-home" RUSTUP_HOME="/workspace/rustup-home" "/workspace/cargo-home/bin/cargo" "+beta-2023-12-22" "fetch" "--manifest-path" "Cargo.toml", kill_on_drop: false }`
[INFO] running `Command { std: "docker" "create" "-v" "/var/lib/crater-agent-workspace/builds/worker-4-tc2/target:/opt/rustwide/target:rw,Z" "-v" "/var/lib/crater-agent-workspace/builds/worker-4-tc2/source:/opt/rustwide/workdir:ro,Z" "-v" "/var/lib/crater-agent-workspace/cargo-home:/opt/rustwide/cargo-home:ro,Z" "-v" "/var/lib/crater-agent-workspace/rustup-home:/opt/rustwide/rustup-home:ro,Z" "-e" "SOURCE_DIR=/opt/rustwide/workdir" "-e" "CARGO_TARGET_DIR=/opt/rustwide/target" "-e" "CARGO_HOME=/opt/rustwide/cargo-home" "-e" "RUSTUP_HOME=/opt/rustwide/rustup-home" "-w" "/opt/rustwide/workdir" "-m" "1610612736" "--user" "0:0" "--network" "none" "ghcr.io/rust-lang/crates-build-env/linux@sha256:2788e3201cd34a07e3172128adcd8b3090168a8e3bcc40d7c032b9dda1df7d1c" "/opt/rustwide/cargo-home/bin/cargo" "+beta-2023-12-22" "metadata" "--no-deps" "--format-version=1", kill_on_drop: false }`
[INFO] [stdout] a080879833d3492634d74ebb65a032a0aba783276bbd2ace5a8dca38c4bd7700
[INFO] running `Command { std: "docker" "start" "-a" "a080879833d3492634d74ebb65a032a0aba783276bbd2ace5a8dca38c4bd7700", kill_on_drop: false }`
[INFO] running `Command { std: "docker" "inspect" "a080879833d3492634d74ebb65a032a0aba783276bbd2ace5a8dca38c4bd7700", kill_on_drop: false }`
[INFO] running `Command { std: "docker" "rm" "-f" "a080879833d3492634d74ebb65a032a0aba783276bbd2ace5a8dca38c4bd7700", kill_on_drop: false }`
[INFO] [stdout] a080879833d3492634d74ebb65a032a0aba783276bbd2ace5a8dca38c4bd7700
[INFO] running `Command { std: "docker" "create" "-v" "/var/lib/crater-agent-workspace/builds/worker-4-tc2/target:/opt/rustwide/target:rw,Z" "-v" "/var/lib/crater-agent-workspace/builds/worker-4-tc2/source:/opt/rustwide/workdir:ro,Z" "-v" "/var/lib/crater-agent-workspace/cargo-home:/opt/rustwide/cargo-home:ro,Z" "-v" "/var/lib/crater-agent-workspace/rustup-home:/opt/rustwide/rustup-home:ro,Z" "-e" "SOURCE_DIR=/opt/rustwide/workdir" "-e" "CARGO_TARGET_DIR=/opt/rustwide/target" "-e" "CARGO_INCREMENTAL=0" "-e" "RUST_BACKTRACE=full" "-e" "RUSTFLAGS=--cap-lints=warn" "-e" "RUSTDOCFLAGS=--cap-lints=warn" "-e" "CARGO_HOME=/opt/rustwide/cargo-home" "-e" "RUSTUP_HOME=/opt/rustwide/rustup-home" "-w" "/opt/rustwide/workdir" "-m" "1610612736" "--user" "0:0" "--network" "none" "ghcr.io/rust-lang/crates-build-env/linux@sha256:2788e3201cd34a07e3172128adcd8b3090168a8e3bcc40d7c032b9dda1df7d1c" "/opt/rustwide/cargo-home/bin/cargo" "+beta-2023-12-22" "build" "--frozen" "--message-format=json", kill_on_drop: false }`
[INFO] [stdout] 2e704b3ac6eddc610979d9b7127f587a964fbcc9278cdebe7a4006d7f96bfcb8
[INFO] running `Command { std: "docker" "start" "-a" "2e704b3ac6eddc610979d9b7127f587a964fbcc9278cdebe7a4006d7f96bfcb8", kill_on_drop: false }`
[INFO] [stderr]    Compiling libc v0.2.147
[INFO] [stderr]    Compiling proc-macro2 v1.0.66
[INFO] [stderr]    Compiling unicode-ident v1.0.11
[INFO] [stderr]    Compiling lock_api v0.4.10
[INFO] [stderr]    Compiling once_cell v1.18.0
[INFO] [stderr]    Compiling cc v1.0.79
[INFO] [stderr]    Compiling pkg-config v0.3.27
[INFO] [stderr]    Compiling parking_lot_core v0.9.8
[INFO] [stderr]    Compiling pin-project-lite v0.2.10
[INFO] [stderr]    Compiling futures-core v0.3.28
[INFO] [stderr]    Compiling bytes v1.4.0
[INFO] [stderr]    Compiling smallvec v1.11.0
[INFO] [stderr]    Compiling tokio v1.29.1
[INFO] [stderr]    Compiling itoa v1.0.9
[INFO] [stderr]    Compiling slab v0.4.8
[INFO] [stderr]    Compiling futures-task v0.3.28
[INFO] [stderr]    Compiling memchr v2.5.0
[INFO] [stderr]    Compiling tracing-core v0.1.31
[INFO] [stderr]    Compiling quote v1.0.32
[INFO] [stderr]    Compiling indexmap v1.9.3
[INFO] [stderr]    Compiling serde v1.0.176
[INFO] [stderr]    Compiling futures-util v0.3.28
[INFO] [stderr]    Compiling syn v2.0.27
[INFO] [stderr]    Compiling socket2 v0.4.9
[INFO] [stderr]    Compiling mio v0.8.8
[INFO] [stderr]    Compiling signal-hook-registry v1.4.1
[INFO] [stderr]    Compiling num_cpus v1.16.0
[INFO] [stderr]    Compiling openssl-sys v0.9.90
[INFO] [stderr]    Compiling parking_lot v0.12.1
[INFO] [stderr]    Compiling foreign-types-shared v0.1.1
[INFO] [stderr]    Compiling openssl v0.10.55
[INFO] [stderr]    Compiling foreign-types v0.3.2
[INFO] [stderr]    Compiling http v0.2.9
[INFO] [stderr]    Compiling tracing v0.1.37
[INFO] [stderr]    Compiling hashbrown v0.12.3
[INFO] [stderr]    Compiling pin-utils v0.1.0
[INFO] [stderr]    Compiling bitflags v1.3.2
[INFO] [stderr]    Compiling tinyvec_macros v0.1.1
[INFO] [stderr]    Compiling serde_derive v1.0.176
[INFO] [stderr]    Compiling native-tls v0.2.11
[INFO] [stderr]    Compiling futures-sink v0.3.28
[INFO] [stderr]    Compiling log v0.4.19
[INFO] [stderr]    Compiling futures-channel v0.3.28
[INFO] [stderr]    Compiling futures-io v0.3.28
[INFO] [stderr]    Compiling tinyvec v1.6.0
[INFO] [stderr]    Compiling try-lock v0.2.4
[INFO] [stderr]    Compiling rustix v0.38.4
[INFO] [stderr]    Compiling openssl-probe v0.1.5
[INFO] [stderr]    Compiling percent-encoding v2.3.0
[INFO] [stderr]    Compiling want v0.3.1
[INFO] [stderr]    Compiling form_urlencoded v1.2.0
[INFO] [stderr]    Compiling http-body v0.4.5
[INFO] [stderr]    Compiling num-traits v0.2.16
[INFO] [stderr]    Compiling unicode-bidi v0.3.13
[INFO] [stderr]    Compiling tower-service v0.3.2
[INFO] [stderr]    Compiling thiserror v1.0.44
[INFO] [stderr]    Compiling httpdate v1.0.2
[INFO] [stderr]    Compiling serde_json v1.0.104
[INFO] [stderr]    Compiling unicode-normalization v0.1.22
[INFO] [stderr]    Compiling bitflags v2.3.3
[INFO] [stderr]    Compiling ryu v1.0.15
[INFO] [stderr]    Compiling linux-raw-sys v0.4.3
[INFO] [stderr]    Compiling time v0.1.45
[INFO] [stderr]    Compiling idna v0.4.0
[INFO] [stderr]    Compiling encoding_rs v0.8.32
[INFO] [stderr]    Compiling iana-time-zone v0.1.57
[INFO] [stderr]    Compiling url v2.4.0
[INFO] [stderr]    Compiling is-terminal v0.4.9
[INFO] [stderr]    Compiling base64 v0.21.2
[INFO] [stderr]    Compiling ipnet v2.8.0
[INFO] [stderr]    Compiling xml-rs v0.8.16
[INFO] [stderr]    Compiling colored v2.0.4
[INFO] [stderr]    Compiling chrono v0.4.26
[INFO] [stderr]    Compiling atty v0.2.14
[INFO] [stderr]    Compiling serde_urlencoded v0.7.1
[INFO] [stderr]    Compiling tokio-macros v2.1.0
[INFO] [stderr]    Compiling openssl-macros v0.1.1
[INFO] [stderr]    Compiling thiserror-impl v1.0.44
[INFO] [stderr]    Compiling serde-xml-rs v0.6.0
[INFO] [stderr]    Compiling tokio-util v0.7.8
[INFO] [stderr]    Compiling tokio-native-tls v0.3.1
[INFO] [stderr]    Compiling h2 v0.3.20
[INFO] [stderr]    Compiling hyper v0.14.27
[INFO] [stderr]    Compiling hyper-tls v0.5.0
[INFO] [stderr]    Compiling reqwest v0.11.18
[INFO] [stderr]    Compiling qualysx v2.0.0 (/opt/rustwide/workdir)
[INFO] [stderr]     Finished dev [unoptimized + debuginfo] target(s) in 23.29s
[INFO] running `Command { std: "docker" "inspect" "2e704b3ac6eddc610979d9b7127f587a964fbcc9278cdebe7a4006d7f96bfcb8", kill_on_drop: false }`
[INFO] running `Command { std: "docker" "rm" "-f" "2e704b3ac6eddc610979d9b7127f587a964fbcc9278cdebe7a4006d7f96bfcb8", kill_on_drop: false }`
[INFO] [stdout] 2e704b3ac6eddc610979d9b7127f587a964fbcc9278cdebe7a4006d7f96bfcb8
[INFO] running `Command { std: "docker" "create" "-v" "/var/lib/crater-agent-workspace/builds/worker-4-tc2/target:/opt/rustwide/target:rw,Z" "-v" "/var/lib/crater-agent-workspace/builds/worker-4-tc2/source:/opt/rustwide/workdir:ro,Z" "-v" "/var/lib/crater-agent-workspace/cargo-home:/opt/rustwide/cargo-home:ro,Z" "-v" "/var/lib/crater-agent-workspace/rustup-home:/opt/rustwide/rustup-home:ro,Z" "-e" "SOURCE_DIR=/opt/rustwide/workdir" "-e" "CARGO_TARGET_DIR=/opt/rustwide/target" "-e" "CARGO_INCREMENTAL=0" "-e" "RUST_BACKTRACE=full" "-e" "RUSTFLAGS=--cap-lints=warn" "-e" "RUSTDOCFLAGS=--cap-lints=warn" "-e" "CARGO_HOME=/opt/rustwide/cargo-home" "-e" "RUSTUP_HOME=/opt/rustwide/rustup-home" "-w" "/opt/rustwide/workdir" "-m" "1610612736" "--user" "0:0" "--network" "none" "ghcr.io/rust-lang/crates-build-env/linux@sha256:2788e3201cd34a07e3172128adcd8b3090168a8e3bcc40d7c032b9dda1df7d1c" "/opt/rustwide/cargo-home/bin/cargo" "+beta-2023-12-22" "test" "--frozen" "--no-run" "--message-format=json", kill_on_drop: false }`
[INFO] [stdout] 8a4edd4035fef3a0d78ca1e96fb1bc9634d926d09d1b011700825cea093d2898
[INFO] running `Command { std: "docker" "start" "-a" "8a4edd4035fef3a0d78ca1e96fb1bc9634d926d09d1b011700825cea093d2898", kill_on_drop: false }`
[INFO] [stderr]    Compiling qualysx v2.0.0 (/opt/rustwide/workdir)
[INFO] [stdout] error: couldn't read src/..//files/ip_vuln.xml: No such file or directory (os error 2)
[INFO] [stdout]    --> src/lib.rs:531:28
[INFO] [stdout]     |
[INFO] [stdout] 531 |         let xml = from_str(include_str!("..//files/ip_vuln.xml")).unwrap();
[INFO] [stdout]     |                            ^^^^^^^^^^^^^^^^^^^^^^^^^^^^^^^^^^^^^
[INFO] [stdout]     |
[INFO] [stdout]     = note: this error originates in the macro `include_str` (in Nightly builds, run with -Z macro-backtrace for more info)
[INFO] [stdout] 
[INFO] [stdout] 
[INFO] [stdout] error: couldn't read src/../files/base.xml: No such file or directory (os error 2)
[INFO] [stdout]    --> src/lib.rs:607:22
[INFO] [stdout]     |
[INFO] [stdout] 607 |             ("base", include_str!("../files/base.xml")),
[INFO] [stdout]     |                      ^^^^^^^^^^^^^^^^^^^^^^^^^^^^^^^^^
[INFO] [stdout]     |
[INFO] [stdout]     = note: this error originates in the macro `include_str` (in Nightly builds, run with -Z macro-backtrace for more info)
[INFO] [stdout] 
[INFO] [stdout] 
[INFO] [stdout] error[E0063]: missing fields `asset_groups`, `asset_tag_list` and `option_profile` in initializer of `Header`
[INFO] [stdout]    --> src/lib.rs:500:30
[INFO] [stdout]     |
[INFO] [stdout] 500 |         let header: Header = Header {
[INFO] [stdout]     |                              ^^^^^^ missing `asset_groups`, `asset_tag_list` and `option_profile`
[INFO] [stdout] 
[INFO] [stdout] 
[INFO] [stdout] error[E0308]: mismatched types
[INFO] [stdout]    --> src/lib.rs:539:20
[INFO] [stdout]     |
[INFO] [stdout] 539 |             title: "Deprecated SSH Cryptographic Settings".to_string(),
[INFO] [stdout]     |                    ^^^^^^^^^^^^^^^^^^^^^^^^^^^^^^^^^^^^^^^^^^^^^^^^^^^ expected `Option<String>`, found `String`
[INFO] [stdout]     |
[INFO] [stdout]     = note: expected enum `std::option::Option<std::string::String>`
[INFO] [stdout]              found struct `std::string::String`
[INFO] [stdout] help: try wrapping the expression in `Some`
[INFO] [stdout]     |
[INFO] [stdout] 539 |             title: Some("Deprecated SSH Cryptographic Settings".to_string()),
[INFO] [stdout]     |                    +++++                                                   +
[INFO] [stdout] 
[INFO] [stdout] 
[INFO] [stdout] error[E0560]: struct `Vuln` has no field named `correlation`
[INFO] [stdout]    --> src/lib.rs:558:13
[INFO] [stdout]     |
[INFO] [stdout] 558 |             correlation: None,
[INFO] [stdout]     |             ^^^^^^^^^^^ `Vuln` does not have this field
[INFO] [stdout]     |
[INFO] [stdout]     = note: all struct fields are already assigned
[INFO] [stdout] 
[INFO] [stdout] 
[INFO] [stdout] error[E0560]: struct `Cat` has no field named `infos`
[INFO] [stdout]    --> src/lib.rs:571:13
[INFO] [stdout]     |
[INFO] [stdout] 571 |             infos: vec![],
[INFO] [stdout]     |             ^^^^^ `Cat` does not have this field
[INFO] [stdout]     |
[INFO] [stdout]     = note: available fields are: `tcats`
[INFO] [stdout] 
[INFO] [stdout] 
[INFO] [stdout] error[E0560]: struct `Cat` has no field named `services`
[INFO] [stdout]    --> src/lib.rs:572:13
[INFO] [stdout]     |
[INFO] [stdout] 572 |             services: vec![],
[INFO] [stdout]     |             ^^^^^^^^ `Cat` does not have this field
[INFO] [stdout]     |
[INFO] [stdout]     = note: available fields are: `tcats`
[INFO] [stdout] 
[INFO] [stdout] 
[INFO] [stdout] error[E0560]: struct `Cat` has no field named `practices`
[INFO] [stdout]    --> src/lib.rs:573:13
[INFO] [stdout]     |
[INFO] [stdout] 573 |             practices: vec![],
[INFO] [stdout]     |             ^^^^^^^^^ `Cat` does not have this field
[INFO] [stdout]     |
[INFO] [stdout]     = note: available fields are: `tcats`
[INFO] [stdout] 
[INFO] [stdout] 
[INFO] [stdout] error[E0560]: struct `Cat` has no field named `vulns`
[INFO] [stdout]    --> src/lib.rs:574:13
[INFO] [stdout]     |
[INFO] [stdout] 574 |             vulns: vec![vuln],
[INFO] [stdout]     |             ^^^^^ `Cat` does not have this field
[INFO] [stdout]     |
[INFO] [stdout]     = note: available fields are: `tcats`
[INFO] [stdout] 
[INFO] [stdout] 
[INFO] [stdout] error[E0308]: mismatched types
[INFO] [stdout]    --> src/lib.rs:583:19
[INFO] [stdout]     |
[INFO] [stdout] 583 |             name: "No registered hostname".to_string(),
[INFO] [stdout]     |                   ^^^^^^^^^^^^^^^^^^^^^^^^^^^^^^^^^^^^ expected `Option<String>`, found `String`
[INFO] [stdout]     |
[INFO] [stdout]     = note: expected enum `std::option::Option<std::string::String>`
[INFO] [stdout]              found struct `std::string::String`
[INFO] [stdout] help: try wrapping the expression in `Some`
[INFO] [stdout]     |
[INFO] [stdout] 583 |             name: Some("No registered hostname".to_string()),
[INFO] [stdout]     |                   +++++                                    +
[INFO] [stdout] 
[INFO] [stdout] 
[INFO] [stdout] error[E0063]: missing field `status` in initializer of `IP`
[INFO] [stdout]    --> src/lib.rs:581:22
[INFO] [stdout]     |
[INFO] [stdout] 581 |         let ip: IP = IP {
[INFO] [stdout]     |                      ^^ missing `status`
[INFO] [stdout] 
[INFO] [stdout] 
[INFO] [stdout] error: aborting due to 11 previous errors
[INFO] [stdout] 
[INFO] [stdout] 
[INFO] [stdout] Some errors have detailed explanations: E0063, E0308, E0560.
[INFO] [stdout] 
[INFO] [stdout] For more information about an error, try `rustc --explain E0063`.
[INFO] [stdout] 
[INFO] [stderr] error: could not compile `qualysx` (lib test) due to 12 previous errors
[INFO] running `Command { std: "docker" "inspect" "8a4edd4035fef3a0d78ca1e96fb1bc9634d926d09d1b011700825cea093d2898", kill_on_drop: false }`
[INFO] running `Command { std: "docker" "rm" "-f" "8a4edd4035fef3a0d78ca1e96fb1bc9634d926d09d1b011700825cea093d2898", kill_on_drop: false }`
[INFO] [stdout] 8a4edd4035fef3a0d78ca1e96fb1bc9634d926d09d1b011700825cea093d2898
