[INFO] fetching crate qpid_proton-sys 0.1.12...
[INFO] testing qpid_proton-sys-0.1.12 against 1.75.0 for beta-1.76-1
[INFO] extracting crate qpid_proton-sys 0.1.12 into /workspace/builds/worker-3-tc1/source
[INFO] validating manifest of crates.io crate qpid_proton-sys 0.1.12 on toolchain 1.75.0
[INFO] running `Command { std: CARGO_HOME="/workspace/cargo-home" RUSTUP_HOME="/workspace/rustup-home" "/workspace/cargo-home/bin/cargo" "+1.75.0" "metadata" "--manifest-path" "Cargo.toml" "--no-deps", kill_on_drop: false }`
[INFO] started tweaking crates.io crate qpid_proton-sys 0.1.12
[INFO] finished tweaking crates.io crate qpid_proton-sys 0.1.12
[INFO] tweaked toml for crates.io crate qpid_proton-sys 0.1.12 written to /workspace/builds/worker-3-tc1/source/Cargo.toml
[INFO] running `Command { std: CARGO_HOME="/workspace/cargo-home" RUSTUP_HOME="/workspace/rustup-home" "/workspace/cargo-home/bin/cargo" "+1.75.0" "generate-lockfile" "--manifest-path" "Cargo.toml", kill_on_drop: false }`
[INFO] [stderr]     Updating crates.io index
[INFO] running `Command { std: CARGO_HOME="/workspace/cargo-home" RUSTUP_HOME="/workspace/rustup-home" "/workspace/cargo-home/bin/cargo" "+1.75.0" "fetch" "--manifest-path" "Cargo.toml", kill_on_drop: false }`
[INFO] running `Command { std: "docker" "create" "-v" "/var/lib/crater-agent-workspace/builds/worker-3-tc1/target:/opt/rustwide/target:rw,Z" "-v" "/var/lib/crater-agent-workspace/builds/worker-3-tc1/source:/opt/rustwide/workdir:ro,Z" "-v" "/var/lib/crater-agent-workspace/cargo-home:/opt/rustwide/cargo-home:ro,Z" "-v" "/var/lib/crater-agent-workspace/rustup-home:/opt/rustwide/rustup-home:ro,Z" "-e" "SOURCE_DIR=/opt/rustwide/workdir" "-e" "CARGO_TARGET_DIR=/opt/rustwide/target" "-e" "CARGO_HOME=/opt/rustwide/cargo-home" "-e" "RUSTUP_HOME=/opt/rustwide/rustup-home" "-w" "/opt/rustwide/workdir" "-m" "1610612736" "--user" "0:0" "--network" "none" "ghcr.io/rust-lang/crates-build-env/linux@sha256:2788e3201cd34a07e3172128adcd8b3090168a8e3bcc40d7c032b9dda1df7d1c" "/opt/rustwide/cargo-home/bin/cargo" "+1.75.0" "metadata" "--no-deps" "--format-version=1", kill_on_drop: false }`
[INFO] [stdout] d93639bccc5c8fee1ac48a5ab5c8af9d21a5486926fe8b7cb492f3adf982f28a
[INFO] running `Command { std: "docker" "start" "-a" "d93639bccc5c8fee1ac48a5ab5c8af9d21a5486926fe8b7cb492f3adf982f28a", kill_on_drop: false }`
[INFO] running `Command { std: "docker" "inspect" "d93639bccc5c8fee1ac48a5ab5c8af9d21a5486926fe8b7cb492f3adf982f28a", kill_on_drop: false }`
[INFO] running `Command { std: "docker" "rm" "-f" "d93639bccc5c8fee1ac48a5ab5c8af9d21a5486926fe8b7cb492f3adf982f28a", kill_on_drop: false }`
[INFO] [stdout] d93639bccc5c8fee1ac48a5ab5c8af9d21a5486926fe8b7cb492f3adf982f28a
[INFO] running `Command { std: "docker" "create" "-v" "/var/lib/crater-agent-workspace/builds/worker-3-tc1/target:/opt/rustwide/target:rw,Z" "-v" "/var/lib/crater-agent-workspace/builds/worker-3-tc1/source:/opt/rustwide/workdir:ro,Z" "-v" "/var/lib/crater-agent-workspace/cargo-home:/opt/rustwide/cargo-home:ro,Z" "-v" "/var/lib/crater-agent-workspace/rustup-home:/opt/rustwide/rustup-home:ro,Z" "-e" "SOURCE_DIR=/opt/rustwide/workdir" "-e" "CARGO_TARGET_DIR=/opt/rustwide/target" "-e" "CARGO_INCREMENTAL=0" "-e" "RUST_BACKTRACE=full" "-e" "RUSTFLAGS=--cap-lints=warn" "-e" "RUSTDOCFLAGS=--cap-lints=warn" "-e" "CARGO_HOME=/opt/rustwide/cargo-home" "-e" "RUSTUP_HOME=/opt/rustwide/rustup-home" "-w" "/opt/rustwide/workdir" "-m" "1610612736" "--user" "0:0" "--network" "none" "ghcr.io/rust-lang/crates-build-env/linux@sha256:2788e3201cd34a07e3172128adcd8b3090168a8e3bcc40d7c032b9dda1df7d1c" "/opt/rustwide/cargo-home/bin/cargo" "+1.75.0" "build" "--frozen" "--message-format=json", kill_on_drop: false }`
[INFO] [stdout] de7223a4285aa294fe1209058c56d600193340f750606dc057147795bebef4d8
[INFO] running `Command { std: "docker" "start" "-a" "de7223a4285aa294fe1209058c56d600193340f750606dc057147795bebef4d8", kill_on_drop: false }`
[INFO] [stderr]    Compiling libc v0.2.151
[INFO] [stderr]    Compiling cc v1.0.83
[INFO] [stderr]    Compiling cmake v0.1.50
[INFO] [stderr]    Compiling qpid_proton-sys v0.1.12 (/opt/rustwide/workdir)
[INFO] [stderr] error: failed to run custom build command for `qpid_proton-sys v0.1.12 (/opt/rustwide/workdir)`
[INFO] [stderr] note: To improve backtraces for build dependencies, set the CARGO_PROFILE_DEV_BUILD_OVERRIDE_DEBUG=true environment variable to enable debug information generation.
[INFO] [stderr] 
[INFO] [stderr] Caused by:
[INFO] [stderr]   process didn't exit successfully: `/opt/rustwide/target/debug/build/qpid_proton-sys-6234c68572a43808/build-script-build` (exit status: 101)
[INFO] [stderr]   --- stdout
[INFO] [stderr]   cargo:rustc-env=PYTHONDONTWRITEBYTECODE=1
[INFO] [stderr]   CMAKE_TOOLCHAIN_FILE_x86_64-unknown-linux-gnu = None
[INFO] [stderr]   CMAKE_TOOLCHAIN_FILE_x86_64_unknown_linux_gnu = None
[INFO] [stderr]   HOST_CMAKE_TOOLCHAIN_FILE = None
[INFO] [stderr]   CMAKE_TOOLCHAIN_FILE = None
[INFO] [stderr]   CMAKE_GENERATOR_x86_64-unknown-linux-gnu = None
[INFO] [stderr]   CMAKE_GENERATOR_x86_64_unknown_linux_gnu = None
[INFO] [stderr]   HOST_CMAKE_GENERATOR = None
[INFO] [stderr]   CMAKE_GENERATOR = None
[INFO] [stderr]   CMAKE_PREFIX_PATH_x86_64-unknown-linux-gnu = None
[INFO] [stderr]   CMAKE_PREFIX_PATH_x86_64_unknown_linux_gnu = None
[INFO] [stderr]   HOST_CMAKE_PREFIX_PATH = None
[INFO] [stderr]   CMAKE_PREFIX_PATH = None
[INFO] [stderr]   CMAKE_x86_64-unknown-linux-gnu = None
[INFO] [stderr]   CMAKE_x86_64_unknown_linux_gnu = None
[INFO] [stderr]   HOST_CMAKE = None
[INFO] [stderr]   CMAKE = None
[INFO] [stderr]   running: cd "/opt/rustwide/target/debug/build/qpid_proton-sys-3677636aa64266e9/out/build" && CMAKE_PREFIX_PATH="" PYTHONDONTWRITEBYTECODE="1" "cmake" "/opt/rustwide/workdir/lib/qpid-proton-0.34.0" "-DBUILD_CPP=OFF" "-DBUILD_GO=OFF" "-DBUILD_PYTHON=OFF" "-DBUILD_RUBY=OFF" "-DENABLE_FUZZ_TESTING=OFF" "-DCMAKE_INSTALL_PREFIX=/opt/rustwide/target/debug/build/qpid_proton-sys-3677636aa64266e9/out" "-DCMAKE_C_FLAGS= -ffunction-sections -fdata-sections -fPIC -m64" "-DCMAKE_C_COMPILER=/usr/bin/cc" "-DCMAKE_CXX_FLAGS= -ffunction-sections -fdata-sections -fPIC -m64" "-DCMAKE_CXX_COMPILER=/usr/bin/c++" "-DCMAKE_ASM_FLAGS= -ffunction-sections -fdata-sections -fPIC -m64" "-DCMAKE_ASM_COMPILER=/usr/bin/cc" "-DCMAKE_BUILD_TYPE=Debug"
[INFO] [stderr]   -- The C compiler identification is GNU 11.4.0
[INFO] [stderr]   -- Detecting C compiler ABI info
[INFO] [stderr]   -- Detecting C compiler ABI info - done
[INFO] [stderr]   -- Check for working C compiler: /usr/bin/cc - skipped
[INFO] [stderr]   -- Detecting C compile features
[INFO] [stderr]   -- Detecting C compile features - done
[INFO] [stderr]   -- Found OpenSSL: /usr/lib/x86_64-linux-gnu/libcrypto.so (found version "3.0.2")  
[INFO] [stderr]   -- Looking for pthread.h
[INFO] [stderr]   -- Looking for pthread.h - found
[INFO] [stderr]   -- Performing Test CMAKE_HAVE_LIBC_PTHREAD
[INFO] [stderr]   -- Performing Test CMAKE_HAVE_LIBC_PTHREAD - Success
[INFO] [stderr]   -- Found Threads: TRUE  
[INFO] [stderr]   -- Could NOT find SWIG (missing: SWIG_EXECUTABLE SWIG_DIR) 
[INFO] [stderr]   -- Found PkgConfig: /usr/bin/pkg-config (found version "0.29.2") 
[INFO] [stderr]   -- Found CyrusSASL: /usr/lib/x86_64-linux-gnu/libsasl2.so (found version "2.1.27") 
[INFO] [stderr]   -- Found Python: /usr/bin/python3.10 (found version "3.10.12") found components: Interpreter Development Development.Module Development.Embed 
[INFO] [stderr]   -- The CXX compiler identification is GNU 11.4.0
[INFO] [stderr]   -- Detecting CXX compiler ABI info
[INFO] [stderr]   -- Detecting CXX compiler ABI info - done
[INFO] [stderr]   -- Check for working CXX compiler: /usr/bin/c++ - skipped
[INFO] [stderr]   -- Detecting CXX compile features
[INFO] [stderr]   -- Detecting CXX compile features - done
[INFO] [stderr]   -- Build type is "Debug" (has debug symbols)
[INFO] [stderr]   -- PN_VERSION: 0.34.0 ()
[INFO] [stderr]   -- Looking for clock_gettime
[INFO] [stderr]   -- Looking for clock_gettime - found
[INFO] [stderr]   -- Looking for strerror_r
[INFO] [stderr]   -- Looking for strerror_r - found
[INFO] [stderr]   -- Looking for epoll_wait
[INFO] [stderr]   -- Looking for epoll_wait - found
[INFO] [stderr]   -- Building the epoll proactor
[INFO] [stderr]   -- Could NOT find Doxygen (missing: DOXYGEN_EXECUTABLE) 
[INFO] [stderr]   -- Configuring done
[INFO] [stderr]   -- Generating done
[INFO] [stderr]   -- Build files have been written to: /opt/rustwide/target/debug/build/qpid_proton-sys-3677636aa64266e9/out/build
[INFO] [stderr]   running: cd "/opt/rustwide/target/debug/build/qpid_proton-sys-3677636aa64266e9/out/build" && MAKEFLAGS="-j --jobserver-fds=7,8 --jobserver-auth=7,8" PYTHONDONTWRITEBYTECODE="1" "cmake" "--build" "." "--target" "install" "--config" "Debug"
[INFO] [stderr]   [  2%] Building C object c/CMakeFiles/qpid-proton-platform-io-objects.dir/src/platform/platform.c.o
[INFO] [stderr]   [  2%] Generating src/protocol.h
[INFO] [stderr]   [  4%] Building C object c/CMakeFiles/qpid-proton-proactor-objects.dir/src/proactor/epoll_timer.c.o
[INFO] [stderr]   [  4%] Building C object c/CMakeFiles/qpid-proton-proactor-objects.dir/src/proactor/proactor-internal.c.o
[INFO] [stderr]   [  5%] Building C object c/CMakeFiles/qpid-proton-proactor-objects.dir/src/proactor/epoll.c.o
[INFO] [stderr]   [  6%] Building C object c/CMakeFiles/qpid-proton-proactor-objects.dir/src/proactor/epoll_raw_connection.c.o
[INFO] [stderr]   [  7%] Generating src/encodings.h
[INFO] [stderr]   [  8%] Building CXX object c/tests/CMakeFiles/test_main.dir/test_main.cpp.o
[INFO] [stderr]   [  9%] Building C object c/CMakeFiles/qpid-proton-proactor-objects.dir/src/proactor/netaddr-internal.c.o
[INFO] [stderr]   [  9%] Building C object c/CMakeFiles/qpid-proton-platform-io-objects.dir/src/reactor/io/posix/io.c.o
[INFO] [stderr]   [  9%] Building C object c/CMakeFiles/qpid-proton-proactor-objects.dir/src/proactor/raw_connection.c.o
[INFO] [stderr]   [ 10%] Building C object c/CMakeFiles/qpid-proton-platform-io-objects.dir/src/reactor/io/posix/selector.c.o
[INFO] [stderr]   [ 10%] Built target qpid-proton-platform-io-objects
[INFO] [stderr]   [ 10%] Built target qpid-proton-proactor-objects
[INFO] [stderr]   [ 10%] Built target generated_c_files
[INFO] [stderr]   [ 10%] Building C object c/CMakeFiles/qpid-proton-core-objects.dir/src/core/object/object.c.o
[INFO] [stderr]   [ 11%] Building C object c/CMakeFiles/qpid-proton-core-objects.dir/src/core/object/string.c.o
[INFO] [stderr]   [ 12%] Building C object c/CMakeFiles/qpid-proton-core-objects.dir/src/core/object/map.c.o
[INFO] [stderr]   [ 13%] Building C object c/CMakeFiles/qpid-proton-core-objects.dir/src/core/object/list.c.o
[INFO] [stderr]   [ 14%] Building C object c/CMakeFiles/qpid-proton-core-objects.dir/src/core/object/iterator.c.o
[INFO] [stderr]   [ 15%] Building C object c/CMakeFiles/qpid-proton-core-objects.dir/src/core/object/record.c.o
[INFO] [stderr]   [ 15%] Building C object c/CMakeFiles/qpid-proton-core-objects.dir/src/core/memory.c.o
[INFO] [stderr]   [ 16%] Building C object c/CMakeFiles/qpid-proton-core-objects.dir/src/core/init.c.o
[INFO] [stderr]   [ 17%] Building C object c/CMakeFiles/qpid-proton-core-objects.dir/src/core/logger.c.o
[INFO] [stderr]   [ 18%] Building C object c/CMakeFiles/qpid-proton-core-objects.dir/src/core/util.c.o
[INFO] [stderr]   [ 19%] Building C object c/CMakeFiles/qpid-proton-core-objects.dir/src/core/error.c.o
[INFO] [stderr]   [ 20%] Building C object c/CMakeFiles/qpid-proton-core-objects.dir/src/core/buffer.c.o
[INFO] [stderr]   [ 21%] Building C object c/CMakeFiles/qpid-proton-core-objects.dir/src/core/framing.c.o
[INFO] [stderr]   [ 22%] Building C object c/CMakeFiles/qpid-proton-core-objects.dir/src/core/types.c.o
[INFO] [stderr]   [ 23%] Building C object c/CMakeFiles/qpid-proton-core-objects.dir/src/core/codec.c.o
[INFO] [stderr]   [ 23%] Building C object c/CMakeFiles/qpid-proton-core-objects.dir/src/core/decoder.c.o
[INFO] [stderr]   [ 24%] Building C object c/CMakeFiles/qpid-proton-core-objects.dir/src/core/encoder.c.o
[INFO] [stderr]   [ 26%] Building C object c/CMakeFiles/qpid-proton-core-objects.dir/src/core/connection_driver.c.o
[INFO] [stderr]   [ 27%] Building C object c/CMakeFiles/qpid-proton-core-objects.dir/src/core/engine.c.o
[INFO] [stderr]   [ 27%] Building C object c/CMakeFiles/qpid-proton-core-objects.dir/src/core/dispatcher.c.o
[INFO] [stderr]   [ 28%] Building C object c/CMakeFiles/qpid-proton-core-objects.dir/src/core/event.c.o
[INFO] [stderr]   [ 29%] Building C object c/CMakeFiles/qpid-proton-core-objects.dir/src/core/autodetect.c.o
[INFO] [stderr]   [ 30%] Building C object c/CMakeFiles/qpid-proton-core-objects.dir/src/core/transport.c.o
[INFO] [stderr]   [ 31%] Building C object c/CMakeFiles/qpid-proton-core-objects.dir/src/sasl/sasl.c.o
[INFO] [stderr]   [ 31%] Building C object c/CMakeFiles/qpid-proton-core-objects.dir/src/core/message.c.o
[INFO] [stderr]   [ 32%] Building C object c/CMakeFiles/qpid-proton-core-objects.dir/src/sasl/default_sasl.c.o
[INFO] [stderr]   [ 33%] Building C object c/CMakeFiles/qpid-proton-core-objects.dir/src/sasl/cyrus_sasl.c.o
[INFO] [stderr]   [ 34%] Building C object c/CMakeFiles/qpid-proton-core-objects.dir/src/compiler/gcc/start.c.o
[INFO] [stderr]   [ 35%] Building C object c/CMakeFiles/qpid-proton-core-objects.dir/src/ssl/openssl.c.o
[INFO] [stderr]   [ 35%] Built target test_main
[INFO] [stderr] 
[INFO] [stderr]   --- stderr
[INFO] [stderr]   CMake Warning:
[INFO] [stderr]     Manually-specified variables were not used by the project:
[INFO] [stderr] 
[INFO] [stderr]       BUILD_PYTHON
[INFO] [stderr]       BUILD_RUBY
[INFO] [stderr]       CMAKE_ASM_COMPILER
[INFO] [stderr]       CMAKE_ASM_FLAGS
[INFO] [stderr] 
[INFO] [stderr] 
[INFO] [stderr]   /opt/rustwide/workdir/lib/qpid-proton-0.34.0/c/src/ssl/openssl.c: In function 'get_dh2048':
[INFO] [stderr]   /opt/rustwide/workdir/lib/qpid-proton-0.34.0/c/src/ssl/openssl.c:398:3: error: 'DH_new' is deprecated: Since OpenSSL 3.0 [-Werror=deprecated-declarations]
[INFO] [stderr]     398 |   DH *dh = DH_new();
[INFO] [stderr]         |   ^~
[INFO] [stderr]   In file included from /usr/include/openssl/dsa.h:51,
[INFO] [stderr]                    from /usr/include/openssl/x509.h:37,
[INFO] [stderr]                    from /usr/include/openssl/ssl.h:31,
[INFO] [stderr]                    from /opt/rustwide/workdir/lib/qpid-proton-0.34.0/c/src/ssl/openssl.c:47:
[INFO] [stderr]   /usr/include/openssl/dh.h:203:27: note: declared here
[INFO] [stderr]     203 | OSSL_DEPRECATEDIN_3_0 DH *DH_new(void);
[INFO] [stderr]         |                           ^~~~~~
[INFO] [stderr]   /opt/rustwide/workdir/lib/qpid-proton-0.34.0/c/src/ssl/openssl.c:406:7: error: 'DH_set0_pqg' is deprecated: Since OpenSSL 3.0 [-Werror=deprecated-declarations]
[INFO] [stderr]     406 |       || !DH_set0_pqg(dh, dhp_bn, NULL, dhg_bn)) {
[INFO] [stderr]         |       ^~
[INFO] [stderr]   In file included from /usr/include/openssl/dsa.h:51,
[INFO] [stderr]                    from /usr/include/openssl/x509.h:37,
[INFO] [stderr]                    from /usr/include/openssl/ssl.h:31,
[INFO] [stderr]                    from /opt/rustwide/workdir/lib/qpid-proton-0.34.0/c/src/ssl/openssl.c:47:
[INFO] [stderr]   /usr/include/openssl/dh.h:259:27: note: declared here
[INFO] [stderr]     259 | OSSL_DEPRECATEDIN_3_0 int DH_set0_pqg(DH *dh, BIGNUM *p, BIGNUM *q, BIGNUM *g);
[INFO] [stderr]         |                           ^~~~~~~~~~~
[INFO] [stderr]   /opt/rustwide/workdir/lib/qpid-proton-0.34.0/c/src/ssl/openssl.c:407:5: error: 'DH_free' is deprecated: Since OpenSSL 3.0 [-Werror=deprecated-declarations]
[INFO] [stderr]     407 |     DH_free(dh);
[INFO] [stderr]         |     ^~~~~~~
[INFO] [stderr]   In file included from /usr/include/openssl/dsa.h:51,
[INFO] [stderr]                    from /usr/include/openssl/x509.h:37,
[INFO] [stderr]                    from /usr/include/openssl/ssl.h:31,
[INFO] [stderr]                    from /opt/rustwide/workdir/lib/qpid-proton-0.34.0/c/src/ssl/openssl.c:47:
[INFO] [stderr]   /usr/include/openssl/dh.h:204:28: note: declared here
[INFO] [stderr]     204 | OSSL_DEPRECATEDIN_3_0 void DH_free(DH *dh);
[INFO] [stderr]         |                            ^~~~~~~
[INFO] [stderr]   /opt/rustwide/workdir/lib/qpid-proton-0.34.0/c/src/ssl/openssl.c: In function 'pni_init_ssl_domain':
[INFO] [stderr]   /opt/rustwide/workdir/lib/qpid-proton-0.34.0/c/src/ssl/openssl.c:548:5: error: 'DH_free' is deprecated: Since OpenSSL 3.0 [-Werror=deprecated-declarations]
[INFO] [stderr]     548 |     DH_free(dh);
[INFO] [stderr]         |     ^~~~~~~
[INFO] [stderr]   In file included from /usr/include/openssl/dsa.h:51,
[INFO] [stderr]                    from /usr/include/openssl/x509.h:37,
[INFO] [stderr]                    from /usr/include/openssl/ssl.h:31,
[INFO] [stderr]                    from /opt/rustwide/workdir/lib/qpid-proton-0.34.0/c/src/ssl/openssl.c:47:
[INFO] [stderr]   /usr/include/openssl/dh.h:204:28: note: declared here
[INFO] [stderr]     204 | OSSL_DEPRECATEDIN_3_0 void DH_free(DH *dh);
[INFO] [stderr]         |                            ^~~~~~~
[INFO] [stderr]   cc1: all warnings being treated as errors
[INFO] [stderr]   gmake[2]: *** [c/CMakeFiles/qpid-proton-core-objects.dir/build.make:462: c/CMakeFiles/qpid-proton-core-objects.dir/src/ssl/openssl.c.o] Error 1
[INFO] [stderr]   gmake[1]: *** [CMakeFiles/Makefile2:1064: c/CMakeFiles/qpid-proton-core-objects.dir/all] Error 2
[INFO] [stderr]   gmake[1]: *** Waiting for unfinished jobs....
[INFO] [stderr]   gmake: *** [Makefile:146: all] Error 2
[INFO] [stderr]   thread 'main' panicked at /opt/rustwide/cargo-home/registry/src/index.crates.io-6f17d22bba15001f/cmake-0.1.50/src/lib.rs:1098:5:
[INFO] [stderr] 
[INFO] [stderr]   command did not execute successfully, got: exit status: 2
[INFO] [stderr] 
[INFO] [stderr]   build script failed, must exit now
[INFO] [stderr]   stack backtrace:
[INFO] [stderr]      0:     0x5589f2afc46c - std::backtrace_rs::backtrace::libunwind::trace::ha637c64ce894333a
[INFO] [stderr]                                  at /rustc/82e1608dfa6e0b5569232559e3d385fea5a93112/library/std/src/../../backtrace/src/backtrace/libunwind.rs:104:5
[INFO] [stderr]      1:     0x5589f2afc46c - std::backtrace_rs::backtrace::trace_unsynchronized::h47f62dea28e0c88d
[INFO] [stderr]                                  at /rustc/82e1608dfa6e0b5569232559e3d385fea5a93112/library/std/src/../../backtrace/src/backtrace/mod.rs:66:5
[INFO] [stderr]      2:     0x5589f2afc46c - std::sys_common::backtrace::_print_fmt::h9eef0abe20ede486
[INFO] [stderr]                                  at /rustc/82e1608dfa6e0b5569232559e3d385fea5a93112/library/std/src/sys_common/backtrace.rs:67:5
[INFO] [stderr]      3:     0x5589f2afc46c - <std::sys_common::backtrace::_print::DisplayBacktrace as core::fmt::Display>::fmt::hed7f999df88cc644
[INFO] [stderr]                                  at /rustc/82e1608dfa6e0b5569232559e3d385fea5a93112/library/std/src/sys_common/backtrace.rs:44:22
[INFO] [stderr]      4:     0x5589f2b22970 - core::fmt::rt::Argument::fmt::h1539a9308b8d058d
[INFO] [stderr]                                  at /rustc/82e1608dfa6e0b5569232559e3d385fea5a93112/library/core/src/fmt/rt.rs:142:9
[INFO] [stderr]      5:     0x5589f2b22970 - core::fmt::write::h3a39390d8560d9c9
[INFO] [stderr]                                  at /rustc/82e1608dfa6e0b5569232559e3d385fea5a93112/library/core/src/fmt/mod.rs:1120:17
[INFO] [stderr]      6:     0x5589f2af9bbf - std::io::Write::write_fmt::h5fc9997dfe05f882
[INFO] [stderr]                                  at /rustc/82e1608dfa6e0b5569232559e3d385fea5a93112/library/std/src/io/mod.rs:1762:15
[INFO] [stderr]      7:     0x5589f2afc254 - std::sys_common::backtrace::_print::h894006fb5c6f3d45
[INFO] [stderr]                                  at /rustc/82e1608dfa6e0b5569232559e3d385fea5a93112/library/std/src/sys_common/backtrace.rs:47:5
[INFO] [stderr]      8:     0x5589f2afc254 - std::sys_common::backtrace::print::h23a2d212c6fff936
[INFO] [stderr]                                  at /rustc/82e1608dfa6e0b5569232559e3d385fea5a93112/library/std/src/sys_common/backtrace.rs:34:9
[INFO] [stderr]      9:     0x5589f2afda67 - std::panicking::default_hook::{{closure}}::h8a1d2ee00185001a
[INFO] [stderr]     10:     0x5589f2afd7cf - std::panicking::default_hook::h6038f2eba384e475
[INFO] [stderr]                                  at /rustc/82e1608dfa6e0b5569232559e3d385fea5a93112/library/std/src/panicking.rs:292:9
[INFO] [stderr]     11:     0x5589f2afdee8 - std::panicking::rust_panic_with_hook::h2b5517d590cab22e
[INFO] [stderr]                                  at /rustc/82e1608dfa6e0b5569232559e3d385fea5a93112/library/std/src/panicking.rs:779:13
[INFO] [stderr]     12:     0x5589f2afddce - std::panicking::begin_panic_handler::{{closure}}::h233112c06e0ef43e
[INFO] [stderr]                                  at /rustc/82e1608dfa6e0b5569232559e3d385fea5a93112/library/std/src/panicking.rs:657:13
[INFO] [stderr]     13:     0x5589f2afc936 - std::sys_common::backtrace::__rust_end_short_backtrace::h6e893f24d7ebbff8
[INFO] [stderr]                                  at /rustc/82e1608dfa6e0b5569232559e3d385fea5a93112/library/std/src/sys_common/backtrace.rs:170:18
[INFO] [stderr]     14:     0x5589f2afdb32 - rust_begin_unwind
[INFO] [stderr]                                  at /rustc/82e1608dfa6e0b5569232559e3d385fea5a93112/library/std/src/panicking.rs:645:5
[INFO] [stderr]     15:     0x5589f2a7e625 - core::panicking::panic_fmt::hbf0e066aabfa482c
[INFO] [stderr]                                  at /rustc/82e1608dfa6e0b5569232559e3d385fea5a93112/library/core/src/panicking.rs:72:14
[INFO] [stderr]     16:     0x5589f2a927d1 - cmake::fail::h7a5caf818fa20d52
[INFO] [stderr]     17:     0x5589f2a91f57 - cmake::run::hbdd51256d1726b59
[INFO] [stderr]     18:     0x5589f2a8e871 - cmake::Config::build::he7f58d1afe21f6cc
[INFO] [stderr]     19:     0x5589f2a80820 - build_script_build::main::h10051acfc71a7c26
[INFO] [stderr]     20:     0x5589f2a7f223 - core::ops::function::FnOnce::call_once::h9fc5d0c3cbc527d3
[INFO] [stderr]     21:     0x5589f2a7ee16 - std::sys_common::backtrace::__rust_begin_short_backtrace::h3f70689a829cae39
[INFO] [stderr]     22:     0x5589f2a7ef59 - std::rt::lang_start::{{closure}}::h7e3c6c4ae8968701
[INFO] [stderr]     23:     0x5589f2af5a87 - core::ops::function::impls::<impl core::ops::function::FnOnce<A> for &F>::call_once::hd95060ecd5e1ca24
[INFO] [stderr]                                  at /rustc/82e1608dfa6e0b5569232559e3d385fea5a93112/library/core/src/ops/function.rs:284:13
[INFO] [stderr]     24:     0x5589f2af5a87 - std::panicking::try::do_call::h6e8cf51db32a6e4b
[INFO] [stderr]                                  at /rustc/82e1608dfa6e0b5569232559e3d385fea5a93112/library/std/src/panicking.rs:552:40
[INFO] [stderr]     25:     0x5589f2af5a87 - std::panicking::try::h3a52eefe24fe3c29
[INFO] [stderr]                                  at /rustc/82e1608dfa6e0b5569232559e3d385fea5a93112/library/std/src/panicking.rs:516:19
[INFO] [stderr]     26:     0x5589f2af5a87 - std::panic::catch_unwind::h24c28c23c02c3841
[INFO] [stderr]                                  at /rustc/82e1608dfa6e0b5569232559e3d385fea5a93112/library/std/src/panic.rs:142:14
[INFO] [stderr]     27:     0x5589f2af5a87 - std::rt::lang_start_internal::{{closure}}::h705d3c9cbc06ef47
[INFO] [stderr]                                  at /rustc/82e1608dfa6e0b5569232559e3d385fea5a93112/library/std/src/rt.rs:148:48
[INFO] [stderr]     28:     0x5589f2af5a87 - std::panicking::try::do_call::ha21f52ba13158470
[INFO] [stderr]                                  at /rustc/82e1608dfa6e0b5569232559e3d385fea5a93112/library/std/src/panicking.rs:552:40
[INFO] [stderr]     29:     0x5589f2af5a87 - std::panicking::try::h5581346bf6aeb1f8
[INFO] [stderr]                                  at /rustc/82e1608dfa6e0b5569232559e3d385fea5a93112/library/std/src/panicking.rs:516:19
[INFO] [stderr]     30:     0x5589f2af5a87 - std::panic::catch_unwind::h7919645a6b72e25b
[INFO] [stderr]                                  at /rustc/82e1608dfa6e0b5569232559e3d385fea5a93112/library/std/src/panic.rs:142:14
[INFO] [stderr]     31:     0x5589f2af5a87 - std::rt::lang_start_internal::h12de51168669836e
[INFO] [stderr]                                  at /rustc/82e1608dfa6e0b5569232559e3d385fea5a93112/library/std/src/rt.rs:148:20
[INFO] [stderr]     32:     0x5589f2a7ef37 - std::rt::lang_start::h7f5d7e3bed561957
[INFO] [stderr]     33:     0x5589f2a80a15 - main
[INFO] [stderr]     34:     0x7f6c7c358d90 - <unknown>
[INFO] [stderr]     35:     0x7f6c7c358e40 - __libc_start_main
[INFO] [stderr]     36:     0x5589f2a7ed45 - _start
[INFO] [stderr]     37:                0x0 - <unknown>
[INFO] running `Command { std: "docker" "inspect" "de7223a4285aa294fe1209058c56d600193340f750606dc057147795bebef4d8", kill_on_drop: false }`
[INFO] running `Command { std: "docker" "rm" "-f" "de7223a4285aa294fe1209058c56d600193340f750606dc057147795bebef4d8", kill_on_drop: false }`
[INFO] [stdout] de7223a4285aa294fe1209058c56d600193340f750606dc057147795bebef4d8
[INFO] testing qpid_proton-sys-0.1.12 against beta-2023-12-22 for beta-1.76-1
[INFO] extracting crate qpid_proton-sys 0.1.12 into /workspace/builds/worker-3-tc2/source
[INFO] validating manifest of crates.io crate qpid_proton-sys 0.1.12 on toolchain beta-2023-12-22
[INFO] running `Command { std: CARGO_HOME="/workspace/cargo-home" RUSTUP_HOME="/workspace/rustup-home" "/workspace/cargo-home/bin/cargo" "+beta-2023-12-22" "metadata" "--manifest-path" "Cargo.toml" "--no-deps", kill_on_drop: false }`
[INFO] started tweaking crates.io crate qpid_proton-sys 0.1.12
[INFO] finished tweaking crates.io crate qpid_proton-sys 0.1.12
[INFO] tweaked toml for crates.io crate qpid_proton-sys 0.1.12 written to /workspace/builds/worker-3-tc2/source/Cargo.toml
[INFO] running `Command { std: CARGO_HOME="/workspace/cargo-home" RUSTUP_HOME="/workspace/rustup-home" "/workspace/cargo-home/bin/cargo" "+beta-2023-12-22" "generate-lockfile" "--manifest-path" "Cargo.toml", kill_on_drop: false }`
[INFO] [stderr]     Updating crates.io index
[INFO] running `Command { std: CARGO_HOME="/workspace/cargo-home" RUSTUP_HOME="/workspace/rustup-home" "/workspace/cargo-home/bin/cargo" "+beta-2023-12-22" "fetch" "--manifest-path" "Cargo.toml", kill_on_drop: false }`
[INFO] running `Command { std: "docker" "create" "-v" "/var/lib/crater-agent-workspace/builds/worker-3-tc2/target:/opt/rustwide/target:rw,Z" "-v" "/var/lib/crater-agent-workspace/builds/worker-3-tc2/source:/opt/rustwide/workdir:ro,Z" "-v" "/var/lib/crater-agent-workspace/cargo-home:/opt/rustwide/cargo-home:ro,Z" "-v" "/var/lib/crater-agent-workspace/rustup-home:/opt/rustwide/rustup-home:ro,Z" "-e" "SOURCE_DIR=/opt/rustwide/workdir" "-e" "CARGO_TARGET_DIR=/opt/rustwide/target" "-e" "CARGO_HOME=/opt/rustwide/cargo-home" "-e" "RUSTUP_HOME=/opt/rustwide/rustup-home" "-w" "/opt/rustwide/workdir" "-m" "1610612736" "--user" "0:0" "--network" "none" "ghcr.io/rust-lang/crates-build-env/linux@sha256:2788e3201cd34a07e3172128adcd8b3090168a8e3bcc40d7c032b9dda1df7d1c" "/opt/rustwide/cargo-home/bin/cargo" "+beta-2023-12-22" "metadata" "--no-deps" "--format-version=1", kill_on_drop: false }`
[INFO] [stdout] 9f60747255cd7b90f278b82666f4bdb00438eab04cc5614d47c6a985df00be6d
[INFO] running `Command { std: "docker" "start" "-a" "9f60747255cd7b90f278b82666f4bdb00438eab04cc5614d47c6a985df00be6d", kill_on_drop: false }`
[INFO] running `Command { std: "docker" "inspect" "9f60747255cd7b90f278b82666f4bdb00438eab04cc5614d47c6a985df00be6d", kill_on_drop: false }`
[INFO] running `Command { std: "docker" "rm" "-f" "9f60747255cd7b90f278b82666f4bdb00438eab04cc5614d47c6a985df00be6d", kill_on_drop: false }`
[INFO] [stdout] 9f60747255cd7b90f278b82666f4bdb00438eab04cc5614d47c6a985df00be6d
[INFO] running `Command { std: "docker" "create" "-v" "/var/lib/crater-agent-workspace/builds/worker-3-tc2/target:/opt/rustwide/target:rw,Z" "-v" "/var/lib/crater-agent-workspace/builds/worker-3-tc2/source:/opt/rustwide/workdir:ro,Z" "-v" "/var/lib/crater-agent-workspace/cargo-home:/opt/rustwide/cargo-home:ro,Z" "-v" "/var/lib/crater-agent-workspace/rustup-home:/opt/rustwide/rustup-home:ro,Z" "-e" "SOURCE_DIR=/opt/rustwide/workdir" "-e" "CARGO_TARGET_DIR=/opt/rustwide/target" "-e" "CARGO_INCREMENTAL=0" "-e" "RUST_BACKTRACE=full" "-e" "RUSTFLAGS=--cap-lints=warn" "-e" "RUSTDOCFLAGS=--cap-lints=warn" "-e" "CARGO_HOME=/opt/rustwide/cargo-home" "-e" "RUSTUP_HOME=/opt/rustwide/rustup-home" "-w" "/opt/rustwide/workdir" "-m" "1610612736" "--user" "0:0" "--network" "none" "ghcr.io/rust-lang/crates-build-env/linux@sha256:2788e3201cd34a07e3172128adcd8b3090168a8e3bcc40d7c032b9dda1df7d1c" "/opt/rustwide/cargo-home/bin/cargo" "+beta-2023-12-22" "build" "--frozen" "--message-format=json", kill_on_drop: false }`
[INFO] [stdout] 52904336aff7a72c0e67b1d98d608a055688ca3b8546177f2a239f14ab608506
[INFO] running `Command { std: "docker" "start" "-a" "52904336aff7a72c0e67b1d98d608a055688ca3b8546177f2a239f14ab608506", kill_on_drop: false }`
[INFO] [stderr]    Compiling libc v0.2.151
[INFO] [stderr]    Compiling cc v1.0.83
[INFO] [stderr]    Compiling cmake v0.1.50
[INFO] [stderr]    Compiling qpid_proton-sys v0.1.12 (/opt/rustwide/workdir)
[INFO] [stderr] error: failed to run custom build command for `qpid_proton-sys v0.1.12 (/opt/rustwide/workdir)`
[INFO] [stderr] note: To improve backtraces for build dependencies, set the CARGO_PROFILE_DEV_BUILD_OVERRIDE_DEBUG=true environment variable to enable debug information generation.
[INFO] [stderr] 
[INFO] [stderr] Caused by:
[INFO] [stderr]   process didn't exit successfully: `/opt/rustwide/target/debug/build/qpid_proton-sys-c5f324e04cd47c62/build-script-build` (exit status: 101)
[INFO] [stderr]   --- stdout
[INFO] [stderr]   cargo:rustc-env=PYTHONDONTWRITEBYTECODE=1
[INFO] [stderr]   CMAKE_TOOLCHAIN_FILE_x86_64-unknown-linux-gnu = None
[INFO] [stderr]   CMAKE_TOOLCHAIN_FILE_x86_64_unknown_linux_gnu = None
[INFO] [stderr]   HOST_CMAKE_TOOLCHAIN_FILE = None
[INFO] [stderr]   CMAKE_TOOLCHAIN_FILE = None
[INFO] [stderr]   CMAKE_GENERATOR_x86_64-unknown-linux-gnu = None
[INFO] [stderr]   CMAKE_GENERATOR_x86_64_unknown_linux_gnu = None
[INFO] [stderr]   HOST_CMAKE_GENERATOR = None
[INFO] [stderr]   CMAKE_GENERATOR = None
[INFO] [stderr]   CMAKE_PREFIX_PATH_x86_64-unknown-linux-gnu = None
[INFO] [stderr]   CMAKE_PREFIX_PATH_x86_64_unknown_linux_gnu = None
[INFO] [stderr]   HOST_CMAKE_PREFIX_PATH = None
[INFO] [stderr]   CMAKE_PREFIX_PATH = None
[INFO] [stderr]   CMAKE_x86_64-unknown-linux-gnu = None
[INFO] [stderr]   CMAKE_x86_64_unknown_linux_gnu = None
[INFO] [stderr]   HOST_CMAKE = None
[INFO] [stderr]   CMAKE = None
[INFO] [stderr]   running: cd "/opt/rustwide/target/debug/build/qpid_proton-sys-e7786a8c293168d1/out/build" && CMAKE_PREFIX_PATH="" PYTHONDONTWRITEBYTECODE="1" "cmake" "/opt/rustwide/workdir/lib/qpid-proton-0.34.0" "-DBUILD_CPP=OFF" "-DBUILD_GO=OFF" "-DBUILD_PYTHON=OFF" "-DBUILD_RUBY=OFF" "-DENABLE_FUZZ_TESTING=OFF" "-DCMAKE_INSTALL_PREFIX=/opt/rustwide/target/debug/build/qpid_proton-sys-e7786a8c293168d1/out" "-DCMAKE_C_FLAGS= -ffunction-sections -fdata-sections -fPIC -m64" "-DCMAKE_C_COMPILER=/usr/bin/cc" "-DCMAKE_CXX_FLAGS= -ffunction-sections -fdata-sections -fPIC -m64" "-DCMAKE_CXX_COMPILER=/usr/bin/c++" "-DCMAKE_ASM_FLAGS= -ffunction-sections -fdata-sections -fPIC -m64" "-DCMAKE_ASM_COMPILER=/usr/bin/cc" "-DCMAKE_BUILD_TYPE=Debug"
[INFO] [stderr]   -- The C compiler identification is GNU 11.4.0
[INFO] [stderr]   -- Detecting C compiler ABI info
[INFO] [stderr]   -- Detecting C compiler ABI info - done
[INFO] [stderr]   -- Check for working C compiler: /usr/bin/cc - skipped
[INFO] [stderr]   -- Detecting C compile features
[INFO] [stderr]   -- Detecting C compile features - done
[INFO] [stderr]   -- Found OpenSSL: /usr/lib/x86_64-linux-gnu/libcrypto.so (found version "3.0.2")  
[INFO] [stderr]   -- Looking for pthread.h
[INFO] [stderr]   -- Looking for pthread.h - found
[INFO] [stderr]   -- Performing Test CMAKE_HAVE_LIBC_PTHREAD
[INFO] [stderr]   -- Performing Test CMAKE_HAVE_LIBC_PTHREAD - Success
[INFO] [stderr]   -- Found Threads: TRUE  
[INFO] [stderr]   -- Could NOT find SWIG (missing: SWIG_EXECUTABLE SWIG_DIR) 
[INFO] [stderr]   -- Found PkgConfig: /usr/bin/pkg-config (found version "0.29.2") 
[INFO] [stderr]   -- Found CyrusSASL: /usr/lib/x86_64-linux-gnu/libsasl2.so (found version "2.1.27") 
[INFO] [stderr]   -- Found Python: /usr/bin/python3.10 (found version "3.10.12") found components: Interpreter Development Development.Module Development.Embed 
[INFO] [stderr]   -- The CXX compiler identification is GNU 11.4.0
[INFO] [stderr]   -- Detecting CXX compiler ABI info
[INFO] [stderr]   -- Detecting CXX compiler ABI info - done
[INFO] [stderr]   -- Check for working CXX compiler: /usr/bin/c++ - skipped
[INFO] [stderr]   -- Detecting CXX compile features
[INFO] [stderr]   -- Detecting CXX compile features - done
[INFO] [stderr]   -- Build type is "Debug" (has debug symbols)
[INFO] [stderr]   -- PN_VERSION: 0.34.0 ()
[INFO] [stderr]   -- Looking for clock_gettime
[INFO] [stderr]   -- Looking for clock_gettime - found
[INFO] [stderr]   -- Looking for strerror_r
[INFO] [stderr]   -- Looking for strerror_r - found
[INFO] [stderr]   -- Looking for epoll_wait
[INFO] [stderr]   -- Looking for epoll_wait - found
[INFO] [stderr]   -- Building the epoll proactor
[INFO] [stderr]   -- Could NOT find Doxygen (missing: DOXYGEN_EXECUTABLE) 
[INFO] [stderr]   -- Configuring done
[INFO] [stderr]   -- Generating done
[INFO] [stderr]   -- Build files have been written to: /opt/rustwide/target/debug/build/qpid_proton-sys-e7786a8c293168d1/out/build
[INFO] [stderr]   running: cd "/opt/rustwide/target/debug/build/qpid_proton-sys-e7786a8c293168d1/out/build" && MAKEFLAGS="-j --jobserver-fds=7,8 --jobserver-auth=7,8" PYTHONDONTWRITEBYTECODE="1" "cmake" "--build" "." "--target" "install" "--config" "Debug"
[INFO] [stderr]   [  1%] Generating src/protocol.h
[INFO] [stderr]   [  2%] Generating src/encodings.h
[INFO] [stderr]   [  3%] Building C object c/CMakeFiles/qpid-proton-platform-io-objects.dir/src/platform/platform.c.o
[INFO] [stderr]   [  3%] Building C object c/CMakeFiles/qpid-proton-platform-io-objects.dir/src/reactor/io/posix/io.c.o
[INFO] [stderr]   [  4%] Building C object c/CMakeFiles/qpid-proton-proactor-objects.dir/src/proactor/epoll.c.o
[INFO] [stderr]   [  5%] Building C object c/CMakeFiles/qpid-proton-platform-io-objects.dir/src/reactor/io/posix/selector.c.o
[INFO] [stderr]   [  6%] Building CXX object c/tests/CMakeFiles/test_main.dir/test_main.cpp.o
[INFO] [stderr]   [  7%] Building C object c/CMakeFiles/qpid-proton-proactor-objects.dir/src/proactor/epoll_raw_connection.c.o
[INFO] [stderr]   [  8%] Building C object c/CMakeFiles/qpid-proton-proactor-objects.dir/src/proactor/epoll_timer.c.o
[INFO] [stderr]   [  9%] Building C object c/CMakeFiles/qpid-proton-proactor-objects.dir/src/proactor/proactor-internal.c.o
[INFO] [stderr]   [ 10%] Building C object c/CMakeFiles/qpid-proton-proactor-objects.dir/src/proactor/netaddr-internal.c.o
[INFO] [stderr]   [ 10%] Built target qpid-proton-platform-io-objects
[INFO] [stderr]   [ 10%] Building C object c/CMakeFiles/qpid-proton-proactor-objects.dir/src/proactor/raw_connection.c.o
[INFO] [stderr]   [ 10%] Built target generated_c_files
[INFO] [stderr]   [ 10%] Built target qpid-proton-proactor-objects
[INFO] [stderr]   [ 10%] Building C object c/CMakeFiles/qpid-proton-core-objects.dir/src/core/object/object.c.o
[INFO] [stderr]   [ 11%] Building C object c/CMakeFiles/qpid-proton-core-objects.dir/src/core/object/map.c.o
[INFO] [stderr]   [ 12%] Building C object c/CMakeFiles/qpid-proton-core-objects.dir/src/core/object/string.c.o
[INFO] [stderr]   [ 13%] Building C object c/CMakeFiles/qpid-proton-core-objects.dir/src/core/object/list.c.o
[INFO] [stderr]   [ 14%] Building C object c/CMakeFiles/qpid-proton-core-objects.dir/src/core/object/iterator.c.o
[INFO] [stderr]   [ 16%] Building C object c/CMakeFiles/qpid-proton-core-objects.dir/src/core/init.c.o
[INFO] [stderr]   [ 16%] Building C object c/CMakeFiles/qpid-proton-core-objects.dir/src/core/object/record.c.o
[INFO] [stderr]   [ 16%] Building C object c/CMakeFiles/qpid-proton-core-objects.dir/src/core/memory.c.o
[INFO] [stderr]   [ 17%] Building C object c/CMakeFiles/qpid-proton-core-objects.dir/src/core/logger.c.o
[INFO] [stderr]   [ 18%] Building C object c/CMakeFiles/qpid-proton-core-objects.dir/src/core/util.c.o
[INFO] [stderr]   [ 19%] Building C object c/CMakeFiles/qpid-proton-core-objects.dir/src/core/types.c.o
[INFO] [stderr]   [ 20%] Building C object c/CMakeFiles/qpid-proton-core-objects.dir/src/core/framing.c.o
[INFO] [stderr]   [ 21%] Building C object c/CMakeFiles/qpid-proton-core-objects.dir/src/core/error.c.o
[INFO] [stderr]   [ 22%] Building C object c/CMakeFiles/qpid-proton-core-objects.dir/src/core/buffer.c.o
[INFO] [stderr]   [ 23%] Building C object c/CMakeFiles/qpid-proton-core-objects.dir/src/core/codec.c.o
[INFO] [stderr]   [ 24%] Building C object c/CMakeFiles/qpid-proton-core-objects.dir/src/core/decoder.c.o
[INFO] [stderr]   [ 24%] Building C object c/CMakeFiles/qpid-proton-core-objects.dir/src/core/encoder.c.o
[INFO] [stderr]   [ 25%] Building C object c/CMakeFiles/qpid-proton-core-objects.dir/src/core/connection_driver.c.o
[INFO] [stderr]   [ 26%] Building C object c/CMakeFiles/qpid-proton-core-objects.dir/src/core/dispatcher.c.o
[INFO] [stderr]   [ 27%] Building C object c/CMakeFiles/qpid-proton-core-objects.dir/src/core/engine.c.o
[INFO] [stderr]   [ 28%] Building C object c/CMakeFiles/qpid-proton-core-objects.dir/src/core/event.c.o
[INFO] [stderr]   [ 29%] Building C object c/CMakeFiles/qpid-proton-core-objects.dir/src/core/autodetect.c.o
[INFO] [stderr]   [ 30%] Building C object c/CMakeFiles/qpid-proton-core-objects.dir/src/core/transport.c.o
[INFO] [stderr]   [ 30%] Building C object c/CMakeFiles/qpid-proton-core-objects.dir/src/core/message.c.o
[INFO] [stderr]   [ 31%] Building C object c/CMakeFiles/qpid-proton-core-objects.dir/src/sasl/sasl.c.o
[INFO] [stderr]   [ 32%] Building C object c/CMakeFiles/qpid-proton-core-objects.dir/src/sasl/default_sasl.c.o
[INFO] [stderr]   [ 33%] Building C object c/CMakeFiles/qpid-proton-core-objects.dir/src/sasl/cyrus_sasl.c.o
[INFO] [stderr]   [ 34%] Building C object c/CMakeFiles/qpid-proton-core-objects.dir/src/compiler/gcc/start.c.o
[INFO] [stderr]   [ 35%] Building C object c/CMakeFiles/qpid-proton-core-objects.dir/src/ssl/openssl.c.o
[INFO] [stderr]   [ 35%] Built target test_main
[INFO] [stderr] 
[INFO] [stderr]   --- stderr
[INFO] [stderr]   CMake Warning:
[INFO] [stderr]     Manually-specified variables were not used by the project:
[INFO] [stderr] 
[INFO] [stderr]       BUILD_PYTHON
[INFO] [stderr]       BUILD_RUBY
[INFO] [stderr]       CMAKE_ASM_COMPILER
[INFO] [stderr]       CMAKE_ASM_FLAGS
[INFO] [stderr] 
[INFO] [stderr] 
[INFO] [stderr]   /opt/rustwide/workdir/lib/qpid-proton-0.34.0/c/src/ssl/openssl.c: In function 'get_dh2048':
[INFO] [stderr]   /opt/rustwide/workdir/lib/qpid-proton-0.34.0/c/src/ssl/openssl.c:398:3: error: 'DH_new' is deprecated: Since OpenSSL 3.0 [-Werror=deprecated-declarations]
[INFO] [stderr]     398 |   DH *dh = DH_new();
[INFO] [stderr]         |   ^~
[INFO] [stderr]   In file included from /usr/include/openssl/dsa.h:51,
[INFO] [stderr]                    from /usr/include/openssl/x509.h:37,
[INFO] [stderr]                    from /usr/include/openssl/ssl.h:31,
[INFO] [stderr]                    from /opt/rustwide/workdir/lib/qpid-proton-0.34.0/c/src/ssl/openssl.c:47:
[INFO] [stderr]   /usr/include/openssl/dh.h:203:27: note: declared here
[INFO] [stderr]     203 | OSSL_DEPRECATEDIN_3_0 DH *DH_new(void);
[INFO] [stderr]         |                           ^~~~~~
[INFO] [stderr]   /opt/rustwide/workdir/lib/qpid-proton-0.34.0/c/src/ssl/openssl.c:406:7: error: 'DH_set0_pqg' is deprecated: Since OpenSSL 3.0 [-Werror=deprecated-declarations]
[INFO] [stderr]     406 |       || !DH_set0_pqg(dh, dhp_bn, NULL, dhg_bn)) {
[INFO] [stderr]         |       ^~
[INFO] [stderr]   In file included from /usr/include/openssl/dsa.h:51,
[INFO] [stderr]                    from /usr/include/openssl/x509.h:37,
[INFO] [stderr]                    from /usr/include/openssl/ssl.h:31,
[INFO] [stderr]                    from /opt/rustwide/workdir/lib/qpid-proton-0.34.0/c/src/ssl/openssl.c:47:
[INFO] [stderr]   /usr/include/openssl/dh.h:259:27: note: declared here
[INFO] [stderr]     259 | OSSL_DEPRECATEDIN_3_0 int DH_set0_pqg(DH *dh, BIGNUM *p, BIGNUM *q, BIGNUM *g);
[INFO] [stderr]         |                           ^~~~~~~~~~~
[INFO] [stderr]   /opt/rustwide/workdir/lib/qpid-proton-0.34.0/c/src/ssl/openssl.c:407:5: error: 'DH_free' is deprecated: Since OpenSSL 3.0 [-Werror=deprecated-declarations]
[INFO] [stderr]     407 |     DH_free(dh);
[INFO] [stderr]         |     ^~~~~~~
[INFO] [stderr]   In file included from /usr/include/openssl/dsa.h:51,
[INFO] [stderr]                    from /usr/include/openssl/x509.h:37,
[INFO] [stderr]                    from /usr/include/openssl/ssl.h:31,
[INFO] [stderr]                    from /opt/rustwide/workdir/lib/qpid-proton-0.34.0/c/src/ssl/openssl.c:47:
[INFO] [stderr]   /usr/include/openssl/dh.h:204:28: note: declared here
[INFO] [stderr]     204 | OSSL_DEPRECATEDIN_3_0 void DH_free(DH *dh);
[INFO] [stderr]         |                            ^~~~~~~
[INFO] [stderr]   /opt/rustwide/workdir/lib/qpid-proton-0.34.0/c/src/ssl/openssl.c: In function 'pni_init_ssl_domain':
[INFO] [stderr]   /opt/rustwide/workdir/lib/qpid-proton-0.34.0/c/src/ssl/openssl.c:548:5: error: 'DH_free' is deprecated: Since OpenSSL 3.0 [-Werror=deprecated-declarations]
[INFO] [stderr]     548 |     DH_free(dh);
[INFO] [stderr]         |     ^~~~~~~
[INFO] [stderr]   In file included from /usr/include/openssl/dsa.h:51,
[INFO] [stderr]                    from /usr/include/openssl/x509.h:37,
[INFO] [stderr]                    from /usr/include/openssl/ssl.h:31,
[INFO] [stderr]                    from /opt/rustwide/workdir/lib/qpid-proton-0.34.0/c/src/ssl/openssl.c:47:
[INFO] [stderr]   /usr/include/openssl/dh.h:204:28: note: declared here
[INFO] [stderr]     204 | OSSL_DEPRECATEDIN_3_0 void DH_free(DH *dh);
[INFO] [stderr]         |                            ^~~~~~~
[INFO] [stderr]   cc1: all warnings being treated as errors
[INFO] [stderr]   gmake[2]: *** [c/CMakeFiles/qpid-proton-core-objects.dir/build.make:462: c/CMakeFiles/qpid-proton-core-objects.dir/src/ssl/openssl.c.o] Error 1
[INFO] [stderr]   gmake[1]: *** [CMakeFiles/Makefile2:1064: c/CMakeFiles/qpid-proton-core-objects.dir/all] Error 2
[INFO] [stderr]   gmake[1]: *** Waiting for unfinished jobs....
[INFO] [stderr]   gmake: *** [Makefile:146: all] Error 2
[INFO] [stderr]   thread 'main' panicked at /opt/rustwide/cargo-home/registry/src/index.crates.io-6f17d22bba15001f/cmake-0.1.50/src/lib.rs:1098:5:
[INFO] [stderr] 
[INFO] [stderr]   command did not execute successfully, got: exit status: 2
[INFO] [stderr] 
[INFO] [stderr]   build script failed, must exit now
[INFO] [stderr]   stack backtrace:
[INFO] [stderr]      0:     0x55878196ede6 - std::backtrace_rs::backtrace::libunwind::trace::h261606ad26a499c1
[INFO] [stderr]                                  at /rustc/0e09125c6c3c2fd70d7de961bcf0e51575235fad/library/std/src/../../backtrace/src/backtrace/libunwind.rs:104:5
[INFO] [stderr]      1:     0x55878196ede6 - std::backtrace_rs::backtrace::trace_unsynchronized::hd183f0625477fb28
[INFO] [stderr]                                  at /rustc/0e09125c6c3c2fd70d7de961bcf0e51575235fad/library/std/src/../../backtrace/src/backtrace/mod.rs:66:5
[INFO] [stderr]      2:     0x55878196ede6 - std::sys_common::backtrace::_print_fmt::hd7f8fef21b4eda67
[INFO] [stderr]                                  at /rustc/0e09125c6c3c2fd70d7de961bcf0e51575235fad/library/std/src/sys_common/backtrace.rs:68:5
[INFO] [stderr]      3:     0x55878196ede6 - <std::sys_common::backtrace::_print::DisplayBacktrace as core::fmt::Display>::fmt::h623d9b51f2f453f1
[INFO] [stderr]                                  at /rustc/0e09125c6c3c2fd70d7de961bcf0e51575235fad/library/std/src/sys_common/backtrace.rs:44:22
[INFO] [stderr]      4:     0x5587819946b0 - core::fmt::rt::Argument::fmt::h9f417ac76a86f368
[INFO] [stderr]                                  at /rustc/0e09125c6c3c2fd70d7de961bcf0e51575235fad/library/core/src/fmt/rt.rs:142:9
[INFO] [stderr]      5:     0x5587819946b0 - core::fmt::write::hc9b6faf4ac2aeff7
[INFO] [stderr]                                  at /rustc/0e09125c6c3c2fd70d7de961bcf0e51575235fad/library/core/src/fmt/mod.rs:1120:17
[INFO] [stderr]      6:     0x55878196c61f - std::io::Write::write_fmt::hfead1eee52c2e65e
[INFO] [stderr]                                  at /rustc/0e09125c6c3c2fd70d7de961bcf0e51575235fad/library/std/src/io/mod.rs:1810:15
[INFO] [stderr]      7:     0x55878196ebc4 - std::sys_common::backtrace::_print::hd5d66399c7df88a2
[INFO] [stderr]                                  at /rustc/0e09125c6c3c2fd70d7de961bcf0e51575235fad/library/std/src/sys_common/backtrace.rs:47:5
[INFO] [stderr]      8:     0x55878196ebc4 - std::sys_common::backtrace::print::he81ed2da642d37e5
[INFO] [stderr]                                  at /rustc/0e09125c6c3c2fd70d7de961bcf0e51575235fad/library/std/src/sys_common/backtrace.rs:34:9
[INFO] [stderr]      9:     0x5587819704a7 - std::panicking::default_hook::{{closure}}::h85773f4fa117163d
[INFO] [stderr]     10:     0x558781970209 - std::panicking::default_hook::h6a1694a91d09b278
[INFO] [stderr]                                  at /rustc/0e09125c6c3c2fd70d7de961bcf0e51575235fad/library/std/src/panicking.rs:292:9
[INFO] [stderr]     11:     0x558781970938 - std::panicking::rust_panic_with_hook::h0a7ad96e90f7145b
[INFO] [stderr]                                  at /rustc/0e09125c6c3c2fd70d7de961bcf0e51575235fad/library/std/src/panicking.rs:779:13
[INFO] [stderr]     12:     0x558781970812 - std::panicking::begin_panic_handler::{{closure}}::h7919090525c6485e
[INFO] [stderr]                                  at /rustc/0e09125c6c3c2fd70d7de961bcf0e51575235fad/library/std/src/panicking.rs:657:13
[INFO] [stderr]     13:     0x55878196f2e6 - std::sys_common::backtrace::__rust_end_short_backtrace::hf3289479464f7dfe
[INFO] [stderr]                                  at /rustc/0e09125c6c3c2fd70d7de961bcf0e51575235fad/library/std/src/sys_common/backtrace.rs:171:18
[INFO] [stderr]     14:     0x558781970570 - rust_begin_unwind
[INFO] [stderr]                                  at /rustc/0e09125c6c3c2fd70d7de961bcf0e51575235fad/library/std/src/panicking.rs:645:5
[INFO] [stderr]     15:     0x5587818ef635 - core::panicking::panic_fmt::hcc9f77c5c132af55
[INFO] [stderr]                                  at /rustc/0e09125c6c3c2fd70d7de961bcf0e51575235fad/library/core/src/panicking.rs:72:14
[INFO] [stderr]     16:     0x558781903811 - cmake::fail::h08ddde5275cf866f
[INFO] [stderr]     17:     0x558781902fa7 - cmake::run::hb09ef5cc2ea4ba27
[INFO] [stderr]     18:     0x5587818ff8dd - cmake::Config::build::h9d422ae75ceaf627
[INFO] [stderr]     19:     0x5587818f1840 - build_script_build::main::h8eef4ad6ed90cc3b
[INFO] [stderr]     20:     0x5587818f0233 - core::ops::function::FnOnce::call_once::h9c3f2f901bea2818
[INFO] [stderr]     21:     0x5587818efe36 - std::sys_common::backtrace::__rust_begin_short_backtrace::hb077b0ac913f657b
[INFO] [stderr]     22:     0x5587818eff49 - std::rt::lang_start::{{closure}}::hef3a4cbc74b8a5ff
[INFO] [stderr]     23:     0x558781968261 - core::ops::function::impls::<impl core::ops::function::FnOnce<A> for &F>::call_once::h4eb4c5e1620f29b0
[INFO] [stderr]                                  at /rustc/0e09125c6c3c2fd70d7de961bcf0e51575235fad/library/core/src/ops/function.rs:284:13
[INFO] [stderr]     24:     0x558781968261 - std::panicking::try::do_call::h73fd26535faffcdf
[INFO] [stderr]                                  at /rustc/0e09125c6c3c2fd70d7de961bcf0e51575235fad/library/std/src/panicking.rs:552:40
[INFO] [stderr]     25:     0x558781968261 - std::panicking::try::h77ff1d98f0fb9f39
[INFO] [stderr]                                  at /rustc/0e09125c6c3c2fd70d7de961bcf0e51575235fad/library/std/src/panicking.rs:516:19
[INFO] [stderr]     26:     0x558781968261 - std::panic::catch_unwind::hab3caf2448b95e37
[INFO] [stderr]                                  at /rustc/0e09125c6c3c2fd70d7de961bcf0e51575235fad/library/std/src/panic.rs:142:14
[INFO] [stderr]     27:     0x558781968261 - std::rt::lang_start_internal::{{closure}}::h8086711f9c783f78
[INFO] [stderr]                                  at /rustc/0e09125c6c3c2fd70d7de961bcf0e51575235fad/library/std/src/rt.rs:148:48
[INFO] [stderr]     28:     0x558781968261 - std::panicking::try::do_call::hf920d4dc291cd6ca
[INFO] [stderr]                                  at /rustc/0e09125c6c3c2fd70d7de961bcf0e51575235fad/library/std/src/panicking.rs:552:40
[INFO] [stderr]     29:     0x558781968261 - std::panicking::try::h2b806ccc0a85db74
[INFO] [stderr]                                  at /rustc/0e09125c6c3c2fd70d7de961bcf0e51575235fad/library/std/src/panicking.rs:516:19
[INFO] [stderr]     30:     0x558781968261 - std::panic::catch_unwind::h038489539c507df2
[INFO] [stderr]                                  at /rustc/0e09125c6c3c2fd70d7de961bcf0e51575235fad/library/std/src/panic.rs:142:14
[INFO] [stderr]     31:     0x558781968261 - std::rt::lang_start_internal::h28503b88912e8a5c
[INFO] [stderr]                                  at /rustc/0e09125c6c3c2fd70d7de961bcf0e51575235fad/library/std/src/rt.rs:148:20
[INFO] [stderr]     32:     0x5587818eff27 - std::rt::lang_start::h46ad6dd942b9de57
[INFO] [stderr]     33:     0x5587818f1a25 - main
[INFO] [stderr]     34:     0x7ff666df3d90 - <unknown>
[INFO] [stderr]     35:     0x7ff666df3e40 - __libc_start_main
[INFO] [stderr]     36:     0x5587818efd65 - _start
[INFO] [stderr]     37:                0x0 - <unknown>
[INFO] running `Command { std: "docker" "inspect" "52904336aff7a72c0e67b1d98d608a055688ca3b8546177f2a239f14ab608506", kill_on_drop: false }`
[INFO] running `Command { std: "docker" "rm" "-f" "52904336aff7a72c0e67b1d98d608a055688ca3b8546177f2a239f14ab608506", kill_on_drop: false }`
[INFO] [stdout] 52904336aff7a72c0e67b1d98d608a055688ca3b8546177f2a239f14ab608506
