[INFO] fetching crate qemu-fw-cfg 0.2.0...
[INFO] testing qemu-fw-cfg-0.2.0 against 1.75.0 for beta-1.76-1
[INFO] extracting crate qemu-fw-cfg 0.2.0 into /workspace/builds/worker-4-tc1/source
[INFO] validating manifest of crates.io crate qemu-fw-cfg 0.2.0 on toolchain 1.75.0
[INFO] running `Command { std: CARGO_HOME="/workspace/cargo-home" RUSTUP_HOME="/workspace/rustup-home" "/workspace/cargo-home/bin/cargo" "+1.75.0" "metadata" "--manifest-path" "Cargo.toml" "--no-deps", kill_on_drop: false }`
[INFO] removed /workspace/builds/worker-4-tc1/source/.cargo/config
[INFO] removed /workspace/builds/worker-4-tc1/source/rust-toolchain.toml
[INFO] started tweaking crates.io crate qemu-fw-cfg 0.2.0
[INFO] removed 0 missing tests
[INFO] finished tweaking crates.io crate qemu-fw-cfg 0.2.0
[INFO] tweaked toml for crates.io crate qemu-fw-cfg 0.2.0 written to /workspace/builds/worker-4-tc1/source/Cargo.toml
[INFO] running `Command { std: CARGO_HOME="/workspace/cargo-home" RUSTUP_HOME="/workspace/rustup-home" "/workspace/cargo-home/bin/cargo" "+1.75.0" "generate-lockfile" "--manifest-path" "Cargo.toml", kill_on_drop: false }`
[INFO] [stderr]     Updating crates.io index
[INFO] running `Command { std: CARGO_HOME="/workspace/cargo-home" RUSTUP_HOME="/workspace/rustup-home" "/workspace/cargo-home/bin/cargo" "+1.75.0" "fetch" "--manifest-path" "Cargo.toml", kill_on_drop: false }`
[INFO] [stderr]  Downloading crates ...
[INFO] [stderr]   Downloaded fdt v0.1.5
[INFO] [stderr]   Downloaded riscv v0.8.0
[INFO] [stderr]   Downloaded riscv-rt v0.9.0
[INFO] [stderr]   Downloaded riscv-rt-macros v0.2.0
[INFO] [stderr]   Downloaded r0 v1.0.0
[INFO] running `Command { std: "docker" "create" "-v" "/var/lib/crater-agent-workspace/builds/worker-4-tc1/target:/opt/rustwide/target:rw,Z" "-v" "/var/lib/crater-agent-workspace/builds/worker-4-tc1/source:/opt/rustwide/workdir:ro,Z" "-v" "/var/lib/crater-agent-workspace/cargo-home:/opt/rustwide/cargo-home:ro,Z" "-v" "/var/lib/crater-agent-workspace/rustup-home:/opt/rustwide/rustup-home:ro,Z" "-e" "SOURCE_DIR=/opt/rustwide/workdir" "-e" "CARGO_TARGET_DIR=/opt/rustwide/target" "-e" "CARGO_HOME=/opt/rustwide/cargo-home" "-e" "RUSTUP_HOME=/opt/rustwide/rustup-home" "-w" "/opt/rustwide/workdir" "-m" "1610612736" "--user" "0:0" "--network" "none" "ghcr.io/rust-lang/crates-build-env/linux@sha256:2788e3201cd34a07e3172128adcd8b3090168a8e3bcc40d7c032b9dda1df7d1c" "/opt/rustwide/cargo-home/bin/cargo" "+1.75.0" "metadata" "--no-deps" "--format-version=1", kill_on_drop: false }`
[INFO] [stdout] 45bfc54417cd7bcce91acf0173a0576dab1947f6b362daa7cfc6c54e63ef75d8
[INFO] running `Command { std: "docker" "start" "-a" "45bfc54417cd7bcce91acf0173a0576dab1947f6b362daa7cfc6c54e63ef75d8", kill_on_drop: false }`
[INFO] running `Command { std: "docker" "inspect" "45bfc54417cd7bcce91acf0173a0576dab1947f6b362daa7cfc6c54e63ef75d8", kill_on_drop: false }`
[INFO] running `Command { std: "docker" "rm" "-f" "45bfc54417cd7bcce91acf0173a0576dab1947f6b362daa7cfc6c54e63ef75d8", kill_on_drop: false }`
[INFO] [stdout] 45bfc54417cd7bcce91acf0173a0576dab1947f6b362daa7cfc6c54e63ef75d8
[INFO] running `Command { std: "docker" "create" "-v" "/var/lib/crater-agent-workspace/builds/worker-4-tc1/target:/opt/rustwide/target:rw,Z" "-v" "/var/lib/crater-agent-workspace/builds/worker-4-tc1/source:/opt/rustwide/workdir:ro,Z" "-v" "/var/lib/crater-agent-workspace/cargo-home:/opt/rustwide/cargo-home:ro,Z" "-v" "/var/lib/crater-agent-workspace/rustup-home:/opt/rustwide/rustup-home:ro,Z" "-e" "SOURCE_DIR=/opt/rustwide/workdir" "-e" "CARGO_TARGET_DIR=/opt/rustwide/target" "-e" "CARGO_INCREMENTAL=0" "-e" "RUST_BACKTRACE=full" "-e" "RUSTFLAGS=--cap-lints=warn" "-e" "RUSTDOCFLAGS=--cap-lints=warn" "-e" "CARGO_HOME=/opt/rustwide/cargo-home" "-e" "RUSTUP_HOME=/opt/rustwide/rustup-home" "-w" "/opt/rustwide/workdir" "-m" "1610612736" "--user" "0:0" "--network" "none" "ghcr.io/rust-lang/crates-build-env/linux@sha256:2788e3201cd34a07e3172128adcd8b3090168a8e3bcc40d7c032b9dda1df7d1c" "/opt/rustwide/cargo-home/bin/cargo" "+1.75.0" "build" "--frozen" "--message-format=json", kill_on_drop: false }`
[INFO] [stdout] fcc404f0948c0d171a84e277bdc95e49696d9847b8d8675ffa9c3591962b6049
[INFO] running `Command { std: "docker" "start" "-a" "fcc404f0948c0d171a84e277bdc95e49696d9847b8d8675ffa9c3591962b6049", kill_on_drop: false }`
[INFO] [stderr]    Compiling qemu-fw-cfg v0.2.0 (/opt/rustwide/workdir)
[INFO] [stderr]     Finished dev [unoptimized + debuginfo] target(s) in 0.15s
[INFO] running `Command { std: "docker" "inspect" "fcc404f0948c0d171a84e277bdc95e49696d9847b8d8675ffa9c3591962b6049", kill_on_drop: false }`
[INFO] running `Command { std: "docker" "rm" "-f" "fcc404f0948c0d171a84e277bdc95e49696d9847b8d8675ffa9c3591962b6049", kill_on_drop: false }`
[INFO] [stdout] fcc404f0948c0d171a84e277bdc95e49696d9847b8d8675ffa9c3591962b6049
[INFO] running `Command { std: "docker" "create" "-v" "/var/lib/crater-agent-workspace/builds/worker-4-tc1/target:/opt/rustwide/target:rw,Z" "-v" "/var/lib/crater-agent-workspace/builds/worker-4-tc1/source:/opt/rustwide/workdir:ro,Z" "-v" "/var/lib/crater-agent-workspace/cargo-home:/opt/rustwide/cargo-home:ro,Z" "-v" "/var/lib/crater-agent-workspace/rustup-home:/opt/rustwide/rustup-home:ro,Z" "-e" "SOURCE_DIR=/opt/rustwide/workdir" "-e" "CARGO_TARGET_DIR=/opt/rustwide/target" "-e" "CARGO_INCREMENTAL=0" "-e" "RUST_BACKTRACE=full" "-e" "RUSTFLAGS=--cap-lints=warn" "-e" "RUSTDOCFLAGS=--cap-lints=warn" "-e" "CARGO_HOME=/opt/rustwide/cargo-home" "-e" "RUSTUP_HOME=/opt/rustwide/rustup-home" "-w" "/opt/rustwide/workdir" "-m" "1610612736" "--user" "0:0" "--network" "none" "ghcr.io/rust-lang/crates-build-env/linux@sha256:2788e3201cd34a07e3172128adcd8b3090168a8e3bcc40d7c032b9dda1df7d1c" "/opt/rustwide/cargo-home/bin/cargo" "+1.75.0" "test" "--frozen" "--no-run" "--message-format=json", kill_on_drop: false }`
[INFO] [stdout] 807d087d7ac199b5ca0926ad6fd266f66485ed29fd2da560cf5e5328bd424c73
[INFO] running `Command { std: "docker" "start" "-a" "807d087d7ac199b5ca0926ad6fd266f66485ed29fd2da560cf5e5328bd424c73", kill_on_drop: false }`
[INFO] [stderr]    Compiling qemu-fw-cfg v0.2.0 (/opt/rustwide/workdir)
[INFO] [stdout] error[E0432]: unresolved import `arch`
[INFO] [stdout]  --> tests/shared/mod.rs:9:9
[INFO] [stdout]   |
[INFO] [stdout] 9 | pub use arch::*;
[INFO] [stdout]   |         ^^^^ help: a similar path exists: `core::arch`
[INFO] [stdout] 
[INFO] [stdout] 
[INFO] [stdout] error[E0425]: cannot find value `Writer` in module `$crate::shared`
[INFO] [stdout]   --> tests/shared/mod.rs:31:25
[INFO] [stdout]    |
[INFO] [stdout] 31 |         $crate::shared::Writer.write_fmt(format_args!($($arg)*)).unwrap()
[INFO] [stdout]    |                         ^^^^^^ not found in `$crate::shared`
[INFO] [stdout] ...
[INFO] [stdout] 37 |     println!("{}", info);
[INFO] [stdout]    |     -------------------- in this macro invocation
[INFO] [stdout]    |
[INFO] [stdout]    = note: this error originates in the macro `$crate::print` which comes from the expansion of the macro `println` (in Nightly builds, run with -Z macro-backtrace for more info)
[INFO] [stdout] 
[INFO] [stdout] 
[INFO] [stdout] error[E0425]: cannot find function `fw_cfg` in module `shared`
[INFO] [stdout]   --> tests/main.rs:13:39
[INFO] [stdout]    |
[INFO] [stdout] 13 |     let mut fw_cfg = unsafe { shared::fw_cfg() };
[INFO] [stdout]    |                                       ^^^^^^ not found in `shared`
[INFO] [stdout] 
[INFO] [stdout] 
[INFO] [stdout] error[E0425]: cannot find value `Writer` in module `shared`
[INFO] [stdout]   --> tests/main.rs:62:22
[INFO] [stdout]    |
[INFO] [stdout] 62 |     writeln!(shared::Writer, "✅ Test sucessful").unwrap();
[INFO] [stdout]    |                      ^^^^^^ not found in `shared`
[INFO] [stdout] 
[INFO] [stdout] 
[INFO] [stdout] error[E0554]: `#![feature]` may not be used on the stable release channel
[INFO] [stdout]  --> tests/main.rs:3:32
[INFO] [stdout]   |
[INFO] [stdout] 3 | #![cfg_attr(feature = "alloc", feature(default_alloc_error_handler))]
[INFO] [stdout]   |                                ^^^^^^^^^^^^^^^^^^^^^^^^^^^^^^^^^^^^ help: remove the attribute
[INFO] [stdout]   |
[INFO] [stdout]   = help: the feature `default_alloc_error_handler` has been stable since `1.68.0` and no longer requires an attribute to enable
[INFO] [stdout] 
[INFO] [stdout] 
[INFO] [stdout] warning: the feature `default_alloc_error_handler` has been stable since 1.68.0 and no longer requires an attribute to enable
[INFO] [stdout]  --> tests/main.rs:3:40
[INFO] [stdout]   |
[INFO] [stdout] 3 | #![cfg_attr(feature = "alloc", feature(default_alloc_error_handler))]
[INFO] [stdout]   |                                        ^^^^^^^^^^^^^^^^^^^^^^^^^^^
[INFO] [stdout]   |
[INFO] [stdout]   = note: `#[warn(stable_features)]` on by default
[INFO] [stdout] 
[INFO] [stdout] 
[INFO] [stdout] error: language item required, but not found: `eh_personality`
[INFO] [stdout]   |
[INFO] [stdout]   = note: this can occur when a binary crate with `#![no_std]` is compiled for a target where `eh_personality` is defined in the standard library
[INFO] [stdout]   = help: you may be able to compile for a target that doesn't need `eh_personality`, specify a target with `--target` or in `.cargo/config`
[INFO] [stdout] 
[INFO] [stdout] 
[INFO] [stdout] error[E0425]: cannot find function `exit` in this scope
[INFO] [stdout]   --> tests/shared/mod.rs:38:5
[INFO] [stdout]    |
[INFO] [stdout] 38 |     exit(1)
[INFO] [stdout]    |     ^^^^ not found in this scope
[INFO] [stdout] 
[INFO] [stdout] 
[INFO] [stdout] error: aborting due to 7 previous errors; 1 warning emitted
[INFO] [stdout] 
[INFO] [stdout] 
[INFO] [stdout] Some errors have detailed explanations: E0425, E0432, E0554.
[INFO] [stdout] 
[INFO] [stdout] For more information about an error, try `rustc --explain E0425`.
[INFO] [stdout] 
[INFO] [stderr] error: could not compile `qemu-fw-cfg` (test "main") due to 8 previous errors; 1 warning emitted
[INFO] running `Command { std: "docker" "inspect" "807d087d7ac199b5ca0926ad6fd266f66485ed29fd2da560cf5e5328bd424c73", kill_on_drop: false }`
[INFO] running `Command { std: "docker" "rm" "-f" "807d087d7ac199b5ca0926ad6fd266f66485ed29fd2da560cf5e5328bd424c73", kill_on_drop: false }`
[INFO] [stdout] 807d087d7ac199b5ca0926ad6fd266f66485ed29fd2da560cf5e5328bd424c73
[INFO] testing qemu-fw-cfg-0.2.0 against beta-2023-12-22 for beta-1.76-1
[INFO] extracting crate qemu-fw-cfg 0.2.0 into /workspace/builds/worker-4-tc2/source
[INFO] validating manifest of crates.io crate qemu-fw-cfg 0.2.0 on toolchain beta-2023-12-22
[INFO] running `Command { std: CARGO_HOME="/workspace/cargo-home" RUSTUP_HOME="/workspace/rustup-home" "/workspace/cargo-home/bin/cargo" "+beta-2023-12-22" "metadata" "--manifest-path" "Cargo.toml" "--no-deps", kill_on_drop: false }`
[INFO] removed /workspace/builds/worker-4-tc2/source/.cargo/config
[INFO] removed /workspace/builds/worker-4-tc2/source/rust-toolchain.toml
[INFO] started tweaking crates.io crate qemu-fw-cfg 0.2.0
[INFO] removed 0 missing tests
[INFO] finished tweaking crates.io crate qemu-fw-cfg 0.2.0
[INFO] tweaked toml for crates.io crate qemu-fw-cfg 0.2.0 written to /workspace/builds/worker-4-tc2/source/Cargo.toml
[INFO] running `Command { std: CARGO_HOME="/workspace/cargo-home" RUSTUP_HOME="/workspace/rustup-home" "/workspace/cargo-home/bin/cargo" "+beta-2023-12-22" "generate-lockfile" "--manifest-path" "Cargo.toml", kill_on_drop: false }`
[INFO] [stderr]     Updating crates.io index
[INFO] running `Command { std: CARGO_HOME="/workspace/cargo-home" RUSTUP_HOME="/workspace/rustup-home" "/workspace/cargo-home/bin/cargo" "+beta-2023-12-22" "fetch" "--manifest-path" "Cargo.toml", kill_on_drop: false }`
[INFO] running `Command { std: "docker" "create" "-v" "/var/lib/crater-agent-workspace/builds/worker-4-tc2/target:/opt/rustwide/target:rw,Z" "-v" "/var/lib/crater-agent-workspace/builds/worker-4-tc2/source:/opt/rustwide/workdir:ro,Z" "-v" "/var/lib/crater-agent-workspace/cargo-home:/opt/rustwide/cargo-home:ro,Z" "-v" "/var/lib/crater-agent-workspace/rustup-home:/opt/rustwide/rustup-home:ro,Z" "-e" "SOURCE_DIR=/opt/rustwide/workdir" "-e" "CARGO_TARGET_DIR=/opt/rustwide/target" "-e" "CARGO_HOME=/opt/rustwide/cargo-home" "-e" "RUSTUP_HOME=/opt/rustwide/rustup-home" "-w" "/opt/rustwide/workdir" "-m" "1610612736" "--user" "0:0" "--network" "none" "ghcr.io/rust-lang/crates-build-env/linux@sha256:2788e3201cd34a07e3172128adcd8b3090168a8e3bcc40d7c032b9dda1df7d1c" "/opt/rustwide/cargo-home/bin/cargo" "+beta-2023-12-22" "metadata" "--no-deps" "--format-version=1", kill_on_drop: false }`
[INFO] [stdout] b8e58fe328f03b8ec9bb15d04e36c34822737da7b791a49c98ab8733c5642571
[INFO] running `Command { std: "docker" "start" "-a" "b8e58fe328f03b8ec9bb15d04e36c34822737da7b791a49c98ab8733c5642571", kill_on_drop: false }`
[INFO] running `Command { std: "docker" "inspect" "b8e58fe328f03b8ec9bb15d04e36c34822737da7b791a49c98ab8733c5642571", kill_on_drop: false }`
[INFO] running `Command { std: "docker" "rm" "-f" "b8e58fe328f03b8ec9bb15d04e36c34822737da7b791a49c98ab8733c5642571", kill_on_drop: false }`
[INFO] [stdout] b8e58fe328f03b8ec9bb15d04e36c34822737da7b791a49c98ab8733c5642571
[INFO] running `Command { std: "docker" "create" "-v" "/var/lib/crater-agent-workspace/builds/worker-4-tc2/target:/opt/rustwide/target:rw,Z" "-v" "/var/lib/crater-agent-workspace/builds/worker-4-tc2/source:/opt/rustwide/workdir:ro,Z" "-v" "/var/lib/crater-agent-workspace/cargo-home:/opt/rustwide/cargo-home:ro,Z" "-v" "/var/lib/crater-agent-workspace/rustup-home:/opt/rustwide/rustup-home:ro,Z" "-e" "SOURCE_DIR=/opt/rustwide/workdir" "-e" "CARGO_TARGET_DIR=/opt/rustwide/target" "-e" "CARGO_INCREMENTAL=0" "-e" "RUST_BACKTRACE=full" "-e" "RUSTFLAGS=--cap-lints=warn" "-e" "RUSTDOCFLAGS=--cap-lints=warn" "-e" "CARGO_HOME=/opt/rustwide/cargo-home" "-e" "RUSTUP_HOME=/opt/rustwide/rustup-home" "-w" "/opt/rustwide/workdir" "-m" "1610612736" "--user" "0:0" "--network" "none" "ghcr.io/rust-lang/crates-build-env/linux@sha256:2788e3201cd34a07e3172128adcd8b3090168a8e3bcc40d7c032b9dda1df7d1c" "/opt/rustwide/cargo-home/bin/cargo" "+beta-2023-12-22" "build" "--frozen" "--message-format=json", kill_on_drop: false }`
[INFO] [stdout] 0e2758e9d65289e37ba1f2414a53605af3d33132fe938ea47d019a09a78ca0f0
[INFO] running `Command { std: "docker" "start" "-a" "0e2758e9d65289e37ba1f2414a53605af3d33132fe938ea47d019a09a78ca0f0", kill_on_drop: false }`
[INFO] [stderr]    Compiling qemu-fw-cfg v0.2.0 (/opt/rustwide/workdir)
[INFO] [stderr]     Finished dev [unoptimized + debuginfo] target(s) in 0.22s
[INFO] running `Command { std: "docker" "inspect" "0e2758e9d65289e37ba1f2414a53605af3d33132fe938ea47d019a09a78ca0f0", kill_on_drop: false }`
[INFO] running `Command { std: "docker" "rm" "-f" "0e2758e9d65289e37ba1f2414a53605af3d33132fe938ea47d019a09a78ca0f0", kill_on_drop: false }`
[INFO] [stdout] 0e2758e9d65289e37ba1f2414a53605af3d33132fe938ea47d019a09a78ca0f0
[INFO] running `Command { std: "docker" "create" "-v" "/var/lib/crater-agent-workspace/builds/worker-4-tc2/target:/opt/rustwide/target:rw,Z" "-v" "/var/lib/crater-agent-workspace/builds/worker-4-tc2/source:/opt/rustwide/workdir:ro,Z" "-v" "/var/lib/crater-agent-workspace/cargo-home:/opt/rustwide/cargo-home:ro,Z" "-v" "/var/lib/crater-agent-workspace/rustup-home:/opt/rustwide/rustup-home:ro,Z" "-e" "SOURCE_DIR=/opt/rustwide/workdir" "-e" "CARGO_TARGET_DIR=/opt/rustwide/target" "-e" "CARGO_INCREMENTAL=0" "-e" "RUST_BACKTRACE=full" "-e" "RUSTFLAGS=--cap-lints=warn" "-e" "RUSTDOCFLAGS=--cap-lints=warn" "-e" "CARGO_HOME=/opt/rustwide/cargo-home" "-e" "RUSTUP_HOME=/opt/rustwide/rustup-home" "-w" "/opt/rustwide/workdir" "-m" "1610612736" "--user" "0:0" "--network" "none" "ghcr.io/rust-lang/crates-build-env/linux@sha256:2788e3201cd34a07e3172128adcd8b3090168a8e3bcc40d7c032b9dda1df7d1c" "/opt/rustwide/cargo-home/bin/cargo" "+beta-2023-12-22" "test" "--frozen" "--no-run" "--message-format=json", kill_on_drop: false }`
[INFO] [stdout] a33178d4334cc9d953e8cea510918aebe8e026fdc4b3cf9a18405621e0143fba
[INFO] running `Command { std: "docker" "start" "-a" "a33178d4334cc9d953e8cea510918aebe8e026fdc4b3cf9a18405621e0143fba", kill_on_drop: false }`
[INFO] [stderr]    Compiling qemu-fw-cfg v0.2.0 (/opt/rustwide/workdir)
[INFO] [stdout] error[E0432]: unresolved import `arch`
[INFO] [stdout]  --> tests/shared/mod.rs:9:9
[INFO] [stdout]   |
[INFO] [stdout] 9 | pub use arch::*;
[INFO] [stdout]   |         ^^^^ help: a similar path exists: `core::arch`
[INFO] [stdout] 
[INFO] [stdout] 
[INFO] [stdout] error[E0425]: cannot find value `Writer` in module `$crate::shared`
[INFO] [stdout]   --> tests/shared/mod.rs:31:25
[INFO] [stdout]    |
[INFO] [stdout] 31 |         $crate::shared::Writer.write_fmt(format_args!($($arg)*)).unwrap()
[INFO] [stdout]    |                         ^^^^^^ not found in `$crate::shared`
[INFO] [stdout] ...
[INFO] [stdout] 37 |     println!("{}", info);
[INFO] [stdout]    |     -------------------- in this macro invocation
[INFO] [stdout]    |
[INFO] [stdout]    = note: this error originates in the macro `$crate::print` which comes from the expansion of the macro `println` (in Nightly builds, run with -Z macro-backtrace for more info)
[INFO] [stdout] 
[INFO] [stdout] 
[INFO] [stdout] error[E0425]: cannot find function `fw_cfg` in module `shared`
[INFO] [stdout]   --> tests/main.rs:13:39
[INFO] [stdout]    |
[INFO] [stdout] 13 |     let mut fw_cfg = unsafe { shared::fw_cfg() };
[INFO] [stdout]    |                                       ^^^^^^ not found in `shared`
[INFO] [stdout] 
[INFO] [stdout] 
[INFO] [stdout] error[E0425]: cannot find value `Writer` in module `shared`
[INFO] [stdout]   --> tests/main.rs:62:22
[INFO] [stdout]    |
[INFO] [stdout] 62 |     writeln!(shared::Writer, "✅ Test sucessful").unwrap();
[INFO] [stdout]    |                      ^^^^^^ not found in `shared`
[INFO] [stdout] 
[INFO] [stdout] 
[INFO] [stdout] error[E0554]: `#![feature]` may not be used on the beta release channel
[INFO] [stdout]  --> tests/main.rs:3:32
[INFO] [stdout]   |
[INFO] [stdout] 3 | #![cfg_attr(feature = "alloc", feature(default_alloc_error_handler))]
[INFO] [stdout]   |                                ^^^^^^^^^^^^^^^^^^^^^^^^^^^^^^^^^^^^ help: remove the attribute
[INFO] [stdout]   |
[INFO] [stdout]   = help: the feature `default_alloc_error_handler` has been stable since `1.68.0` and no longer requires an attribute to enable
[INFO] [stdout] 
[INFO] [stdout] 
[INFO] [stdout] error: language item required, but not found: `eh_personality`
[INFO] [stdout]   |
[INFO] [stdout]   = note: this can occur when a binary crate with `#![no_std]` is compiled for a target where `eh_personality` is defined in the standard library
[INFO] [stdout]   = help: you may be able to compile for a target that doesn't need `eh_personality`, specify a target with `--target` or in `.cargo/config`
[INFO] [stdout] 
[INFO] [stdout] 
[INFO] [stdout] warning: the feature `default_alloc_error_handler` has been stable since 1.68.0 and no longer requires an attribute to enable
[INFO] [stdout]  --> tests/main.rs:3:40
[INFO] [stdout]   |
[INFO] [stdout] 3 | #![cfg_attr(feature = "alloc", feature(default_alloc_error_handler))]
[INFO] [stdout]   |                                        ^^^^^^^^^^^^^^^^^^^^^^^^^^^
[INFO] [stdout]   |
[INFO] [stdout]   = note: `#[warn(stable_features)]` on by default
[INFO] [stdout] 
[INFO] [stdout] 
[INFO] [stdout] error[E0425]: cannot find function `exit` in this scope
[INFO] [stdout]   --> tests/shared/mod.rs:38:5
[INFO] [stdout]    |
[INFO] [stdout] 38 |     exit(1)
[INFO] [stdout]    |     ^^^^ not found in this scope
[INFO] [stdout] 
[INFO] [stdout] 
[INFO] [stdout] warning: unused import: `core::fmt::Write`
[INFO] [stdout]   --> tests/shared/mod.rs:30:13
[INFO] [stdout]    |
[INFO] [stdout] 30 |         use core::fmt::Write;
[INFO] [stdout]    |             ^^^^^^^^^^^^^^^^
[INFO] [stdout] ...
[INFO] [stdout] 37 |     println!("{}", info);
[INFO] [stdout]    |     -------------------- in this macro invocation
[INFO] [stdout]    |
[INFO] [stdout]    = note: `#[warn(unused_imports)]` on by default
[INFO] [stdout]    = note: this warning originates in the macro `$crate::print` which comes from the expansion of the macro `println` (in Nightly builds, run with -Z macro-backtrace for more info)
[INFO] [stdout] 
[INFO] [stdout] 
[INFO] [stdout] warning: unused import: `core::fmt::Write`
[INFO] [stdout]  --> tests/main.rs:5:5
[INFO] [stdout]   |
[INFO] [stdout] 5 | use core::fmt::Write;
[INFO] [stdout]   |     ^^^^^^^^^^^^^^^^
[INFO] [stdout] 
[INFO] [stdout] 
[INFO] [stdout] error: aborting due to 7 previous errors; 3 warnings emitted
[INFO] [stdout] 
[INFO] [stdout] 
[INFO] [stdout] Some errors have detailed explanations: E0425, E0432, E0554.
[INFO] [stdout] 
[INFO] [stdout] For more information about an error, try `rustc --explain E0425`.
[INFO] [stdout] 
[INFO] [stderr] error: could not compile `qemu-fw-cfg` (test "main") due to 8 previous errors; 3 warnings emitted
[INFO] running `Command { std: "docker" "inspect" "a33178d4334cc9d953e8cea510918aebe8e026fdc4b3cf9a18405621e0143fba", kill_on_drop: false }`
[INFO] running `Command { std: "docker" "rm" "-f" "a33178d4334cc9d953e8cea510918aebe8e026fdc4b3cf9a18405621e0143fba", kill_on_drop: false }`
[INFO] [stdout] a33178d4334cc9d953e8cea510918aebe8e026fdc4b3cf9a18405621e0143fba
