[INFO] fetching crate pyroscope-rbspy-oncpu 0.17.0...
[INFO] testing pyroscope-rbspy-oncpu-0.17.0 against 1.75.0 for beta-1.76-1
[INFO] extracting crate pyroscope-rbspy-oncpu 0.17.0 into /workspace/builds/worker-5-tc1/source
[INFO] validating manifest of crates.io crate pyroscope-rbspy-oncpu 0.17.0 on toolchain 1.75.0
[INFO] running `Command { std: CARGO_HOME="/workspace/cargo-home" RUSTUP_HOME="/workspace/rustup-home" "/workspace/cargo-home/bin/cargo" "+1.75.0" "metadata" "--manifest-path" "Cargo.toml" "--no-deps", kill_on_drop: false }`
[INFO] removed /workspace/builds/worker-5-tc1/source/.cargo/config
[INFO] started tweaking crates.io crate pyroscope-rbspy-oncpu 0.17.0
[INFO] finished tweaking crates.io crate pyroscope-rbspy-oncpu 0.17.0
[INFO] tweaked toml for crates.io crate pyroscope-rbspy-oncpu 0.17.0 written to /workspace/builds/worker-5-tc1/source/Cargo.toml
[INFO] crate crates.io crate pyroscope-rbspy-oncpu 0.17.0 already has a lockfile, it will not be regenerated
[INFO] running `Command { std: CARGO_HOME="/workspace/cargo-home" RUSTUP_HOME="/workspace/rustup-home" "/workspace/cargo-home/bin/cargo" "+1.75.0" "fetch" "--manifest-path" "Cargo.toml", kill_on_drop: false }`
[INFO] [stderr]     Updating crates.io index
[INFO] [stderr]  Downloading crates ...
[INFO] [stderr]   Downloaded cxx-build v1.0.89
[INFO] [stderr]   Downloaded proc-maps v0.3.0
[INFO] [stderr]   Downloaded cxxbridge-flags v1.0.89
[INFO] [stderr]   Downloaded libproc v0.13.0
[INFO] [stderr]   Downloaded prost-derive v0.11.6
[INFO] [stderr]   Downloaded libproc v0.12.0
[INFO] [stderr]   Downloaded prost v0.11.6
[INFO] [stderr]   Downloaded cxxbridge-macro v1.0.89
[INFO] [stderr]   Downloaded goblin v0.6.0
[INFO] [stderr]   Downloaded cxx v1.0.89
[INFO] [stderr]   Downloaded cpp_demangle v0.4.0
[INFO] [stderr]   Downloaded elf v0.0.12
[INFO] [stderr]   Downloaded serde_json v1.0.92
[INFO] [stderr]   Downloaded inferno v0.11.14
[INFO] [stderr]   Downloaded mach_o_sys v0.1.1
[INFO] [stderr]   Downloaded bytemuck v1.13.0
[INFO] [stderr]   Downloaded memmap2 v0.5.8
[INFO] [stderr]   Downloaded remoteprocess v0.4.11
[INFO] [stderr]   Downloaded ctrlc v3.2.5
[INFO] [stderr]   Downloaded read-process-memory v0.1.5
[INFO] [stderr]   Downloaded spytools v0.1.4
[INFO] [stderr]   Downloaded rbspy-ruby-structs v0.17.0
[INFO] [stderr]   Downloaded rbspy-testdata v0.1.9
[INFO] running `Command { std: "docker" "create" "-v" "/var/lib/crater-agent-workspace/builds/worker-5-tc1/target:/opt/rustwide/target:rw,Z" "-v" "/var/lib/crater-agent-workspace/builds/worker-5-tc1/source:/opt/rustwide/workdir:ro,Z" "-v" "/var/lib/crater-agent-workspace/cargo-home:/opt/rustwide/cargo-home:ro,Z" "-v" "/var/lib/crater-agent-workspace/rustup-home:/opt/rustwide/rustup-home:ro,Z" "-e" "SOURCE_DIR=/opt/rustwide/workdir" "-e" "CARGO_TARGET_DIR=/opt/rustwide/target" "-e" "CARGO_HOME=/opt/rustwide/cargo-home" "-e" "RUSTUP_HOME=/opt/rustwide/rustup-home" "-w" "/opt/rustwide/workdir" "-m" "1610612736" "--user" "0:0" "--network" "none" "ghcr.io/rust-lang/crates-build-env/linux@sha256:2788e3201cd34a07e3172128adcd8b3090168a8e3bcc40d7c032b9dda1df7d1c" "/opt/rustwide/cargo-home/bin/cargo" "+1.75.0" "metadata" "--no-deps" "--format-version=1", kill_on_drop: false }`
[INFO] [stdout] ec8bec8e134cab096a3e2671c48eb430bcf36baf26febb55dae57336cb6260a4
[INFO] running `Command { std: "docker" "start" "-a" "ec8bec8e134cab096a3e2671c48eb430bcf36baf26febb55dae57336cb6260a4", kill_on_drop: false }`
[INFO] running `Command { std: "docker" "inspect" "ec8bec8e134cab096a3e2671c48eb430bcf36baf26febb55dae57336cb6260a4", kill_on_drop: false }`
[INFO] running `Command { std: "docker" "rm" "-f" "ec8bec8e134cab096a3e2671c48eb430bcf36baf26febb55dae57336cb6260a4", kill_on_drop: false }`
[INFO] [stdout] ec8bec8e134cab096a3e2671c48eb430bcf36baf26febb55dae57336cb6260a4
[INFO] running `Command { std: "docker" "create" "-v" "/var/lib/crater-agent-workspace/builds/worker-5-tc1/target:/opt/rustwide/target:rw,Z" "-v" "/var/lib/crater-agent-workspace/builds/worker-5-tc1/source:/opt/rustwide/workdir:ro,Z" "-v" "/var/lib/crater-agent-workspace/cargo-home:/opt/rustwide/cargo-home:ro,Z" "-v" "/var/lib/crater-agent-workspace/rustup-home:/opt/rustwide/rustup-home:ro,Z" "-e" "SOURCE_DIR=/opt/rustwide/workdir" "-e" "CARGO_TARGET_DIR=/opt/rustwide/target" "-e" "CARGO_INCREMENTAL=0" "-e" "RUST_BACKTRACE=full" "-e" "RUSTFLAGS=--cap-lints=warn" "-e" "RUSTDOCFLAGS=--cap-lints=warn" "-e" "CARGO_HOME=/opt/rustwide/cargo-home" "-e" "RUSTUP_HOME=/opt/rustwide/rustup-home" "-w" "/opt/rustwide/workdir" "-m" "1610612736" "--user" "0:0" "--network" "none" "ghcr.io/rust-lang/crates-build-env/linux@sha256:2788e3201cd34a07e3172128adcd8b3090168a8e3bcc40d7c032b9dda1df7d1c" "/opt/rustwide/cargo-home/bin/cargo" "+1.75.0" "build" "--frozen" "--message-format=json", kill_on_drop: false }`
[INFO] [stdout] 6dab88c078522f03e9adf4f59509bbb06db6a54508a4f87e90d316233ac5e8bb
[INFO] running `Command { std: "docker" "start" "-a" "6dab88c078522f03e9adf4f59509bbb06db6a54508a4f87e90d316233ac5e8bb", kill_on_drop: false }`
[INFO] [stderr]    Compiling libc v0.2.139
[INFO] [stderr]    Compiling proc-macro2 v1.0.51
[INFO] [stderr]    Compiling quote v1.0.23
[INFO] [stderr]    Compiling unicode-ident v1.0.6
[INFO] [stderr]    Compiling syn v1.0.107
[INFO] [stderr]    Compiling version_check v0.9.4
[INFO] [stderr]    Compiling memchr v2.5.0
[INFO] [stderr]    Compiling log v0.4.17
[INFO] [stderr]    Compiling smallvec v1.10.0
[INFO] [stderr]    Compiling io-lifetimes v1.0.5
[INFO] [stderr]    Compiling anyhow v1.0.69
[INFO] [stderr]    Compiling miniz_oxide v0.6.2
[INFO] [stderr]    Compiling rustix v0.36.8
[INFO] [stderr]    Compiling cpp_demangle v0.4.0
[INFO] [stderr]    Compiling lock_api v0.4.9
[INFO] [stderr]    Compiling indexmap v1.9.2
[INFO] [stderr]    Compiling memoffset v0.7.1
[INFO] [stderr]    Compiling num-traits v0.2.15
[INFO] [stderr]    Compiling hashbrown v0.12.3
[INFO] [stderr]    Compiling crossbeam-utils v0.8.14
[INFO] [stderr]    Compiling regex-syntax v0.6.28
[INFO] [stderr]    Compiling proc-macro-error-attr v1.0.4
[INFO] [stderr]    Compiling proc-macro-error v1.0.4
[INFO] [stderr]    Compiling parking_lot_core v0.9.7
[INFO] [stderr]    Compiling once_cell v1.17.0
[INFO] [stderr]    Compiling fallible-iterator v0.2.0
[INFO] [stderr]    Compiling stable_deref_trait v1.2.0
[INFO] [stderr]    Compiling linux-raw-sys v0.1.4
[INFO] [stderr]    Compiling flate2 v1.0.25
[INFO] [stderr]    Compiling proc-maps v0.3.0
[INFO] [stderr]    Compiling ahash v0.8.3
[INFO] [stderr]    Compiling num-integer v0.1.45
[INFO] [stderr]    Compiling plain v0.2.3
[INFO] [stderr]    Compiling rustc-demangle v0.1.21
[INFO] [stderr]    Compiling aho-corasick v0.7.20
[INFO] [stderr]    Compiling gimli v0.27.1
[INFO] [stderr]    Compiling itoa v1.0.5
[INFO] [stderr]    Compiling object v0.30.3
[INFO] [stderr]    Compiling os_str_bytes v6.4.1
[INFO] [stderr]    Compiling either v1.8.1
[INFO] [stderr]    Compiling serde v1.0.152
[INFO] [stderr]    Compiling remoteprocess v0.4.11
[INFO] [stderr]    Compiling heck v0.4.1
[INFO] [stderr]    Compiling termcolor v1.2.0
[INFO] [stderr]    Compiling clap_lex v0.2.4
[INFO] [stderr]    Compiling itertools v0.10.5
[INFO] [stderr]    Compiling ppv-lite86 v0.2.17
[INFO] [stderr]    Compiling static_assertions v1.1.0
[INFO] [stderr]    Compiling thiserror v1.0.38
[INFO] [stderr]    Compiling serde_json v1.0.92
[INFO] [stderr]    Compiling semver v1.0.16
[INFO] [stderr]    Compiling textwrap v0.16.0
[INFO] [stderr]    Compiling getrandom v0.2.8
[INFO] [stderr]    Compiling atty v0.2.14
[INFO] [stderr]    Compiling nix v0.25.1
[INFO] [stderr]    Compiling rand_core v0.6.4
[INFO] [stderr]    Compiling memmap v0.7.0
[INFO] [stderr]    Compiling read-process-memory v0.1.5
[INFO] [stderr]    Compiling strsim v0.10.0
[INFO] [stderr]    Compiling arrayvec v0.7.2
[INFO] [stderr]    Compiling regex v1.7.1
[INFO] [stderr]    Compiling lazy_static v1.4.0
[INFO] [stderr]    Compiling bytemuck v1.13.0
[INFO] [stderr]    Compiling serde_derive v1.0.152
[INFO] [stderr]    Compiling nix v0.26.2
[INFO] [stderr]    Compiling num-format v0.4.4
[INFO] [stderr]    Compiling rand_chacha v0.3.1
[INFO] [stderr]    Compiling rgb v0.8.34
[INFO] [stderr]    Compiling dashmap v5.4.0
[INFO] [stderr]    Compiling memmap2 v0.5.8
[INFO] [stderr]    Compiling time v0.1.45
[INFO] [stderr]    Compiling dirs-sys v0.4.0
[INFO] [stderr]    Compiling num_cpus v1.15.0
[INFO] [stderr]    Compiling crossbeam-channel v0.5.6
[INFO] [stderr]    Compiling quick-xml v0.26.0
[INFO] [stderr]    Compiling env_logger v0.9.3
[INFO] [stderr]    Compiling iana-time-zone v0.1.53
[INFO] [stderr]    Compiling humantime v2.1.0
[INFO] [stderr]    Compiling str_stack v0.1.0
[INFO] [stderr]    Compiling bytes v1.4.0
[INFO] [stderr]    Compiling fastrand v1.9.0
[INFO] [stderr]    Compiling ryu v1.0.12
[INFO] [stderr]    Compiling chrono v0.4.23
[INFO] [stderr]    Compiling directories v5.0.0
[INFO] [stderr]    Compiling rand v0.8.5
[INFO] [stderr]    Compiling term_size v0.3.2
[INFO] [stderr]    Compiling rbspy-ruby-structs v0.17.0
[INFO] [stderr]    Compiling is-terminal v0.4.3
[INFO] [stderr]    Compiling tempfile v3.4.0
[INFO] [stderr]    Compiling env_logger v0.10.0
[INFO] [stderr]    Compiling addr2line v0.19.0
[INFO] [stderr]    Compiling scroll_derive v0.11.0
[INFO] [stderr]    Compiling clap_derive v3.2.18
[INFO] [stderr]    Compiling prost-derive v0.11.6
[INFO] [stderr]    Compiling thiserror-impl v1.0.38
[INFO] [stderr]    Compiling ctrlc v3.2.5
[INFO] [stderr]    Compiling scroll v0.11.0
[INFO] [stderr]    Compiling goblin v0.6.0
[INFO] [stderr]    Compiling prost v0.11.6
[INFO] [stderr]    Compiling clap v3.2.23
[INFO] [stderr]    Compiling spytools v0.1.4
[INFO] [stderr]    Compiling inferno v0.11.14
[INFO] [stderr]    Compiling pyroscope-rbspy-oncpu v0.17.0 (/opt/rustwide/workdir)
[INFO] [stderr]     Finished dev [unoptimized + debuginfo] target(s) in 25.04s
[INFO] running `Command { std: "docker" "inspect" "6dab88c078522f03e9adf4f59509bbb06db6a54508a4f87e90d316233ac5e8bb", kill_on_drop: false }`
[INFO] running `Command { std: "docker" "rm" "-f" "6dab88c078522f03e9adf4f59509bbb06db6a54508a4f87e90d316233ac5e8bb", kill_on_drop: false }`
[INFO] [stdout] 6dab88c078522f03e9adf4f59509bbb06db6a54508a4f87e90d316233ac5e8bb
[INFO] running `Command { std: "docker" "create" "-v" "/var/lib/crater-agent-workspace/builds/worker-5-tc1/target:/opt/rustwide/target:rw,Z" "-v" "/var/lib/crater-agent-workspace/builds/worker-5-tc1/source:/opt/rustwide/workdir:ro,Z" "-v" "/var/lib/crater-agent-workspace/cargo-home:/opt/rustwide/cargo-home:ro,Z" "-v" "/var/lib/crater-agent-workspace/rustup-home:/opt/rustwide/rustup-home:ro,Z" "-e" "SOURCE_DIR=/opt/rustwide/workdir" "-e" "CARGO_TARGET_DIR=/opt/rustwide/target" "-e" "CARGO_INCREMENTAL=0" "-e" "RUST_BACKTRACE=full" "-e" "RUSTFLAGS=--cap-lints=warn" "-e" "RUSTDOCFLAGS=--cap-lints=warn" "-e" "CARGO_HOME=/opt/rustwide/cargo-home" "-e" "RUSTUP_HOME=/opt/rustwide/rustup-home" "-w" "/opt/rustwide/workdir" "-m" "1610612736" "--user" "0:0" "--network" "none" "ghcr.io/rust-lang/crates-build-env/linux@sha256:2788e3201cd34a07e3172128adcd8b3090168a8e3bcc40d7c032b9dda1df7d1c" "/opt/rustwide/cargo-home/bin/cargo" "+1.75.0" "test" "--frozen" "--no-run" "--message-format=json", kill_on_drop: false }`
[INFO] [stdout] f5cc90076e1a51c40c4f476b2bfd46c65ef64e776d821335853a7f7f93a152fb
[INFO] running `Command { std: "docker" "start" "-a" "f5cc90076e1a51c40c4f476b2bfd46c65ef64e776d821335853a7f7f93a152fb", kill_on_drop: false }`
[INFO] [stderr]    Compiling elf v0.0.12
[INFO] [stderr]    Compiling rbspy-testdata v0.1.9
[INFO] [stderr]    Compiling pyroscope-rbspy-oncpu v0.17.0 (/opt/rustwide/workdir)
[INFO] [stdout] error[E0463]: can't find crate for `rbspy`
[INFO] [stdout]  --> examples/snapshot.rs:2:1
[INFO] [stdout]   |
[INFO] [stdout] 2 | extern crate rbspy;
[INFO] [stdout]   | ^^^^^^^^^^^^^^^^^^^ can't find crate
[INFO] [stdout] 
[INFO] [stdout] 
[INFO] [stdout] error[E0463]: can't find crate for `rbspy`
[INFO] [stdout]  --> examples/record.rs:2:1
[INFO] [stdout]   |
[INFO] [stdout] 2 | extern crate rbspy;
[INFO] [stdout]   | ^^^^^^^^^^^^^^^^^^^ can't find crate
[INFO] [stdout] 
[INFO] [stdout] 
[INFO] [stdout] error[E0463]: can't find crate for `rbspy`
[INFO] [stdout]  --> examples/report.rs:1:1
[INFO] [stdout]   |
[INFO] [stdout] 1 | extern crate rbspy;
[INFO] [stdout]   | ^^^^^^^^^^^^^^^^^^^ can't find crate
[INFO] [stdout] 
[INFO] [stdout] 
[INFO] [stdout] error: aborting due to previous error
[INFO] [stdout] 
[INFO] [stdout] 
[INFO] [stdout] error: aborting due to previous error
[INFO] [stdout] 
[INFO] [stdout] 
[INFO] [stdout] For more information about this error, try `rustc --explain E0463`.
[INFO] [stdout] 
[INFO] [stdout] For more information about this error, try `rustc --explain E0463`.
[INFO] [stdout] 
[INFO] [stdout] error: aborting due to previous error
[INFO] [stdout] 
[INFO] [stdout] 
[INFO] [stdout] For more information about this error, try `rustc --explain E0463`.
[INFO] [stdout] 
[INFO] [stderr] error: could not compile `pyroscope-rbspy-oncpu` (example "report") due to 2 previous errors
[INFO] [stderr] warning: build failed, waiting for other jobs to finish...
[INFO] [stderr] error: could not compile `pyroscope-rbspy-oncpu` (example "snapshot") due to 2 previous errors
[INFO] [stderr] error: could not compile `pyroscope-rbspy-oncpu` (example "record") due to 2 previous errors
[INFO] [stdout] error[E0061]: this method takes 2 arguments but 1 argument was supplied
[INFO] [stdout]    --> src/core/ruby_spy.rs:241:13
[INFO] [stdout]     |
[INFO] [stdout] 241 |         spy.get_stack_trace(false)
[INFO] [stdout]     |             ^^^^^^^^^^^^^^^------- an argument of type `bool` is missing
[INFO] [stdout]     |
[INFO] [stdout] note: method defined here
[INFO] [stdout]    --> src/core/ruby_spy.rs:92:12
[INFO] [stdout]     |
[INFO] [stdout] 92  |     pub fn get_stack_trace(&mut self, lock_process: bool, on_cpu: bool) -> Result<Option<StackTrace>> {
[INFO] [stdout]     |            ^^^^^^^^^^^^^^^            ------------------  ------------
[INFO] [stdout] help: provide the argument
[INFO] [stdout]     |
[INFO] [stdout] 241 |         spy.get_stack_trace(false, /* bool */)
[INFO] [stdout]     |                            ~~~~~~~~~~~~~~~~~~~
[INFO] [stdout] 
[INFO] [stdout] 
[INFO] [stdout] error[E0061]: this method takes 2 arguments but 1 argument was supplied
[INFO] [stdout]    --> src/core/ruby_spy.rs:260:26
[INFO] [stdout]     |
[INFO] [stdout] 260 |             match getter.get_stack_trace(true) {
[INFO] [stdout]     |                          ^^^^^^^^^^^^^^^------ an argument of type `bool` is missing
[INFO] [stdout]     |
[INFO] [stdout] note: method defined here
[INFO] [stdout]    --> src/core/ruby_spy.rs:92:12
[INFO] [stdout]     |
[INFO] [stdout] 92  |     pub fn get_stack_trace(&mut self, lock_process: bool, on_cpu: bool) -> Result<Option<StackTrace>> {
[INFO] [stdout]     |            ^^^^^^^^^^^^^^^            ------------------  ------------
[INFO] [stdout] help: provide the argument
[INFO] [stdout]     |
[INFO] [stdout] 260 |             match getter.get_stack_trace(true, /* bool */) {
[INFO] [stdout]     |                                         ~~~~~~~~~~~~~~~~~~
[INFO] [stdout] 
[INFO] [stdout] 
[INFO] [stdout] error[E0061]: this function takes 7 arguments but 6 arguments were supplied
[INFO] [stdout]    --> src/sampler/mod.rs:322:23
[INFO] [stdout]     |
[INFO] [stdout] 322 |         let sampler = Sampler::new(pid, 100, true, None, false, None);
[INFO] [stdout]     |                       ^^^^^^^^^^^^----------------------------------- an argument of type `bool` is missing
[INFO] [stdout]     |
[INFO] [stdout] note: associated function defined here
[INFO] [stdout]    --> src/sampler/mod.rs:28:12
[INFO] [stdout]     |
[INFO] [stdout] 28  |     pub fn new(
[INFO] [stdout]     |            ^^^
[INFO] [stdout] 29  |         pid: Pid,
[INFO] [stdout]     |         --------
[INFO] [stdout] 30  |         sample_rate: u32,
[INFO] [stdout]     |         ----------------
[INFO] [stdout] 31  |         lock_process: bool,
[INFO] [stdout]     |         ------------------
[INFO] [stdout] 32  |         time_limit: Option<Duration>,
[INFO] [stdout]     |         ----------------------------
[INFO] [stdout] 33  |         with_subprocesses: bool,
[INFO] [stdout]     |         -----------------------
[INFO] [stdout] 34  |         force_version: Option<String>,
[INFO] [stdout]     |         -----------------------------
[INFO] [stdout] 35  |         on_cpu: bool,
[INFO] [stdout]     |         ------------
[INFO] [stdout] help: provide the argument
[INFO] [stdout]     |
[INFO] [stdout] 322 |         let sampler = Sampler::new(pid, 100, true, None, false, None, /* bool */);
[INFO] [stdout]     |                                   ~~~~~~~~~~~~~~~~~~~~~~~~~~~~~~~~~~~~~~~~~~~~~~~
[INFO] [stdout] 
[INFO] [stdout] 
[INFO] [stdout] error[E0061]: this function takes 7 arguments but 6 arguments were supplied
[INFO] [stdout]    --> src/sampler/mod.rs:349:23
[INFO] [stdout]     |
[INFO] [stdout] 349 |           let sampler = Sampler::new(
[INFO] [stdout]     |  _______________________^^^^^^^^^^^^-
[INFO] [stdout] 350 | |             pid,
[INFO] [stdout] 351 | |             100,
[INFO] [stdout] 352 | |             true,
[INFO] [stdout] ...   |
[INFO] [stdout] 355 | |             None,
[INFO] [stdout] 356 | |         );
[INFO] [stdout]     | |_________- an argument of type `bool` is missing
[INFO] [stdout]     |
[INFO] [stdout] note: associated function defined here
[INFO] [stdout]    --> src/sampler/mod.rs:28:12
[INFO] [stdout]     |
[INFO] [stdout] 28  |     pub fn new(
[INFO] [stdout]     |            ^^^
[INFO] [stdout] 29  |         pid: Pid,
[INFO] [stdout]     |         --------
[INFO] [stdout] 30  |         sample_rate: u32,
[INFO] [stdout]     |         ----------------
[INFO] [stdout] 31  |         lock_process: bool,
[INFO] [stdout]     |         ------------------
[INFO] [stdout] 32  |         time_limit: Option<Duration>,
[INFO] [stdout]     |         ----------------------------
[INFO] [stdout] 33  |         with_subprocesses: bool,
[INFO] [stdout]     |         -----------------------
[INFO] [stdout] 34  |         force_version: Option<String>,
[INFO] [stdout]     |         -----------------------------
[INFO] [stdout] 35  |         on_cpu: bool,
[INFO] [stdout]     |         ------------
[INFO] [stdout] help: provide the argument
[INFO] [stdout]     |
[INFO] [stdout] 349 |         let sampler = Sampler::new(pid, 100, true, Some(std::time::Duration::from_millis(500)), false, None, /* bool */);
[INFO] [stdout]     |                                   ~~~~~~~~~~~~~~~~~~~~~~~~~~~~~~~~~~~~~~~~~~~~~~~~~~~~~~~~~~~~~~~~~~~~~~~~~~~~~~~~~~~~~~
[INFO] [stdout] 
[INFO] [stdout] 
[INFO] [stdout] error[E0061]: this function takes 7 arguments but 6 arguments were supplied
[INFO] [stdout]    --> src/sampler/mod.rs:412:23
[INFO] [stdout]     |
[INFO] [stdout] 412 |         let sampler = Sampler::new(pid, 5, true, None, true, None);
[INFO] [stdout]     |                       ^^^^^^^^^^^^-------------------------------- an argument of type `bool` is missing
[INFO] [stdout]     |
[INFO] [stdout] note: associated function defined here
[INFO] [stdout]    --> src/sampler/mod.rs:28:12
[INFO] [stdout]     |
[INFO] [stdout] 28  |     pub fn new(
[INFO] [stdout]     |            ^^^
[INFO] [stdout] 29  |         pid: Pid,
[INFO] [stdout]     |         --------
[INFO] [stdout] 30  |         sample_rate: u32,
[INFO] [stdout]     |         ----------------
[INFO] [stdout] 31  |         lock_process: bool,
[INFO] [stdout]     |         ------------------
[INFO] [stdout] 32  |         time_limit: Option<Duration>,
[INFO] [stdout]     |         ----------------------------
[INFO] [stdout] 33  |         with_subprocesses: bool,
[INFO] [stdout]     |         -----------------------
[INFO] [stdout] 34  |         force_version: Option<String>,
[INFO] [stdout]     |         -----------------------------
[INFO] [stdout] 35  |         on_cpu: bool,
[INFO] [stdout]     |         ------------
[INFO] [stdout] help: provide the argument
[INFO] [stdout]     |
[INFO] [stdout] 412 |         let sampler = Sampler::new(pid, 5, true, None, true, None, /* bool */);
[INFO] [stdout]     |                                   ~~~~~~~~~~~~~~~~~~~~~~~~~~~~~~~~~~~~~~~~~~~~
[INFO] [stdout] 
[INFO] [stdout] 
[INFO] [stdout] error: aborting due to 5 previous errors
[INFO] [stdout] 
[INFO] [stdout] 
[INFO] [stdout] For more information about this error, try `rustc --explain E0061`.
[INFO] [stdout] 
[INFO] [stderr] error: could not compile `pyroscope-rbspy-oncpu` (lib test) due to 6 previous errors
[INFO] running `Command { std: "docker" "inspect" "f5cc90076e1a51c40c4f476b2bfd46c65ef64e776d821335853a7f7f93a152fb", kill_on_drop: false }`
[INFO] running `Command { std: "docker" "rm" "-f" "f5cc90076e1a51c40c4f476b2bfd46c65ef64e776d821335853a7f7f93a152fb", kill_on_drop: false }`
[INFO] [stdout] f5cc90076e1a51c40c4f476b2bfd46c65ef64e776d821335853a7f7f93a152fb
[INFO] testing pyroscope-rbspy-oncpu-0.17.0 against beta-2023-12-22 for beta-1.76-1
[INFO] extracting crate pyroscope-rbspy-oncpu 0.17.0 into /workspace/builds/worker-5-tc2/source
[INFO] validating manifest of crates.io crate pyroscope-rbspy-oncpu 0.17.0 on toolchain beta-2023-12-22
[INFO] running `Command { std: CARGO_HOME="/workspace/cargo-home" RUSTUP_HOME="/workspace/rustup-home" "/workspace/cargo-home/bin/cargo" "+beta-2023-12-22" "metadata" "--manifest-path" "Cargo.toml" "--no-deps", kill_on_drop: false }`
[INFO] removed /workspace/builds/worker-5-tc2/source/.cargo/config
[INFO] started tweaking crates.io crate pyroscope-rbspy-oncpu 0.17.0
[INFO] finished tweaking crates.io crate pyroscope-rbspy-oncpu 0.17.0
[INFO] tweaked toml for crates.io crate pyroscope-rbspy-oncpu 0.17.0 written to /workspace/builds/worker-5-tc2/source/Cargo.toml
[INFO] crate crates.io crate pyroscope-rbspy-oncpu 0.17.0 already has a lockfile, it will not be regenerated
[INFO] running `Command { std: CARGO_HOME="/workspace/cargo-home" RUSTUP_HOME="/workspace/rustup-home" "/workspace/cargo-home/bin/cargo" "+beta-2023-12-22" "fetch" "--manifest-path" "Cargo.toml", kill_on_drop: false }`
[INFO] running `Command { std: "docker" "create" "-v" "/var/lib/crater-agent-workspace/builds/worker-5-tc2/target:/opt/rustwide/target:rw,Z" "-v" "/var/lib/crater-agent-workspace/builds/worker-5-tc2/source:/opt/rustwide/workdir:ro,Z" "-v" "/var/lib/crater-agent-workspace/cargo-home:/opt/rustwide/cargo-home:ro,Z" "-v" "/var/lib/crater-agent-workspace/rustup-home:/opt/rustwide/rustup-home:ro,Z" "-e" "SOURCE_DIR=/opt/rustwide/workdir" "-e" "CARGO_TARGET_DIR=/opt/rustwide/target" "-e" "CARGO_HOME=/opt/rustwide/cargo-home" "-e" "RUSTUP_HOME=/opt/rustwide/rustup-home" "-w" "/opt/rustwide/workdir" "-m" "1610612736" "--user" "0:0" "--network" "none" "ghcr.io/rust-lang/crates-build-env/linux@sha256:2788e3201cd34a07e3172128adcd8b3090168a8e3bcc40d7c032b9dda1df7d1c" "/opt/rustwide/cargo-home/bin/cargo" "+beta-2023-12-22" "metadata" "--no-deps" "--format-version=1", kill_on_drop: false }`
[INFO] [stdout] ae4de993cf17e180ee0f1e7488f5880bd0f1b8c215f5fe3044ce83348207a803
[INFO] running `Command { std: "docker" "start" "-a" "ae4de993cf17e180ee0f1e7488f5880bd0f1b8c215f5fe3044ce83348207a803", kill_on_drop: false }`
[INFO] running `Command { std: "docker" "inspect" "ae4de993cf17e180ee0f1e7488f5880bd0f1b8c215f5fe3044ce83348207a803", kill_on_drop: false }`
[INFO] running `Command { std: "docker" "rm" "-f" "ae4de993cf17e180ee0f1e7488f5880bd0f1b8c215f5fe3044ce83348207a803", kill_on_drop: false }`
[INFO] [stdout] ae4de993cf17e180ee0f1e7488f5880bd0f1b8c215f5fe3044ce83348207a803
[INFO] running `Command { std: "docker" "create" "-v" "/var/lib/crater-agent-workspace/builds/worker-5-tc2/target:/opt/rustwide/target:rw,Z" "-v" "/var/lib/crater-agent-workspace/builds/worker-5-tc2/source:/opt/rustwide/workdir:ro,Z" "-v" "/var/lib/crater-agent-workspace/cargo-home:/opt/rustwide/cargo-home:ro,Z" "-v" "/var/lib/crater-agent-workspace/rustup-home:/opt/rustwide/rustup-home:ro,Z" "-e" "SOURCE_DIR=/opt/rustwide/workdir" "-e" "CARGO_TARGET_DIR=/opt/rustwide/target" "-e" "CARGO_INCREMENTAL=0" "-e" "RUST_BACKTRACE=full" "-e" "RUSTFLAGS=--cap-lints=warn" "-e" "RUSTDOCFLAGS=--cap-lints=warn" "-e" "CARGO_HOME=/opt/rustwide/cargo-home" "-e" "RUSTUP_HOME=/opt/rustwide/rustup-home" "-w" "/opt/rustwide/workdir" "-m" "1610612736" "--user" "0:0" "--network" "none" "ghcr.io/rust-lang/crates-build-env/linux@sha256:2788e3201cd34a07e3172128adcd8b3090168a8e3bcc40d7c032b9dda1df7d1c" "/opt/rustwide/cargo-home/bin/cargo" "+beta-2023-12-22" "build" "--frozen" "--message-format=json", kill_on_drop: false }`
[INFO] [stdout] 351fa0e2afcff31aec3f0ad99a8653218791e073c128bab82383f1ac53000e23
[INFO] running `Command { std: "docker" "start" "-a" "351fa0e2afcff31aec3f0ad99a8653218791e073c128bab82383f1ac53000e23", kill_on_drop: false }`
[INFO] [stderr]    Compiling libc v0.2.139
[INFO] [stderr]    Compiling proc-macro2 v1.0.51
[INFO] [stderr]    Compiling quote v1.0.23
[INFO] [stderr]    Compiling unicode-ident v1.0.6
[INFO] [stderr]    Compiling syn v1.0.107
[INFO] [stderr]    Compiling version_check v0.9.4
[INFO] [stderr]    Compiling memchr v2.5.0
[INFO] [stderr]    Compiling log v0.4.17
[INFO] [stderr]    Compiling io-lifetimes v1.0.5
[INFO] [stderr]    Compiling smallvec v1.10.0
[INFO] [stderr]    Compiling rustix v0.36.8
[INFO] [stderr]    Compiling miniz_oxide v0.6.2
[INFO] [stderr]    Compiling cpp_demangle v0.4.0
[INFO] [stderr]    Compiling anyhow v1.0.69
[INFO] [stderr]    Compiling memoffset v0.7.1
[INFO] [stderr]    Compiling lock_api v0.4.9
[INFO] [stderr]    Compiling num-traits v0.2.15
[INFO] [stderr]    Compiling indexmap v1.9.2
[INFO] [stderr]    Compiling fallible-iterator v0.2.0
[INFO] [stderr]    Compiling linux-raw-sys v0.1.4
[INFO] [stderr]    Compiling once_cell v1.17.0
[INFO] [stderr]    Compiling stable_deref_trait v1.2.0
[INFO] [stderr]    Compiling proc-macro-error-attr v1.0.4
[INFO] [stderr]    Compiling proc-macro-error v1.0.4
[INFO] [stderr]    Compiling hashbrown v0.12.3
[INFO] [stderr]    Compiling parking_lot_core v0.9.7
[INFO] [stderr]    Compiling proc-maps v0.3.0
[INFO] [stderr]    Compiling regex-syntax v0.6.28
[INFO] [stderr]    Compiling crossbeam-utils v0.8.14
[INFO] [stderr]    Compiling flate2 v1.0.25
[INFO] [stderr]    Compiling gimli v0.27.1
[INFO] [stderr]    Compiling ahash v0.8.3
[INFO] [stderr]    Compiling aho-corasick v0.7.20
[INFO] [stderr]    Compiling num-integer v0.1.45
[INFO] [stderr]    Compiling object v0.30.3
[INFO] [stderr]    Compiling serde v1.0.152
[INFO] [stderr]    Compiling either v1.8.1
[INFO] [stderr]    Compiling rustc-demangle v0.1.21
[INFO] [stderr]    Compiling plain v0.2.3
[INFO] [stderr]    Compiling heck v0.4.1
[INFO] [stderr]    Compiling termcolor v1.2.0
[INFO] [stderr]    Compiling remoteprocess v0.4.11
[INFO] [stderr]    Compiling os_str_bytes v6.4.1
[INFO] [stderr]    Compiling itoa v1.0.5
[INFO] [stderr]    Compiling itertools v0.10.5
[INFO] [stderr]    Compiling clap_lex v0.2.4
[INFO] [stderr]    Compiling lazy_static v1.4.0
[INFO] [stderr]    Compiling strsim v0.10.0
[INFO] [stderr]    Compiling serde_json v1.0.92
[INFO] [stderr]    Compiling semver v1.0.16
[INFO] [stderr]    Compiling bytemuck v1.13.0
[INFO] [stderr]    Compiling static_assertions v1.1.0
[INFO] [stderr]    Compiling getrandom v0.2.8
[INFO] [stderr]    Compiling nix v0.25.1
[INFO] [stderr]    Compiling memmap v0.7.0
[INFO] [stderr]    Compiling rand_core v0.6.4
[INFO] [stderr]    Compiling read-process-memory v0.1.5
[INFO] [stderr]    Compiling atty v0.2.14
[INFO] [stderr]    Compiling thiserror v1.0.38
[INFO] [stderr]    Compiling ppv-lite86 v0.2.17
[INFO] [stderr]    Compiling serde_derive v1.0.152
[INFO] [stderr]    Compiling textwrap v0.16.0
[INFO] [stderr]    Compiling arrayvec v0.7.2
[INFO] [stderr]    Compiling dashmap v5.4.0
[INFO] [stderr]    Compiling regex v1.7.1
[INFO] [stderr]    Compiling num-format v0.4.4
[INFO] [stderr]    Compiling rand_chacha v0.3.1
[INFO] [stderr]    Compiling rgb v0.8.34
[INFO] [stderr]    Compiling crossbeam-channel v0.5.6
[INFO] [stderr]    Compiling nix v0.26.2
[INFO] [stderr]    Compiling num_cpus v1.15.0
[INFO] [stderr]    Compiling time v0.1.45
[INFO] [stderr]    Compiling memmap2 v0.5.8
[INFO] [stderr]    Compiling dirs-sys v0.4.0
[INFO] [stderr]    Compiling quick-xml v0.26.0
[INFO] [stderr]    Compiling env_logger v0.9.3
[INFO] [stderr]    Compiling str_stack v0.1.0
[INFO] [stderr]    Compiling humantime v2.1.0
[INFO] [stderr]    Compiling bytes v1.4.0
[INFO] [stderr]    Compiling fastrand v1.9.0
[INFO] [stderr]    Compiling iana-time-zone v0.1.53
[INFO] [stderr]    Compiling ryu v1.0.12
[INFO] [stderr]    Compiling directories v5.0.0
[INFO] [stderr]    Compiling chrono v0.4.23
[INFO] [stderr]    Compiling rand v0.8.5
[INFO] [stderr]    Compiling term_size v0.3.2
[INFO] [stderr]    Compiling rbspy-ruby-structs v0.17.0
[INFO] [stderr]    Compiling is-terminal v0.4.3
[INFO] [stderr]    Compiling env_logger v0.10.0
[INFO] [stderr]    Compiling tempfile v3.4.0
[INFO] [stderr]    Compiling addr2line v0.19.0
[INFO] [stderr]    Compiling scroll_derive v0.11.0
[INFO] [stderr]    Compiling clap_derive v3.2.18
[INFO] [stderr]    Compiling thiserror-impl v1.0.38
[INFO] [stderr]    Compiling prost-derive v0.11.6
[INFO] [stderr]    Compiling scroll v0.11.0
[INFO] [stderr]    Compiling ctrlc v3.2.5
[INFO] [stderr]    Compiling goblin v0.6.0
[INFO] [stderr]    Compiling prost v0.11.6
[INFO] [stderr]    Compiling clap v3.2.23
[INFO] [stderr]    Compiling spytools v0.1.4
[INFO] [stderr]    Compiling inferno v0.11.14
[INFO] [stderr]    Compiling pyroscope-rbspy-oncpu v0.17.0 (/opt/rustwide/workdir)
[INFO] [stderr]     Finished dev [unoptimized + debuginfo] target(s) in 27.10s
[INFO] running `Command { std: "docker" "inspect" "351fa0e2afcff31aec3f0ad99a8653218791e073c128bab82383f1ac53000e23", kill_on_drop: false }`
[INFO] running `Command { std: "docker" "rm" "-f" "351fa0e2afcff31aec3f0ad99a8653218791e073c128bab82383f1ac53000e23", kill_on_drop: false }`
[INFO] [stdout] 351fa0e2afcff31aec3f0ad99a8653218791e073c128bab82383f1ac53000e23
[INFO] running `Command { std: "docker" "create" "-v" "/var/lib/crater-agent-workspace/builds/worker-5-tc2/target:/opt/rustwide/target:rw,Z" "-v" "/var/lib/crater-agent-workspace/builds/worker-5-tc2/source:/opt/rustwide/workdir:ro,Z" "-v" "/var/lib/crater-agent-workspace/cargo-home:/opt/rustwide/cargo-home:ro,Z" "-v" "/var/lib/crater-agent-workspace/rustup-home:/opt/rustwide/rustup-home:ro,Z" "-e" "SOURCE_DIR=/opt/rustwide/workdir" "-e" "CARGO_TARGET_DIR=/opt/rustwide/target" "-e" "CARGO_INCREMENTAL=0" "-e" "RUST_BACKTRACE=full" "-e" "RUSTFLAGS=--cap-lints=warn" "-e" "RUSTDOCFLAGS=--cap-lints=warn" "-e" "CARGO_HOME=/opt/rustwide/cargo-home" "-e" "RUSTUP_HOME=/opt/rustwide/rustup-home" "-w" "/opt/rustwide/workdir" "-m" "1610612736" "--user" "0:0" "--network" "none" "ghcr.io/rust-lang/crates-build-env/linux@sha256:2788e3201cd34a07e3172128adcd8b3090168a8e3bcc40d7c032b9dda1df7d1c" "/opt/rustwide/cargo-home/bin/cargo" "+beta-2023-12-22" "test" "--frozen" "--no-run" "--message-format=json", kill_on_drop: false }`
[INFO] [stdout] 2fdbc501b98599dda56098c28847217cc1669a5b0cc08dee61165aad781f8001
[INFO] running `Command { std: "docker" "start" "-a" "2fdbc501b98599dda56098c28847217cc1669a5b0cc08dee61165aad781f8001", kill_on_drop: false }`
[INFO] [stderr]    Compiling elf v0.0.12
[INFO] [stderr]    Compiling rbspy-testdata v0.1.9
[INFO] [stderr]    Compiling pyroscope-rbspy-oncpu v0.17.0 (/opt/rustwide/workdir)
[INFO] [stdout] error[E0463]: can't find crate for `rbspy`
[INFO] [stdout]  --> examples/snapshot.rs:2:1
[INFO] [stdout]   |
[INFO] [stdout] 2 | extern crate rbspy;
[INFO] [stdout]   | ^^^^^^^^^^^^^^^^^^^ can't find crate
[INFO] [stdout] 
[INFO] [stdout] 
[INFO] [stdout] error[E0463]: can't find crate for `rbspy`
[INFO] [stdout]  --> examples/record.rs:2:1
[INFO] [stdout]   |
[INFO] [stdout] 2 | extern crate rbspy;
[INFO] [stdout]   | ^^^^^^^^^^^^^^^^^^^ can't find crate
[INFO] [stdout] 
[INFO] [stdout] 
[INFO] [stdout] error[E0463]: can't find crate for `rbspy`
[INFO] [stdout]  --> examples/report.rs:1:1
[INFO] [stdout]   |
[INFO] [stdout] 1 | extern crate rbspy;
[INFO] [stdout]   | ^^^^^^^^^^^^^^^^^^^ can't find crate
[INFO] [stdout] 
[INFO] [stdout] 
[INFO] [stdout] error: aborting due to 1 previous error
[INFO] [stdout] 
[INFO] [stdout] 
[INFO] [stdout] For more information about this error, try `rustc --explain E0463`.
[INFO] [stdout] 
[INFO] [stdout] error: aborting due to 1 previous error
[INFO] [stdout] 
[INFO] [stdout] 
[INFO] [stdout] For more information about this error, try `rustc --explain E0463`.
[INFO] [stdout] 
[INFO] [stdout] error: aborting due to 1 previous error
[INFO] [stdout] 
[INFO] [stdout] 
[INFO] [stdout] For more information about this error, try `rustc --explain E0463`.
[INFO] [stdout] 
[INFO] [stderr] error: could not compile `pyroscope-rbspy-oncpu` (example "snapshot") due to 2 previous errors
[INFO] [stderr] warning: build failed, waiting for other jobs to finish...
[INFO] [stderr] error: could not compile `pyroscope-rbspy-oncpu` (example "report") due to 2 previous errors
[INFO] [stderr] error: could not compile `pyroscope-rbspy-oncpu` (example "record") due to 2 previous errors
[INFO] [stdout] error[E0061]: this method takes 2 arguments but 1 argument was supplied
[INFO] [stdout]    --> src/core/ruby_spy.rs:241:13
[INFO] [stdout]     |
[INFO] [stdout] 241 |         spy.get_stack_trace(false)
[INFO] [stdout]     |             ^^^^^^^^^^^^^^^------- an argument of type `bool` is missing
[INFO] [stdout]     |
[INFO] [stdout] note: method defined here
[INFO] [stdout]    --> src/core/ruby_spy.rs:92:12
[INFO] [stdout]     |
[INFO] [stdout] 92  |     pub fn get_stack_trace(&mut self, lock_process: bool, on_cpu: bool) -> Result<Option<StackTrace>> {
[INFO] [stdout]     |            ^^^^^^^^^^^^^^^            ------------------  ------------
[INFO] [stdout] help: provide the argument
[INFO] [stdout]     |
[INFO] [stdout] 241 |         spy.get_stack_trace(false, /* bool */)
[INFO] [stdout]     |                            ~~~~~~~~~~~~~~~~~~~
[INFO] [stdout] 
[INFO] [stdout] 
[INFO] [stdout] error[E0061]: this method takes 2 arguments but 1 argument was supplied
[INFO] [stdout]    --> src/core/ruby_spy.rs:260:26
[INFO] [stdout]     |
[INFO] [stdout] 260 |             match getter.get_stack_trace(true) {
[INFO] [stdout]     |                          ^^^^^^^^^^^^^^^------ an argument of type `bool` is missing
[INFO] [stdout]     |
[INFO] [stdout] note: method defined here
[INFO] [stdout]    --> src/core/ruby_spy.rs:92:12
[INFO] [stdout]     |
[INFO] [stdout] 92  |     pub fn get_stack_trace(&mut self, lock_process: bool, on_cpu: bool) -> Result<Option<StackTrace>> {
[INFO] [stdout]     |            ^^^^^^^^^^^^^^^            ------------------  ------------
[INFO] [stdout] help: provide the argument
[INFO] [stdout]     |
[INFO] [stdout] 260 |             match getter.get_stack_trace(true, /* bool */) {
[INFO] [stdout]     |                                         ~~~~~~~~~~~~~~~~~~
[INFO] [stdout] 
[INFO] [stdout] 
[INFO] [stdout] error[E0061]: this function takes 7 arguments but 6 arguments were supplied
[INFO] [stdout]    --> src/sampler/mod.rs:322:23
[INFO] [stdout]     |
[INFO] [stdout] 322 |         let sampler = Sampler::new(pid, 100, true, None, false, None);
[INFO] [stdout]     |                       ^^^^^^^^^^^^----------------------------------- an argument of type `bool` is missing
[INFO] [stdout]     |
[INFO] [stdout] note: associated function defined here
[INFO] [stdout]    --> src/sampler/mod.rs:28:12
[INFO] [stdout]     |
[INFO] [stdout] 28  |     pub fn new(
[INFO] [stdout]     |            ^^^
[INFO] [stdout] 29  |         pid: Pid,
[INFO] [stdout]     |         --------
[INFO] [stdout] 30  |         sample_rate: u32,
[INFO] [stdout]     |         ----------------
[INFO] [stdout] 31  |         lock_process: bool,
[INFO] [stdout]     |         ------------------
[INFO] [stdout] 32  |         time_limit: Option<Duration>,
[INFO] [stdout]     |         ----------------------------
[INFO] [stdout] 33  |         with_subprocesses: bool,
[INFO] [stdout]     |         -----------------------
[INFO] [stdout] 34  |         force_version: Option<String>,
[INFO] [stdout]     |         -----------------------------
[INFO] [stdout] 35  |         on_cpu: bool,
[INFO] [stdout]     |         ------------
[INFO] [stdout] help: provide the argument
[INFO] [stdout]     |
[INFO] [stdout] 322 |         let sampler = Sampler::new(pid, 100, true, None, false, None, /* bool */);
[INFO] [stdout]     |                                   ~~~~~~~~~~~~~~~~~~~~~~~~~~~~~~~~~~~~~~~~~~~~~~~
[INFO] [stdout] 
[INFO] [stdout] 
[INFO] [stdout] error[E0061]: this function takes 7 arguments but 6 arguments were supplied
[INFO] [stdout]    --> src/sampler/mod.rs:349:23
[INFO] [stdout]     |
[INFO] [stdout] 349 |           let sampler = Sampler::new(
[INFO] [stdout]     |  _______________________^^^^^^^^^^^^-
[INFO] [stdout] 350 | |             pid,
[INFO] [stdout] 351 | |             100,
[INFO] [stdout] 352 | |             true,
[INFO] [stdout] ...   |
[INFO] [stdout] 355 | |             None,
[INFO] [stdout] 356 | |         );
[INFO] [stdout]     | |_________- an argument of type `bool` is missing
[INFO] [stdout]     |
[INFO] [stdout] note: associated function defined here
[INFO] [stdout]    --> src/sampler/mod.rs:28:12
[INFO] [stdout]     |
[INFO] [stdout] 28  |     pub fn new(
[INFO] [stdout]     |            ^^^
[INFO] [stdout] 29  |         pid: Pid,
[INFO] [stdout]     |         --------
[INFO] [stdout] 30  |         sample_rate: u32,
[INFO] [stdout]     |         ----------------
[INFO] [stdout] 31  |         lock_process: bool,
[INFO] [stdout]     |         ------------------
[INFO] [stdout] 32  |         time_limit: Option<Duration>,
[INFO] [stdout]     |         ----------------------------
[INFO] [stdout] 33  |         with_subprocesses: bool,
[INFO] [stdout]     |         -----------------------
[INFO] [stdout] 34  |         force_version: Option<String>,
[INFO] [stdout]     |         -----------------------------
[INFO] [stdout] 35  |         on_cpu: bool,
[INFO] [stdout]     |         ------------
[INFO] [stdout] help: provide the argument
[INFO] [stdout]     |
[INFO] [stdout] 349 |         let sampler = Sampler::new(pid, 100, true, Some(std::time::Duration::from_millis(500)), false, None, /* bool */);
[INFO] [stdout]     |                                   ~~~~~~~~~~~~~~~~~~~~~~~~~~~~~~~~~~~~~~~~~~~~~~~~~~~~~~~~~~~~~~~~~~~~~~~~~~~~~~~~~~~~~~
[INFO] [stdout] 
[INFO] [stdout] 
[INFO] [stdout] error[E0061]: this function takes 7 arguments but 6 arguments were supplied
[INFO] [stdout]    --> src/sampler/mod.rs:412:23
[INFO] [stdout]     |
[INFO] [stdout] 412 |         let sampler = Sampler::new(pid, 5, true, None, true, None);
[INFO] [stdout]     |                       ^^^^^^^^^^^^-------------------------------- an argument of type `bool` is missing
[INFO] [stdout]     |
[INFO] [stdout] note: associated function defined here
[INFO] [stdout]    --> src/sampler/mod.rs:28:12
[INFO] [stdout]     |
[INFO] [stdout] 28  |     pub fn new(
[INFO] [stdout]     |            ^^^
[INFO] [stdout] 29  |         pid: Pid,
[INFO] [stdout]     |         --------
[INFO] [stdout] 30  |         sample_rate: u32,
[INFO] [stdout]     |         ----------------
[INFO] [stdout] 31  |         lock_process: bool,
[INFO] [stdout]     |         ------------------
[INFO] [stdout] 32  |         time_limit: Option<Duration>,
[INFO] [stdout]     |         ----------------------------
[INFO] [stdout] 33  |         with_subprocesses: bool,
[INFO] [stdout]     |         -----------------------
[INFO] [stdout] 34  |         force_version: Option<String>,
[INFO] [stdout]     |         -----------------------------
[INFO] [stdout] 35  |         on_cpu: bool,
[INFO] [stdout]     |         ------------
[INFO] [stdout] help: provide the argument
[INFO] [stdout]     |
[INFO] [stdout] 412 |         let sampler = Sampler::new(pid, 5, true, None, true, None, /* bool */);
[INFO] [stdout]     |                                   ~~~~~~~~~~~~~~~~~~~~~~~~~~~~~~~~~~~~~~~~~~~~
[INFO] [stdout] 
[INFO] [stdout] 
[INFO] [stdout] error: aborting due to 5 previous errors
[INFO] [stdout] 
[INFO] [stdout] 
[INFO] [stdout] For more information about this error, try `rustc --explain E0061`.
[INFO] [stdout] 
[INFO] [stderr] error: could not compile `pyroscope-rbspy-oncpu` (lib test) due to 6 previous errors
[INFO] running `Command { std: "docker" "inspect" "2fdbc501b98599dda56098c28847217cc1669a5b0cc08dee61165aad781f8001", kill_on_drop: false }`
[INFO] running `Command { std: "docker" "rm" "-f" "2fdbc501b98599dda56098c28847217cc1669a5b0cc08dee61165aad781f8001", kill_on_drop: false }`
[INFO] [stdout] 2fdbc501b98599dda56098c28847217cc1669a5b0cc08dee61165aad781f8001
