[INFO] fetching crate pylon-utils 0.2.0...
[INFO] testing pylon-utils-0.2.0 against 1.75.0 for beta-1.76-1
[INFO] extracting crate pylon-utils 0.2.0 into /workspace/builds/worker-3-tc1/source
[INFO] validating manifest of crates.io crate pylon-utils 0.2.0 on toolchain 1.75.0
[INFO] running `Command { std: CARGO_HOME="/workspace/cargo-home" RUSTUP_HOME="/workspace/rustup-home" "/workspace/cargo-home/bin/cargo" "+1.75.0" "metadata" "--manifest-path" "Cargo.toml" "--no-deps", kill_on_drop: false }`
[INFO] removed /workspace/builds/worker-3-tc1/source/.cargo/config
[INFO] started tweaking crates.io crate pylon-utils 0.2.0
[INFO] finished tweaking crates.io crate pylon-utils 0.2.0
[INFO] tweaked toml for crates.io crate pylon-utils 0.2.0 written to /workspace/builds/worker-3-tc1/source/Cargo.toml
[INFO] running `Command { std: CARGO_HOME="/workspace/cargo-home" RUSTUP_HOME="/workspace/rustup-home" "/workspace/cargo-home/bin/cargo" "+1.75.0" "generate-lockfile" "--manifest-path" "Cargo.toml", kill_on_drop: false }`
[INFO] [stderr]     Updating crates.io index
[INFO] running `Command { std: CARGO_HOME="/workspace/cargo-home" RUSTUP_HOME="/workspace/rustup-home" "/workspace/cargo-home/bin/cargo" "+1.75.0" "fetch" "--manifest-path" "Cargo.toml", kill_on_drop: false }`
[INFO] [stderr]  Downloading crates ...
[INFO] [stderr]   Downloaded cosmwasm-bignumber v2.2.0
[INFO] [stderr]   Downloaded cw0 v0.8.1
[INFO] [stderr]   Downloaded bigint v4.4.3
[INFO] [stderr]   Downloaded cosmwasm-storage v0.16.7
[INFO] [stderr]   Downloaded crunchy v0.1.6
[INFO] [stderr]   Downloaded serde-json-wasm v0.3.2
[INFO] [stderr]   Downloaded cosmwasm-derive v0.16.7
[INFO] [stderr]   Downloaded terra-cosmwasm v2.2.0
[INFO] [stderr]   Downloaded cosmwasm-std v0.16.7
[INFO] [stderr]   Downloaded cosmwasm-crypto v0.16.7
[INFO] [stderr]   Downloaded cw20 v0.8.1
[INFO] running `Command { std: "docker" "create" "-v" "/var/lib/crater-agent-workspace/builds/worker-3-tc1/target:/opt/rustwide/target:rw,Z" "-v" "/var/lib/crater-agent-workspace/builds/worker-3-tc1/source:/opt/rustwide/workdir:ro,Z" "-v" "/var/lib/crater-agent-workspace/cargo-home:/opt/rustwide/cargo-home:ro,Z" "-v" "/var/lib/crater-agent-workspace/rustup-home:/opt/rustwide/rustup-home:ro,Z" "-e" "SOURCE_DIR=/opt/rustwide/workdir" "-e" "CARGO_TARGET_DIR=/opt/rustwide/target" "-e" "CARGO_HOME=/opt/rustwide/cargo-home" "-e" "RUSTUP_HOME=/opt/rustwide/rustup-home" "-w" "/opt/rustwide/workdir" "-m" "1610612736" "--user" "0:0" "--network" "none" "ghcr.io/rust-lang/crates-build-env/linux@sha256:2788e3201cd34a07e3172128adcd8b3090168a8e3bcc40d7c032b9dda1df7d1c" "/opt/rustwide/cargo-home/bin/cargo" "+1.75.0" "metadata" "--no-deps" "--format-version=1", kill_on_drop: false }`
[INFO] [stdout] dc04bca962d50f10c382377af102ef4dbd5a12cfc5cb5912a06f1cede7fd9e3f
[INFO] running `Command { std: "docker" "start" "-a" "dc04bca962d50f10c382377af102ef4dbd5a12cfc5cb5912a06f1cede7fd9e3f", kill_on_drop: false }`
[INFO] running `Command { std: "docker" "inspect" "dc04bca962d50f10c382377af102ef4dbd5a12cfc5cb5912a06f1cede7fd9e3f", kill_on_drop: false }`
[INFO] running `Command { std: "docker" "rm" "-f" "dc04bca962d50f10c382377af102ef4dbd5a12cfc5cb5912a06f1cede7fd9e3f", kill_on_drop: false }`
[INFO] [stdout] dc04bca962d50f10c382377af102ef4dbd5a12cfc5cb5912a06f1cede7fd9e3f
[INFO] running `Command { std: "docker" "create" "-v" "/var/lib/crater-agent-workspace/builds/worker-3-tc1/target:/opt/rustwide/target:rw,Z" "-v" "/var/lib/crater-agent-workspace/builds/worker-3-tc1/source:/opt/rustwide/workdir:ro,Z" "-v" "/var/lib/crater-agent-workspace/cargo-home:/opt/rustwide/cargo-home:ro,Z" "-v" "/var/lib/crater-agent-workspace/rustup-home:/opt/rustwide/rustup-home:ro,Z" "-e" "SOURCE_DIR=/opt/rustwide/workdir" "-e" "CARGO_TARGET_DIR=/opt/rustwide/target" "-e" "CARGO_INCREMENTAL=0" "-e" "RUST_BACKTRACE=full" "-e" "RUSTFLAGS=--cap-lints=warn" "-e" "RUSTDOCFLAGS=--cap-lints=warn" "-e" "CARGO_HOME=/opt/rustwide/cargo-home" "-e" "RUSTUP_HOME=/opt/rustwide/rustup-home" "-w" "/opt/rustwide/workdir" "-m" "1610612736" "--user" "0:0" "--network" "none" "ghcr.io/rust-lang/crates-build-env/linux@sha256:2788e3201cd34a07e3172128adcd8b3090168a8e3bcc40d7c032b9dda1df7d1c" "/opt/rustwide/cargo-home/bin/cargo" "+1.75.0" "build" "--frozen" "--message-format=json", kill_on_drop: false }`
[INFO] [stdout] 59c5693c18b1ba26d373a214ff117100f0cbb3a903d8ef0bbfdf4ac62bf21669
[INFO] running `Command { std: "docker" "start" "-a" "59c5693c18b1ba26d373a214ff117100f0cbb3a903d8ef0bbfdf4ac62bf21669", kill_on_drop: false }`
[INFO] [stderr]    Compiling proc-macro2 v1.0.75
[INFO] [stderr]    Compiling version_check v0.9.4
[INFO] [stderr]    Compiling libc v0.2.151
[INFO] [stderr]    Compiling unicode-ident v1.0.12
[INFO] [stderr]    Compiling typenum v1.17.0
[INFO] [stderr]    Compiling cfg-if v1.0.0
[INFO] [stderr]    Compiling subtle v2.4.1
[INFO] [stderr]    Compiling zeroize v1.4.3
[INFO] [stderr]    Compiling serde v1.0.194
[INFO] [stderr]    Compiling const-oid v0.6.2
[INFO] [stderr]    Compiling getrandom v0.1.16
[INFO] [stderr]    Compiling syn v1.0.109
[INFO] [stderr]    Compiling generic-array v0.14.7
[INFO] [stderr]    Compiling der v0.4.5
[INFO] [stderr]    Compiling byteorder v1.5.0
[INFO] [stderr]    Compiling cpufeatures v0.2.12
[INFO] [stderr]    Compiling opaque-debug v0.3.0
[INFO] [stderr]    Compiling thiserror v1.0.56
[INFO] [stderr]    Compiling crunchy v0.2.2
[INFO] [stderr]    Compiling serde_json v1.0.111
[INFO] [stderr]    Compiling hex v0.4.3
[INFO] [stderr]    Compiling spki v0.4.1
[INFO] [stderr]    Compiling quote v1.0.35
[INFO] [stderr]    Compiling pkcs8 v0.7.6
[INFO] [stderr]    Compiling ryu v1.0.16
[INFO] [stderr]    Compiling schemars v0.8.16
[INFO] [stderr]    Compiling syn v2.0.48
[INFO] [stderr]    Compiling getrandom v0.2.11
[INFO] [stderr]    Compiling itoa v1.0.10
[INFO] [stderr]    Compiling dyn-clone v1.0.16
[INFO] [stderr]    Compiling rand_core v0.6.4
[INFO] [stderr]    Compiling uint v0.9.5
[INFO] [stderr]    Compiling base64 v0.13.1
[INFO] [stderr]    Compiling ff v0.10.1
[INFO] [stderr]    Compiling rand_core v0.5.1
[INFO] [stderr]    Compiling forward_ref v1.0.0
[INFO] [stderr]    Compiling crunchy v0.1.6
[INFO] [stderr]    Compiling group v0.10.0
[INFO] [stderr]    Compiling bigint v4.4.3
[INFO] [stderr]    Compiling digest v0.9.0
[INFO] [stderr]    Compiling crypto-mac v0.11.1
[INFO] [stderr]    Compiling block-buffer v0.9.0
[INFO] [stderr]    Compiling crypto-bigint v0.2.11
[INFO] [stderr]    Compiling signature v1.3.2
[INFO] [stderr]    Compiling hmac v0.11.0
[INFO] [stderr]    Compiling sha2 v0.9.9
[INFO] [stderr]    Compiling curve25519-dalek v3.2.0
[INFO] [stderr]    Compiling elliptic-curve v0.10.6
[INFO] [stderr]    Compiling ecdsa v0.12.4
[INFO] [stderr]    Compiling k256 v0.9.6
[INFO] [stderr]    Compiling serde_derive v1.0.194
[INFO] [stderr]    Compiling thiserror-impl v1.0.56
[INFO] [stderr]    Compiling serde_derive_internals v0.26.0
[INFO] [stderr]    Compiling schemars_derive v0.8.16
[INFO] [stderr]    Compiling cosmwasm-derive v0.16.7
[INFO] [stderr]    Compiling ed25519-zebra v2.2.0
[INFO] [stderr]    Compiling serde-json-wasm v0.3.2
[INFO] [stderr]    Compiling cosmwasm-crypto v0.16.7
[INFO] [stderr]    Compiling cosmwasm-std v0.16.7
[INFO] [stderr]    Compiling cw0 v0.8.1
[INFO] [stderr]    Compiling cosmwasm-bignumber v2.2.0
[INFO] [stderr]    Compiling cosmwasm-storage v0.16.7
[INFO] [stderr]    Compiling terra-cosmwasm v2.2.0
[INFO] [stderr]    Compiling cw20 v0.8.1
[INFO] [stderr]    Compiling pylon-utils v0.2.0 (/opt/rustwide/workdir)
[INFO] [stderr]     Finished dev [unoptimized + debuginfo] target(s) in 12.51s
[INFO] [stderr] warning: the following packages contain code that will be rejected by a future version of Rust: bigint v4.4.3
[INFO] [stderr] note: to see what the problems were, use the option `--future-incompat-report`, or run `cargo report future-incompatibilities --id 1`
[INFO] running `Command { std: "docker" "inspect" "59c5693c18b1ba26d373a214ff117100f0cbb3a903d8ef0bbfdf4ac62bf21669", kill_on_drop: false }`
[INFO] running `Command { std: "docker" "rm" "-f" "59c5693c18b1ba26d373a214ff117100f0cbb3a903d8ef0bbfdf4ac62bf21669", kill_on_drop: false }`
[INFO] [stdout] 59c5693c18b1ba26d373a214ff117100f0cbb3a903d8ef0bbfdf4ac62bf21669
[INFO] running `Command { std: "docker" "create" "-v" "/var/lib/crater-agent-workspace/builds/worker-3-tc1/target:/opt/rustwide/target:rw,Z" "-v" "/var/lib/crater-agent-workspace/builds/worker-3-tc1/source:/opt/rustwide/workdir:ro,Z" "-v" "/var/lib/crater-agent-workspace/cargo-home:/opt/rustwide/cargo-home:ro,Z" "-v" "/var/lib/crater-agent-workspace/rustup-home:/opt/rustwide/rustup-home:ro,Z" "-e" "SOURCE_DIR=/opt/rustwide/workdir" "-e" "CARGO_TARGET_DIR=/opt/rustwide/target" "-e" "CARGO_INCREMENTAL=0" "-e" "RUST_BACKTRACE=full" "-e" "RUSTFLAGS=--cap-lints=warn" "-e" "RUSTDOCFLAGS=--cap-lints=warn" "-e" "CARGO_HOME=/opt/rustwide/cargo-home" "-e" "RUSTUP_HOME=/opt/rustwide/rustup-home" "-w" "/opt/rustwide/workdir" "-m" "1610612736" "--user" "0:0" "--network" "none" "ghcr.io/rust-lang/crates-build-env/linux@sha256:2788e3201cd34a07e3172128adcd8b3090168a8e3bcc40d7c032b9dda1df7d1c" "/opt/rustwide/cargo-home/bin/cargo" "+1.75.0" "test" "--frozen" "--no-run" "--message-format=json", kill_on_drop: false }`
[INFO] [stdout] 683515739c2b95fe159dbec6209da16c302be77537628488390b6630bebdd674
[INFO] running `Command { std: "docker" "start" "-a" "683515739c2b95fe159dbec6209da16c302be77537628488390b6630bebdd674", kill_on_drop: false }`
[INFO] [stderr]    Compiling pylon-utils v0.2.0 (/opt/rustwide/workdir)
[INFO] [stdout] error[E0432]: unresolved import `crate::mock_querier`
[INFO] [stdout]  --> src/testing.rs:5:12
[INFO] [stdout]   |
[INFO] [stdout] 5 | use crate::mock_querier::mock_dependencies;
[INFO] [stdout]   |            ^^^^^^^^^^^^ could not find `mock_querier` in the crate root
[INFO] [stdout] 
[INFO] [stdout] 
[INFO] [stdout] error[E0432]: unresolved import `crate::mock_tax`
[INFO] [stdout]  --> src/testing.rs:6:12
[INFO] [stdout]   |
[INFO] [stdout] 6 | use crate::mock_tax::MockTax;
[INFO] [stdout]   |            ^^^^^^^^ could not find `mock_tax` in the crate root
[INFO] [stdout] 
[INFO] [stdout] 
[INFO] [stdout] error: aborting due to 2 previous errors
[INFO] [stdout] 
[INFO] [stdout] 
[INFO] [stdout] For more information about this error, try `rustc --explain E0432`.
[INFO] [stdout] 
[INFO] [stderr] error: could not compile `pylon-utils` (lib test) due to 3 previous errors
[INFO] running `Command { std: "docker" "inspect" "683515739c2b95fe159dbec6209da16c302be77537628488390b6630bebdd674", kill_on_drop: false }`
[INFO] running `Command { std: "docker" "rm" "-f" "683515739c2b95fe159dbec6209da16c302be77537628488390b6630bebdd674", kill_on_drop: false }`
[INFO] [stdout] 683515739c2b95fe159dbec6209da16c302be77537628488390b6630bebdd674
[INFO] testing pylon-utils-0.2.0 against beta-2023-12-22 for beta-1.76-1
[INFO] extracting crate pylon-utils 0.2.0 into /workspace/builds/worker-3-tc2/source
[INFO] validating manifest of crates.io crate pylon-utils 0.2.0 on toolchain beta-2023-12-22
[INFO] running `Command { std: CARGO_HOME="/workspace/cargo-home" RUSTUP_HOME="/workspace/rustup-home" "/workspace/cargo-home/bin/cargo" "+beta-2023-12-22" "metadata" "--manifest-path" "Cargo.toml" "--no-deps", kill_on_drop: false }`
[INFO] removed /workspace/builds/worker-3-tc2/source/.cargo/config
[INFO] started tweaking crates.io crate pylon-utils 0.2.0
[INFO] finished tweaking crates.io crate pylon-utils 0.2.0
[INFO] tweaked toml for crates.io crate pylon-utils 0.2.0 written to /workspace/builds/worker-3-tc2/source/Cargo.toml
[INFO] running `Command { std: CARGO_HOME="/workspace/cargo-home" RUSTUP_HOME="/workspace/rustup-home" "/workspace/cargo-home/bin/cargo" "+beta-2023-12-22" "generate-lockfile" "--manifest-path" "Cargo.toml", kill_on_drop: false }`
[INFO] [stderr]     Updating crates.io index
[INFO] running `Command { std: CARGO_HOME="/workspace/cargo-home" RUSTUP_HOME="/workspace/rustup-home" "/workspace/cargo-home/bin/cargo" "+beta-2023-12-22" "fetch" "--manifest-path" "Cargo.toml", kill_on_drop: false }`
[INFO] running `Command { std: "docker" "create" "-v" "/var/lib/crater-agent-workspace/builds/worker-3-tc2/target:/opt/rustwide/target:rw,Z" "-v" "/var/lib/crater-agent-workspace/builds/worker-3-tc2/source:/opt/rustwide/workdir:ro,Z" "-v" "/var/lib/crater-agent-workspace/cargo-home:/opt/rustwide/cargo-home:ro,Z" "-v" "/var/lib/crater-agent-workspace/rustup-home:/opt/rustwide/rustup-home:ro,Z" "-e" "SOURCE_DIR=/opt/rustwide/workdir" "-e" "CARGO_TARGET_DIR=/opt/rustwide/target" "-e" "CARGO_HOME=/opt/rustwide/cargo-home" "-e" "RUSTUP_HOME=/opt/rustwide/rustup-home" "-w" "/opt/rustwide/workdir" "-m" "1610612736" "--user" "0:0" "--network" "none" "ghcr.io/rust-lang/crates-build-env/linux@sha256:2788e3201cd34a07e3172128adcd8b3090168a8e3bcc40d7c032b9dda1df7d1c" "/opt/rustwide/cargo-home/bin/cargo" "+beta-2023-12-22" "metadata" "--no-deps" "--format-version=1", kill_on_drop: false }`
[INFO] [stdout] f02fa11b9f42d033539b55b0598e17b59a28651d944bbda53f04ca5dca12babc
[INFO] running `Command { std: "docker" "start" "-a" "f02fa11b9f42d033539b55b0598e17b59a28651d944bbda53f04ca5dca12babc", kill_on_drop: false }`
[INFO] running `Command { std: "docker" "inspect" "f02fa11b9f42d033539b55b0598e17b59a28651d944bbda53f04ca5dca12babc", kill_on_drop: false }`
[INFO] running `Command { std: "docker" "rm" "-f" "f02fa11b9f42d033539b55b0598e17b59a28651d944bbda53f04ca5dca12babc", kill_on_drop: false }`
[INFO] [stdout] f02fa11b9f42d033539b55b0598e17b59a28651d944bbda53f04ca5dca12babc
[INFO] running `Command { std: "docker" "create" "-v" "/var/lib/crater-agent-workspace/builds/worker-3-tc2/target:/opt/rustwide/target:rw,Z" "-v" "/var/lib/crater-agent-workspace/builds/worker-3-tc2/source:/opt/rustwide/workdir:ro,Z" "-v" "/var/lib/crater-agent-workspace/cargo-home:/opt/rustwide/cargo-home:ro,Z" "-v" "/var/lib/crater-agent-workspace/rustup-home:/opt/rustwide/rustup-home:ro,Z" "-e" "SOURCE_DIR=/opt/rustwide/workdir" "-e" "CARGO_TARGET_DIR=/opt/rustwide/target" "-e" "CARGO_INCREMENTAL=0" "-e" "RUST_BACKTRACE=full" "-e" "RUSTFLAGS=--cap-lints=warn" "-e" "RUSTDOCFLAGS=--cap-lints=warn" "-e" "CARGO_HOME=/opt/rustwide/cargo-home" "-e" "RUSTUP_HOME=/opt/rustwide/rustup-home" "-w" "/opt/rustwide/workdir" "-m" "1610612736" "--user" "0:0" "--network" "none" "ghcr.io/rust-lang/crates-build-env/linux@sha256:2788e3201cd34a07e3172128adcd8b3090168a8e3bcc40d7c032b9dda1df7d1c" "/opt/rustwide/cargo-home/bin/cargo" "+beta-2023-12-22" "build" "--frozen" "--message-format=json", kill_on_drop: false }`
[INFO] [stdout] 554e6fddade7cf045aefd43df887a2677dbe4960dbc6d930813d7ad8fb93f4a9
[INFO] running `Command { std: "docker" "start" "-a" "554e6fddade7cf045aefd43df887a2677dbe4960dbc6d930813d7ad8fb93f4a9", kill_on_drop: false }`
[INFO] [stderr]    Compiling proc-macro2 v1.0.75
[INFO] [stderr]    Compiling version_check v0.9.4
[INFO] [stderr]    Compiling libc v0.2.151
[INFO] [stderr]    Compiling typenum v1.17.0
[INFO] [stderr]    Compiling unicode-ident v1.0.12
[INFO] [stderr]    Compiling cfg-if v1.0.0
[INFO] [stderr]    Compiling subtle v2.4.1
[INFO] [stderr]    Compiling zeroize v1.4.3
[INFO] [stderr]    Compiling serde v1.0.194
[INFO] [stderr]    Compiling const-oid v0.6.2
[INFO] [stderr]    Compiling syn v1.0.109
[INFO] [stderr]    Compiling getrandom v0.1.16
[INFO] [stderr]    Compiling der v0.4.5
[INFO] [stderr]    Compiling generic-array v0.14.7
[INFO] [stderr]    Compiling byteorder v1.5.0
[INFO] [stderr]    Compiling thiserror v1.0.56
[INFO] [stderr]    Compiling opaque-debug v0.3.0
[INFO] [stderr]    Compiling cpufeatures v0.2.12
[INFO] [stderr]    Compiling serde_json v1.0.111
[INFO] [stderr]    Compiling crunchy v0.2.2
[INFO] [stderr]    Compiling hex v0.4.3
[INFO] [stderr]    Compiling schemars v0.8.16
[INFO] [stderr]    Compiling itoa v1.0.10
[INFO] [stderr]    Compiling spki v0.4.1
[INFO] [stderr]    Compiling quote v1.0.35
[INFO] [stderr]    Compiling pkcs8 v0.7.6
[INFO] [stderr]    Compiling ryu v1.0.16
[INFO] [stderr]    Compiling syn v2.0.48
[INFO] [stderr]    Compiling getrandom v0.2.11
[INFO] [stderr]    Compiling dyn-clone v1.0.16
[INFO] [stderr]    Compiling uint v0.9.5
[INFO] [stderr]    Compiling forward_ref v1.0.0
[INFO] [stderr]    Compiling rand_core v0.6.4
[INFO] [stderr]    Compiling rand_core v0.5.1
[INFO] [stderr]    Compiling base64 v0.13.1
[INFO] [stderr]    Compiling crunchy v0.1.6
[INFO] [stderr]    Compiling ff v0.10.1
[INFO] [stderr]    Compiling group v0.10.0
[INFO] [stderr]    Compiling bigint v4.4.3
[INFO] [stderr]    Compiling digest v0.9.0
[INFO] [stderr]    Compiling crypto-bigint v0.2.11
[INFO] [stderr]    Compiling block-buffer v0.9.0
[INFO] [stderr]    Compiling crypto-mac v0.11.1
[INFO] [stderr]    Compiling hmac v0.11.0
[INFO] [stderr]    Compiling signature v1.3.2
[INFO] [stderr]    Compiling sha2 v0.9.9
[INFO] [stderr]    Compiling curve25519-dalek v3.2.0
[INFO] [stderr]    Compiling elliptic-curve v0.10.6
[INFO] [stderr]    Compiling ecdsa v0.12.4
[INFO] [stderr]    Compiling k256 v0.9.6
[INFO] [stderr]    Compiling serde_derive v1.0.194
[INFO] [stderr]    Compiling thiserror-impl v1.0.56
[INFO] [stderr]    Compiling serde_derive_internals v0.26.0
[INFO] [stderr]    Compiling schemars_derive v0.8.16
[INFO] [stderr]    Compiling cosmwasm-derive v0.16.7
[INFO] [stderr]    Compiling ed25519-zebra v2.2.0
[INFO] [stderr]    Compiling serde-json-wasm v0.3.2
[INFO] [stderr]    Compiling cosmwasm-crypto v0.16.7
[INFO] [stderr]    Compiling cosmwasm-std v0.16.7
[INFO] [stderr]    Compiling cw0 v0.8.1
[INFO] [stderr]    Compiling terra-cosmwasm v2.2.0
[INFO] [stderr]    Compiling cosmwasm-bignumber v2.2.0
[INFO] [stderr]    Compiling cosmwasm-storage v0.16.7
[INFO] [stderr]    Compiling cw20 v0.8.1
[INFO] [stderr]    Compiling pylon-utils v0.2.0 (/opt/rustwide/workdir)
[INFO] [stderr]     Finished dev [unoptimized + debuginfo] target(s) in 14.20s
[INFO] [stderr] warning: the following packages contain code that will be rejected by a future version of Rust: bigint v4.4.3
[INFO] [stderr] note: to see what the problems were, use the option `--future-incompat-report`, or run `cargo report future-incompatibilities --id 1`
[INFO] running `Command { std: "docker" "inspect" "554e6fddade7cf045aefd43df887a2677dbe4960dbc6d930813d7ad8fb93f4a9", kill_on_drop: false }`
[INFO] running `Command { std: "docker" "rm" "-f" "554e6fddade7cf045aefd43df887a2677dbe4960dbc6d930813d7ad8fb93f4a9", kill_on_drop: false }`
[INFO] [stdout] 554e6fddade7cf045aefd43df887a2677dbe4960dbc6d930813d7ad8fb93f4a9
[INFO] running `Command { std: "docker" "create" "-v" "/var/lib/crater-agent-workspace/builds/worker-3-tc2/target:/opt/rustwide/target:rw,Z" "-v" "/var/lib/crater-agent-workspace/builds/worker-3-tc2/source:/opt/rustwide/workdir:ro,Z" "-v" "/var/lib/crater-agent-workspace/cargo-home:/opt/rustwide/cargo-home:ro,Z" "-v" "/var/lib/crater-agent-workspace/rustup-home:/opt/rustwide/rustup-home:ro,Z" "-e" "SOURCE_DIR=/opt/rustwide/workdir" "-e" "CARGO_TARGET_DIR=/opt/rustwide/target" "-e" "CARGO_INCREMENTAL=0" "-e" "RUST_BACKTRACE=full" "-e" "RUSTFLAGS=--cap-lints=warn" "-e" "RUSTDOCFLAGS=--cap-lints=warn" "-e" "CARGO_HOME=/opt/rustwide/cargo-home" "-e" "RUSTUP_HOME=/opt/rustwide/rustup-home" "-w" "/opt/rustwide/workdir" "-m" "1610612736" "--user" "0:0" "--network" "none" "ghcr.io/rust-lang/crates-build-env/linux@sha256:2788e3201cd34a07e3172128adcd8b3090168a8e3bcc40d7c032b9dda1df7d1c" "/opt/rustwide/cargo-home/bin/cargo" "+beta-2023-12-22" "test" "--frozen" "--no-run" "--message-format=json", kill_on_drop: false }`
[INFO] [stdout] 15c83f5d3a0d7ee5d85f880cdac730f18f7039245dc9ad2916fea131e58dcae6
[INFO] running `Command { std: "docker" "start" "-a" "15c83f5d3a0d7ee5d85f880cdac730f18f7039245dc9ad2916fea131e58dcae6", kill_on_drop: false }`
[INFO] [stderr]    Compiling pylon-utils v0.2.0 (/opt/rustwide/workdir)
[INFO] [stdout] error[E0432]: unresolved import `crate::mock_querier`
[INFO] [stdout]  --> src/testing.rs:5:12
[INFO] [stdout]   |
[INFO] [stdout] 5 | use crate::mock_querier::mock_dependencies;
[INFO] [stdout]   |            ^^^^^^^^^^^^ could not find `mock_querier` in the crate root
[INFO] [stdout] 
[INFO] [stdout] 
[INFO] [stdout] error[E0432]: unresolved import `crate::mock_tax`
[INFO] [stdout]  --> src/testing.rs:6:12
[INFO] [stdout]   |
[INFO] [stdout] 6 | use crate::mock_tax::MockTax;
[INFO] [stdout]   |            ^^^^^^^^ could not find `mock_tax` in the crate root
[INFO] [stdout] 
[INFO] [stdout] 
[INFO] [stdout] error: aborting due to 2 previous errors
[INFO] [stdout] 
[INFO] [stdout] 
[INFO] [stdout] For more information about this error, try `rustc --explain E0432`.
[INFO] [stdout] 
[INFO] [stderr] error: could not compile `pylon-utils` (lib test) due to 3 previous errors
[INFO] running `Command { std: "docker" "inspect" "15c83f5d3a0d7ee5d85f880cdac730f18f7039245dc9ad2916fea131e58dcae6", kill_on_drop: false }`
[INFO] running `Command { std: "docker" "rm" "-f" "15c83f5d3a0d7ee5d85f880cdac730f18f7039245dc9ad2916fea131e58dcae6", kill_on_drop: false }`
[INFO] [stdout] 15c83f5d3a0d7ee5d85f880cdac730f18f7039245dc9ad2916fea131e58dcae6
