[INFO] fetching crate py32f0xx-hal 0.0.1...
[INFO] testing py32f0xx-hal-0.0.1 against 1.75.0 for beta-1.76-1
[INFO] extracting crate py32f0xx-hal 0.0.1 into /workspace/builds/worker-7-tc1/source
[INFO] validating manifest of crates.io crate py32f0xx-hal 0.0.1 on toolchain 1.75.0
[INFO] running `Command { std: CARGO_HOME="/workspace/cargo-home" RUSTUP_HOME="/workspace/rustup-home" "/workspace/cargo-home/bin/cargo" "+1.75.0" "metadata" "--manifest-path" "Cargo.toml" "--no-deps", kill_on_drop: false }`
[INFO] removed /workspace/builds/worker-7-tc1/source/.cargo/config
[INFO] started tweaking crates.io crate py32f0xx-hal 0.0.1
[INFO] finished tweaking crates.io crate py32f0xx-hal 0.0.1
[INFO] tweaked toml for crates.io crate py32f0xx-hal 0.0.1 written to /workspace/builds/worker-7-tc1/source/Cargo.toml
[INFO] crate crates.io crate py32f0xx-hal 0.0.1 already has a lockfile, it will not be regenerated
[INFO] running `Command { std: CARGO_HOME="/workspace/cargo-home" RUSTUP_HOME="/workspace/rustup-home" "/workspace/cargo-home/bin/cargo" "+1.75.0" "fetch" "--manifest-path" "Cargo.toml", kill_on_drop: false }`
[INFO] [stderr]     Updating crates.io index
[INFO] [stderr]  Downloading crates ...
[INFO] [stderr]   Downloaded rtt-target v0.4.0
[INFO] [stderr]   Downloaded py32f0 v0.0.1
[INFO] running `Command { std: "docker" "create" "-v" "/var/lib/crater-agent-workspace/builds/worker-7-tc1/target:/opt/rustwide/target:rw,Z" "-v" "/var/lib/crater-agent-workspace/builds/worker-7-tc1/source:/opt/rustwide/workdir:ro,Z" "-v" "/var/lib/crater-agent-workspace/cargo-home:/opt/rustwide/cargo-home:ro,Z" "-v" "/var/lib/crater-agent-workspace/rustup-home:/opt/rustwide/rustup-home:ro,Z" "-e" "SOURCE_DIR=/opt/rustwide/workdir" "-e" "CARGO_TARGET_DIR=/opt/rustwide/target" "-e" "CARGO_HOME=/opt/rustwide/cargo-home" "-e" "RUSTUP_HOME=/opt/rustwide/rustup-home" "-w" "/opt/rustwide/workdir" "-m" "1610612736" "--user" "0:0" "--network" "none" "ghcr.io/rust-lang/crates-build-env/linux@sha256:2788e3201cd34a07e3172128adcd8b3090168a8e3bcc40d7c032b9dda1df7d1c" "/opt/rustwide/cargo-home/bin/cargo" "+1.75.0" "metadata" "--no-deps" "--format-version=1", kill_on_drop: false }`
[INFO] [stdout] f1dee747a379312104929d09488040d97880ab342cbd6b1a86c4efbf40e03d77
[INFO] running `Command { std: "docker" "start" "-a" "f1dee747a379312104929d09488040d97880ab342cbd6b1a86c4efbf40e03d77", kill_on_drop: false }`
[INFO] running `Command { std: "docker" "inspect" "f1dee747a379312104929d09488040d97880ab342cbd6b1a86c4efbf40e03d77", kill_on_drop: false }`
[INFO] running `Command { std: "docker" "rm" "-f" "f1dee747a379312104929d09488040d97880ab342cbd6b1a86c4efbf40e03d77", kill_on_drop: false }`
[INFO] [stdout] f1dee747a379312104929d09488040d97880ab342cbd6b1a86c4efbf40e03d77
[INFO] running `Command { std: "docker" "create" "-v" "/var/lib/crater-agent-workspace/builds/worker-7-tc1/target:/opt/rustwide/target:rw,Z" "-v" "/var/lib/crater-agent-workspace/builds/worker-7-tc1/source:/opt/rustwide/workdir:ro,Z" "-v" "/var/lib/crater-agent-workspace/cargo-home:/opt/rustwide/cargo-home:ro,Z" "-v" "/var/lib/crater-agent-workspace/rustup-home:/opt/rustwide/rustup-home:ro,Z" "-e" "SOURCE_DIR=/opt/rustwide/workdir" "-e" "CARGO_TARGET_DIR=/opt/rustwide/target" "-e" "CARGO_INCREMENTAL=0" "-e" "RUST_BACKTRACE=full" "-e" "RUSTFLAGS=--cap-lints=warn" "-e" "RUSTDOCFLAGS=--cap-lints=warn" "-e" "CARGO_HOME=/opt/rustwide/cargo-home" "-e" "RUSTUP_HOME=/opt/rustwide/rustup-home" "-w" "/opt/rustwide/workdir" "-m" "1610612736" "--user" "0:0" "--network" "none" "ghcr.io/rust-lang/crates-build-env/linux@sha256:2788e3201cd34a07e3172128adcd8b3090168a8e3bcc40d7c032b9dda1df7d1c" "/opt/rustwide/cargo-home/bin/cargo" "+1.75.0" "build" "--frozen" "--message-format=json", kill_on_drop: false }`
[INFO] [stdout] 4fe2c1eb4552e6f2bf6775a2eb0198dbff884b62a1aa141b0a8333980636eb3a
[INFO] running `Command { std: "docker" "start" "-a" "4fe2c1eb4552e6f2bf6775a2eb0198dbff884b62a1aa141b0a8333980636eb3a", kill_on_drop: false }`
[INFO] [stderr]    Compiling autocfg v1.1.0
[INFO] [stderr]    Compiling proc-macro2 v1.0.59
[INFO] [stderr]    Compiling semver-parser v0.7.0
[INFO] [stderr]    Compiling quote v1.0.28
[INFO] [stderr]    Compiling unicode-ident v1.0.9
[INFO] [stderr]    Compiling syn v1.0.109
[INFO] [stderr]    Compiling cortex-m-rt v0.7.3
[INFO] [stderr]    Compiling cortex-m v0.7.7
[INFO] [stderr]    Compiling nb v1.1.0
[INFO] [stderr]    Compiling nb v0.1.3
[INFO] [stderr]    Compiling semver v0.9.0
[INFO] [stderr]    Compiling void v1.0.2
[INFO] [stderr]    Compiling critical-section v1.1.1
[INFO] [stderr]    Compiling vcell v0.1.3
[INFO] [stderr]    Compiling py32f0 v0.0.1
[INFO] [stderr]    Compiling embedded-hal v0.2.7
[INFO] [stderr]    Compiling volatile-register v0.2.1
[INFO] [stderr]    Compiling bitfield v0.13.2
[INFO] [stderr]    Compiling num-traits v0.2.15
[INFO] [stderr]    Compiling num-integer v0.1.45
[INFO] [stderr]    Compiling rustc_version v0.2.3
[INFO] [stderr]    Compiling num-iter v0.1.43
[INFO] [stderr]    Compiling num-rational v0.3.2
[INFO] [stderr]    Compiling ufmt-write v0.1.0
[INFO] [stderr]    Compiling bare-metal v1.0.0
[INFO] [stderr]    Compiling rtt-target v0.4.0
[INFO] [stderr]    Compiling bare-metal v0.2.5
[INFO] [stderr]    Compiling cast v0.3.0
[INFO] [stderr]    Compiling num-complex v0.3.1
[INFO] [stderr]    Compiling num v0.3.1
[INFO] [stderr]    Compiling embedded-time v0.12.1
[INFO] [stderr]    Compiling cortex-m-rt-macros v0.7.0
[INFO] [stderr]    Compiling py32f0xx-hal v0.0.1 (/opt/rustwide/workdir)
[INFO] [stderr]     Finished dev [unoptimized + debuginfo] target(s) in 6.11s
[INFO] running `Command { std: "docker" "inspect" "4fe2c1eb4552e6f2bf6775a2eb0198dbff884b62a1aa141b0a8333980636eb3a", kill_on_drop: false }`
[INFO] running `Command { std: "docker" "rm" "-f" "4fe2c1eb4552e6f2bf6775a2eb0198dbff884b62a1aa141b0a8333980636eb3a", kill_on_drop: false }`
[INFO] [stdout] 4fe2c1eb4552e6f2bf6775a2eb0198dbff884b62a1aa141b0a8333980636eb3a
[INFO] running `Command { std: "docker" "create" "-v" "/var/lib/crater-agent-workspace/builds/worker-7-tc1/target:/opt/rustwide/target:rw,Z" "-v" "/var/lib/crater-agent-workspace/builds/worker-7-tc1/source:/opt/rustwide/workdir:ro,Z" "-v" "/var/lib/crater-agent-workspace/cargo-home:/opt/rustwide/cargo-home:ro,Z" "-v" "/var/lib/crater-agent-workspace/rustup-home:/opt/rustwide/rustup-home:ro,Z" "-e" "SOURCE_DIR=/opt/rustwide/workdir" "-e" "CARGO_TARGET_DIR=/opt/rustwide/target" "-e" "CARGO_INCREMENTAL=0" "-e" "RUST_BACKTRACE=full" "-e" "RUSTFLAGS=--cap-lints=warn" "-e" "RUSTDOCFLAGS=--cap-lints=warn" "-e" "CARGO_HOME=/opt/rustwide/cargo-home" "-e" "RUSTUP_HOME=/opt/rustwide/rustup-home" "-w" "/opt/rustwide/workdir" "-m" "1610612736" "--user" "0:0" "--network" "none" "ghcr.io/rust-lang/crates-build-env/linux@sha256:2788e3201cd34a07e3172128adcd8b3090168a8e3bcc40d7c032b9dda1df7d1c" "/opt/rustwide/cargo-home/bin/cargo" "+1.75.0" "test" "--frozen" "--no-run" "--message-format=json", kill_on_drop: false }`
[INFO] [stdout] 13452bba04282986bf755f534fc2a103d24aa6225d6dab1455a4331fb99dc605
[INFO] running `Command { std: "docker" "start" "-a" "13452bba04282986bf755f534fc2a103d24aa6225d6dab1455a4331fb99dc605", kill_on_drop: false }`
[INFO] [stderr]    Compiling panic-halt v0.2.0
[INFO] [stderr]    Compiling py32f0xx-hal v0.0.1 (/opt/rustwide/workdir)
[INFO] [stdout] error[E0432]: unresolved imports `crate::hal::delay`, `crate::hal::gpio`, `crate::hal::pac`, `crate::hal::prelude`
[INFO] [stdout]   --> examples/led_hal_button_irq.rs:9:5
[INFO] [stdout]    |
[INFO] [stdout] 9  |     delay::Delay,
[INFO] [stdout]    |     ^^^^^ could not find `delay` in `hal`
[INFO] [stdout] 10 |     gpio::*,
[INFO] [stdout]    |     ^^^^ could not find `gpio` in `hal`
[INFO] [stdout] 11 |     pac::{interrupt, Interrupt, Peripherals, EXTI},
[INFO] [stdout]    |     ^^^ could not find `pac` in `hal`
[INFO] [stdout] 12 |     prelude::*,
[INFO] [stdout]    |     ^^^^^^^ could not find `prelude` in `hal`
[INFO] [stdout] 
[INFO] [stdout] 
[INFO] [stdout] error: cannot determine resolution for the attribute macro `interrupt`
[INFO] [stdout]   --> examples/led_hal_button_irq.rs:88:3
[INFO] [stdout]    |
[INFO] [stdout] 88 | #[interrupt]
[INFO] [stdout]    |   ^^^^^^^^^
[INFO] [stdout]    |
[INFO] [stdout]    = note: import resolution is stuck, try simplifying macro imports
[INFO] [stdout] 
[INFO] [stdout] 
[INFO] [stdout] error[E0432]: unresolved imports `crate::hal::adc`, `crate::hal::delay`, `crate::hal::pac`, `crate::hal::prelude`
[INFO] [stdout]   --> examples/blinky_adc.rs:8:18
[INFO] [stdout]    |
[INFO] [stdout] 8  | use crate::hal::{adc::Adc, delay::Delay, pac, prelude::*};
[INFO] [stdout]    |                  ^^^       ^^^^^         ^^^  ^^^^^^^ could not find `prelude` in `hal`
[INFO] [stdout]    |                  |         |             |
[INFO] [stdout]    |                  |         |             no `pac` in the root
[INFO] [stdout]    |                  |         could not find `delay` in `hal`
[INFO] [stdout]    |                  could not find `adc` in `hal`
[INFO] [stdout]    |
[INFO] [stdout] note: found an item that was configured out
[INFO] [stdout]   --> /opt/rustwide/workdir/src/lib.rs:8:30
[INFO] [stdout]    |
[INFO] [stdout] 8  | pub use py32f0::py32f002a as pac;
[INFO] [stdout]    |                              ^^^
[INFO] [stdout]    = note: the item is gated behind the `py32f002a` feature
[INFO] [stdout] note: found an item that was configured out
[INFO] [stdout]   --> /opt/rustwide/workdir/src/lib.rs:10:29
[INFO] [stdout]    |
[INFO] [stdout] 10 | pub use py32f0::py32f003 as pac;
[INFO] [stdout]    |                             ^^^
[INFO] [stdout]    = note: the item is gated behind the `py32f003` feature
[INFO] [stdout] note: found an item that was configured out
[INFO] [stdout]   --> /opt/rustwide/workdir/src/lib.rs:12:29
[INFO] [stdout]    |
[INFO] [stdout] 12 | pub use py32f0::py32f030 as pac;
[INFO] [stdout]    |                             ^^^
[INFO] [stdout]    = note: the item is gated behind the `py32f030` feature
[INFO] [stdout] 
[INFO] [stdout] 
[INFO] [stdout] error[E0432]: unresolved imports `crate::hal::delay`, `crate::hal::pac`, `crate::hal::prelude`
[INFO] [stdout]   --> examples/blinky_multiple.rs:8:18
[INFO] [stdout]    |
[INFO] [stdout] 8  | use crate::hal::{delay::Delay, pac, prelude::*};
[INFO] [stdout]    |                  ^^^^^         ^^^  ^^^^^^^ could not find `prelude` in `hal`
[INFO] [stdout]    |                  |             |
[INFO] [stdout]    |                  |             no `pac` in the root
[INFO] [stdout]    |                  could not find `delay` in `hal`
[INFO] [stdout]    |
[INFO] [stdout] note: found an item that was configured out
[INFO] [stdout]   --> /opt/rustwide/workdir/src/lib.rs:8:30
[INFO] [stdout]    |
[INFO] [stdout] 8  | pub use py32f0::py32f002a as pac;
[INFO] [stdout]    |                              ^^^
[INFO] [stdout]    = note: the item is gated behind the `py32f002a` feature
[INFO] [stdout] note: found an item that was configured out
[INFO] [stdout]   --> /opt/rustwide/workdir/src/lib.rs:10:29
[INFO] [stdout]    |
[INFO] [stdout] 10 | pub use py32f0::py32f003 as pac;
[INFO] [stdout]    |                             ^^^
[INFO] [stdout]    = note: the item is gated behind the `py32f003` feature
[INFO] [stdout] note: found an item that was configured out
[INFO] [stdout]   --> /opt/rustwide/workdir/src/lib.rs:12:29
[INFO] [stdout]    |
[INFO] [stdout] 12 | pub use py32f0::py32f030 as pac;
[INFO] [stdout]    |                             ^^^
[INFO] [stdout]    = note: the item is gated behind the `py32f030` feature
[INFO] [stdout] 
[INFO] [stdout] 
[INFO] [stdout] error[E0432]: unresolved imports `crate::hal::pac`, `crate::hal::prelude`, `crate::hal::spi`, `crate::hal::spi`
[INFO] [stdout]   --> examples/spi_hal_apa102c.rs:9:5
[INFO] [stdout]    |
[INFO] [stdout] 9  |     pac,
[INFO] [stdout]    |     ^^^ no `pac` in the root
[INFO] [stdout] 10 |     prelude::*,
[INFO] [stdout]    |     ^^^^^^^ could not find `prelude` in `hal`
[INFO] [stdout] 11 |     spi::Spi,
[INFO] [stdout]    |     ^^^ could not find `spi` in `hal`
[INFO] [stdout] 12 |     spi::{Mode, Phase, Polarity},
[INFO] [stdout]    |     ^^^ could not find `spi` in `hal`
[INFO] [stdout]    |
[INFO] [stdout] note: found an item that was configured out
[INFO] [stdout]   --> /opt/rustwide/workdir/src/lib.rs:8:30
[INFO] [stdout]    |
[INFO] [stdout] 8  | pub use py32f0::py32f002a as pac;
[INFO] [stdout]    |                              ^^^
[INFO] [stdout]    = note: the item is gated behind the `py32f002a` feature
[INFO] [stdout] note: found an item that was configured out
[INFO] [stdout]   --> /opt/rustwide/workdir/src/lib.rs:10:29
[INFO] [stdout]    |
[INFO] [stdout] 10 | pub use py32f0::py32f003 as pac;
[INFO] [stdout]    |                             ^^^
[INFO] [stdout]    = note: the item is gated behind the `py32f003` feature
[INFO] [stdout] note: found an item that was configured out
[INFO] [stdout]   --> /opt/rustwide/workdir/src/lib.rs:12:29
[INFO] [stdout]    |
[INFO] [stdout] 12 | pub use py32f0::py32f030 as pac;
[INFO] [stdout]    |                             ^^^
[INFO] [stdout]    = note: the item is gated behind the `py32f030` feature
[INFO] [stdout] 
[INFO] [stdout] 
[INFO] [stdout] error[E0432]: unresolved imports `hal::pac`, `hal::prelude`, `hal::pwm`
[INFO] [stdout]   --> examples/pwm.rs:12:11
[INFO] [stdout]    |
[INFO] [stdout] 12 | use hal::{pac, prelude::*, pwm};
[INFO] [stdout]    |           ^^^  ^^^^^^^     ^^^ no `pwm` in the root
[INFO] [stdout]    |           |    |
[INFO] [stdout]    |           |    could not find `prelude` in `hal`
[INFO] [stdout]    |           no `pac` in the root
[INFO] [stdout]    |
[INFO] [stdout] note: found an item that was configured out
[INFO] [stdout]   --> /opt/rustwide/workdir/src/lib.rs:8:30
[INFO] [stdout]    |
[INFO] [stdout] 8  | pub use py32f0::py32f002a as pac;
[INFO] [stdout]    |                              ^^^
[INFO] [stdout]    = note: the item is gated behind the `py32f002a` feature
[INFO] [stdout] note: found an item that was configured out
[INFO] [stdout]   --> /opt/rustwide/workdir/src/lib.rs:10:29
[INFO] [stdout]    |
[INFO] [stdout] 10 | pub use py32f0::py32f003 as pac;
[INFO] [stdout]    |                             ^^^
[INFO] [stdout]    = note: the item is gated behind the `py32f003` feature
[INFO] [stdout] note: found an item that was configured out
[INFO] [stdout]   --> /opt/rustwide/workdir/src/lib.rs:12:29
[INFO] [stdout]    |
[INFO] [stdout] 12 | pub use py32f0::py32f030 as pac;
[INFO] [stdout]    |                             ^^^
[INFO] [stdout]    = note: the item is gated behind the `py32f030` feature
[INFO] [stdout] note: found an item that was configured out
[INFO] [stdout]   --> /opt/rustwide/workdir/src/lib.rs:25:9
[INFO] [stdout]    |
[INFO] [stdout] 25 | pub mod pwm;
[INFO] [stdout]    |         ^^^
[INFO] [stdout]    = note: the item is gated behind the `device-selected` feature
[INFO] [stdout] 
[INFO] [stdout] 
[INFO] [stdout] error[E0433]: failed to resolve: could not find `adc` in `hal`
[INFO] [stdout]   --> examples/blinky_adc.rs:33:54
[INFO] [stdout]    |
[INFO] [stdout] 33 |         let mut adc = Adc::new(p.ADC, &mut rcc, hal::adc::AdcClockMode::Pclk);
[INFO] [stdout]    |                                                      ^^^ could not find `adc` in `hal`
[INFO] [stdout] 
[INFO] [stdout] 
[INFO] [stdout] error[E0432]: unresolved imports `crate::hal::delay`, `crate::hal::pac`, `crate::hal::prelude`, `crate::hal::serial`, `crate::hal::time`, `crate::hal::watchdog`
[INFO] [stdout]   --> examples/watchdog.rs:8:18
[INFO] [stdout]    |
[INFO] [stdout] 8  | use crate::hal::{delay::Delay, pac, prelude::*, serial::Serial, time::Hertz, watchdog::Watchdog};
[INFO] [stdout]    |                  ^^^^^         ^^^  ^^^^^^^     ^^^^^^          ^^^^         ^^^^^^^^ could not find `watchdog` in `hal`
[INFO] [stdout]    |                  |             |    |           |               |
[INFO] [stdout]    |                  |             |    |           |               could not find `time` in `hal`
[INFO] [stdout]    |                  |             |    |           could not find `serial` in `hal`
[INFO] [stdout]    |                  |             |    could not find `prelude` in `hal`
[INFO] [stdout]    |                  |             no `pac` in the root
[INFO] [stdout]    |                  could not find `delay` in `hal`
[INFO] [stdout]    |
[INFO] [stdout] note: found an item that was configured out
[INFO] [stdout]   --> /opt/rustwide/workdir/src/lib.rs:8:30
[INFO] [stdout]    |
[INFO] [stdout] 8  | pub use py32f0::py32f002a as pac;
[INFO] [stdout]    |                              ^^^
[INFO] [stdout]    = note: the item is gated behind the `py32f002a` feature
[INFO] [stdout] note: found an item that was configured out
[INFO] [stdout]   --> /opt/rustwide/workdir/src/lib.rs:10:29
[INFO] [stdout]    |
[INFO] [stdout] 10 | pub use py32f0::py32f003 as pac;
[INFO] [stdout]    |                             ^^^
[INFO] [stdout]    = note: the item is gated behind the `py32f003` feature
[INFO] [stdout] note: found an item that was configured out
[INFO] [stdout]   --> /opt/rustwide/workdir/src/lib.rs:12:29
[INFO] [stdout]    |
[INFO] [stdout] 12 | pub use py32f0::py32f030 as pac;
[INFO] [stdout]    |                             ^^^
[INFO] [stdout]    = note: the item is gated behind the `py32f030` feature
[INFO] [stdout] 
[INFO] [stdout] 
[INFO] [stdout] error[E0432]: unresolved imports `crate::hal::pac`, `crate::hal::prelude`
[INFO] [stdout]   --> examples/blinky.rs:8:18
[INFO] [stdout]    |
[INFO] [stdout] 8  | use crate::hal::{pac, prelude::*};
[INFO] [stdout]    |                  ^^^  ^^^^^^^ could not find `prelude` in `hal`
[INFO] [stdout]    |                  |
[INFO] [stdout]    |                  no `pac` in the root
[INFO] [stdout]    |
[INFO] [stdout] note: found an item that was configured out
[INFO] [stdout]   --> /opt/rustwide/workdir/src/lib.rs:8:30
[INFO] [stdout]    |
[INFO] [stdout] 8  | pub use py32f0::py32f002a as pac;
[INFO] [stdout]    |                              ^^^
[INFO] [stdout]    = note: the item is gated behind the `py32f002a` feature
[INFO] [stdout] note: found an item that was configured out
[INFO] [stdout]   --> /opt/rustwide/workdir/src/lib.rs:10:29
[INFO] [stdout]    |
[INFO] [stdout] 10 | pub use py32f0::py32f003 as pac;
[INFO] [stdout]    |                             ^^^
[INFO] [stdout]    = note: the item is gated behind the `py32f003` feature
[INFO] [stdout] note: found an item that was configured out
[INFO] [stdout]   --> /opt/rustwide/workdir/src/lib.rs:12:29
[INFO] [stdout]    |
[INFO] [stdout] 12 | pub use py32f0::py32f030 as pac;
[INFO] [stdout]    |                             ^^^
[INFO] [stdout]    = note: the item is gated behind the `py32f030` feature
[INFO] [stdout] 
[INFO] [stdout] 
[INFO] [stdout] error: language item required, but not found: `eh_personality`
[INFO] [stdout]   |
[INFO] [stdout]   = note: this can occur when a binary crate with `#![no_std]` is compiled for a target where `eh_personality` is defined in the standard library
[INFO] [stdout]   = help: you may be able to compile for a target that doesn't need `eh_personality`, specify a target with `--target` or in `.cargo/config`
[INFO] [stdout] 
[INFO] [stdout] 
[INFO] [stdout] error: language item required, but not found: `eh_personality`
[INFO] [stdout]   |
[INFO] [stdout]   = note: this can occur when a binary crate with `#![no_std]` is compiled for a target where `eh_personality` is defined in the standard library
[INFO] [stdout]   = help: you may be able to compile for a target that doesn't need `eh_personality`, specify a target with `--target` or in `.cargo/config`
[INFO] [stdout] 
[INFO] [stdout] 
[INFO] [stdout] error[E0432]: unresolved imports `crate::hal::pac`, `crate::hal::prelude`, `crate::hal::gpio`, `crate::hal::rcc`
[INFO] [stdout]   --> examples/adc_values.rs:10:18
[INFO] [stdout]    |
[INFO] [stdout] 10 | use crate::hal::{pac, prelude::*, gpio, rcc::HSIFreq};
[INFO] [stdout]    |                  ^^^  ^^^^^^^     ^^^^  ^^^ could not find `rcc` in `hal`
[INFO] [stdout]    |                  |    |           |
[INFO] [stdout]    |                  |    |           no `gpio` in the root
[INFO] [stdout]    |                  |    could not find `prelude` in `hal`
[INFO] [stdout]    |                  no `pac` in the root
[INFO] [stdout]    |
[INFO] [stdout] note: found an item that was configured out
[INFO] [stdout]   --> /opt/rustwide/workdir/src/lib.rs:8:30
[INFO] [stdout]    |
[INFO] [stdout] 8  | pub use py32f0::py32f002a as pac;
[INFO] [stdout]    |                              ^^^
[INFO] [stdout]    = note: the item is gated behind the `py32f002a` feature
[INFO] [stdout] note: found an item that was configured out
[INFO] [stdout]   --> /opt/rustwide/workdir/src/lib.rs:10:29
[INFO] [stdout]    |
[INFO] [stdout] 10 | pub use py32f0::py32f003 as pac;
[INFO] [stdout]    |                             ^^^
[INFO] [stdout]    = note: the item is gated behind the `py32f003` feature
[INFO] [stdout] note: found an item that was configured out
[INFO] [stdout]   --> /opt/rustwide/workdir/src/lib.rs:12:29
[INFO] [stdout]    |
[INFO] [stdout] 12 | pub use py32f0::py32f030 as pac;
[INFO] [stdout]    |                             ^^^
[INFO] [stdout]    = note: the item is gated behind the `py32f030` feature
[INFO] [stdout] note: found an item that was configured out
[INFO] [stdout]   --> /opt/rustwide/workdir/src/lib.rs:19:9
[INFO] [stdout]    |
[INFO] [stdout] 19 | pub mod gpio;
[INFO] [stdout]    |         ^^^^
[INFO] [stdout]    = note: the item is gated behind the `device-selected` feature
[INFO] [stdout] 
[INFO] [stdout] 
[INFO] [stdout] error: language item required, but not found: `eh_personality`
[INFO] [stdout]   |
[INFO] [stdout]   = note: this can occur when a binary crate with `#![no_std]` is compiled for a target where `eh_personality` is defined in the standard library
[INFO] [stdout]   = help: you may be able to compile for a target that doesn't need `eh_personality`, specify a target with `--target` or in `.cargo/config`
[INFO] [stdout] 
[INFO] [stdout] 
[INFO] [stdout] error: aborting due to 2 previous errors
[INFO] [stdout] 
[INFO] [stdout] 
[INFO] [stdout] For more information about this error, try `rustc --explain E0432`.
[INFO] [stdout] 
[INFO] [stdout] error: aborting due to 2 previous errors
[INFO] [stdout] 
[INFO] [stdout] 
[INFO] [stdout] For more information about this error, try `rustc --explain E0432`.
[INFO] [stdout] 
[INFO] [stdout] error: aborting due to 2 previous errors
[INFO] [stdout] 
[INFO] [stdout] 
[INFO] [stdout] For more information about this error, try `rustc --explain E0432`.
[INFO] [stdout] 
[INFO] [stdout] error: language item required, but not found: `eh_personality`
[INFO] [stdout]   |
[INFO] [stdout]   = note: this can occur when a binary crate with `#![no_std]` is compiled for a target where `eh_personality` is defined in the standard library
[INFO] [stdout]   = help: you may be able to compile for a target that doesn't need `eh_personality`, specify a target with `--target` or in `.cargo/config`
[INFO] [stdout] 
[INFO] [stdout] 
[INFO] [stdout] error: language item required, but not found: `eh_personality`
[INFO] [stdout]   |
[INFO] [stdout]   = note: this can occur when a binary crate with `#![no_std]` is compiled for a target where `eh_personality` is defined in the standard library
[INFO] [stdout]   = help: you may be able to compile for a target that doesn't need `eh_personality`, specify a target with `--target` or in `.cargo/config`
[INFO] [stdout] 
[INFO] [stdout] 
[INFO] [stdout] error[E0433]: failed to resolve: could not find `adc` in `hal`
[INFO] [stdout]   --> examples/adc_values.rs:18:15
[INFO] [stdout]    |
[INFO] [stdout] 18 |     adc: hal::adc::Adc,
[INFO] [stdout]    |               ^^^ could not find `adc` in `hal`
[INFO] [stdout] 
[INFO] [stdout] 
[INFO] [stdout] error: aborting due to 2 previous errors
[INFO] [stdout] 
[INFO] [stdout] 
[INFO] [stdout] For more information about this error, try `rustc --explain E0432`.
[INFO] [stdout] 
[INFO] [stdout] error: language item required, but not found: `eh_personality`
[INFO] [stdout]   |
[INFO] [stdout]   = note: this can occur when a binary crate with `#![no_std]` is compiled for a target where `eh_personality` is defined in the standard library
[INFO] [stdout]   = help: you may be able to compile for a target that doesn't need `eh_personality`, specify a target with `--target` or in `.cargo/config`
[INFO] [stdout] 
[INFO] [stdout] 
[INFO] [stdout] error[E0433]: failed to resolve: could not find `serial` in `hal`
[INFO] [stdout]   --> examples/adc_values.rs:19:14
[INFO] [stdout]    |
[INFO] [stdout] 19 |     tx: hal::serial::Tx<pac::USART1>,
[INFO] [stdout]    |              ^^^^^^ could not find `serial` in `hal`
[INFO] [stdout] 
[INFO] [stdout] 
[INFO] [stdout] error: aborting due to 2 previous errors
[INFO] [stdout] 
[INFO] [stdout] 
[INFO] [stdout] For more information about this error, try `rustc --explain E0432`.
[INFO] [stdout] 
[INFO] [stdout] error: aborting due to 3 previous errors
[INFO] [stdout] 
[INFO] [stdout] 
[INFO] [stdout] Some errors have detailed explanations: E0432, E0433.
[INFO] [stdout] 
[INFO] [stdout] For more information about an error, try `rustc --explain E0432`.
[INFO] [stdout] 
[INFO] [stderr] error: could not compile `py32f0xx-hal` (example "spi_hal_apa102c") due to 3 previous errors
[INFO] [stderr] warning: build failed, waiting for other jobs to finish...
[INFO] [stderr] error: could not compile `py32f0xx-hal` (example "blinky_multiple") due to 3 previous errors
[INFO] [stdout] error[E0412]: cannot find type `Output` in this scope
[INFO] [stdout]   --> examples/led_hal_button_irq.rs:21:45
[INFO] [stdout]    |
[INFO] [stdout] 21 | static LED: Mutex<RefCell<Option<gpioa::PA5<Output<PushPull>>>>> = Mutex::new(RefCell::new(None));
[INFO] [stdout]    |                                             ^^^^^^ not found in this scope
[INFO] [stdout]    |
[INFO] [stdout] help: there is an enum variant `py32f0::py32f030::gpioa::moder::MODE0_A::Output` and 15 others; try using the variant's enum
[INFO] [stdout]    |
[INFO] [stdout] 21 | static LED: Mutex<RefCell<Option<gpioa::PA5<py32f0::py32f030::gpioa::moder::MODE0_A>>>> = Mutex::new(RefCell::new(None));
[INFO] [stdout]    |                                             ~~~~~~~~~~~~~~~~~~~~~~~~~~~~~~~~~~~~~~~
[INFO] [stdout] 21 | static LED: Mutex<RefCell<Option<gpioa::PA5<py32f0::py32f030::gpiob::moder::MODE0_A>>>> = Mutex::new(RefCell::new(None));
[INFO] [stdout]    |                                             ~~~~~~~~~~~~~~~~~~~~~~~~~~~~~~~~~~~~~~~
[INFO] [stdout] 21 | static LED: Mutex<RefCell<Option<gpioa::PA5<py32f0::py32f030::tim14::ccmr1_output::CC1S_A>>>> = Mutex::new(RefCell::new(None));
[INFO] [stdout]    |                                             ~~~~~~~~~~~~~~~~~~~~~~~~~~~~~~~~~~~~~~~~~~~~~
[INFO] [stdout] 21 | static LED: Mutex<RefCell<Option<gpioa::PA5<py32f0::py32f030::tim16::ccmr1_output::CC1S_A>>>> = Mutex::new(RefCell::new(None));
[INFO] [stdout]    |                                             ~~~~~~~~~~~~~~~~~~~~~~~~~~~~~~~~~~~~~~~~~~~~~
[INFO] [stdout]      and 11 other candidates
[INFO] [stdout] 
[INFO] [stdout] 
[INFO] [stdout] error[E0412]: cannot find type `PushPull` in this scope
[INFO] [stdout]   --> examples/led_hal_button_irq.rs:21:52
[INFO] [stdout]    |
[INFO] [stdout] 21 | static LED: Mutex<RefCell<Option<gpioa::PA5<Output<PushPull>>>>> = Mutex::new(RefCell::new(None));
[INFO] [stdout]    |                                                    ^^^^^^^^ not found in this scope
[INFO] [stdout]    |
[INFO] [stdout] help: there is an enum variant `py32f0::py32f030::gpioa::otyper::OT0_A::PushPull` and 1 other; try using the variant's enum
[INFO] [stdout]    |
[INFO] [stdout] 21 | static LED: Mutex<RefCell<Option<gpioa::PA5<Output<py32f0::py32f030::gpioa::otyper::OT0_A>>>>> = Mutex::new(RefCell::new(None));
[INFO] [stdout]    |                                                    ~~~~~~~~~~~~~~~~~~~~~~~~~~~~~~~~~~~~~~
[INFO] [stdout] 21 | static LED: Mutex<RefCell<Option<gpioa::PA5<Output<py32f0::py32f030::gpiob::otyper::OT0_A>>>>> = Mutex::new(RefCell::new(None));
[INFO] [stdout]    |                                                    ~~~~~~~~~~~~~~~~~~~~~~~~~~~~~~~~~~~~~~
[INFO] [stdout] 
[INFO] [stdout] 
[INFO] [stderr] error: could not compile `py32f0xx-hal` (example "pwm") due to 3 previous errors
[INFO] [stdout] error: language item required, but not found: `eh_personality`
[INFO] [stdout]   |
[INFO] [stdout]   = note: this can occur when a binary crate with `#![no_std]` is compiled for a target where `eh_personality` is defined in the standard library
[INFO] [stdout]   = help: you may be able to compile for a target that doesn't need `eh_personality`, specify a target with `--target` or in `.cargo/config`
[INFO] [stdout] 
[INFO] [stdout] 
[INFO] [stderr] error: could not compile `py32f0xx-hal` (example "watchdog") due to 3 previous errors
[INFO] [stdout] error[E0433]: failed to resolve: could not find `serial` in `hal`
[INFO] [stdout]   --> examples/adc_values.rs:62:22
[INFO] [stdout]    |
[INFO] [stdout] 62 |                 hal::serial::Serial::usart1(dp.USART1, (tx, rx), 115_200.bps(), &mut rcc).split();
[INFO] [stdout]    |                      ^^^^^^ could not find `serial` in `hal`
[INFO] [stdout] 
[INFO] [stdout] 
[INFO] [stdout] error[E0433]: failed to resolve: use of undeclared crate or module `gpioa`
[INFO] [stdout]   --> examples/led_hal_button_irq.rs:21:34
[INFO] [stdout]    |
[INFO] [stdout] 21 | static LED: Mutex<RefCell<Option<gpioa::PA5<Output<PushPull>>>>> = Mutex::new(RefCell::new(None));
[INFO] [stdout]    |                                  ^^^^^ use of undeclared crate or module `gpioa`
[INFO] [stdout] 
[INFO] [stdout] 
[INFO] [stdout] error: aborting due to 6 previous errors
[INFO] [stdout] 
[INFO] [stdout] 
[INFO] [stdout] Some errors have detailed explanations: E0412, E0432, E0433.
[INFO] [stdout] 
[INFO] [stdout] For more information about an error, try `rustc --explain E0412`.
[INFO] [stdout] 
[INFO] [stdout] error[E0433]: failed to resolve: could not find `adc` in `hal`
[INFO] [stdout]   --> examples/adc_values.rs:65:28
[INFO] [stdout]    |
[INFO] [stdout] 65 |             let adc = hal::adc::Adc::new(dp.ADC, &mut rcc, hal::adc::AdcClockMode::default());
[INFO] [stdout]    |                            ^^^ could not find `adc` in `hal`
[INFO] [stdout]    |
[INFO] [stdout] help: there is an enum variant `py32f0::py32f030::syscfg::cfgr2::ETR_SRC_TIM1_A::Adc` and 1 other; try using the variant's enum
[INFO] [stdout]    |
[INFO] [stdout] 65 |             let adc = py32f0::py32f030::syscfg::cfgr2::ETR_SRC_TIM1_A(dp.ADC, &mut rcc, hal::adc::AdcClockMode::default());
[INFO] [stdout]    |                       ~~~~~~~~~~~~~~~~~~~~~~~~~~~~~~~~~~~~~~~~~~~~~~~
[INFO] [stdout] 65 |             let adc = py32f0::py32f030::syscfg::cfgr3::DMA1_MAP_A(dp.ADC, &mut rcc, hal::adc::AdcClockMode::default());
[INFO] [stdout]    |                       ~~~~~~~~~~~~~~~~~~~~~~~~~~~~~~~~~~~~~~~~~~~
[INFO] [stdout] 
[INFO] [stdout] 
[INFO] [stderr] error: could not compile `py32f0xx-hal` (example "blinky") due to 3 previous errors
[INFO] [stderr] error: could not compile `py32f0xx-hal` (example "blinky_adc") due to 4 previous errors
[INFO] [stdout] error[E0433]: failed to resolve: could not find `adc` in `hal`
[INFO] [stdout]   --> examples/adc_values.rs:65:65
[INFO] [stdout]    |
[INFO] [stdout] 65 |             let adc = hal::adc::Adc::new(dp.ADC, &mut rcc, hal::adc::AdcClockMode::default());
[INFO] [stdout]    |                                                                 ^^^ could not find `adc` in `hal`
[INFO] [stdout] 
[INFO] [stdout] 
[INFO] [stdout] error[E0433]: failed to resolve: could not find `adc` in `hal`
[INFO] [stdout]   --> examples/adc_values.rs:94:26
[INFO] [stdout]    |
[INFO] [stdout] 94 |             let t = hal::adc::VTemp::read(&mut shared.adc, None);
[INFO] [stdout]    |                          ^^^ could not find `adc` in `hal`
[INFO] [stdout] 
[INFO] [stdout] 
[INFO] [stderr] error: could not compile `py32f0xx-hal` (example "led_hal_button_irq") due to 7 previous errors
[INFO] [stdout] error[E0433]: failed to resolve: could not find `adc` in `hal`
[INFO] [stdout]   --> examples/adc_values.rs:99:26
[INFO] [stdout]    |
[INFO] [stdout] 99 |             let t = hal::adc::VRef::read_vdda(&mut shared.adc);
[INFO] [stdout]    |                          ^^^ could not find `adc` in `hal`
[INFO] [stdout] 
[INFO] [stdout] 
[INFO] [stdout] error[E0433]: failed to resolve: could not find `adc` in `hal`
[INFO] [stdout]    --> examples/adc_values.rs:104:26
[INFO] [stdout]     |
[INFO] [stdout] 104 |             let t = hal::adc::Adc::read_abs_mv(&mut shared.adc, &mut shared.ain1);
[INFO] [stdout]     |                          ^^^ could not find `adc` in `hal`
[INFO] [stdout]     |
[INFO] [stdout] help: there is an enum variant `py32f0::py32f030::syscfg::cfgr2::ETR_SRC_TIM1_A::Adc` and 1 other; try using the variant's enum
[INFO] [stdout]     |
[INFO] [stdout] 104 |             let t = py32f0::py32f030::syscfg::cfgr2::ETR_SRC_TIM1_A(&mut shared.adc, &mut shared.ain1);
[INFO] [stdout]     |                     ~~~~~~~~~~~~~~~~~~~~~~~~~~~~~~~~~~~~~~~~~~~~~~~
[INFO] [stdout] 104 |             let t = py32f0::py32f030::syscfg::cfgr3::DMA1_MAP_A(&mut shared.adc, &mut shared.ain1);
[INFO] [stdout]     |                     ~~~~~~~~~~~~~~~~~~~~~~~~~~~~~~~~~~~~~~~~~~~
[INFO] [stdout] 
[INFO] [stdout] 
[INFO] [stdout] error[E0433]: failed to resolve: could not find `pac` in `hal`
[INFO] [stdout]   --> examples/adc_values.rs:31:14
[INFO] [stdout]    |
[INFO] [stdout] 31 |         hal::pac::Peripherals::take(),
[INFO] [stdout]    |              ^^^ could not find `pac` in `hal`
[INFO] [stdout]    |
[INFO] [stdout] help: consider importing one of these items
[INFO] [stdout]    |
[INFO] [stdout] 4  + use cortex_m::Peripherals;
[INFO] [stdout]    |
[INFO] [stdout] 4  + use py32f0::py32f030::Peripherals;
[INFO] [stdout]    |
[INFO] [stdout] help: if you import `Peripherals`, refer to it directly
[INFO] [stdout]    |
[INFO] [stdout] 31 -         hal::pac::Peripherals::take(),
[INFO] [stdout] 31 +         Peripherals::take(),
[INFO] [stdout]    |
[INFO] [stdout] 
[INFO] [stdout] 
[INFO] [stdout] error: language item required, but not found: `eh_personality`
[INFO] [stdout]   |
[INFO] [stdout]   = note: this can occur when a binary crate with `#![no_std]` is compiled for a target where `eh_personality` is defined in the standard library
[INFO] [stdout]   = help: you may be able to compile for a target that doesn't need `eh_personality`, specify a target with `--target` or in `.cargo/config`
[INFO] [stdout] 
[INFO] [stdout] 
[INFO] [stdout] error: aborting due to 11 previous errors
[INFO] [stdout] 
[INFO] [stdout] 
[INFO] [stdout] Some errors have detailed explanations: E0432, E0433.
[INFO] [stdout] 
[INFO] [stdout] For more information about an error, try `rustc --explain E0432`.
[INFO] [stdout] 
[INFO] [stderr] error: could not compile `py32f0xx-hal` (example "adc_values") due to 12 previous errors
[INFO] running `Command { std: "docker" "inspect" "13452bba04282986bf755f534fc2a103d24aa6225d6dab1455a4331fb99dc605", kill_on_drop: false }`
[INFO] running `Command { std: "docker" "rm" "-f" "13452bba04282986bf755f534fc2a103d24aa6225d6dab1455a4331fb99dc605", kill_on_drop: false }`
[INFO] [stdout] 13452bba04282986bf755f534fc2a103d24aa6225d6dab1455a4331fb99dc605
