[INFO] fetching crate pubnub 0.4.1...
[INFO] testing pubnub-0.4.1 against 1.75.0 for beta-1.76-1
[INFO] extracting crate pubnub 0.4.1 into /workspace/builds/worker-4-tc1/source
[INFO] validating manifest of crates.io crate pubnub 0.4.1 on toolchain 1.75.0
[INFO] running `Command { std: CARGO_HOME="/workspace/cargo-home" RUSTUP_HOME="/workspace/rustup-home" "/workspace/cargo-home/bin/cargo" "+1.75.0" "metadata" "--manifest-path" "Cargo.toml" "--no-deps", kill_on_drop: false }`
[INFO] started tweaking crates.io crate pubnub 0.4.1
[INFO] removed 0 missing examples
[INFO] removed 0 missing tests
[INFO] finished tweaking crates.io crate pubnub 0.4.1
[INFO] tweaked toml for crates.io crate pubnub 0.4.1 written to /workspace/builds/worker-4-tc1/source/Cargo.toml
[INFO] crate crates.io crate pubnub 0.4.1 already has a lockfile, it will not be regenerated
[INFO] running `Command { std: CARGO_HOME="/workspace/cargo-home" RUSTUP_HOME="/workspace/rustup-home" "/workspace/cargo-home/bin/cargo" "+1.75.0" "fetch" "--manifest-path" "Cargo.toml", kill_on_drop: false }`
[INFO] [stderr]     Updating crates.io index
[INFO] [stderr]  Downloading crates ...
[INFO] [stderr]   Downloaded typed-builder v0.15.2
[INFO] [stderr]   Downloaded test-case-core v3.2.1
[INFO] [stderr]   Downloaded inventory v0.3.13
[INFO] [stderr]   Downloaded synthez-core v0.3.1
[INFO] [stderr]   Downloaded phantom-type v0.4.2
[INFO] [stderr]   Downloaded synthez-codegen v0.3.1
[INFO] [stderr]   Downloaded synthez v0.3.1
[INFO] [stderr]   Downloaded test-case-macros v3.2.1
[INFO] [stderr]   Downloaded lazy-regex v3.0.2
[INFO] [stderr]   Downloaded cucumber-expressions v0.3.0
[INFO] [stderr]   Downloaded drain_filter_polyfill v0.1.3
[INFO] [stderr]   Downloaded test-case v3.2.1
[INFO] [stderr]   Downloaded cucumber v0.20.1
[INFO] [stderr]   Downloaded typed-builder-macro v0.15.2
[INFO] [stderr]   Downloaded derive-getters v0.3.0
[INFO] [stderr]   Downloaded gherkin v0.14.0
[INFO] [stderr]   Downloaded smart-default v0.7.1
[INFO] [stderr]   Downloaded junit-report v0.8.3
[INFO] [stderr]   Downloaded cucumber-codegen v0.20.1
[INFO] [stderr]   Downloaded wiremock v0.5.20
[INFO] running `Command { std: "docker" "create" "-v" "/var/lib/crater-agent-workspace/builds/worker-4-tc1/target:/opt/rustwide/target:rw,Z" "-v" "/var/lib/crater-agent-workspace/builds/worker-4-tc1/source:/opt/rustwide/workdir:ro,Z" "-v" "/var/lib/crater-agent-workspace/cargo-home:/opt/rustwide/cargo-home:ro,Z" "-v" "/var/lib/crater-agent-workspace/rustup-home:/opt/rustwide/rustup-home:ro,Z" "-e" "SOURCE_DIR=/opt/rustwide/workdir" "-e" "CARGO_TARGET_DIR=/opt/rustwide/target" "-e" "CARGO_HOME=/opt/rustwide/cargo-home" "-e" "RUSTUP_HOME=/opt/rustwide/rustup-home" "-w" "/opt/rustwide/workdir" "-m" "1610612736" "--user" "0:0" "--network" "none" "ghcr.io/rust-lang/crates-build-env/linux@sha256:2788e3201cd34a07e3172128adcd8b3090168a8e3bcc40d7c032b9dda1df7d1c" "/opt/rustwide/cargo-home/bin/cargo" "+1.75.0" "metadata" "--no-deps" "--format-version=1", kill_on_drop: false }`
[INFO] [stdout] 4f9172c09a428d0a579fc2ffade75158405f0fb34e471e1300c4fd8c76ccc484
[INFO] running `Command { std: "docker" "start" "-a" "4f9172c09a428d0a579fc2ffade75158405f0fb34e471e1300c4fd8c76ccc484", kill_on_drop: false }`
[INFO] running `Command { std: "docker" "inspect" "4f9172c09a428d0a579fc2ffade75158405f0fb34e471e1300c4fd8c76ccc484", kill_on_drop: false }`
[INFO] running `Command { std: "docker" "rm" "-f" "4f9172c09a428d0a579fc2ffade75158405f0fb34e471e1300c4fd8c76ccc484", kill_on_drop: false }`
[INFO] [stdout] 4f9172c09a428d0a579fc2ffade75158405f0fb34e471e1300c4fd8c76ccc484
[INFO] running `Command { std: "docker" "create" "-v" "/var/lib/crater-agent-workspace/builds/worker-4-tc1/target:/opt/rustwide/target:rw,Z" "-v" "/var/lib/crater-agent-workspace/builds/worker-4-tc1/source:/opt/rustwide/workdir:ro,Z" "-v" "/var/lib/crater-agent-workspace/cargo-home:/opt/rustwide/cargo-home:ro,Z" "-v" "/var/lib/crater-agent-workspace/rustup-home:/opt/rustwide/rustup-home:ro,Z" "-e" "SOURCE_DIR=/opt/rustwide/workdir" "-e" "CARGO_TARGET_DIR=/opt/rustwide/target" "-e" "CARGO_INCREMENTAL=0" "-e" "RUST_BACKTRACE=full" "-e" "RUSTFLAGS=--cap-lints=warn" "-e" "RUSTDOCFLAGS=--cap-lints=warn" "-e" "CARGO_HOME=/opt/rustwide/cargo-home" "-e" "RUSTUP_HOME=/opt/rustwide/rustup-home" "-w" "/opt/rustwide/workdir" "-m" "1610612736" "--user" "0:0" "--network" "none" "ghcr.io/rust-lang/crates-build-env/linux@sha256:2788e3201cd34a07e3172128adcd8b3090168a8e3bcc40d7c032b9dda1df7d1c" "/opt/rustwide/cargo-home/bin/cargo" "+1.75.0" "build" "--frozen" "--message-format=json", kill_on_drop: false }`
[INFO] [stdout] 3a62dc66a07f881c499687241415115b22ca33a8ff7d6bf696dfe0cfa26301b1
[INFO] running `Command { std: "docker" "start" "-a" "3a62dc66a07f881c499687241415115b22ca33a8ff7d6bf696dfe0cfa26301b1", kill_on_drop: false }`
[INFO] [stderr]    Compiling proc-macro2 v1.0.69
[INFO] [stderr]    Compiling libc v0.2.149
[INFO] [stderr]    Compiling once_cell v1.18.0
[INFO] [stderr]    Compiling serde v1.0.190
[INFO] [stderr]    Compiling futures-core v0.3.29
[INFO] [stderr]    Compiling vcpkg v0.2.15
[INFO] [stderr]    Compiling futures-task v0.3.29
[INFO] [stderr]    Compiling futures-channel v0.3.29
[INFO] [stderr]    Compiling futures-sink v0.3.29
[INFO] [stderr]    Compiling percent-encoding v2.3.0
[INFO] [stderr]    Compiling itoa v1.0.9
[INFO] [stderr]    Compiling unicode-normalization v0.1.22
[INFO] [stderr]    Compiling num-traits v0.2.17
[INFO] [stderr]    Compiling hashbrown v0.14.2
[INFO] [stderr]    Compiling unicode-bidi v0.3.13
[INFO] [stderr]    Compiling equivalent v1.0.1
[INFO] [stderr]    Compiling futures-util v0.3.29
[INFO] [stderr]    Compiling num-integer v0.1.45
[INFO] [stderr]    Compiling form_urlencoded v1.2.0
[INFO] [stderr]    Compiling tracing-core v0.1.32
[INFO] [stderr]    Compiling semver v1.0.20
[INFO] [stderr]    Compiling futures-io v0.3.29
[INFO] [stderr]    Compiling ident_case v1.0.1
[INFO] [stderr]    Compiling winnow v0.5.18
[INFO] [stderr]    Compiling strsim v0.10.0
[INFO] [stderr]    Compiling memchr v2.6.4
[INFO] [stderr]    Compiling openssl v0.10.58
[INFO] [stderr]    Compiling tracing v0.1.40
[INFO] [stderr]    Compiling http v0.2.9
[INFO] [stderr]    Compiling idna v0.4.0
[INFO] [stderr]    Compiling indexmap v2.1.0
[INFO] [stderr]    Compiling quote v1.0.33
[INFO] [stderr]    Compiling num-bigint v0.4.4
[INFO] [stderr]    Compiling bitflags v2.4.1
[INFO] [stderr]    Compiling native-tls v0.2.11
[INFO] [stderr]    Compiling syn v2.0.38
[INFO] [stderr]    Compiling cc v1.0.83
[INFO] [stderr]    Compiling syn v1.0.109
[INFO] [stderr]    Compiling num_cpus v1.16.0
[INFO] [stderr]    Compiling mio v0.8.9
[INFO] [stderr]    Compiling socket2 v0.5.5
[INFO] [stderr]    Compiling getrandom v0.2.10
[INFO] [stderr]    Compiling crossbeam-utils v0.8.16
[INFO] [stderr]    Compiling log v0.4.20
[INFO] [stderr]    Compiling url v2.4.1
[INFO] [stderr]    Compiling want v0.3.1
[INFO] [stderr]    Compiling socket2 v0.4.10
[INFO] [stderr]    Compiling ahash v0.8.6
[INFO] [stderr]    Compiling ryu v1.0.15
[INFO] [stderr]    Compiling digest v0.10.7
[INFO] [stderr]    Compiling rand_core v0.6.4
[INFO] [stderr]    Compiling serde_json v1.0.108
[INFO] [stderr]    Compiling http-body v0.4.5
[INFO] [stderr]    Compiling async-trait v0.1.74
[INFO] [stderr]    Compiling zerocopy v0.7.23
[INFO] [stderr]    Compiling concurrent-queue v2.3.0
[INFO] [stderr]    Compiling deranged v0.3.9
[INFO] [stderr]    Compiling rand_chacha v0.3.1
[INFO] [stderr]    Compiling encoding_rs v0.8.33
[INFO] [stderr]    Compiling ipnet v2.9.0
[INFO] [stderr]    Compiling event-listener v2.5.3
[INFO] [stderr]    Compiling cpufeatures v0.2.11
[INFO] [stderr]    Compiling allocator-api2 v0.2.16
[INFO] [stderr]    Compiling base64 v0.21.5
[INFO] [stderr]    Compiling async-channel v1.9.0
[INFO] [stderr]    Compiling rand v0.8.5
[INFO] [stderr]    Compiling sha2 v0.10.8
[INFO] [stderr]    Compiling openssl-sys v0.9.94
[INFO] [stderr]    Compiling spin v0.9.8
[INFO] [stderr]    Compiling hmac v0.12.1
[INFO] [stderr]    Compiling uuid v1.5.0
[INFO] [stderr]    Compiling time v0.3.30
[INFO] [stderr]    Compiling darling_core v0.14.4
[INFO] [stderr]    Compiling serde_derive v1.0.190
[INFO] [stderr]    Compiling tokio-macros v2.1.0
[INFO] [stderr]    Compiling futures-macro v0.3.29
[INFO] [stderr]    Compiling openssl-macros v0.1.1
[INFO] [stderr]    Compiling enum-ordinalize v3.1.15
[INFO] [stderr]    Compiling snafu-derive v0.7.5
[INFO] [stderr]    Compiling educe v0.4.23
[INFO] [stderr]    Compiling tokio v1.33.0
[INFO] [stderr]    Compiling darling_macro v0.14.4
[INFO] [stderr]    Compiling snafu v0.7.5
[INFO] [stderr]    Compiling darling v0.14.4
[INFO] [stderr]    Compiling derive_builder_core v0.12.0
[INFO] [stderr]    Compiling phantom-type v0.4.2
[INFO] [stderr]    Compiling derive_builder_macro v0.12.0
[INFO] [stderr]    Compiling derive_builder v0.12.0
[INFO] [stderr]    Compiling futures v0.3.29
[INFO] [stderr]    Compiling tokio-util v0.7.10
[INFO] [stderr]    Compiling tokio-native-tls v0.3.1
[INFO] [stderr]    Compiling toml_datetime v0.6.5
[INFO] [stderr]    Compiling serde_spanned v0.6.4
[INFO] [stderr]    Compiling serde_urlencoded v0.7.1
[INFO] [stderr]    Compiling toml_edit v0.19.15
[INFO] [stderr]    Compiling h2 v0.3.21
[INFO] [stderr]    Compiling toml v0.7.8
[INFO] [stderr]    Compiling cargo-lock v9.0.0
[INFO] [stderr]    Compiling built v0.6.1
[INFO] [stderr]    Compiling hyper v0.14.27
[INFO] [stderr]    Compiling pubnub v0.4.1 (/opt/rustwide/workdir)
[INFO] [stderr]    Compiling hyper-tls v0.5.0
[INFO] [stderr]    Compiling reqwest v0.11.22
[INFO] [stdout] warning: variable `input` is assigned to, but never used
[INFO] [stdout]    --> src/dx/subscribe/mod.rs:147:17
[INFO] [stdout]     |
[INFO] [stdout] 147 |         let mut input: Option<SubscribeInput> = None;
[INFO] [stdout]     |                 ^^^^^
[INFO] [stdout]     |
[INFO] [stdout]     = note: consider using `_input` instead
[INFO] [stdout]     = note: `#[warn(unused_variables)]` on by default
[INFO] [stdout] 
[INFO] [stdout] 
[INFO] [stdout] warning: value assigned to `input` is never read
[INFO] [stdout]    --> src/dx/subscribe/mod.rs:151:13
[INFO] [stdout]     |
[INFO] [stdout] 151 |             input = (!current_input.is_empty).then_some(current_input);
[INFO] [stdout]     |             ^^^^^
[INFO] [stdout]     |
[INFO] [stdout]     = help: maybe it is overwritten before being read?
[INFO] [stdout]     = note: `#[warn(unused_assignments)]` on by default
[INFO] [stdout] 
[INFO] [stdout] 
[INFO] [stdout] warning: variable `input` is assigned to, but never used
[INFO] [stdout]    --> src/dx/subscribe/mod.rs:215:17
[INFO] [stdout]     |
[INFO] [stdout] 215 |         let mut input: Option<SubscribeInput> = None;
[INFO] [stdout]     |                 ^^^^^
[INFO] [stdout]     |
[INFO] [stdout]     = note: consider using `_input` instead
[INFO] [stdout] 
[INFO] [stdout] 
[INFO] [stdout] warning: value assigned to `input` is never read
[INFO] [stdout]    --> src/dx/subscribe/mod.rs:219:13
[INFO] [stdout]     |
[INFO] [stdout] 219 |             input = (!current_input.is_empty).then_some(current_input);
[INFO] [stdout]     |             ^^^^^
[INFO] [stdout]     |
[INFO] [stdout]     = help: maybe it is overwritten before being read?
[INFO] [stdout] 
[INFO] [stdout] 
[INFO] [stdout] warning: unused variable: `client`
[INFO] [stdout]    --> src/dx/subscribe/mod.rs:351:9
[INFO] [stdout]     |
[INFO] [stdout] 351 |         client: Self,
[INFO] [stdout]     |         ^^^^^^ help: if this is intentional, prefix it with an underscore: `_client`
[INFO] [stdout] 
[INFO] [stdout] 
[INFO] [stdout] warning: unused variable: `channels`
[INFO] [stdout]    --> src/dx/subscribe/mod.rs:352:9
[INFO] [stdout]     |
[INFO] [stdout] 352 |         channels: Option<Vec<String>>,
[INFO] [stdout]     |         ^^^^^^^^ help: if this is intentional, prefix it with an underscore: `_channels`
[INFO] [stdout] 
[INFO] [stdout] 
[INFO] [stdout] warning: unused variable: `channel_groups`
[INFO] [stdout]    --> src/dx/subscribe/mod.rs:353:9
[INFO] [stdout]     |
[INFO] [stdout] 353 |         channel_groups: Option<Vec<String>>,
[INFO] [stdout]     |         ^^^^^^^^^^^^^^ help: if this is intentional, prefix it with an underscore: `_channel_groups`
[INFO] [stdout] 
[INFO] [stdout] 
[INFO] [stdout] warning: unused variable: `client`
[INFO] [stdout]    --> src/dx/subscribe/mod.rs:382:9
[INFO] [stdout]     |
[INFO] [stdout] 382 |         client: Self,
[INFO] [stdout]     |         ^^^^^^ help: if this is intentional, prefix it with an underscore: `_client`
[INFO] [stdout] 
[INFO] [stdout] 
[INFO] [stdout] warning: unused variable: `channels`
[INFO] [stdout]    --> src/dx/subscribe/mod.rs:383:9
[INFO] [stdout]     |
[INFO] [stdout] 383 |         channels: Option<Vec<String>>,
[INFO] [stdout]     |         ^^^^^^^^ help: if this is intentional, prefix it with an underscore: `_channels`
[INFO] [stdout] 
[INFO] [stdout] 
[INFO] [stdout] warning: unused variable: `channel_groups`
[INFO] [stdout]    --> src/dx/subscribe/mod.rs:384:9
[INFO] [stdout]     |
[INFO] [stdout] 384 |         channel_groups: Option<Vec<String>>,
[INFO] [stdout]     |         ^^^^^^^^^^^^^^ help: if this is intentional, prefix it with an underscore: `_channel_groups`
[INFO] [stdout] 
[INFO] [stdout] 
[INFO] [stdout] warning: 10 warnings emitted
[INFO] [stdout] 
[INFO] [stdout] 
[INFO] [stderr]     Finished dev [unoptimized + debuginfo] target(s) in 21.64s
[INFO] running `Command { std: "docker" "inspect" "3a62dc66a07f881c499687241415115b22ca33a8ff7d6bf696dfe0cfa26301b1", kill_on_drop: false }`
[INFO] running `Command { std: "docker" "rm" "-f" "3a62dc66a07f881c499687241415115b22ca33a8ff7d6bf696dfe0cfa26301b1", kill_on_drop: false }`
[INFO] [stdout] 3a62dc66a07f881c499687241415115b22ca33a8ff7d6bf696dfe0cfa26301b1
[INFO] running `Command { std: "docker" "create" "-v" "/var/lib/crater-agent-workspace/builds/worker-4-tc1/target:/opt/rustwide/target:rw,Z" "-v" "/var/lib/crater-agent-workspace/builds/worker-4-tc1/source:/opt/rustwide/workdir:ro,Z" "-v" "/var/lib/crater-agent-workspace/cargo-home:/opt/rustwide/cargo-home:ro,Z" "-v" "/var/lib/crater-agent-workspace/rustup-home:/opt/rustwide/rustup-home:ro,Z" "-e" "SOURCE_DIR=/opt/rustwide/workdir" "-e" "CARGO_TARGET_DIR=/opt/rustwide/target" "-e" "CARGO_INCREMENTAL=0" "-e" "RUST_BACKTRACE=full" "-e" "RUSTFLAGS=--cap-lints=warn" "-e" "RUSTDOCFLAGS=--cap-lints=warn" "-e" "CARGO_HOME=/opt/rustwide/cargo-home" "-e" "RUSTUP_HOME=/opt/rustwide/rustup-home" "-w" "/opt/rustwide/workdir" "-m" "1610612736" "--user" "0:0" "--network" "none" "ghcr.io/rust-lang/crates-build-env/linux@sha256:2788e3201cd34a07e3172128adcd8b3090168a8e3bcc40d7c032b9dda1df7d1c" "/opt/rustwide/cargo-home/bin/cargo" "+1.75.0" "test" "--frozen" "--no-run" "--message-format=json", kill_on_drop: false }`
[INFO] [stdout] 262945a2a1e7958b5d31faebf85d26f9a1058b25967511ad5da75237586250d1
[INFO] running `Command { std: "docker" "start" "-a" "262945a2a1e7958b5d31faebf85d26f9a1058b25967511ad5da75237586250d1", kill_on_drop: false }`
[INFO] [stderr]    Compiling memchr v2.6.4
[INFO] [stderr]    Compiling serde v1.0.190
[INFO] [stderr]    Compiling bitflags v2.4.1
[INFO] [stderr]    Compiling futures-io v0.3.29
[INFO] [stderr]    Compiling syn v2.0.38
[INFO] [stderr]    Compiling rustix v0.38.21
[INFO] [stderr]    Compiling serde_json v1.0.108
[INFO] [stderr]    Compiling linux-raw-sys v0.4.10
[INFO] [stderr]    Compiling thiserror v1.0.50
[INFO] [stderr]    Compiling getrandom v0.1.16
[INFO] [stderr]    Compiling darling_core v0.14.4
[INFO] [stderr]    Compiling url v2.4.1
[INFO] [stderr]    Compiling getrandom v0.2.10
[INFO] [stderr]    Compiling anyhow v1.0.75
[INFO] [stderr]    Compiling time-macros v0.2.15
[INFO] [stderr]    Compiling proc-macro-error-attr v1.0.4
[INFO] [stderr]    Compiling anstyle-parse v0.2.2
[INFO] [stderr]    Compiling vte_generate_state_changes v0.1.1
[INFO] [stderr]    Compiling bytecount v0.6.7
[INFO] [stderr]    Compiling either v1.9.0
[INFO] [stderr]    Compiling peg-runtime v0.6.3
[INFO] [stderr]    Compiling anstyle v1.0.4
[INFO] [stderr]    Compiling rand_core v0.6.4
[INFO] [stderr]    Compiling derive_more v0.99.17
[INFO] [stderr]    Compiling thread_local v1.1.7
[INFO] [stderr]    Compiling rand_core v0.5.1
[INFO] [stderr]    Compiling aho-corasick v1.1.2
[INFO] [stderr]    Compiling bstr v1.7.0
[INFO] [stderr]    Compiling nom v7.1.3
[INFO] [stderr]    Compiling rand_chacha v0.2.2
[INFO] [stderr]    Compiling anstream v0.6.4
[INFO] [stderr]    Compiling vte v0.11.1
[INFO] [stderr]    Compiling peg-macros v0.6.3
[INFO] [stderr]    Compiling parking v2.2.0
[INFO] [stderr]    Compiling clap_lex v0.6.0
[INFO] [stderr]    Compiling proc-macro-error v1.0.4
[INFO] [stderr]    Compiling regex-syntax v0.7.5
[INFO] [stderr]    Compiling terminal_size v0.3.0
[INFO] [stderr]    Compiling http-types v2.12.0
[INFO] [stderr]    Compiling smawk v0.3.2
[INFO] [stderr]    Compiling unicode-linebreak v0.1.5
[INFO] [stderr]    Compiling waker-fn v1.1.1
[INFO] [stderr]    Compiling rand v0.7.3
[INFO] [stderr]    Compiling futures-lite v1.13.0
[INFO] [stderr]    Compiling clap_builder v4.4.7
[INFO] [stderr]    Compiling quick-xml v0.31.0
[INFO] [stderr]    Compiling rand_chacha v0.3.1
[INFO] [stderr]    Compiling textwrap v0.16.0
[INFO] [stderr]    Compiling itertools v0.11.0
[INFO] [stderr]    Compiling regex-automata v0.4.3
[INFO] [stderr]    Compiling derive-getters v0.3.0
[INFO] [stderr]    Compiling time v0.3.30
[INFO] [stderr]    Compiling strip-ansi-escapes v0.2.0
[INFO] [stderr]    Compiling humantime v2.1.0
[INFO] [stderr]    Compiling nom_locate v4.2.0
[INFO] [stderr]    Compiling peg v0.6.3
[INFO] [stderr]    Compiling infer v0.2.3
[INFO] [stderr]    Compiling inflections v1.1.1
[INFO] [stderr]    Compiling deadpool-runtime v0.1.3
[INFO] [stderr]    Compiling base64 v0.13.1
[INFO] [stderr]    Compiling retain_mut v0.1.9
[INFO] [stderr]    Compiling darling_macro v0.14.4
[INFO] [stderr]    Compiling rand v0.8.5
[INFO] [stderr]    Compiling is-terminal v0.4.9
[INFO] [stderr]    Compiling console v0.15.7
[INFO] [stderr]    Compiling uuid v1.5.0
[INFO] [stderr]    Compiling termcolor v1.3.0
[INFO] [stderr]    Compiling drain_filter_polyfill v0.1.3
[INFO] [stderr]    Compiling inventory v0.3.13
[INFO] [stderr]    Compiling futures-timer v3.0.2
[INFO] [stderr]    Compiling junit-report v0.8.3
[INFO] [stderr]    Compiling test-case-core v3.2.1
[INFO] [stderr]    Compiling darling v0.14.4
[INFO] [stderr]    Compiling derive_builder_core v0.12.0
[INFO] [stderr]    Compiling serde_derive v1.0.190
[INFO] [stderr]    Compiling futures-macro v0.3.29
[INFO] [stderr]    Compiling tokio-macros v2.1.0
[INFO] [stderr]    Compiling thiserror-impl v1.0.50
[INFO] [stderr]    Compiling openssl-macros v0.1.1
[INFO] [stderr]    Compiling sealed v0.5.0
[INFO] [stderr]    Compiling async-trait v0.1.74
[INFO] [stderr]    Compiling enum-ordinalize v3.1.15
[INFO] [stderr]    Compiling typed-builder-macro v0.15.2
[INFO] [stderr]    Compiling pin-project-internal v1.1.3
[INFO] [stderr]    Compiling clap_derive v4.4.7
[INFO] [stderr]    Compiling derive_builder_macro v0.12.0
[INFO] [stderr]    Compiling regex v1.10.2
[INFO] [stderr]    Compiling test-case-macros v3.2.1
[INFO] [stderr]    Compiling smart-default v0.7.1
[INFO] [stderr]    Compiling openssl v0.10.58
[INFO] [stderr]    Compiling globset v0.4.13
[INFO] [stderr]    Compiling synthez-core v0.3.1
[INFO] [stderr]    Compiling cucumber-expressions v0.3.0
[INFO] [stderr]    Compiling educe v0.4.23
[INFO] [stderr]    Compiling tokio v1.33.0
[INFO] [stderr]    Compiling ignore v0.4.20
[INFO] [stderr]    Compiling derive_builder v0.12.0
[INFO] [stderr]    Compiling test-case v3.2.1
[INFO] [stderr]    Compiling futures-util v0.3.29
[INFO] [stderr]    Compiling typed-builder v0.15.2
[INFO] [stderr]    Compiling env_logger v0.10.0
[INFO] [stderr]    Compiling pin-project v1.1.3
[INFO] [stderr]    Compiling synthez-codegen v0.3.1
[INFO] [stderr]    Compiling globwalk v0.8.1
[INFO] [stderr]    Compiling synthez v0.3.1
[INFO] [stderr]    Compiling lazy-regex-proc_macros v3.0.1
[INFO] [stderr]    Compiling cucumber-codegen v0.20.1
[INFO] [stderr]    Compiling clap v4.4.7
[INFO] [stderr]    Compiling phantom-type v0.4.2
[INFO] [stderr]    Compiling native-tls v0.2.11
[INFO] [stderr]    Compiling futures-executor v0.3.29
[INFO] [stderr]    Compiling futures v0.3.29
[INFO] [stderr]    Compiling tokio-util v0.7.10
[INFO] [stderr]    Compiling tokio-native-tls v0.3.1
[INFO] [stderr]    Compiling deadpool v0.9.5
[INFO] [stderr]    Compiling h2 v0.3.21
[INFO] [stderr]    Compiling serde_urlencoded v0.7.1
[INFO] [stderr]    Compiling serde_qs v0.8.5
[INFO] [stderr]    Compiling hashbrown v0.14.2
[INFO] [stderr]    Compiling serde_spanned v0.6.4
[INFO] [stderr]    Compiling toml_datetime v0.6.5
[INFO] [stderr]    Compiling semver v1.0.20
[INFO] [stderr]    Compiling toml_edit v0.19.15
[INFO] [stderr]    Compiling lazy-regex v3.0.2
[INFO] [stderr]    Compiling assert-json-diff v2.0.2
[INFO] [stderr]    Compiling gherkin v0.14.0
[INFO] [stderr]    Compiling hyper v0.14.27
[INFO] [stderr]    Compiling toml v0.7.8
[INFO] [stderr]    Compiling cargo-lock v9.0.0
[INFO] [stderr]    Compiling cucumber v0.20.1
[INFO] [stderr]    Compiling built v0.6.1
[INFO] [stderr]    Compiling pubnub v0.4.1 (/opt/rustwide/workdir)
[INFO] [stderr]    Compiling hyper-tls v0.5.0
[INFO] [stderr]    Compiling wiremock v0.5.20
[INFO] [stderr]    Compiling reqwest v0.11.22
[INFO] [stdout] warning: variable `input` is assigned to, but never used
[INFO] [stdout]    --> src/dx/subscribe/mod.rs:147:17
[INFO] [stdout]     |
[INFO] [stdout] 147 |         let mut input: Option<SubscribeInput> = None;
[INFO] [stdout]     |                 ^^^^^
[INFO] [stdout]     |
[INFO] [stdout]     = note: consider using `_input` instead
[INFO] [stdout]     = note: `#[warn(unused_variables)]` on by default
[INFO] [stdout] 
[INFO] [stdout] 
[INFO] [stdout] warning: value assigned to `input` is never read
[INFO] [stdout]    --> src/dx/subscribe/mod.rs:151:13
[INFO] [stdout]     |
[INFO] [stdout] 151 |             input = (!current_input.is_empty).then_some(current_input);
[INFO] [stdout]     |             ^^^^^
[INFO] [stdout]     |
[INFO] [stdout]     = help: maybe it is overwritten before being read?
[INFO] [stdout]     = note: `#[warn(unused_assignments)]` on by default
[INFO] [stdout] 
[INFO] [stdout] 
[INFO] [stdout] warning: variable `input` is assigned to, but never used
[INFO] [stdout]    --> src/dx/subscribe/mod.rs:215:17
[INFO] [stdout]     |
[INFO] [stdout] 215 |         let mut input: Option<SubscribeInput> = None;
[INFO] [stdout]     |                 ^^^^^
[INFO] [stdout]     |
[INFO] [stdout]     = note: consider using `_input` instead
[INFO] [stdout] 
[INFO] [stdout] 
[INFO] [stdout] warning: value assigned to `input` is never read
[INFO] [stdout]    --> src/dx/subscribe/mod.rs:219:13
[INFO] [stdout]     |
[INFO] [stdout] 219 |             input = (!current_input.is_empty).then_some(current_input);
[INFO] [stdout]     |             ^^^^^
[INFO] [stdout]     |
[INFO] [stdout]     = help: maybe it is overwritten before being read?
[INFO] [stdout] 
[INFO] [stdout] 
[INFO] [stdout] warning: unused variable: `client`
[INFO] [stdout]    --> src/dx/subscribe/mod.rs:351:9
[INFO] [stdout]     |
[INFO] [stdout] 351 |         client: Self,
[INFO] [stdout]     |         ^^^^^^ help: if this is intentional, prefix it with an underscore: `_client`
[INFO] [stdout] 
[INFO] [stdout] 
[INFO] [stdout] warning: unused variable: `channels`
[INFO] [stdout]    --> src/dx/subscribe/mod.rs:352:9
[INFO] [stdout]     |
[INFO] [stdout] 352 |         channels: Option<Vec<String>>,
[INFO] [stdout]     |         ^^^^^^^^ help: if this is intentional, prefix it with an underscore: `_channels`
[INFO] [stdout] 
[INFO] [stdout] 
[INFO] [stdout] warning: unused variable: `channel_groups`
[INFO] [stdout]    --> src/dx/subscribe/mod.rs:353:9
[INFO] [stdout]     |
[INFO] [stdout] 353 |         channel_groups: Option<Vec<String>>,
[INFO] [stdout]     |         ^^^^^^^^^^^^^^ help: if this is intentional, prefix it with an underscore: `_channel_groups`
[INFO] [stdout] 
[INFO] [stdout] 
[INFO] [stdout] warning: unused variable: `client`
[INFO] [stdout]    --> src/dx/subscribe/mod.rs:382:9
[INFO] [stdout]     |
[INFO] [stdout] 382 |         client: Self,
[INFO] [stdout]     |         ^^^^^^ help: if this is intentional, prefix it with an underscore: `_client`
[INFO] [stdout] 
[INFO] [stdout] 
[INFO] [stdout] warning: unused variable: `channels`
[INFO] [stdout]    --> src/dx/subscribe/mod.rs:383:9
[INFO] [stdout]     |
[INFO] [stdout] 383 |         channels: Option<Vec<String>>,
[INFO] [stdout]     |         ^^^^^^^^ help: if this is intentional, prefix it with an underscore: `_channels`
[INFO] [stdout] 
[INFO] [stdout] 
[INFO] [stdout] warning: unused variable: `channel_groups`
[INFO] [stdout]    --> src/dx/subscribe/mod.rs:384:9
[INFO] [stdout]     |
[INFO] [stdout] 384 |         channel_groups: Option<Vec<String>>,
[INFO] [stdout]     |         ^^^^^^^^^^^^^^ help: if this is intentional, prefix it with an underscore: `_channel_groups`
[INFO] [stdout] 
[INFO] [stdout] 
[INFO] [stdout] warning: 10 warnings emitted
[INFO] [stdout] 
[INFO] [stdout] 
[INFO] [stdout] warning: variable `input` is assigned to, but never used
[INFO] [stdout]    --> src/dx/subscribe/mod.rs:147:17
[INFO] [stdout]     |
[INFO] [stdout] 147 |         let mut input: Option<SubscribeInput> = None;
[INFO] [stdout]     |                 ^^^^^
[INFO] [stdout]     |
[INFO] [stdout]     = note: consider using `_input` instead
[INFO] [stdout]     = note: `#[warn(unused_variables)]` on by default
[INFO] [stdout] 
[INFO] [stdout] 
[INFO] [stdout] warning: value assigned to `input` is never read
[INFO] [stdout]    --> src/dx/subscribe/mod.rs:151:13
[INFO] [stdout]     |
[INFO] [stdout] 151 |             input = (!current_input.is_empty).then_some(current_input);
[INFO] [stdout]     |             ^^^^^
[INFO] [stdout]     |
[INFO] [stdout]     = help: maybe it is overwritten before being read?
[INFO] [stdout]     = note: `#[warn(unused_assignments)]` on by default
[INFO] [stdout] 
[INFO] [stdout] 
[INFO] [stdout] warning: variable `input` is assigned to, but never used
[INFO] [stdout]    --> src/dx/subscribe/mod.rs:215:17
[INFO] [stdout]     |
[INFO] [stdout] 215 |         let mut input: Option<SubscribeInput> = None;
[INFO] [stdout]     |                 ^^^^^
[INFO] [stdout]     |
[INFO] [stdout]     = note: consider using `_input` instead
[INFO] [stdout] 
[INFO] [stdout] 
[INFO] [stdout] warning: value assigned to `input` is never read
[INFO] [stdout]    --> src/dx/subscribe/mod.rs:219:13
[INFO] [stdout]     |
[INFO] [stdout] 219 |             input = (!current_input.is_empty).then_some(current_input);
[INFO] [stdout]     |             ^^^^^
[INFO] [stdout]     |
[INFO] [stdout]     = help: maybe it is overwritten before being read?
[INFO] [stdout] 
[INFO] [stdout] 
[INFO] [stdout] warning: unused variable: `client`
[INFO] [stdout]    --> src/dx/subscribe/mod.rs:351:9
[INFO] [stdout]     |
[INFO] [stdout] 351 |         client: Self,
[INFO] [stdout]     |         ^^^^^^ help: if this is intentional, prefix it with an underscore: `_client`
[INFO] [stdout] 
[INFO] [stdout] 
[INFO] [stdout] warning: unused variable: `channels`
[INFO] [stdout]    --> src/dx/subscribe/mod.rs:352:9
[INFO] [stdout]     |
[INFO] [stdout] 352 |         channels: Option<Vec<String>>,
[INFO] [stdout]     |         ^^^^^^^^ help: if this is intentional, prefix it with an underscore: `_channels`
[INFO] [stdout] 
[INFO] [stdout] 
[INFO] [stdout] warning: unused variable: `channel_groups`
[INFO] [stdout]    --> src/dx/subscribe/mod.rs:353:9
[INFO] [stdout]     |
[INFO] [stdout] 353 |         channel_groups: Option<Vec<String>>,
[INFO] [stdout]     |         ^^^^^^^^^^^^^^ help: if this is intentional, prefix it with an underscore: `_channel_groups`
[INFO] [stdout] 
[INFO] [stdout] 
[INFO] [stdout] warning: unused variable: `client`
[INFO] [stdout]    --> src/dx/subscribe/mod.rs:382:9
[INFO] [stdout]     |
[INFO] [stdout] 382 |         client: Self,
[INFO] [stdout]     |         ^^^^^^ help: if this is intentional, prefix it with an underscore: `_client`
[INFO] [stdout] 
[INFO] [stdout] 
[INFO] [stdout] warning: unused variable: `channels`
[INFO] [stdout]    --> src/dx/subscribe/mod.rs:383:9
[INFO] [stdout]     |
[INFO] [stdout] 383 |         channels: Option<Vec<String>>,
[INFO] [stdout]     |         ^^^^^^^^ help: if this is intentional, prefix it with an underscore: `_channels`
[INFO] [stdout] 
[INFO] [stdout] 
[INFO] [stdout] warning: unused variable: `channel_groups`
[INFO] [stdout]    --> src/dx/subscribe/mod.rs:384:9
[INFO] [stdout]     |
[INFO] [stdout] 384 |         channel_groups: Option<Vec<String>>,
[INFO] [stdout]     |         ^^^^^^^^^^^^^^ help: if this is intentional, prefix it with an underscore: `_channel_groups`
[INFO] [stdout] 
[INFO] [stdout] 
[INFO] [stderr] error: could not compile `pubnub` (lib test); 10 warnings emitted
[INFO] [stderr] 
[INFO] [stderr] Caused by:
[INFO] [stderr]   process didn't exit successfully: `/opt/rustwide/rustup-home/toolchains/1.75.0-x86_64-unknown-linux-gnu/bin/rustc --crate-name pubnub --edition=2021 src/lib.rs --error-format=json --json=diagnostic-rendered-ansi,artifacts,future-incompat --emit=dep-info,link -C embed-bitcode=no -C debuginfo=2 --test --cfg 'feature="blocking"' --cfg 'feature="default"' --cfg 'feature="getrandom"' --cfg 'feature="publish"' --cfg 'feature="reqwest"' --cfg 'feature="serde"' --cfg 'feature="std"' --cfg 'feature="subscribe"' --cfg 'feature="tokio"' -C metadata=ea717c2470dc0f50 -C extra-filename=-ea717c2470dc0f50 --out-dir /opt/rustwide/target/debug/deps -L dependency=/opt/rustwide/target/debug/deps --extern async_channel=/opt/rustwide/target/debug/deps/libasync_channel-06f69a222f2ff39d.rlib --extern async_trait=/opt/rustwide/target/debug/deps/libasync_trait-97745e194fbf22ae.so --extern base64=/opt/rustwide/target/debug/deps/libbase64-c757f6e1d18850a5.rlib --extern bytes=/opt/rustwide/target/debug/deps/libbytes-0a052f49710012b1.rlib --extern cucumber=/opt/rustwide/target/debug/deps/libcucumber-eb88ac81a4c0d424.rlib --extern derive_builder=/opt/rustwide/target/debug/deps/libderive_builder-8455a65b97a41f4c.rlib --extern env_logger=/opt/rustwide/target/debug/deps/libenv_logger-7eaf4b602311b7ce.rlib --extern futures=/opt/rustwide/target/debug/deps/libfutures-d984600706285d63.rlib --extern getrandom=/opt/rustwide/target/debug/deps/libgetrandom-89a17c309cf4071f.rlib --extern hashbrown=/opt/rustwide/target/debug/deps/libhashbrown-9a79c0b61540530c.rlib --extern hmac=/opt/rustwide/target/debug/deps/libhmac-f0d6d620a24f5ce8.rlib --extern log=/opt/rustwide/target/debug/deps/liblog-e491f2c1d0b13538.rlib --extern percent_encoding=/opt/rustwide/target/debug/deps/libpercent_encoding-5d42724fd4d173a7.rlib --extern phantom_type=/opt/rustwide/target/debug/deps/libphantom_type-82f521aca52bf38a.rlib --extern rand=/opt/rustwide/target/debug/deps/librand-f5de58470e51af82.rlib --extern reqwest=/opt/rustwide/target/debug/deps/libreqwest-05ddc3fef14a7241.rlib --extern serde=/opt/rustwide/target/debug/deps/libserde-183538cdf870ae08.rlib --extern serde_json=/opt/rustwide/target/debug/deps/libserde_json-59b1e082e8f47326.rlib --extern sha2=/opt/rustwide/target/debug/deps/libsha2-66c037cfe0434b98.rlib --extern snafu=/opt/rustwide/target/debug/deps/libsnafu-e9271a340a52fcf9.rlib --extern spin=/opt/rustwide/target/debug/deps/libspin-f254f4c01063c704.rlib --extern test_case=/opt/rustwide/target/debug/deps/libtest_case-542e1e6317f45975.rlib --extern time=/opt/rustwide/target/debug/deps/libtime-39eeaf3b45216e17.rlib --extern tokio=/opt/rustwide/target/debug/deps/libtokio-d9a143f22b737859.rlib --extern uuid=/opt/rustwide/target/debug/deps/libuuid-1a20d96f7897542f.rlib --extern wiremock=/opt/rustwide/target/debug/deps/libwiremock-2eac34e8fbf61249.rlib --cap-lints=warn` (signal: 9, SIGKILL: kill)
[INFO] [stderr] warning: build failed, waiting for other jobs to finish...
[INFO] [stderr] error: could not compile `pubnub` (example "subscribe")
[INFO] [stderr] 
[INFO] [stderr] Caused by:
[INFO] [stderr]   process didn't exit successfully: `/opt/rustwide/rustup-home/toolchains/1.75.0-x86_64-unknown-linux-gnu/bin/rustc --crate-name subscribe --edition=2021 examples/subscribe.rs --error-format=json --json=diagnostic-rendered-ansi,artifacts,future-incompat --crate-type bin --emit=dep-info,link -C embed-bitcode=no -C debuginfo=2 --cfg 'feature="blocking"' --cfg 'feature="default"' --cfg 'feature="getrandom"' --cfg 'feature="publish"' --cfg 'feature="reqwest"' --cfg 'feature="serde"' --cfg 'feature="std"' --cfg 'feature="subscribe"' --cfg 'feature="tokio"' -C metadata=af17329239d5cfdf -C extra-filename=-af17329239d5cfdf --out-dir /opt/rustwide/target/debug/examples -L dependency=/opt/rustwide/target/debug/deps --extern async_channel=/opt/rustwide/target/debug/deps/libasync_channel-06f69a222f2ff39d.rlib --extern async_trait=/opt/rustwide/target/debug/deps/libasync_trait-97745e194fbf22ae.so --extern base64=/opt/rustwide/target/debug/deps/libbase64-c757f6e1d18850a5.rlib --extern bytes=/opt/rustwide/target/debug/deps/libbytes-0a052f49710012b1.rlib --extern cucumber=/opt/rustwide/target/debug/deps/libcucumber-eb88ac81a4c0d424.rlib --extern derive_builder=/opt/rustwide/target/debug/deps/libderive_builder-8455a65b97a41f4c.rlib --extern env_logger=/opt/rustwide/target/debug/deps/libenv_logger-7eaf4b602311b7ce.rlib --extern futures=/opt/rustwide/target/debug/deps/libfutures-d984600706285d63.rlib --extern getrandom=/opt/rustwide/target/debug/deps/libgetrandom-89a17c309cf4071f.rlib --extern hashbrown=/opt/rustwide/target/debug/deps/libhashbrown-9a79c0b61540530c.rlib --extern hmac=/opt/rustwide/target/debug/deps/libhmac-f0d6d620a24f5ce8.rlib --extern log=/opt/rustwide/target/debug/deps/liblog-e491f2c1d0b13538.rlib --extern percent_encoding=/opt/rustwide/target/debug/deps/libpercent_encoding-5d42724fd4d173a7.rlib --extern phantom_type=/opt/rustwide/target/debug/deps/libphantom_type-82f521aca52bf38a.rlib --extern pubnub=/opt/rustwide/target/debug/deps/libpubnub-009141aa240164a5.rlib --extern rand=/opt/rustwide/target/debug/deps/librand-f5de58470e51af82.rlib --extern reqwest=/opt/rustwide/target/debug/deps/libreqwest-05ddc3fef14a7241.rlib --extern serde=/opt/rustwide/target/debug/deps/libserde-183538cdf870ae08.rlib --extern serde_json=/opt/rustwide/target/debug/deps/libserde_json-59b1e082e8f47326.rlib --extern sha2=/opt/rustwide/target/debug/deps/libsha2-66c037cfe0434b98.rlib --extern snafu=/opt/rustwide/target/debug/deps/libsnafu-e9271a340a52fcf9.rlib --extern spin=/opt/rustwide/target/debug/deps/libspin-f254f4c01063c704.rlib --extern test_case=/opt/rustwide/target/debug/deps/libtest_case-542e1e6317f45975.rlib --extern time=/opt/rustwide/target/debug/deps/libtime-39eeaf3b45216e17.rlib --extern tokio=/opt/rustwide/target/debug/deps/libtokio-d9a143f22b737859.rlib --extern uuid=/opt/rustwide/target/debug/deps/libuuid-1a20d96f7897542f.rlib --extern wiremock=/opt/rustwide/target/debug/deps/libwiremock-2eac34e8fbf61249.rlib --cap-lints=warn` (signal: 9, SIGKILL: kill)
[INFO] [stdout] error: linking with `cc` failed: exit status: 1
[INFO] [stdout]   |
[INFO] [stdout]   = note: LC_ALL="C" PATH="/opt/rustwide/rustup-home/toolchains/1.75.0-x86_64-unknown-linux-gnu/lib/rustlib/x86_64-unknown-linux-gnu/bin:/opt/rustwide/cargo-home/bin:/usr/local/sbin:/usr/local/bin:/usr/sbin:/usr/bin:/sbin:/bin" VSLANG="1033" "cc" "-m64" "/tmp/rustciUJzbt/symbols.o" "/opt/rustwide/target/debug/examples/subscribe_raw-fad61562690a56f8.subscribe_raw.b2d7f68618ab6fa4-cgu.00.rcgu.o" "/opt/rustwide/target/debug/examples/subscribe_raw-fad61562690a56f8.subscribe_raw.b2d7f68618ab6fa4-cgu.01.rcgu.o" "/opt/rustwide/target/debug/examples/subscribe_raw-fad61562690a56f8.subscribe_raw.b2d7f68618ab6fa4-cgu.02.rcgu.o" "/opt/rustwide/target/debug/examples/subscribe_raw-fad61562690a56f8.subscribe_raw.b2d7f68618ab6fa4-cgu.03.rcgu.o" "/opt/rustwide/target/debug/examples/subscribe_raw-fad61562690a56f8.subscribe_raw.b2d7f68618ab6fa4-cgu.04.rcgu.o" "/opt/rustwide/target/debug/examples/subscribe_raw-fad61562690a56f8.subscribe_raw.b2d7f68618ab6fa4-cgu.05.rcgu.o" "/opt/rustwide/target/debug/examples/subscribe_raw-fad61562690a56f8.subscribe_raw.b2d7f68618ab6fa4-cgu.06.rcgu.o" "/opt/rustwide/target/debug/examples/subscribe_raw-fad61562690a56f8.subscribe_raw.b2d7f68618ab6fa4-cgu.07.rcgu.o" "/opt/rustwide/target/debug/examples/subscribe_raw-fad61562690a56f8.subscribe_raw.b2d7f68618ab6fa4-cgu.08.rcgu.o" "/opt/rustwide/target/debug/examples/subscribe_raw-fad61562690a56f8.subscribe_raw.b2d7f68618ab6fa4-cgu.09.rcgu.o" "/opt/rustwide/target/debug/examples/subscribe_raw-fad61562690a56f8.subscribe_raw.b2d7f68618ab6fa4-cgu.10.rcgu.o" "/opt/rustwide/target/debug/examples/subscribe_raw-fad61562690a56f8.subscribe_raw.b2d7f68618ab6fa4-cgu.11.rcgu.o" "/opt/rustwide/target/debug/examples/subscribe_raw-fad61562690a56f8.subscribe_raw.b2d7f68618ab6fa4-cgu.12.rcgu.o" "/opt/rustwide/target/debug/examples/subscribe_raw-fad61562690a56f8.subscribe_raw.b2d7f68618ab6fa4-cgu.13.rcgu.o" "/opt/rustwide/target/debug/examples/subscribe_raw-fad61562690a56f8.subscribe_raw.b2d7f68618ab6fa4-cgu.14.rcgu.o" "/opt/rustwide/target/debug/examples/subscribe_raw-fad61562690a56f8.subscribe_raw.b2d7f68618ab6fa4-cgu.15.rcgu.o" "/opt/rustwide/target/debug/examples/subscribe_raw-fad61562690a56f8.1ibhjn76fp1b6e15.rcgu.o" "-Wl,--as-needed" "-L" "/opt/rustwide/target/debug/deps" "-L" "/opt/rustwide/rustup-home/toolchains/1.75.0-x86_64-unknown-linux-gnu/lib/rustlib/x86_64-unknown-linux-gnu/lib" "-Wl,-Bstatic" "/opt/rustwide/target/debug/deps/libpubnub-009141aa240164a5.rlib" "/opt/rustwide/target/debug/deps/libreqwest-05ddc3fef14a7241.rlib" "/opt/rustwide/target/debug/deps/libhyper_tls-d644b332db8c7948.rlib" "/opt/rustwide/target/debug/deps/libipnet-31f1670f407a9398.rlib" "/opt/rustwide/target/debug/deps/libtokio_native_tls-6a3a04ea36f2449c.rlib" "/opt/rustwide/target/debug/deps/libserde_urlencoded-df21e0bcb6d5f7b4.rlib" "/opt/rustwide/target/debug/deps/libmime-7e306270d8ceb372.rlib" "/opt/rustwide/target/debug/deps/libencoding_rs-000c97fafd38c2ed.rlib" "/opt/rustwide/target/debug/deps/libserde_json-59b1e082e8f47326.rlib" "/opt/rustwide/target/debug/deps/libryu-f8e8abf733224b36.rlib" "/opt/rustwide/target/debug/deps/libnative_tls-730753a579ccdd37.rlib" "/opt/rustwide/target/debug/deps/libopenssl_probe-d850575132083d7c.rlib" "/opt/rustwide/target/debug/deps/libopenssl-19f6b4ce99a68277.rlib" "/opt/rustwide/target/debug/deps/libbitflags-912d270082a3a4ea.rlib" "/opt/rustwide/target/debug/deps/libforeign_types-c05743815e5b8a9d.rlib" "/opt/rustwide/target/debug/deps/libforeign_types_shared-d149f5491fde2862.rlib" "/opt/rustwide/target/debug/deps/libopenssl_sys-5770b1ec024dc2ce.rlib" "/opt/rustwide/target/debug/deps/libhyper-98dacdb1b3f2f47a.rlib" "/opt/rustwide/target/debug/deps/libwant-0e59d2771cba3a35.rlib" "/opt/rustwide/target/debug/deps/libtry_lock-51271589248cd7d9.rlib" "/opt/rustwide/target/debug/deps/libsocket2-c8f05f7a7821b0ac.rlib" "/opt/rustwide/target/debug/deps/libhttparse-64f1ffbeda450424.rlib" "/opt/rustwide/target/debug/deps/libh2-ced1cfa90af2f6e9.rlib" "/opt/rustwide/target/debug/deps/libindexmap-93f72862478380d0.rlib" "/opt/rustwide/target/debug/deps/libhashbrown-567986452cb9bc94.rlib" "/opt/rustwide/target/debug/deps/libtokio_util-9b9fd8119e276597.rlib" "/opt/rustwide/target/debug/deps/libtower_service-104d6e83d5ce383d.rlib" "/opt/rustwide/target/debug/deps/libtracing-c9b66b860335c879.rlib" "/opt/rustwide/target/debug/deps/libtracing_core-60738ce97602c19a.rlib" "/opt/rustwide/target/debug/deps/libonce_cell-a342312cc2ec3f6b.rlib" "/opt/rustwide/target/debug/deps/libhttpdate-60c45fdec07c28d7.rlib" "/opt/rustwide/target/debug/deps/libtokio-d9a143f22b737859.rlib" "/opt/rustwide/target/debug/deps/libnum_cpus-73d2f04fa192560a.rlib" "/opt/rustwide/target/debug/deps/libsocket2-8d6599232e23f813.rlib" "/opt/rustwide/target/debug/deps/libmio-f66ba8c00c882f6c.rlib" "/opt/rustwide/target/debug/deps/libhttp_body-6020a10d9659dc54.rlib" "/opt/rustwide/target/debug/deps/liburl-c2b2ef148bf8b6b9.rlib" "/opt/rustwide/target/debug/deps/libidna-35e3e2f202e10859.rlib" "/opt/rustwide/target/debug/deps/libunicode_normalization-e04a0b39935fba30.rlib" "/opt/rustwide/target/debug/deps/libtinyvec-cf6c9f6b792a5507.rlib" "/opt/rustwide/target/debug/deps/libtinyvec_macros-b1cb7f53f58c9f87.rlib" "/opt/rustwide/target/debug/deps/libunicode_bidi-020370784786e57d.rlib" "/opt/rustwide/target/debug/deps/libform_urlencoded-a39e5ffbd9c88c0c.rlib" "/opt/rustwide/target/debug/deps/libserde-183538cdf870ae08.rlib" "/opt/rustwide/target/debug/deps/libhttp-f741a19cbfac6912.rlib" "/opt/rustwide/target/debug/deps/libfnv-18bf5144d055e772.rlib" "/opt/rustwide/target/debug/deps/libbytes-0a052f49710012b1.rlib" "/opt/rustwide/target/debug/deps/libtime-39eeaf3b45216e17.rlib" "/opt/rustwide/target/debug/deps/libitoa-05fb7c91ffbc0a79.rlib" "/opt/rustwide/target/debug/deps/libtime_core-7af5d6eb87ec9652.rlib" "/opt/rustwide/target/debug/deps/libderanged-5c51eaaf3972a105.rlib" "/opt/rustwide/target/debug/deps/libpowerfmt-e8908707a005dea9.rlib" "/opt/rustwide/target/debug/deps/libsha2-66c037cfe0434b98.rlib" "/opt/rustwide/target/debug/deps/libcpufeatures-942478018e98325a.rlib" "/opt/rustwide/target/debug/deps/libhmac-f0d6d620a24f5ce8.rlib" "/opt/rustwide/target/debug/deps/libdigest-68278d6a0ee6afac.rlib" "/opt/rustwide/target/debug/deps/libsubtle-32983fc17c133a89.rlib" "/opt/rustwide/target/debug/deps/libblock_buffer-7e9270fb9b7ff635.rlib" "/opt/rustwide/target/debug/deps/libcrypto_common-145014adf1649651.rlib" "/opt/rustwide/target/debug/deps/libgeneric_array-18b3188a0c567140.rlib" "/opt/rustwide/target/debug/deps/libtypenum-da95465dc70d2c95.rlib" "/opt/rustwide/target/debug/deps/libuuid-1a20d96f7897542f.rlib" "/opt/rustwide/target/debug/deps/libgetrandom-89a17c309cf4071f.rlib" "/opt/rustwide/target/debug/deps/liblibc-02f888d7762819c3.rlib" "/opt/rustwide/target/debug/deps/libbase64-c757f6e1d18850a5.rlib" "/opt/rustwide/target/debug/deps/libderive_builder-8455a65b97a41f4c.rlib" "/opt/rustwide/target/debug/deps/libpercent_encoding-5d42724fd4d173a7.rlib" "/opt/rustwide/target/debug/deps/libspin-f254f4c01063c704.rlib" "/opt/rustwide/target/debug/deps/liblock_api-2e3cdc36e2d071f0.rlib" "/opt/rustwide/target/debug/deps/libscopeguard-012e5ed929fc2fe6.rlib" "/opt/rustwide/target/debug/deps/liblog-e491f2c1d0b13538.rlib" "/opt/rustwide/target/debug/deps/libasync_channel-06f69a222f2ff39d.rlib" "/opt/rustwide/target/debug/deps/libevent_listener-c4b6b56059522037.rlib" "/opt/rustwide/target/debug/deps/libconcurrent_queue-59b24d29971abffe.rlib" "/opt/rustwide/target/debug/deps/libcrossbeam_utils-47eab3bd9fac73cc.rlib" "/opt/rustwide/target/debug/deps/libcfg_if-61dc7a6799e72b18.rlib" "/opt/rustwide/target/debug/deps/libsnafu-e9271a340a52fcf9.rlib" "/opt/rustwide/target/debug/deps/libdoc_comment-1f890cb6ccfe69bb.rlib" "/opt/rustwide/target/debug/deps/libfutures-d984600706285d63.rlib" "/opt/rustwide/target/debug/deps/libfutures_executor-1128e728f769b2b3.rlib" "/opt/rustwide/target/debug/deps/libfutures_util-07a73330e927f2fc.rlib" "/opt/rustwide/target/debug/deps/libmemchr-18461d86be0ab6c8.rlib" "/opt/rustwide/target/debug/deps/libfutures_io-7c5aca59eb0c68a4.rlib" "/opt/rustwide/target/debug/deps/libslab-6eb39baadbe9101c.rlib" "/opt/rustwide/target/debug/deps/libfutures_channel-d0ca9427ebdb155b.rlib" "/opt/rustwide/target/debug/deps/libpin_project_lite-e0757e0deaa2f8a0.rlib" "/opt/rustwide/target/debug/deps/libfutures_sink-ca415c0607e47a6c.rlib" "/opt/rustwide/target/debug/deps/libfutures_task-b197dd02e3eb7463.rlib" "/opt/rustwide/target/debug/deps/libpin_utils-741f7d9d160e4a16.rlib" "/opt/rustwide/target/debug/deps/libfutures_core-17b45303463871aa.rlib" "/opt/rustwide/rustup-home/toolchains/1.75.0-x86_64-unknown-linux-gnu/lib/rustlib/x86_64-unknown-linux-gnu/lib/libstd-90f6ddbf82de36ec.rlib" "/opt/rustwide/rustup-home/toolchains/1.75.0-x86_64-unknown-linux-gnu/lib/rustlib/x86_64-unknown-linux-gnu/lib/libpanic_unwind-480c41e9d4e1f677.rlib" "/opt/rustwide/rustup-home/toolchains/1.75.0-x86_64-unknown-linux-gnu/lib/rustlib/x86_64-unknown-linux-gnu/lib/libobject-db744c0ca03eed1d.rlib" "/opt/rustwide/rustup-home/toolchains/1.75.0-x86_64-unknown-linux-gnu/lib/rustlib/x86_64-unknown-linux-gnu/lib/libmemchr-8ba652dc7d4b285a.rlib" "/opt/rustwide/rustup-home/toolchains/1.75.0-x86_64-unknown-linux-gnu/lib/rustlib/x86_64-unknown-linux-gnu/lib/libaddr2line-d5f4520a9ebc0d58.rlib" "/opt/rustwide/rustup-home/toolchains/1.75.0-x86_64-unknown-linux-gnu/lib/rustlib/x86_64-unknown-linux-gnu/lib/libgimli-4ad84de58f0cb463.rlib" "/opt/rustwide/rustup-home/toolchains/1.75.0-x86_64-unknown-linux-gnu/lib/rustlib/x86_64-unknown-linux-gnu/lib/librustc_demangle-0d10aae2e0f38735.rlib" "/opt/rustwide/rustup-home/toolchains/1.75.0-x86_64-unknown-linux-gnu/lib/rustlib/x86_64-unknown-linux-gnu/lib/libstd_detect-0c17cff739e6745b.rlib" "/opt/rustwide/rustup-home/toolchains/1.75.0-x86_64-unknown-linux-gnu/lib/rustlib/x86_64-unknown-linux-gnu/lib/libhashbrown-b29e17139dde1aa8.rlib" "/opt/rustwide/rustup-home/toolchains/1.75.0-x86_64-unknown-linux-gnu/lib/rustlib/x86_64-unknown-linux-gnu/lib/librustc_std_workspace_alloc-1f975299829cc7bd.rlib" "/opt/rustwide/rustup-home/toolchains/1.75.0-x86_64-unknown-linux-gnu/lib/rustlib/x86_64-unknown-linux-gnu/lib/libminiz_oxide-86bae3bc3079f89b.rlib" "/opt/rustwide/rustup-home/toolchains/1.75.0-x86_64-unknown-linux-gnu/lib/rustlib/x86_64-unknown-linux-gnu/lib/libadler-321b82c30dffdf5f.rlib" "/opt/rustwide/rustup-home/toolchains/1.75.0-x86_64-unknown-linux-gnu/lib/rustlib/x86_64-unknown-linux-gnu/lib/libunwind-3dd8a6810a0bdfef.rlib" "/opt/rustwide/rustup-home/toolchains/1.75.0-x86_64-unknown-linux-gnu/lib/rustlib/x86_64-unknown-linux-gnu/lib/libcfg_if-eb39a61c0c879984.rlib" "/opt/rustwide/rustup-home/toolchains/1.75.0-x86_64-unknown-linux-gnu/lib/rustlib/x86_64-unknown-linux-gnu/lib/liblibc-aa769569f91c3548.rlib" "/opt/rustwide/rustup-home/toolchains/1.75.0-x86_64-unknown-linux-gnu/lib/rustlib/x86_64-unknown-linux-gnu/lib/liballoc-510a192a50a983ed.rlib" "/opt/rustwide/rustup-home/toolchains/1.75.0-x86_64-unknown-linux-gnu/lib/rustlib/x86_64-unknown-linux-gnu/lib/librustc_std_workspace_core-0577018320f99037.rlib" "/opt/rustwide/rustup-home/toolchains/1.75.0-x86_64-unknown-linux-gnu/lib/rustlib/x86_64-unknown-linux-gnu/lib/libcore-193cf992125ccd4c.rlib" "/opt/rustwide/rustup-home/toolchains/1.75.0-x86_64-unknown-linux-gnu/lib/rustlib/x86_64-unknown-linux-gnu/lib/libcompiler_builtins-8e138eaf26ebb4a8.rlib" "-Wl,-Bdynamic" "-lssl" "-lcrypto" "-lgcc_s" "-lutil" "-lrt" "-lpthread" "-lm" "-ldl" "-lc" "-Wl,--eh-frame-hdr" "-Wl,-z,noexecstack" "-L" "/opt/rustwide/rustup-home/toolchains/1.75.0-x86_64-unknown-linux-gnu/lib/rustlib/x86_64-unknown-linux-gnu/lib" "-o" "/opt/rustwide/target/debug/examples/subscribe_raw-fad61562690a56f8" "-Wl,--gc-sections" "-pie" "-Wl,-z,relro,-z,now" "-nodefaultlibs"
[INFO] [stdout]   = note: collect2: fatal error: ld terminated with signal 9 [Killed]
[INFO] [stdout]           compilation terminated.
[INFO] [stdout]           
[INFO] [stdout] 
[INFO] [stdout] 
[INFO] [stdout] error: aborting due to previous error
[INFO] [stdout] 
[INFO] [stdout] 
[INFO] [stderr] error: could not compile `pubnub` (example "subscribe_raw") due to 2 previous errors
[INFO] running `Command { std: "docker" "inspect" "262945a2a1e7958b5d31faebf85d26f9a1058b25967511ad5da75237586250d1", kill_on_drop: false }`
[INFO] running `Command { std: "docker" "rm" "-f" "262945a2a1e7958b5d31faebf85d26f9a1058b25967511ad5da75237586250d1", kill_on_drop: false }`
[INFO] [stdout] 262945a2a1e7958b5d31faebf85d26f9a1058b25967511ad5da75237586250d1
[INFO] testing pubnub-0.4.1 against beta-2023-12-22 for beta-1.76-1
[INFO] extracting crate pubnub 0.4.1 into /workspace/builds/worker-4-tc2/source
[INFO] validating manifest of crates.io crate pubnub 0.4.1 on toolchain beta-2023-12-22
[INFO] running `Command { std: CARGO_HOME="/workspace/cargo-home" RUSTUP_HOME="/workspace/rustup-home" "/workspace/cargo-home/bin/cargo" "+beta-2023-12-22" "metadata" "--manifest-path" "Cargo.toml" "--no-deps", kill_on_drop: false }`
[INFO] started tweaking crates.io crate pubnub 0.4.1
[INFO] removed 0 missing examples
[INFO] removed 0 missing tests
[INFO] finished tweaking crates.io crate pubnub 0.4.1
[INFO] tweaked toml for crates.io crate pubnub 0.4.1 written to /workspace/builds/worker-4-tc2/source/Cargo.toml
[INFO] crate crates.io crate pubnub 0.4.1 already has a lockfile, it will not be regenerated
[INFO] running `Command { std: CARGO_HOME="/workspace/cargo-home" RUSTUP_HOME="/workspace/rustup-home" "/workspace/cargo-home/bin/cargo" "+beta-2023-12-22" "fetch" "--manifest-path" "Cargo.toml", kill_on_drop: false }`
[INFO] running `Command { std: "docker" "create" "-v" "/var/lib/crater-agent-workspace/builds/worker-4-tc2/target:/opt/rustwide/target:rw,Z" "-v" "/var/lib/crater-agent-workspace/builds/worker-4-tc2/source:/opt/rustwide/workdir:ro,Z" "-v" "/var/lib/crater-agent-workspace/cargo-home:/opt/rustwide/cargo-home:ro,Z" "-v" "/var/lib/crater-agent-workspace/rustup-home:/opt/rustwide/rustup-home:ro,Z" "-e" "SOURCE_DIR=/opt/rustwide/workdir" "-e" "CARGO_TARGET_DIR=/opt/rustwide/target" "-e" "CARGO_HOME=/opt/rustwide/cargo-home" "-e" "RUSTUP_HOME=/opt/rustwide/rustup-home" "-w" "/opt/rustwide/workdir" "-m" "1610612736" "--user" "0:0" "--network" "none" "ghcr.io/rust-lang/crates-build-env/linux@sha256:2788e3201cd34a07e3172128adcd8b3090168a8e3bcc40d7c032b9dda1df7d1c" "/opt/rustwide/cargo-home/bin/cargo" "+beta-2023-12-22" "metadata" "--no-deps" "--format-version=1", kill_on_drop: false }`
[INFO] [stdout] 2d384a3efa696b8fc3019a1036cfd54a5c5991d84ec9981a6033dc304524e7d2
[INFO] running `Command { std: "docker" "start" "-a" "2d384a3efa696b8fc3019a1036cfd54a5c5991d84ec9981a6033dc304524e7d2", kill_on_drop: false }`
[INFO] running `Command { std: "docker" "inspect" "2d384a3efa696b8fc3019a1036cfd54a5c5991d84ec9981a6033dc304524e7d2", kill_on_drop: false }`
[INFO] running `Command { std: "docker" "rm" "-f" "2d384a3efa696b8fc3019a1036cfd54a5c5991d84ec9981a6033dc304524e7d2", kill_on_drop: false }`
[INFO] [stdout] 2d384a3efa696b8fc3019a1036cfd54a5c5991d84ec9981a6033dc304524e7d2
[INFO] running `Command { std: "docker" "create" "-v" "/var/lib/crater-agent-workspace/builds/worker-4-tc2/target:/opt/rustwide/target:rw,Z" "-v" "/var/lib/crater-agent-workspace/builds/worker-4-tc2/source:/opt/rustwide/workdir:ro,Z" "-v" "/var/lib/crater-agent-workspace/cargo-home:/opt/rustwide/cargo-home:ro,Z" "-v" "/var/lib/crater-agent-workspace/rustup-home:/opt/rustwide/rustup-home:ro,Z" "-e" "SOURCE_DIR=/opt/rustwide/workdir" "-e" "CARGO_TARGET_DIR=/opt/rustwide/target" "-e" "CARGO_INCREMENTAL=0" "-e" "RUST_BACKTRACE=full" "-e" "RUSTFLAGS=--cap-lints=warn" "-e" "RUSTDOCFLAGS=--cap-lints=warn" "-e" "CARGO_HOME=/opt/rustwide/cargo-home" "-e" "RUSTUP_HOME=/opt/rustwide/rustup-home" "-w" "/opt/rustwide/workdir" "-m" "1610612736" "--user" "0:0" "--network" "none" "ghcr.io/rust-lang/crates-build-env/linux@sha256:2788e3201cd34a07e3172128adcd8b3090168a8e3bcc40d7c032b9dda1df7d1c" "/opt/rustwide/cargo-home/bin/cargo" "+beta-2023-12-22" "build" "--frozen" "--message-format=json", kill_on_drop: false }`
[INFO] [stdout] 95a7e8bc84edb64b73420ff19ee758ce9bac21b2706ae046633a03e0263a8d41
[INFO] running `Command { std: "docker" "start" "-a" "95a7e8bc84edb64b73420ff19ee758ce9bac21b2706ae046633a03e0263a8d41", kill_on_drop: false }`
[INFO] [stderr]    Compiling proc-macro2 v1.0.69
[INFO] [stderr]    Compiling libc v0.2.149
[INFO] [stderr]    Compiling once_cell v1.18.0
[INFO] [stderr]    Compiling serde v1.0.190
[INFO] [stderr]    Compiling futures-core v0.3.29
[INFO] [stderr]    Compiling vcpkg v0.2.15
[INFO] [stderr]    Compiling futures-sink v0.3.29
[INFO] [stderr]    Compiling futures-channel v0.3.29
[INFO] [stderr]    Compiling itoa v1.0.9
[INFO] [stderr]    Compiling futures-task v0.3.29
[INFO] [stderr]    Compiling percent-encoding v2.3.0
[INFO] [stderr]    Compiling num-traits v0.2.17
[INFO] [stderr]    Compiling unicode-normalization v0.1.22
[INFO] [stderr]    Compiling hashbrown v0.14.2
[INFO] [stderr]    Compiling equivalent v1.0.1
[INFO] [stderr]    Compiling futures-util v0.3.29
[INFO] [stderr]    Compiling unicode-bidi v0.3.13
[INFO] [stderr]    Compiling form_urlencoded v1.2.0
[INFO] [stderr]    Compiling tracing-core v0.1.32
[INFO] [stderr]    Compiling num-integer v0.1.45
[INFO] [stderr]    Compiling futures-io v0.3.29
[INFO] [stderr]    Compiling winnow v0.5.18
[INFO] [stderr]    Compiling openssl v0.10.58
[INFO] [stderr]    Compiling ident_case v1.0.1
[INFO] [stderr]    Compiling strsim v0.10.0
[INFO] [stderr]    Compiling memchr v2.6.4
[INFO] [stderr]    Compiling semver v1.0.20
[INFO] [stderr]    Compiling tracing v0.1.40
[INFO] [stderr]    Compiling indexmap v2.1.0
[INFO] [stderr]    Compiling idna v0.4.0
[INFO] [stderr]    Compiling quote v1.0.33
[INFO] [stderr]    Compiling http v0.2.9
[INFO] [stderr]    Compiling num-bigint v0.4.4
[INFO] [stderr]    Compiling native-tls v0.2.11
[INFO] [stderr]    Compiling bitflags v2.4.1
[INFO] [stderr]    Compiling syn v2.0.38
[INFO] [stderr]    Compiling syn v1.0.109
[INFO] [stderr]    Compiling mio v0.8.9
[INFO] [stderr]    Compiling cc v1.0.83
[INFO] [stderr]    Compiling num_cpus v1.16.0
[INFO] [stderr]    Compiling socket2 v0.5.5
[INFO] [stderr]    Compiling getrandom v0.2.10
[INFO] [stderr]    Compiling crossbeam-utils v0.8.16
[INFO] [stderr]    Compiling log v0.4.20
[INFO] [stderr]    Compiling url v2.4.1
[INFO] [stderr]    Compiling want v0.3.1
[INFO] [stderr]    Compiling socket2 v0.4.10
[INFO] [stderr]    Compiling ahash v0.8.6
[INFO] [stderr]    Compiling ryu v1.0.15
[INFO] [stderr]    Compiling digest v0.10.7
[INFO] [stderr]    Compiling rand_core v0.6.4
[INFO] [stderr]    Compiling serde_json v1.0.108
[INFO] [stderr]    Compiling http-body v0.4.5
[INFO] [stderr]    Compiling async-trait v0.1.74
[INFO] [stderr]    Compiling zerocopy v0.7.23
[INFO] [stderr]    Compiling deranged v0.3.9
[INFO] [stderr]    Compiling rand_chacha v0.3.1
[INFO] [stderr]    Compiling concurrent-queue v2.3.0
[INFO] [stderr]    Compiling encoding_rs v0.8.33
[INFO] [stderr]    Compiling allocator-api2 v0.2.16
[INFO] [stderr]    Compiling event-listener v2.5.3
[INFO] [stderr]    Compiling cpufeatures v0.2.11
[INFO] [stderr]    Compiling base64 v0.21.5
[INFO] [stderr]    Compiling ipnet v2.9.0
[INFO] [stderr]    Compiling async-channel v1.9.0
[INFO] [stderr]    Compiling rand v0.8.5
[INFO] [stderr]    Compiling sha2 v0.10.8
[INFO] [stderr]    Compiling spin v0.9.8
[INFO] [stderr]    Compiling hmac v0.12.1
[INFO] [stderr]    Compiling uuid v1.5.0
[INFO] [stderr]    Compiling openssl-sys v0.9.94
[INFO] [stderr]    Compiling time v0.3.30
[INFO] [stderr]    Compiling darling_core v0.14.4
[INFO] [stderr]    Compiling serde_derive v1.0.190
[INFO] [stderr]    Compiling tokio-macros v2.1.0
[INFO] [stderr]    Compiling futures-macro v0.3.29
[INFO] [stderr]    Compiling openssl-macros v0.1.1
[INFO] [stderr]    Compiling enum-ordinalize v3.1.15
[INFO] [stderr]    Compiling snafu-derive v0.7.5
[INFO] [stderr]    Compiling educe v0.4.23
[INFO] [stderr]    Compiling tokio v1.33.0
[INFO] [stderr]    Compiling darling_macro v0.14.4
[INFO] [stderr]    Compiling darling v0.14.4
[INFO] [stderr]    Compiling derive_builder_core v0.12.0
[INFO] [stderr]    Compiling phantom-type v0.4.2
[INFO] [stderr]    Compiling snafu v0.7.5
[INFO] [stderr]    Compiling derive_builder_macro v0.12.0
[INFO] [stderr]    Compiling derive_builder v0.12.0
[INFO] [stderr]    Compiling futures v0.3.29
[INFO] [stderr]    Compiling tokio-util v0.7.10
[INFO] [stderr]    Compiling tokio-native-tls v0.3.1
[INFO] [stderr]    Compiling h2 v0.3.21
[INFO] [stderr]    Compiling toml_datetime v0.6.5
[INFO] [stderr]    Compiling serde_spanned v0.6.4
[INFO] [stderr]    Compiling serde_urlencoded v0.7.1
[INFO] [stderr]    Compiling toml_edit v0.19.15
[INFO] [stderr]    Compiling hyper v0.14.27
[INFO] [stderr]    Compiling toml v0.7.8
[INFO] [stderr]    Compiling cargo-lock v9.0.0
[INFO] [stderr]    Compiling built v0.6.1
[INFO] [stderr]    Compiling pubnub v0.4.1 (/opt/rustwide/workdir)
[INFO] [stderr]    Compiling hyper-tls v0.5.0
[INFO] [stderr]    Compiling reqwest v0.11.22
[INFO] [stdout] warning: variable `input` is assigned to, but never used
[INFO] [stdout]    --> src/dx/subscribe/mod.rs:147:17
[INFO] [stdout]     |
[INFO] [stdout] 147 |         let mut input: Option<SubscribeInput> = None;
[INFO] [stdout]     |                 ^^^^^
[INFO] [stdout]     |
[INFO] [stdout]     = note: consider using `_input` instead
[INFO] [stdout]     = note: `#[warn(unused_variables)]` on by default
[INFO] [stdout] 
[INFO] [stdout] 
[INFO] [stdout] warning: value assigned to `input` is never read
[INFO] [stdout]    --> src/dx/subscribe/mod.rs:151:13
[INFO] [stdout]     |
[INFO] [stdout] 151 |             input = (!current_input.is_empty).then_some(current_input);
[INFO] [stdout]     |             ^^^^^
[INFO] [stdout]     |
[INFO] [stdout]     = help: maybe it is overwritten before being read?
[INFO] [stdout]     = note: `#[warn(unused_assignments)]` on by default
[INFO] [stdout] 
[INFO] [stdout] 
[INFO] [stdout] warning: variable `input` is assigned to, but never used
[INFO] [stdout]    --> src/dx/subscribe/mod.rs:215:17
[INFO] [stdout]     |
[INFO] [stdout] 215 |         let mut input: Option<SubscribeInput> = None;
[INFO] [stdout]     |                 ^^^^^
[INFO] [stdout]     |
[INFO] [stdout]     = note: consider using `_input` instead
[INFO] [stdout] 
[INFO] [stdout] 
[INFO] [stdout] warning: value assigned to `input` is never read
[INFO] [stdout]    --> src/dx/subscribe/mod.rs:219:13
[INFO] [stdout]     |
[INFO] [stdout] 219 |             input = (!current_input.is_empty).then_some(current_input);
[INFO] [stdout]     |             ^^^^^
[INFO] [stdout]     |
[INFO] [stdout]     = help: maybe it is overwritten before being read?
[INFO] [stdout] 
[INFO] [stdout] 
[INFO] [stdout] warning: unused variable: `client`
[INFO] [stdout]    --> src/dx/subscribe/mod.rs:351:9
[INFO] [stdout]     |
[INFO] [stdout] 351 |         client: Self,
[INFO] [stdout]     |         ^^^^^^ help: if this is intentional, prefix it with an underscore: `_client`
[INFO] [stdout] 
[INFO] [stdout] 
[INFO] [stdout] warning: unused variable: `channels`
[INFO] [stdout]    --> src/dx/subscribe/mod.rs:352:9
[INFO] [stdout]     |
[INFO] [stdout] 352 |         channels: Option<Vec<String>>,
[INFO] [stdout]     |         ^^^^^^^^ help: if this is intentional, prefix it with an underscore: `_channels`
[INFO] [stdout] 
[INFO] [stdout] 
[INFO] [stdout] warning: unused variable: `channel_groups`
[INFO] [stdout]    --> src/dx/subscribe/mod.rs:353:9
[INFO] [stdout]     |
[INFO] [stdout] 353 |         channel_groups: Option<Vec<String>>,
[INFO] [stdout]     |         ^^^^^^^^^^^^^^ help: if this is intentional, prefix it with an underscore: `_channel_groups`
[INFO] [stdout] 
[INFO] [stdout] 
[INFO] [stdout] warning: unused variable: `client`
[INFO] [stdout]    --> src/dx/subscribe/mod.rs:382:9
[INFO] [stdout]     |
[INFO] [stdout] 382 |         client: Self,
[INFO] [stdout]     |         ^^^^^^ help: if this is intentional, prefix it with an underscore: `_client`
[INFO] [stdout] 
[INFO] [stdout] 
[INFO] [stdout] warning: unused variable: `channels`
[INFO] [stdout]    --> src/dx/subscribe/mod.rs:383:9
[INFO] [stdout]     |
[INFO] [stdout] 383 |         channels: Option<Vec<String>>,
[INFO] [stdout]     |         ^^^^^^^^ help: if this is intentional, prefix it with an underscore: `_channels`
[INFO] [stdout] 
[INFO] [stdout] 
[INFO] [stdout] warning: unused variable: `channel_groups`
[INFO] [stdout]    --> src/dx/subscribe/mod.rs:384:9
[INFO] [stdout]     |
[INFO] [stdout] 384 |         channel_groups: Option<Vec<String>>,
[INFO] [stdout]     |         ^^^^^^^^^^^^^^ help: if this is intentional, prefix it with an underscore: `_channel_groups`
[INFO] [stdout] 
[INFO] [stdout] 
[INFO] [stdout] warning: 10 warnings emitted
[INFO] [stdout] 
[INFO] [stdout] 
[INFO] [stderr]     Finished dev [unoptimized + debuginfo] target(s) in 17.35s
[INFO] running `Command { std: "docker" "inspect" "95a7e8bc84edb64b73420ff19ee758ce9bac21b2706ae046633a03e0263a8d41", kill_on_drop: false }`
[INFO] running `Command { std: "docker" "rm" "-f" "95a7e8bc84edb64b73420ff19ee758ce9bac21b2706ae046633a03e0263a8d41", kill_on_drop: false }`
[INFO] [stdout] 95a7e8bc84edb64b73420ff19ee758ce9bac21b2706ae046633a03e0263a8d41
[INFO] running `Command { std: "docker" "create" "-v" "/var/lib/crater-agent-workspace/builds/worker-4-tc2/target:/opt/rustwide/target:rw,Z" "-v" "/var/lib/crater-agent-workspace/builds/worker-4-tc2/source:/opt/rustwide/workdir:ro,Z" "-v" "/var/lib/crater-agent-workspace/cargo-home:/opt/rustwide/cargo-home:ro,Z" "-v" "/var/lib/crater-agent-workspace/rustup-home:/opt/rustwide/rustup-home:ro,Z" "-e" "SOURCE_DIR=/opt/rustwide/workdir" "-e" "CARGO_TARGET_DIR=/opt/rustwide/target" "-e" "CARGO_INCREMENTAL=0" "-e" "RUST_BACKTRACE=full" "-e" "RUSTFLAGS=--cap-lints=warn" "-e" "RUSTDOCFLAGS=--cap-lints=warn" "-e" "CARGO_HOME=/opt/rustwide/cargo-home" "-e" "RUSTUP_HOME=/opt/rustwide/rustup-home" "-w" "/opt/rustwide/workdir" "-m" "1610612736" "--user" "0:0" "--network" "none" "ghcr.io/rust-lang/crates-build-env/linux@sha256:2788e3201cd34a07e3172128adcd8b3090168a8e3bcc40d7c032b9dda1df7d1c" "/opt/rustwide/cargo-home/bin/cargo" "+beta-2023-12-22" "test" "--frozen" "--no-run" "--message-format=json", kill_on_drop: false }`
[INFO] [stdout] 9542416bfb546c421863149b654bc3476282189c157176f60e379a8ff2c35e91
[INFO] running `Command { std: "docker" "start" "-a" "9542416bfb546c421863149b654bc3476282189c157176f60e379a8ff2c35e91", kill_on_drop: false }`
[INFO] [stderr]    Compiling memchr v2.6.4
[INFO] [stderr]    Compiling serde v1.0.190
[INFO] [stderr]    Compiling bitflags v2.4.1
[INFO] [stderr]    Compiling futures-io v0.3.29
[INFO] [stderr]    Compiling syn v2.0.38
[INFO] [stderr]    Compiling rustix v0.38.21
[INFO] [stderr]    Compiling getrandom v0.1.16
[INFO] [stderr]    Compiling thiserror v1.0.50
[INFO] [stderr]    Compiling linux-raw-sys v0.4.10
[INFO] [stderr]    Compiling serde_json v1.0.108
[INFO] [stderr]    Compiling darling_core v0.14.4
[INFO] [stderr]    Compiling url v2.4.1
[INFO] [stderr]    Compiling getrandom v0.2.10
[INFO] [stderr]    Compiling anyhow v1.0.75
[INFO] [stderr]    Compiling time-macros v0.2.15
[INFO] [stderr]    Compiling proc-macro-error-attr v1.0.4
[INFO] [stderr]    Compiling anstyle-parse v0.2.2
[INFO] [stderr]    Compiling vte_generate_state_changes v0.1.1
[INFO] [stderr]    Compiling anstyle v1.0.4
[INFO] [stderr]    Compiling either v1.9.0
[INFO] [stderr]    Compiling bytecount v0.6.7
[INFO] [stderr]    Compiling peg-runtime v0.6.3
[INFO] [stderr]    Compiling rand_core v0.6.4
[INFO] [stderr]    Compiling aho-corasick v1.1.2
[INFO] [stderr]    Compiling rand_core v0.5.1
[INFO] [stderr]    Compiling nom v7.1.3
[INFO] [stderr]    Compiling bstr v1.7.0
[INFO] [stderr]    Compiling anstream v0.6.4
[INFO] [stderr]    Compiling proc-macro-error v1.0.4
[INFO] [stderr]    Compiling derive_more v0.99.17
[INFO] [stderr]    Compiling vte v0.11.1
[INFO] [stderr]    Compiling rand_chacha v0.2.2
[INFO] [stderr]    Compiling peg-macros v0.6.3
[INFO] [stderr]    Compiling thread_local v1.1.7
[INFO] [stderr]    Compiling regex-syntax v0.7.5
[INFO] [stderr]    Compiling unicode-linebreak v0.1.5
[INFO] [stderr]    Compiling clap_lex v0.6.0
[INFO] [stderr]    Compiling waker-fn v1.1.1
[INFO] [stderr]    Compiling parking v2.2.0
[INFO] [stderr]    Compiling terminal_size v0.3.0
[INFO] [stderr]    Compiling http-types v2.12.0
[INFO] [stderr]    Compiling smawk v0.3.2
[INFO] [stderr]    Compiling clap_builder v4.4.7
[INFO] [stderr]    Compiling futures-lite v1.13.0
[INFO] [stderr]    Compiling rand v0.7.3
[INFO] [stderr]    Compiling rand_chacha v0.3.1
[INFO] [stderr]    Compiling itertools v0.11.0
[INFO] [stderr]    Compiling textwrap v0.16.0
[INFO] [stderr]    Compiling regex-automata v0.4.3
[INFO] [stderr]    Compiling strip-ansi-escapes v0.2.0
[INFO] [stderr]    Compiling quick-xml v0.31.0
[INFO] [stderr]    Compiling derive-getters v0.3.0
[INFO] [stderr]    Compiling time v0.3.30
[INFO] [stderr]    Compiling nom_locate v4.2.0
[INFO] [stderr]    Compiling retain_mut v0.1.9
[INFO] [stderr]    Compiling deadpool-runtime v0.1.3
[INFO] [stderr]    Compiling humantime v2.1.0
[INFO] [stderr]    Compiling base64 v0.13.1
[INFO] [stderr]    Compiling inflections v1.1.1
[INFO] [stderr]    Compiling infer v0.2.3
[INFO] [stderr]    Compiling peg v0.6.3
[INFO] [stderr]    Compiling rand v0.8.5
[INFO] [stderr]    Compiling darling_macro v0.14.4
[INFO] [stderr]    Compiling is-terminal v0.4.9
[INFO] [stderr]    Compiling console v0.15.7
[INFO] [stderr]    Compiling uuid v1.5.0
[INFO] [stderr]    Compiling inventory v0.3.13
[INFO] [stderr]    Compiling drain_filter_polyfill v0.1.3
[INFO] [stderr]    Compiling termcolor v1.3.0
[INFO] [stderr]    Compiling futures-timer v3.0.2
[INFO] [stderr]    Compiling test-case-core v3.2.1
[INFO] [stderr]    Compiling junit-report v0.8.3
[INFO] [stderr]    Compiling darling v0.14.4
[INFO] [stderr]    Compiling derive_builder_core v0.12.0
[INFO] [stderr]    Compiling regex v1.10.2
[INFO] [stderr]    Compiling serde_derive v1.0.190
[INFO] [stderr]    Compiling tokio-macros v2.1.0
[INFO] [stderr]    Compiling futures-macro v0.3.29
[INFO] [stderr]    Compiling thiserror-impl v1.0.50
[INFO] [stderr]    Compiling openssl-macros v0.1.1
[INFO] [stderr]    Compiling sealed v0.5.0
[INFO] [stderr]    Compiling async-trait v0.1.74
[INFO] [stderr]    Compiling enum-ordinalize v3.1.15
[INFO] [stderr]    Compiling typed-builder-macro v0.15.2
[INFO] [stderr]    Compiling clap_derive v4.4.7
[INFO] [stderr]    Compiling globset v0.4.13
[INFO] [stderr]    Compiling cucumber-expressions v0.3.0
[INFO] [stderr]    Compiling openssl v0.10.58
[INFO] [stderr]    Compiling derive_builder_macro v0.12.0
[INFO] [stderr]    Compiling synthez-core v0.3.1
[INFO] [stderr]    Compiling educe v0.4.23
[INFO] [stderr]    Compiling ignore v0.4.20
[INFO] [stderr]    Compiling tokio v1.33.0
[INFO] [stderr]    Compiling pin-project-internal v1.1.3
[INFO] [stderr]    Compiling typed-builder v0.15.2
[INFO] [stderr]    Compiling smart-default v0.7.1
[INFO] [stderr]    Compiling derive_builder v0.12.0
[INFO] [stderr]    Compiling futures-util v0.3.29
[INFO] [stderr]    Compiling test-case-macros v3.2.1
[INFO] [stderr]    Compiling globwalk v0.8.1
[INFO] [stderr]    Compiling env_logger v0.10.0
[INFO] [stderr]    Compiling synthez-codegen v0.3.1
[INFO] [stderr]    Compiling lazy-regex-proc_macros v3.0.1
[INFO] [stderr]    Compiling synthez v0.3.1
[INFO] [stderr]    Compiling test-case v3.2.1
[INFO] [stderr]    Compiling cucumber-codegen v0.20.1
[INFO] [stderr]    Compiling pin-project v1.1.3
[INFO] [stderr]    Compiling clap v4.4.7
[INFO] [stderr]    Compiling phantom-type v0.4.2
[INFO] [stderr]    Compiling native-tls v0.2.11
[INFO] [stderr]    Compiling lazy-regex v3.0.2
[INFO] [stderr]    Compiling futures-executor v0.3.29
[INFO] [stderr]    Compiling futures v0.3.29
[INFO] [stderr]    Compiling tokio-util v0.7.10
[INFO] [stderr]    Compiling tokio-native-tls v0.3.1
[INFO] [stderr]    Compiling deadpool v0.9.5
[INFO] [stderr]    Compiling h2 v0.3.21
[INFO] [stderr]    Compiling serde_spanned v0.6.4
[INFO] [stderr]    Compiling toml_datetime v0.6.5
[INFO] [stderr]    Compiling semver v1.0.20
[INFO] [stderr]    Compiling serde_urlencoded v0.7.1
[INFO] [stderr]    Compiling serde_qs v0.8.5
[INFO] [stderr]    Compiling hashbrown v0.14.2
[INFO] [stderr]    Compiling toml_edit v0.19.15
[INFO] [stderr]    Compiling assert-json-diff v2.0.2
[INFO] [stderr]    Compiling gherkin v0.14.0
[INFO] [stderr]    Compiling toml v0.7.8
[INFO] [stderr]    Compiling hyper v0.14.27
[INFO] [stderr]    Compiling cargo-lock v9.0.0
[INFO] [stderr]    Compiling cucumber v0.20.1
[INFO] [stderr]    Compiling built v0.6.1
[INFO] [stderr]    Compiling pubnub v0.4.1 (/opt/rustwide/workdir)
[INFO] [stderr]    Compiling hyper-tls v0.5.0
[INFO] [stderr]    Compiling wiremock v0.5.20
[INFO] [stderr]    Compiling reqwest v0.11.22
[INFO] [stdout] warning: variable `input` is assigned to, but never used
[INFO] [stdout]    --> src/dx/subscribe/mod.rs:147:17
[INFO] [stdout]     |
[INFO] [stdout] 147 |         let mut input: Option<SubscribeInput> = None;
[INFO] [stdout]     |                 ^^^^^
[INFO] [stdout]     |
[INFO] [stdout]     = note: consider using `_input` instead
[INFO] [stdout]     = note: `#[warn(unused_variables)]` on by default
[INFO] [stdout] 
[INFO] [stdout] 
[INFO] [stdout] warning: value assigned to `input` is never read
[INFO] [stdout]    --> src/dx/subscribe/mod.rs:151:13
[INFO] [stdout]     |
[INFO] [stdout] 151 |             input = (!current_input.is_empty).then_some(current_input);
[INFO] [stdout]     |             ^^^^^
[INFO] [stdout]     |
[INFO] [stdout]     = help: maybe it is overwritten before being read?
[INFO] [stdout]     = note: `#[warn(unused_assignments)]` on by default
[INFO] [stdout] 
[INFO] [stdout] 
[INFO] [stdout] warning: variable `input` is assigned to, but never used
[INFO] [stdout]    --> src/dx/subscribe/mod.rs:215:17
[INFO] [stdout]     |
[INFO] [stdout] 215 |         let mut input: Option<SubscribeInput> = None;
[INFO] [stdout]     |                 ^^^^^
[INFO] [stdout]     |
[INFO] [stdout]     = note: consider using `_input` instead
[INFO] [stdout] 
[INFO] [stdout] 
[INFO] [stdout] warning: value assigned to `input` is never read
[INFO] [stdout]    --> src/dx/subscribe/mod.rs:219:13
[INFO] [stdout]     |
[INFO] [stdout] 219 |             input = (!current_input.is_empty).then_some(current_input);
[INFO] [stdout]     |             ^^^^^
[INFO] [stdout]     |
[INFO] [stdout]     = help: maybe it is overwritten before being read?
[INFO] [stdout] 
[INFO] [stdout] 
[INFO] [stdout] warning: unused variable: `client`
[INFO] [stdout]    --> src/dx/subscribe/mod.rs:351:9
[INFO] [stdout]     |
[INFO] [stdout] 351 |         client: Self,
[INFO] [stdout]     |         ^^^^^^ help: if this is intentional, prefix it with an underscore: `_client`
[INFO] [stdout] 
[INFO] [stdout] 
[INFO] [stdout] warning: unused variable: `channels`
[INFO] [stdout]    --> src/dx/subscribe/mod.rs:352:9
[INFO] [stdout]     |
[INFO] [stdout] 352 |         channels: Option<Vec<String>>,
[INFO] [stdout]     |         ^^^^^^^^ help: if this is intentional, prefix it with an underscore: `_channels`
[INFO] [stdout] 
[INFO] [stdout] 
[INFO] [stdout] warning: unused variable: `channel_groups`
[INFO] [stdout]    --> src/dx/subscribe/mod.rs:353:9
[INFO] [stdout]     |
[INFO] [stdout] 353 |         channel_groups: Option<Vec<String>>,
[INFO] [stdout]     |         ^^^^^^^^^^^^^^ help: if this is intentional, prefix it with an underscore: `_channel_groups`
[INFO] [stdout] 
[INFO] [stdout] 
[INFO] [stdout] warning: unused variable: `client`
[INFO] [stdout]    --> src/dx/subscribe/mod.rs:382:9
[INFO] [stdout]     |
[INFO] [stdout] 382 |         client: Self,
[INFO] [stdout]     |         ^^^^^^ help: if this is intentional, prefix it with an underscore: `_client`
[INFO] [stdout] 
[INFO] [stdout] 
[INFO] [stdout] warning: unused variable: `channels`
[INFO] [stdout]    --> src/dx/subscribe/mod.rs:383:9
[INFO] [stdout]     |
[INFO] [stdout] 383 |         channels: Option<Vec<String>>,
[INFO] [stdout]     |         ^^^^^^^^ help: if this is intentional, prefix it with an underscore: `_channels`
[INFO] [stdout] 
[INFO] [stdout] 
[INFO] [stdout] warning: unused variable: `channel_groups`
[INFO] [stdout]    --> src/dx/subscribe/mod.rs:384:9
[INFO] [stdout]     |
[INFO] [stdout] 384 |         channel_groups: Option<Vec<String>>,
[INFO] [stdout]     |         ^^^^^^^^^^^^^^ help: if this is intentional, prefix it with an underscore: `_channel_groups`
[INFO] [stdout] 
[INFO] [stdout] 
[INFO] [stdout] warning: 10 warnings emitted
[INFO] [stdout] 
[INFO] [stdout] 
[INFO] [stdout] warning: variable `input` is assigned to, but never used
[INFO] [stdout]    --> src/dx/subscribe/mod.rs:147:17
[INFO] [stdout]     |
[INFO] [stdout] 147 |         let mut input: Option<SubscribeInput> = None;
[INFO] [stdout]     |                 ^^^^^
[INFO] [stdout]     |
[INFO] [stdout]     = note: consider using `_input` instead
[INFO] [stdout]     = note: `#[warn(unused_variables)]` on by default
[INFO] [stdout] 
[INFO] [stdout] 
[INFO] [stdout] warning: value assigned to `input` is never read
[INFO] [stdout]    --> src/dx/subscribe/mod.rs:151:13
[INFO] [stdout]     |
[INFO] [stdout] 151 |             input = (!current_input.is_empty).then_some(current_input);
[INFO] [stdout]     |             ^^^^^
[INFO] [stdout]     |
[INFO] [stdout]     = help: maybe it is overwritten before being read?
[INFO] [stdout]     = note: `#[warn(unused_assignments)]` on by default
[INFO] [stdout] 
[INFO] [stdout] 
[INFO] [stdout] warning: variable `input` is assigned to, but never used
[INFO] [stdout]    --> src/dx/subscribe/mod.rs:215:17
[INFO] [stdout]     |
[INFO] [stdout] 215 |         let mut input: Option<SubscribeInput> = None;
[INFO] [stdout]     |                 ^^^^^
[INFO] [stdout]     |
[INFO] [stdout]     = note: consider using `_input` instead
[INFO] [stdout] 
[INFO] [stdout] 
[INFO] [stdout] warning: value assigned to `input` is never read
[INFO] [stdout]    --> src/dx/subscribe/mod.rs:219:13
[INFO] [stdout]     |
[INFO] [stdout] 219 |             input = (!current_input.is_empty).then_some(current_input);
[INFO] [stdout]     |             ^^^^^
[INFO] [stdout]     |
[INFO] [stdout]     = help: maybe it is overwritten before being read?
[INFO] [stdout] 
[INFO] [stdout] 
[INFO] [stdout] warning: unused variable: `client`
[INFO] [stdout]    --> src/dx/subscribe/mod.rs:351:9
[INFO] [stdout]     |
[INFO] [stdout] 351 |         client: Self,
[INFO] [stdout]     |         ^^^^^^ help: if this is intentional, prefix it with an underscore: `_client`
[INFO] [stdout] 
[INFO] [stdout] 
[INFO] [stdout] warning: unused variable: `channels`
[INFO] [stdout]    --> src/dx/subscribe/mod.rs:352:9
[INFO] [stdout]     |
[INFO] [stdout] 352 |         channels: Option<Vec<String>>,
[INFO] [stdout]     |         ^^^^^^^^ help: if this is intentional, prefix it with an underscore: `_channels`
[INFO] [stdout] 
[INFO] [stdout] 
[INFO] [stdout] warning: unused variable: `channel_groups`
[INFO] [stdout]    --> src/dx/subscribe/mod.rs:353:9
[INFO] [stdout]     |
[INFO] [stdout] 353 |         channel_groups: Option<Vec<String>>,
[INFO] [stdout]     |         ^^^^^^^^^^^^^^ help: if this is intentional, prefix it with an underscore: `_channel_groups`
[INFO] [stdout] 
[INFO] [stdout] 
[INFO] [stdout] warning: unused variable: `client`
[INFO] [stdout]    --> src/dx/subscribe/mod.rs:382:9
[INFO] [stdout]     |
[INFO] [stdout] 382 |         client: Self,
[INFO] [stdout]     |         ^^^^^^ help: if this is intentional, prefix it with an underscore: `_client`
[INFO] [stdout] 
[INFO] [stdout] 
[INFO] [stdout] warning: unused variable: `channels`
[INFO] [stdout]    --> src/dx/subscribe/mod.rs:383:9
[INFO] [stdout]     |
[INFO] [stdout] 383 |         channels: Option<Vec<String>>,
[INFO] [stdout]     |         ^^^^^^^^ help: if this is intentional, prefix it with an underscore: `_channels`
[INFO] [stdout] 
[INFO] [stdout] 
[INFO] [stdout] warning: unused variable: `channel_groups`
[INFO] [stdout]    --> src/dx/subscribe/mod.rs:384:9
[INFO] [stdout]     |
[INFO] [stdout] 384 |         channel_groups: Option<Vec<String>>,
[INFO] [stdout]     |         ^^^^^^^^^^^^^^ help: if this is intentional, prefix it with an underscore: `_channel_groups`
[INFO] [stdout] 
[INFO] [stdout] 
[INFO] [stderr] error: could not compile `pubnub` (lib test); 10 warnings emitted
[INFO] [stderr] 
[INFO] [stderr] Caused by:
[INFO] [stderr]   process didn't exit successfully: `/opt/rustwide/rustup-home/toolchains/beta-2023-12-22-x86_64-unknown-linux-gnu/bin/rustc --crate-name pubnub --edition=2021 src/lib.rs --error-format=json --json=diagnostic-rendered-ansi,artifacts,future-incompat --emit=dep-info,link -C embed-bitcode=no -C debuginfo=2 --test --cfg 'feature="blocking"' --cfg 'feature="default"' --cfg 'feature="getrandom"' --cfg 'feature="publish"' --cfg 'feature="reqwest"' --cfg 'feature="serde"' --cfg 'feature="std"' --cfg 'feature="subscribe"' --cfg 'feature="tokio"' -C metadata=46031bfb0f812f3a -C extra-filename=-46031bfb0f812f3a --out-dir /opt/rustwide/target/debug/deps -L dependency=/opt/rustwide/target/debug/deps --extern async_channel=/opt/rustwide/target/debug/deps/libasync_channel-6530e6ea2997e70c.rlib --extern async_trait=/opt/rustwide/target/debug/deps/libasync_trait-2d9a61a395ae849a.so --extern base64=/opt/rustwide/target/debug/deps/libbase64-47ce12bf5fcc4351.rlib --extern bytes=/opt/rustwide/target/debug/deps/libbytes-d5ef6100ae69ca23.rlib --extern cucumber=/opt/rustwide/target/debug/deps/libcucumber-2ff4f01755005b69.rlib --extern derive_builder=/opt/rustwide/target/debug/deps/libderive_builder-f2acfb1090ea9ce1.rlib --extern env_logger=/opt/rustwide/target/debug/deps/libenv_logger-c8280f21dac31190.rlib --extern futures=/opt/rustwide/target/debug/deps/libfutures-0967bf3c49cadaf3.rlib --extern getrandom=/opt/rustwide/target/debug/deps/libgetrandom-afb9be605d1ccb29.rlib --extern hashbrown=/opt/rustwide/target/debug/deps/libhashbrown-c7490a1ddc3917d7.rlib --extern hmac=/opt/rustwide/target/debug/deps/libhmac-1de047e7f745ff81.rlib --extern log=/opt/rustwide/target/debug/deps/liblog-2cf4a51dfa4e790a.rlib --extern percent_encoding=/opt/rustwide/target/debug/deps/libpercent_encoding-c878b6f40f2978b2.rlib --extern phantom_type=/opt/rustwide/target/debug/deps/libphantom_type-bc4cb91dc9d0ae64.rlib --extern rand=/opt/rustwide/target/debug/deps/librand-7bfc54458470c9de.rlib --extern reqwest=/opt/rustwide/target/debug/deps/libreqwest-74e8cef6c104ac2a.rlib --extern serde=/opt/rustwide/target/debug/deps/libserde-0534a20e71054592.rlib --extern serde_json=/opt/rustwide/target/debug/deps/libserde_json-f5a2196437cb7bb0.rlib --extern sha2=/opt/rustwide/target/debug/deps/libsha2-a4c15368fbe475c2.rlib --extern snafu=/opt/rustwide/target/debug/deps/libsnafu-ab07b1498d8f262e.rlib --extern spin=/opt/rustwide/target/debug/deps/libspin-5e8bc0babc2505c2.rlib --extern test_case=/opt/rustwide/target/debug/deps/libtest_case-d2d37dcfccc3e5e2.rlib --extern time=/opt/rustwide/target/debug/deps/libtime-427943a68bc08e98.rlib --extern tokio=/opt/rustwide/target/debug/deps/libtokio-9326ad1dd811c9b6.rlib --extern uuid=/opt/rustwide/target/debug/deps/libuuid-a84736f7f3744c43.rlib --extern wiremock=/opt/rustwide/target/debug/deps/libwiremock-88a9d1b39f41f77e.rlib --cap-lints=warn` (signal: 9, SIGKILL: kill)
[INFO] [stderr] warning: build failed, waiting for other jobs to finish...
[INFO] [stdout] error: linking with `cc` failed: exit status: 1
[INFO] [stdout]   |
[INFO] [stdout]   = note: LC_ALL="C" PATH="/opt/rustwide/rustup-home/toolchains/beta-2023-12-22-x86_64-unknown-linux-gnu/lib/rustlib/x86_64-unknown-linux-gnu/bin:/opt/rustwide/cargo-home/bin:/usr/local/sbin:/usr/local/bin:/usr/sbin:/usr/bin:/sbin:/bin" VSLANG="1033" "cc" "-m64" "/tmp/rustcxhNcPk/symbols.o" "/opt/rustwide/target/debug/examples/publish-37cdc197d6a1a7e3.publish.27c86cb962514619-cgu.00.rcgu.o" "/opt/rustwide/target/debug/examples/publish-37cdc197d6a1a7e3.publish.27c86cb962514619-cgu.01.rcgu.o" "/opt/rustwide/target/debug/examples/publish-37cdc197d6a1a7e3.publish.27c86cb962514619-cgu.02.rcgu.o" "/opt/rustwide/target/debug/examples/publish-37cdc197d6a1a7e3.publish.27c86cb962514619-cgu.03.rcgu.o" "/opt/rustwide/target/debug/examples/publish-37cdc197d6a1a7e3.publish.27c86cb962514619-cgu.04.rcgu.o" "/opt/rustwide/target/debug/examples/publish-37cdc197d6a1a7e3.publish.27c86cb962514619-cgu.05.rcgu.o" "/opt/rustwide/target/debug/examples/publish-37cdc197d6a1a7e3.publish.27c86cb962514619-cgu.06.rcgu.o" "/opt/rustwide/target/debug/examples/publish-37cdc197d6a1a7e3.publish.27c86cb962514619-cgu.07.rcgu.o" "/opt/rustwide/target/debug/examples/publish-37cdc197d6a1a7e3.publish.27c86cb962514619-cgu.08.rcgu.o" "/opt/rustwide/target/debug/examples/publish-37cdc197d6a1a7e3.publish.27c86cb962514619-cgu.09.rcgu.o" "/opt/rustwide/target/debug/examples/publish-37cdc197d6a1a7e3.publish.27c86cb962514619-cgu.10.rcgu.o" "/opt/rustwide/target/debug/examples/publish-37cdc197d6a1a7e3.publish.27c86cb962514619-cgu.11.rcgu.o" "/opt/rustwide/target/debug/examples/publish-37cdc197d6a1a7e3.publish.27c86cb962514619-cgu.12.rcgu.o" "/opt/rustwide/target/debug/examples/publish-37cdc197d6a1a7e3.publish.27c86cb962514619-cgu.13.rcgu.o" "/opt/rustwide/target/debug/examples/publish-37cdc197d6a1a7e3.publish.27c86cb962514619-cgu.14.rcgu.o" "/opt/rustwide/target/debug/examples/publish-37cdc197d6a1a7e3.publish.27c86cb962514619-cgu.15.rcgu.o" "/opt/rustwide/target/debug/examples/publish-37cdc197d6a1a7e3.2kqufjh6e81ymb68.rcgu.o" "-Wl,--as-needed" "-L" "/opt/rustwide/target/debug/deps" "-L" "/opt/rustwide/rustup-home/toolchains/beta-2023-12-22-x86_64-unknown-linux-gnu/lib/rustlib/x86_64-unknown-linux-gnu/lib" "-Wl,-Bstatic" "/opt/rustwide/target/debug/deps/libpubnub-be4cb3bb695d0799.rlib" "/opt/rustwide/target/debug/deps/libreqwest-74e8cef6c104ac2a.rlib" "/opt/rustwide/target/debug/deps/libhyper_tls-ca2a7c6dc74f3cb5.rlib" "/opt/rustwide/target/debug/deps/libipnet-5d86936adafddcc9.rlib" "/opt/rustwide/target/debug/deps/libtokio_native_tls-3ff026937717bb2c.rlib" "/opt/rustwide/target/debug/deps/libserde_urlencoded-03bdc3503888dc72.rlib" "/opt/rustwide/target/debug/deps/libmime-a9df5a780629fb7d.rlib" "/opt/rustwide/target/debug/deps/libencoding_rs-4339e23ae7924400.rlib" "/opt/rustwide/target/debug/deps/libserde_json-f5a2196437cb7bb0.rlib" "/opt/rustwide/target/debug/deps/libryu-d2c3aff9aeca12bd.rlib" "/opt/rustwide/target/debug/deps/libnative_tls-e4855fab2ba497cb.rlib" "/opt/rustwide/target/debug/deps/libopenssl_probe-01da96bec2dfd166.rlib" "/opt/rustwide/target/debug/deps/libopenssl-3d3b89d460ec58f3.rlib" "/opt/rustwide/target/debug/deps/libbitflags-52f05aea2267c407.rlib" "/opt/rustwide/target/debug/deps/libforeign_types-34162016ad32c65c.rlib" "/opt/rustwide/target/debug/deps/libforeign_types_shared-6c481fa47d8ef87b.rlib" "/opt/rustwide/target/debug/deps/libopenssl_sys-887dd0f2ccb31b34.rlib" "/opt/rustwide/target/debug/deps/libhyper-46ac021351387caa.rlib" "/opt/rustwide/target/debug/deps/libwant-a53deb880f5b4491.rlib" "/opt/rustwide/target/debug/deps/libtry_lock-539bdf1ed77a7a8a.rlib" "/opt/rustwide/target/debug/deps/libsocket2-dc773a84fbf64426.rlib" "/opt/rustwide/target/debug/deps/libhttparse-2dbc320ca65411a3.rlib" "/opt/rustwide/target/debug/deps/libh2-78e69c3f5d1fd5e9.rlib" "/opt/rustwide/target/debug/deps/libindexmap-7ff1a537f445f359.rlib" "/opt/rustwide/target/debug/deps/libhashbrown-e273ba0f8cdcbe5b.rlib" "/opt/rustwide/target/debug/deps/libtokio_util-bd85224692c1c1f7.rlib" "/opt/rustwide/target/debug/deps/libtower_service-92bbc7b5a1dd8782.rlib" "/opt/rustwide/target/debug/deps/libtracing-a2ad591578c7f39a.rlib" "/opt/rustwide/target/debug/deps/libtracing_core-342c9df225514dc6.rlib" "/opt/rustwide/target/debug/deps/libonce_cell-fadaa1d866399a17.rlib" "/opt/rustwide/target/debug/deps/libhttpdate-bf64bff9ff5092d8.rlib" "/opt/rustwide/target/debug/deps/libtokio-9326ad1dd811c9b6.rlib" "/opt/rustwide/target/debug/deps/libnum_cpus-72b56b7470ab2998.rlib" "/opt/rustwide/target/debug/deps/libsocket2-554ff917a92fa41d.rlib" "/opt/rustwide/target/debug/deps/libmio-0a4afd805664c5a5.rlib" "/opt/rustwide/target/debug/deps/libhttp_body-a60d1fea50354628.rlib" "/opt/rustwide/target/debug/deps/liburl-f8ec0dbacdd5cc49.rlib" "/opt/rustwide/target/debug/deps/libidna-cec821f7529828f2.rlib" "/opt/rustwide/target/debug/deps/libunicode_normalization-a49209942f8cb303.rlib" "/opt/rustwide/target/debug/deps/libtinyvec-dcbbce603bc23510.rlib" "/opt/rustwide/target/debug/deps/libtinyvec_macros-333661e3b238a9a3.rlib" "/opt/rustwide/target/debug/deps/libunicode_bidi-ee612f5df1be5cab.rlib" "/opt/rustwide/target/debug/deps/libform_urlencoded-ee95c3013bc32c40.rlib" "/opt/rustwide/target/debug/deps/libserde-0534a20e71054592.rlib" "/opt/rustwide/target/debug/deps/libhttp-530b943cc235ccd2.rlib" "/opt/rustwide/target/debug/deps/libfnv-953831fe314029b4.rlib" "/opt/rustwide/target/debug/deps/libbytes-d5ef6100ae69ca23.rlib" "/opt/rustwide/target/debug/deps/libtime-427943a68bc08e98.rlib" "/opt/rustwide/target/debug/deps/libitoa-c3a42249f065e11e.rlib" "/opt/rustwide/target/debug/deps/libtime_core-acdcdbb0edad8681.rlib" "/opt/rustwide/target/debug/deps/libderanged-e095b50b2a98b0c8.rlib" "/opt/rustwide/target/debug/deps/libpowerfmt-a584063b8a4e44a4.rlib" "/opt/rustwide/target/debug/deps/libsha2-a4c15368fbe475c2.rlib" "/opt/rustwide/target/debug/deps/libcpufeatures-b9c2875b4acd1b8c.rlib" "/opt/rustwide/target/debug/deps/libhmac-1de047e7f745ff81.rlib" "/opt/rustwide/target/debug/deps/libdigest-66885e6f84493b7e.rlib" "/opt/rustwide/target/debug/deps/libsubtle-8bfc29cd08fc9521.rlib" "/opt/rustwide/target/debug/deps/libblock_buffer-d5751409ab05b00a.rlib" "/opt/rustwide/target/debug/deps/libcrypto_common-2346b4a3e8082086.rlib" "/opt/rustwide/target/debug/deps/libgeneric_array-8204c0397cddb82b.rlib" "/opt/rustwide/target/debug/deps/libtypenum-b40ba058056b0bf8.rlib" "/opt/rustwide/target/debug/deps/libuuid-a84736f7f3744c43.rlib" "/opt/rustwide/target/debug/deps/libgetrandom-afb9be605d1ccb29.rlib" "/opt/rustwide/target/debug/deps/liblibc-79ffe6536b1eb765.rlib" "/opt/rustwide/target/debug/deps/libbase64-47ce12bf5fcc4351.rlib" "/opt/rustwide/target/debug/deps/libderive_builder-f2acfb1090ea9ce1.rlib" "/opt/rustwide/target/debug/deps/libpercent_encoding-c878b6f40f2978b2.rlib" "/opt/rustwide/target/debug/deps/libfutures-0967bf3c49cadaf3.rlib" "/opt/rustwide/target/debug/deps/libfutures_executor-a3052f03c7d04a18.rlib" "/opt/rustwide/target/debug/deps/libfutures_util-87873bf0f493a526.rlib" "/opt/rustwide/target/debug/deps/libmemchr-b015c738e29d747c.rlib" "/opt/rustwide/target/debug/deps/libfutures_io-d5c5bf1c0dfd3da2.rlib" "/opt/rustwide/target/debug/deps/libslab-0a39a638bccea296.rlib" "/opt/rustwide/target/debug/deps/libfutures_channel-77e21484e2336cad.rlib" "/opt/rustwide/target/debug/deps/libpin_project_lite-085b19c93bbb2231.rlib" "/opt/rustwide/target/debug/deps/libfutures_sink-2277a9e5dde989ce.rlib" "/opt/rustwide/target/debug/deps/libfutures_task-8a8d0b282fffed3e.rlib" "/opt/rustwide/target/debug/deps/libpin_utils-9c5dcf17efb91bff.rlib" "/opt/rustwide/target/debug/deps/libspin-5e8bc0babc2505c2.rlib" "/opt/rustwide/target/debug/deps/liblock_api-af608386887ddd92.rlib" "/opt/rustwide/target/debug/deps/libscopeguard-f937485db0060aca.rlib" "/opt/rustwide/target/debug/deps/liblog-2cf4a51dfa4e790a.rlib" "/opt/rustwide/target/debug/deps/libasync_channel-6530e6ea2997e70c.rlib" "/opt/rustwide/target/debug/deps/libfutures_core-c75aab8011a428b1.rlib" "/opt/rustwide/target/debug/deps/libevent_listener-769af95c79f2a6ea.rlib" "/opt/rustwide/target/debug/deps/libconcurrent_queue-b66549a59f4f5e7b.rlib" "/opt/rustwide/target/debug/deps/libcrossbeam_utils-1aa252bc66f86fa9.rlib" "/opt/rustwide/target/debug/deps/libcfg_if-e7002d307f97bc56.rlib" "/opt/rustwide/target/debug/deps/libsnafu-ab07b1498d8f262e.rlib" "/opt/rustwide/target/debug/deps/libdoc_comment-8766726346b4cbde.rlib" "/opt/rustwide/rustup-home/toolchains/beta-2023-12-22-x86_64-unknown-linux-gnu/lib/rustlib/x86_64-unknown-linux-gnu/lib/libstd-0672489a78b613de.rlib" "/opt/rustwide/rustup-home/toolchains/beta-2023-12-22-x86_64-unknown-linux-gnu/lib/rustlib/x86_64-unknown-linux-gnu/lib/libpanic_unwind-7eb3ffc34a49f675.rlib" "/opt/rustwide/rustup-home/toolchains/beta-2023-12-22-x86_64-unknown-linux-gnu/lib/rustlib/x86_64-unknown-linux-gnu/lib/libobject-6478a9daa4bee8e2.rlib" "/opt/rustwide/rustup-home/toolchains/beta-2023-12-22-x86_64-unknown-linux-gnu/lib/rustlib/x86_64-unknown-linux-gnu/lib/libmemchr-0c75d871a5c3923d.rlib" "/opt/rustwide/rustup-home/toolchains/beta-2023-12-22-x86_64-unknown-linux-gnu/lib/rustlib/x86_64-unknown-linux-gnu/lib/libaddr2line-d163ef63ad37bb71.rlib" "/opt/rustwide/rustup-home/toolchains/beta-2023-12-22-x86_64-unknown-linux-gnu/lib/rustlib/x86_64-unknown-linux-gnu/lib/libgimli-8a3fd810a85b9f4c.rlib" "/opt/rustwide/rustup-home/toolchains/beta-2023-12-22-x86_64-unknown-linux-gnu/lib/rustlib/x86_64-unknown-linux-gnu/lib/librustc_demangle-462a2cde8c5dfc10.rlib" "/opt/rustwide/rustup-home/toolchains/beta-2023-12-22-x86_64-unknown-linux-gnu/lib/rustlib/x86_64-unknown-linux-gnu/lib/libstd_detect-cb06ac9f54713f71.rlib" "/opt/rustwide/rustup-home/toolchains/beta-2023-12-22-x86_64-unknown-linux-gnu/lib/rustlib/x86_64-unknown-linux-gnu/lib/libhashbrown-f20bfd1f8e59b393.rlib" "/opt/rustwide/rustup-home/toolchains/beta-2023-12-22-x86_64-unknown-linux-gnu/lib/rustlib/x86_64-unknown-linux-gnu/lib/librustc_std_workspace_alloc-1ef460949b49da4b.rlib" "/opt/rustwide/rustup-home/toolchains/beta-2023-12-22-x86_64-unknown-linux-gnu/lib/rustlib/x86_64-unknown-linux-gnu/lib/libminiz_oxide-2cb0c0ffe4f87514.rlib" "/opt/rustwide/rustup-home/toolchains/beta-2023-12-22-x86_64-unknown-linux-gnu/lib/rustlib/x86_64-unknown-linux-gnu/lib/libadler-58d841eb322a11a2.rlib" "/opt/rustwide/rustup-home/toolchains/beta-2023-12-22-x86_64-unknown-linux-gnu/lib/rustlib/x86_64-unknown-linux-gnu/lib/libunwind-aa2ae0b0a9d11533.rlib" "/opt/rustwide/rustup-home/toolchains/beta-2023-12-22-x86_64-unknown-linux-gnu/lib/rustlib/x86_64-unknown-linux-gnu/lib/libcfg_if-23874e15830ed336.rlib" "/opt/rustwide/rustup-home/toolchains/beta-2023-12-22-x86_64-unknown-linux-gnu/lib/rustlib/x86_64-unknown-linux-gnu/lib/liblibc-e47cddc003bce885.rlib" "/opt/rustwide/rustup-home/toolchains/beta-2023-12-22-x86_64-unknown-linux-gnu/lib/rustlib/x86_64-unknown-linux-gnu/lib/liballoc-c22b13b48a8f128e.rlib" "/opt/rustwide/rustup-home/toolchains/beta-2023-12-22-x86_64-unknown-linux-gnu/lib/rustlib/x86_64-unknown-linux-gnu/lib/librustc_std_workspace_core-e46bc3da6d7c462f.rlib" "/opt/rustwide/rustup-home/toolchains/beta-2023-12-22-x86_64-unknown-linux-gnu/lib/rustlib/x86_64-unknown-linux-gnu/lib/libcore-8d1ac131d3cb2645.rlib" "/opt/rustwide/rustup-home/toolchains/beta-2023-12-22-x86_64-unknown-linux-gnu/lib/rustlib/x86_64-unknown-linux-gnu/lib/libcompiler_builtins-a1b43df8c6899c1f.rlib" "-Wl,-Bdynamic" "-lssl" "-lcrypto" "-lgcc_s" "-lutil" "-lrt" "-lpthread" "-lm" "-ldl" "-lc" "-Wl,--eh-frame-hdr" "-Wl,-z,noexecstack" "-L" "/opt/rustwide/rustup-home/toolchains/beta-2023-12-22-x86_64-unknown-linux-gnu/lib/rustlib/x86_64-unknown-linux-gnu/lib" "-o" "/opt/rustwide/target/debug/examples/publish-37cdc197d6a1a7e3" "-Wl,--gc-sections" "-pie" "-Wl,-z,relro,-z,now" "-nodefaultlibs"
[INFO] [stdout]   = note: collect2: fatal error: ld terminated with signal 9 [Killed]
[INFO] [stdout]           compilation terminated.
[INFO] [stdout]           
[INFO] [stdout] 
[INFO] [stdout] 
[INFO] [stdout] error: aborting due to 1 previous error
[INFO] [stdout] 
[INFO] [stdout] 
[INFO] [stderr] error: could not compile `pubnub` (example "publish") due to 2 previous errors
[INFO] [stdout] error: linking with `cc` failed: exit status: 1
[INFO] [stdout]   |
[INFO] [stdout]   = note: LC_ALL="C" PATH="/opt/rustwide/rustup-home/toolchains/beta-2023-12-22-x86_64-unknown-linux-gnu/lib/rustlib/x86_64-unknown-linux-gnu/bin:/opt/rustwide/cargo-home/bin:/usr/local/sbin:/usr/local/bin:/usr/sbin:/usr/bin:/sbin:/bin" VSLANG="1033" "cc" "-m64" "/tmp/rustc1Pa87n/symbols.o" "/opt/rustwide/target/debug/examples/subscribe-a29cd3dfe8b4f1ae.subscribe.b021d8837ce2d189-cgu.00.rcgu.o" "/opt/rustwide/target/debug/examples/subscribe-a29cd3dfe8b4f1ae.subscribe.b021d8837ce2d189-cgu.01.rcgu.o" "/opt/rustwide/target/debug/examples/subscribe-a29cd3dfe8b4f1ae.subscribe.b021d8837ce2d189-cgu.02.rcgu.o" "/opt/rustwide/target/debug/examples/subscribe-a29cd3dfe8b4f1ae.subscribe.b021d8837ce2d189-cgu.03.rcgu.o" "/opt/rustwide/target/debug/examples/subscribe-a29cd3dfe8b4f1ae.subscribe.b021d8837ce2d189-cgu.04.rcgu.o" "/opt/rustwide/target/debug/examples/subscribe-a29cd3dfe8b4f1ae.subscribe.b021d8837ce2d189-cgu.05.rcgu.o" "/opt/rustwide/target/debug/examples/subscribe-a29cd3dfe8b4f1ae.subscribe.b021d8837ce2d189-cgu.06.rcgu.o" "/opt/rustwide/target/debug/examples/subscribe-a29cd3dfe8b4f1ae.subscribe.b021d8837ce2d189-cgu.07.rcgu.o" "/opt/rustwide/target/debug/examples/subscribe-a29cd3dfe8b4f1ae.subscribe.b021d8837ce2d189-cgu.08.rcgu.o" "/opt/rustwide/target/debug/examples/subscribe-a29cd3dfe8b4f1ae.subscribe.b021d8837ce2d189-cgu.09.rcgu.o" "/opt/rustwide/target/debug/examples/subscribe-a29cd3dfe8b4f1ae.subscribe.b021d8837ce2d189-cgu.10.rcgu.o" "/opt/rustwide/target/debug/examples/subscribe-a29cd3dfe8b4f1ae.subscribe.b021d8837ce2d189-cgu.11.rcgu.o" "/opt/rustwide/target/debug/examples/subscribe-a29cd3dfe8b4f1ae.subscribe.b021d8837ce2d189-cgu.12.rcgu.o" "/opt/rustwide/target/debug/examples/subscribe-a29cd3dfe8b4f1ae.subscribe.b021d8837ce2d189-cgu.13.rcgu.o" "/opt/rustwide/target/debug/examples/subscribe-a29cd3dfe8b4f1ae.subscribe.b021d8837ce2d189-cgu.14.rcgu.o" "/opt/rustwide/target/debug/examples/subscribe-a29cd3dfe8b4f1ae.subscribe.b021d8837ce2d189-cgu.15.rcgu.o" "/opt/rustwide/target/debug/examples/subscribe-a29cd3dfe8b4f1ae.29lbo0ninclm543f.rcgu.o" "-Wl,--as-needed" "-L" "/opt/rustwide/target/debug/deps" "-L" "/opt/rustwide/rustup-home/toolchains/beta-2023-12-22-x86_64-unknown-linux-gnu/lib/rustlib/x86_64-unknown-linux-gnu/lib" "-Wl,-Bstatic" "/opt/rustwide/target/debug/deps/libpubnub-be4cb3bb695d0799.rlib" "/opt/rustwide/target/debug/deps/libreqwest-74e8cef6c104ac2a.rlib" "/opt/rustwide/target/debug/deps/libhyper_tls-ca2a7c6dc74f3cb5.rlib" "/opt/rustwide/target/debug/deps/libipnet-5d86936adafddcc9.rlib" "/opt/rustwide/target/debug/deps/libtokio_native_tls-3ff026937717bb2c.rlib" "/opt/rustwide/target/debug/deps/libserde_urlencoded-03bdc3503888dc72.rlib" "/opt/rustwide/target/debug/deps/libmime-a9df5a780629fb7d.rlib" "/opt/rustwide/target/debug/deps/libencoding_rs-4339e23ae7924400.rlib" "/opt/rustwide/target/debug/deps/libserde_json-f5a2196437cb7bb0.rlib" "/opt/rustwide/target/debug/deps/libryu-d2c3aff9aeca12bd.rlib" "/opt/rustwide/target/debug/deps/libnative_tls-e4855fab2ba497cb.rlib" "/opt/rustwide/target/debug/deps/libopenssl_probe-01da96bec2dfd166.rlib" "/opt/rustwide/target/debug/deps/libopenssl-3d3b89d460ec58f3.rlib" "/opt/rustwide/target/debug/deps/libbitflags-52f05aea2267c407.rlib" "/opt/rustwide/target/debug/deps/libforeign_types-34162016ad32c65c.rlib" "/opt/rustwide/target/debug/deps/libforeign_types_shared-6c481fa47d8ef87b.rlib" "/opt/rustwide/target/debug/deps/libopenssl_sys-887dd0f2ccb31b34.rlib" "/opt/rustwide/target/debug/deps/libhyper-46ac021351387caa.rlib" "/opt/rustwide/target/debug/deps/libwant-a53deb880f5b4491.rlib" "/opt/rustwide/target/debug/deps/libtry_lock-539bdf1ed77a7a8a.rlib" "/opt/rustwide/target/debug/deps/libsocket2-dc773a84fbf64426.rlib" "/opt/rustwide/target/debug/deps/libhttparse-2dbc320ca65411a3.rlib" "/opt/rustwide/target/debug/deps/libh2-78e69c3f5d1fd5e9.rlib" "/opt/rustwide/target/debug/deps/libindexmap-7ff1a537f445f359.rlib" "/opt/rustwide/target/debug/deps/libhashbrown-e273ba0f8cdcbe5b.rlib" "/opt/rustwide/target/debug/deps/libtokio_util-bd85224692c1c1f7.rlib" "/opt/rustwide/target/debug/deps/libtower_service-92bbc7b5a1dd8782.rlib" "/opt/rustwide/target/debug/deps/libtracing-a2ad591578c7f39a.rlib" "/opt/rustwide/target/debug/deps/libtracing_core-342c9df225514dc6.rlib" "/opt/rustwide/target/debug/deps/libonce_cell-fadaa1d866399a17.rlib" "/opt/rustwide/target/debug/deps/libhttpdate-bf64bff9ff5092d8.rlib" "/opt/rustwide/target/debug/deps/libtokio-9326ad1dd811c9b6.rlib" "/opt/rustwide/target/debug/deps/libnum_cpus-72b56b7470ab2998.rlib" "/opt/rustwide/target/debug/deps/libsocket2-554ff917a92fa41d.rlib" "/opt/rustwide/target/debug/deps/libmio-0a4afd805664c5a5.rlib" "/opt/rustwide/target/debug/deps/libhttp_body-a60d1fea50354628.rlib" "/opt/rustwide/target/debug/deps/liburl-f8ec0dbacdd5cc49.rlib" "/opt/rustwide/target/debug/deps/libidna-cec821f7529828f2.rlib" "/opt/rustwide/target/debug/deps/libunicode_normalization-a49209942f8cb303.rlib" "/opt/rustwide/target/debug/deps/libtinyvec-dcbbce603bc23510.rlib" "/opt/rustwide/target/debug/deps/libtinyvec_macros-333661e3b238a9a3.rlib" "/opt/rustwide/target/debug/deps/libunicode_bidi-ee612f5df1be5cab.rlib" "/opt/rustwide/target/debug/deps/libform_urlencoded-ee95c3013bc32c40.rlib" "/opt/rustwide/target/debug/deps/libserde-0534a20e71054592.rlib" "/opt/rustwide/target/debug/deps/libhttp-530b943cc235ccd2.rlib" "/opt/rustwide/target/debug/deps/libfnv-953831fe314029b4.rlib" "/opt/rustwide/target/debug/deps/libbytes-d5ef6100ae69ca23.rlib" "/opt/rustwide/target/debug/deps/libtime-427943a68bc08e98.rlib" "/opt/rustwide/target/debug/deps/libitoa-c3a42249f065e11e.rlib" "/opt/rustwide/target/debug/deps/libtime_core-acdcdbb0edad8681.rlib" "/opt/rustwide/target/debug/deps/libderanged-e095b50b2a98b0c8.rlib" "/opt/rustwide/target/debug/deps/libpowerfmt-a584063b8a4e44a4.rlib" "/opt/rustwide/target/debug/deps/libsha2-a4c15368fbe475c2.rlib" "/opt/rustwide/target/debug/deps/libcpufeatures-b9c2875b4acd1b8c.rlib" "/opt/rustwide/target/debug/deps/libhmac-1de047e7f745ff81.rlib" "/opt/rustwide/target/debug/deps/libdigest-66885e6f84493b7e.rlib" "/opt/rustwide/target/debug/deps/libsubtle-8bfc29cd08fc9521.rlib" "/opt/rustwide/target/debug/deps/libblock_buffer-d5751409ab05b00a.rlib" "/opt/rustwide/target/debug/deps/libcrypto_common-2346b4a3e8082086.rlib" "/opt/rustwide/target/debug/deps/libgeneric_array-8204c0397cddb82b.rlib" "/opt/rustwide/target/debug/deps/libtypenum-b40ba058056b0bf8.rlib" "/opt/rustwide/target/debug/deps/libuuid-a84736f7f3744c43.rlib" "/opt/rustwide/target/debug/deps/libgetrandom-afb9be605d1ccb29.rlib" "/opt/rustwide/target/debug/deps/liblibc-79ffe6536b1eb765.rlib" "/opt/rustwide/target/debug/deps/libbase64-47ce12bf5fcc4351.rlib" "/opt/rustwide/target/debug/deps/libderive_builder-f2acfb1090ea9ce1.rlib" "/opt/rustwide/target/debug/deps/libpercent_encoding-c878b6f40f2978b2.rlib" "/opt/rustwide/target/debug/deps/libspin-5e8bc0babc2505c2.rlib" "/opt/rustwide/target/debug/deps/liblock_api-af608386887ddd92.rlib" "/opt/rustwide/target/debug/deps/libscopeguard-f937485db0060aca.rlib" "/opt/rustwide/target/debug/deps/liblog-2cf4a51dfa4e790a.rlib" "/opt/rustwide/target/debug/deps/libasync_channel-6530e6ea2997e70c.rlib" "/opt/rustwide/target/debug/deps/libevent_listener-769af95c79f2a6ea.rlib" "/opt/rustwide/target/debug/deps/libconcurrent_queue-b66549a59f4f5e7b.rlib" "/opt/rustwide/target/debug/deps/libcrossbeam_utils-1aa252bc66f86fa9.rlib" "/opt/rustwide/target/debug/deps/libcfg_if-e7002d307f97bc56.rlib" "/opt/rustwide/target/debug/deps/libsnafu-ab07b1498d8f262e.rlib" "/opt/rustwide/target/debug/deps/libdoc_comment-8766726346b4cbde.rlib" "/opt/rustwide/target/debug/deps/libfutures-0967bf3c49cadaf3.rlib" "/opt/rustwide/target/debug/deps/libfutures_executor-a3052f03c7d04a18.rlib" "/opt/rustwide/target/debug/deps/libfutures_util-87873bf0f493a526.rlib" "/opt/rustwide/target/debug/deps/libmemchr-b015c738e29d747c.rlib" "/opt/rustwide/target/debug/deps/libfutures_io-d5c5bf1c0dfd3da2.rlib" "/opt/rustwide/target/debug/deps/libslab-0a39a638bccea296.rlib" "/opt/rustwide/target/debug/deps/libfutures_channel-77e21484e2336cad.rlib" "/opt/rustwide/target/debug/deps/libpin_project_lite-085b19c93bbb2231.rlib" "/opt/rustwide/target/debug/deps/libfutures_sink-2277a9e5dde989ce.rlib" "/opt/rustwide/target/debug/deps/libfutures_task-8a8d0b282fffed3e.rlib" "/opt/rustwide/target/debug/deps/libpin_utils-9c5dcf17efb91bff.rlib" "/opt/rustwide/target/debug/deps/libfutures_core-c75aab8011a428b1.rlib" "/opt/rustwide/rustup-home/toolchains/beta-2023-12-22-x86_64-unknown-linux-gnu/lib/rustlib/x86_64-unknown-linux-gnu/lib/libstd-0672489a78b613de.rlib" "/opt/rustwide/rustup-home/toolchains/beta-2023-12-22-x86_64-unknown-linux-gnu/lib/rustlib/x86_64-unknown-linux-gnu/lib/libpanic_unwind-7eb3ffc34a49f675.rlib" "/opt/rustwide/rustup-home/toolchains/beta-2023-12-22-x86_64-unknown-linux-gnu/lib/rustlib/x86_64-unknown-linux-gnu/lib/libobject-6478a9daa4bee8e2.rlib" "/opt/rustwide/rustup-home/toolchains/beta-2023-12-22-x86_64-unknown-linux-gnu/lib/rustlib/x86_64-unknown-linux-gnu/lib/libmemchr-0c75d871a5c3923d.rlib" "/opt/rustwide/rustup-home/toolchains/beta-2023-12-22-x86_64-unknown-linux-gnu/lib/rustlib/x86_64-unknown-linux-gnu/lib/libaddr2line-d163ef63ad37bb71.rlib" "/opt/rustwide/rustup-home/toolchains/beta-2023-12-22-x86_64-unknown-linux-gnu/lib/rustlib/x86_64-unknown-linux-gnu/lib/libgimli-8a3fd810a85b9f4c.rlib" "/opt/rustwide/rustup-home/toolchains/beta-2023-12-22-x86_64-unknown-linux-gnu/lib/rustlib/x86_64-unknown-linux-gnu/lib/librustc_demangle-462a2cde8c5dfc10.rlib" "/opt/rustwide/rustup-home/toolchains/beta-2023-12-22-x86_64-unknown-linux-gnu/lib/rustlib/x86_64-unknown-linux-gnu/lib/libstd_detect-cb06ac9f54713f71.rlib" "/opt/rustwide/rustup-home/toolchains/beta-2023-12-22-x86_64-unknown-linux-gnu/lib/rustlib/x86_64-unknown-linux-gnu/lib/libhashbrown-f20bfd1f8e59b393.rlib" "/opt/rustwide/rustup-home/toolchains/beta-2023-12-22-x86_64-unknown-linux-gnu/lib/rustlib/x86_64-unknown-linux-gnu/lib/librustc_std_workspace_alloc-1ef460949b49da4b.rlib" "/opt/rustwide/rustup-home/toolchains/beta-2023-12-22-x86_64-unknown-linux-gnu/lib/rustlib/x86_64-unknown-linux-gnu/lib/libminiz_oxide-2cb0c0ffe4f87514.rlib" "/opt/rustwide/rustup-home/toolchains/beta-2023-12-22-x86_64-unknown-linux-gnu/lib/rustlib/x86_64-unknown-linux-gnu/lib/libadler-58d841eb322a11a2.rlib" "/opt/rustwide/rustup-home/toolchains/beta-2023-12-22-x86_64-unknown-linux-gnu/lib/rustlib/x86_64-unknown-linux-gnu/lib/libunwind-aa2ae0b0a9d11533.rlib" "/opt/rustwide/rustup-home/toolchains/beta-2023-12-22-x86_64-unknown-linux-gnu/lib/rustlib/x86_64-unknown-linux-gnu/lib/libcfg_if-23874e15830ed336.rlib" "/opt/rustwide/rustup-home/toolchains/beta-2023-12-22-x86_64-unknown-linux-gnu/lib/rustlib/x86_64-unknown-linux-gnu/lib/liblibc-e47cddc003bce885.rlib" "/opt/rustwide/rustup-home/toolchains/beta-2023-12-22-x86_64-unknown-linux-gnu/lib/rustlib/x86_64-unknown-linux-gnu/lib/liballoc-c22b13b48a8f128e.rlib" "/opt/rustwide/rustup-home/toolchains/beta-2023-12-22-x86_64-unknown-linux-gnu/lib/rustlib/x86_64-unknown-linux-gnu/lib/librustc_std_workspace_core-e46bc3da6d7c462f.rlib" "/opt/rustwide/rustup-home/toolchains/beta-2023-12-22-x86_64-unknown-linux-gnu/lib/rustlib/x86_64-unknown-linux-gnu/lib/libcore-8d1ac131d3cb2645.rlib" "/opt/rustwide/rustup-home/toolchains/beta-2023-12-22-x86_64-unknown-linux-gnu/lib/rustlib/x86_64-unknown-linux-gnu/lib/libcompiler_builtins-a1b43df8c6899c1f.rlib" "-Wl,-Bdynamic" "-lssl" "-lcrypto" "-lgcc_s" "-lutil" "-lrt" "-lpthread" "-lm" "-ldl" "-lc" "-Wl,--eh-frame-hdr" "-Wl,-z,noexecstack" "-L" "/opt/rustwide/rustup-home/toolchains/beta-2023-12-22-x86_64-unknown-linux-gnu/lib/rustlib/x86_64-unknown-linux-gnu/lib" "-o" "/opt/rustwide/target/debug/examples/subscribe-a29cd3dfe8b4f1ae" "-Wl,--gc-sections" "-pie" "-Wl,-z,relro,-z,now" "-nodefaultlibs"
[INFO] [stdout]   = note: collect2: fatal error: ld terminated with signal 9 [Killed]
[INFO] [stdout]           compilation terminated.
[INFO] [stdout]           
[INFO] [stdout] 
[INFO] [stdout] 
[INFO] [stdout] error: aborting due to 1 previous error
[INFO] [stdout] 
[INFO] [stdout] 
[INFO] [stderr] error: could not compile `pubnub` (example "subscribe") due to 2 previous errors
[INFO] running `Command { std: "docker" "inspect" "9542416bfb546c421863149b654bc3476282189c157176f60e379a8ff2c35e91", kill_on_drop: false }`
[INFO] running `Command { std: "docker" "rm" "-f" "9542416bfb546c421863149b654bc3476282189c157176f60e379a8ff2c35e91", kill_on_drop: false }`
[INFO] [stdout] 9542416bfb546c421863149b654bc3476282189c157176f60e379a8ff2c35e91
