[INFO] fetching crate pseudotcp 0.2.0...
[INFO] testing pseudotcp-0.2.0 against 1.75.0 for beta-1.76-1
[INFO] extracting crate pseudotcp 0.2.0 into /workspace/builds/worker-1-tc1/source
[INFO] validating manifest of crates.io crate pseudotcp 0.2.0 on toolchain 1.75.0
[INFO] running `Command { std: CARGO_HOME="/workspace/cargo-home" RUSTUP_HOME="/workspace/rustup-home" "/workspace/cargo-home/bin/cargo" "+1.75.0" "metadata" "--manifest-path" "Cargo.toml" "--no-deps", kill_on_drop: false }`
[INFO] started tweaking crates.io crate pseudotcp 0.2.0
[INFO] finished tweaking crates.io crate pseudotcp 0.2.0
[INFO] tweaked toml for crates.io crate pseudotcp 0.2.0 written to /workspace/builds/worker-1-tc1/source/Cargo.toml
[INFO] running `Command { std: CARGO_HOME="/workspace/cargo-home" RUSTUP_HOME="/workspace/rustup-home" "/workspace/cargo-home/bin/cargo" "+1.75.0" "generate-lockfile" "--manifest-path" "Cargo.toml", kill_on_drop: false }`
[INFO] [stderr]     Updating crates.io index
[INFO] running `Command { std: CARGO_HOME="/workspace/cargo-home" RUSTUP_HOME="/workspace/rustup-home" "/workspace/cargo-home/bin/cargo" "+1.75.0" "fetch" "--manifest-path" "Cargo.toml", kill_on_drop: false }`
[INFO] [stderr]  Downloading crates ...
[INFO] [stderr]   Downloaded condition_variable v0.1.5
[INFO] running `Command { std: "docker" "create" "-v" "/var/lib/crater-agent-workspace/builds/worker-1-tc1/target:/opt/rustwide/target:rw,Z" "-v" "/var/lib/crater-agent-workspace/builds/worker-1-tc1/source:/opt/rustwide/workdir:ro,Z" "-v" "/var/lib/crater-agent-workspace/cargo-home:/opt/rustwide/cargo-home:ro,Z" "-v" "/var/lib/crater-agent-workspace/rustup-home:/opt/rustwide/rustup-home:ro,Z" "-e" "SOURCE_DIR=/opt/rustwide/workdir" "-e" "CARGO_TARGET_DIR=/opt/rustwide/target" "-e" "CARGO_HOME=/opt/rustwide/cargo-home" "-e" "RUSTUP_HOME=/opt/rustwide/rustup-home" "-w" "/opt/rustwide/workdir" "-m" "1610612736" "--user" "0:0" "--network" "none" "ghcr.io/rust-lang/crates-build-env/linux@sha256:2788e3201cd34a07e3172128adcd8b3090168a8e3bcc40d7c032b9dda1df7d1c" "/opt/rustwide/cargo-home/bin/cargo" "+1.75.0" "metadata" "--no-deps" "--format-version=1", kill_on_drop: false }`
[INFO] [stdout] 258c296b162cb1c2f3f94088a30939b9b2bfb1200aeb01353df043056dfb1542
[INFO] running `Command { std: "docker" "start" "-a" "258c296b162cb1c2f3f94088a30939b9b2bfb1200aeb01353df043056dfb1542", kill_on_drop: false }`
[INFO] running `Command { std: "docker" "inspect" "258c296b162cb1c2f3f94088a30939b9b2bfb1200aeb01353df043056dfb1542", kill_on_drop: false }`
[INFO] running `Command { std: "docker" "rm" "-f" "258c296b162cb1c2f3f94088a30939b9b2bfb1200aeb01353df043056dfb1542", kill_on_drop: false }`
[INFO] [stdout] 258c296b162cb1c2f3f94088a30939b9b2bfb1200aeb01353df043056dfb1542
[INFO] running `Command { std: "docker" "create" "-v" "/var/lib/crater-agent-workspace/builds/worker-1-tc1/target:/opt/rustwide/target:rw,Z" "-v" "/var/lib/crater-agent-workspace/builds/worker-1-tc1/source:/opt/rustwide/workdir:ro,Z" "-v" "/var/lib/crater-agent-workspace/cargo-home:/opt/rustwide/cargo-home:ro,Z" "-v" "/var/lib/crater-agent-workspace/rustup-home:/opt/rustwide/rustup-home:ro,Z" "-e" "SOURCE_DIR=/opt/rustwide/workdir" "-e" "CARGO_TARGET_DIR=/opt/rustwide/target" "-e" "CARGO_INCREMENTAL=0" "-e" "RUST_BACKTRACE=full" "-e" "RUSTFLAGS=--cap-lints=warn" "-e" "RUSTDOCFLAGS=--cap-lints=warn" "-e" "CARGO_HOME=/opt/rustwide/cargo-home" "-e" "RUSTUP_HOME=/opt/rustwide/rustup-home" "-w" "/opt/rustwide/workdir" "-m" "1610612736" "--user" "0:0" "--network" "none" "ghcr.io/rust-lang/crates-build-env/linux@sha256:2788e3201cd34a07e3172128adcd8b3090168a8e3bcc40d7c032b9dda1df7d1c" "/opt/rustwide/cargo-home/bin/cargo" "+1.75.0" "build" "--frozen" "--message-format=json", kill_on_drop: false }`
[INFO] [stdout] 0f56f7d7a057ae6497902a72b2847ea498bf76fd90b2405cba7c25ea98da3112
[INFO] running `Command { std: "docker" "start" "-a" "0f56f7d7a057ae6497902a72b2847ea498bf76fd90b2405cba7c25ea98da3112", kill_on_drop: false }`
[INFO] [stderr]    Compiling memchr v2.7.1
[INFO] [stderr]    Compiling rustix v0.38.28
[INFO] [stderr]    Compiling regex-syntax v0.8.2
[INFO] [stderr]    Compiling linux-raw-sys v0.4.12
[INFO] [stderr]    Compiling powerfmt v0.2.0
[INFO] [stderr]    Compiling bitflags v2.4.1
[INFO] [stderr]    Compiling time-core v0.1.2
[INFO] [stderr]    Compiling libc v0.2.151
[INFO] [stderr]    Compiling humantime v2.1.0
[INFO] [stderr]    Compiling termcolor v1.4.0
[INFO] [stderr]    Compiling deranged v0.3.11
[INFO] [stderr]    Compiling log v0.4.20
[INFO] [stderr]    Compiling aho-corasick v1.1.2
[INFO] [stderr]    Compiling time v0.3.31
[INFO] [stderr]    Compiling is-terminal v0.4.10
[INFO] [stderr]    Compiling regex-automata v0.4.3
[INFO] [stderr]    Compiling condition_variable v0.1.5
[INFO] [stdout] error[E0425]: cannot find function `precise_time_ns` in crate `time`
[INFO] [stdout]    --> /opt/rustwide/cargo-home/registry/src/index.crates.io-6f17d22bba15001f/condition_variable-0.1.5/src/lib.rs:101:26
[INFO] [stdout]     |
[INFO] [stdout] 101 |             let before_ms = time::precise_time_ns()/1000;
[INFO] [stdout]     |                                   ^^^^^^^^^^^^^^^ not found in `time`
[INFO] [stdout] 
[INFO] [stdout] 
[INFO] [stdout] error[E0425]: cannot find function `precise_time_ns` in crate `time`
[INFO] [stdout]    --> /opt/rustwide/cargo-home/registry/src/index.crates.io-6f17d22bba15001f/condition_variable-0.1.5/src/lib.rs:106:25
[INFO] [stdout]     |
[INFO] [stdout] 106 |             let after_ms = time::precise_time_ns()/1000;
[INFO] [stdout]     |                                  ^^^^^^^^^^^^^^^ not found in `time`
[INFO] [stdout] 
[INFO] [stdout] 
[INFO] [stdout] error: aborting due to 2 previous errors
[INFO] [stdout] 
[INFO] [stdout] 
[INFO] [stdout] For more information about this error, try `rustc --explain E0425`.
[INFO] [stdout] 
[INFO] [stderr] error: could not compile `condition_variable` (lib) due to 3 previous errors
[INFO] [stderr] warning: build failed, waiting for other jobs to finish...
[INFO] running `Command { std: "docker" "inspect" "0f56f7d7a057ae6497902a72b2847ea498bf76fd90b2405cba7c25ea98da3112", kill_on_drop: false }`
[INFO] running `Command { std: "docker" "rm" "-f" "0f56f7d7a057ae6497902a72b2847ea498bf76fd90b2405cba7c25ea98da3112", kill_on_drop: false }`
[INFO] [stdout] 0f56f7d7a057ae6497902a72b2847ea498bf76fd90b2405cba7c25ea98da3112
[INFO] testing pseudotcp-0.2.0 against beta-2023-12-22 for beta-1.76-1
[INFO] extracting crate pseudotcp 0.2.0 into /workspace/builds/worker-1-tc2/source
[INFO] validating manifest of crates.io crate pseudotcp 0.2.0 on toolchain beta-2023-12-22
[INFO] running `Command { std: CARGO_HOME="/workspace/cargo-home" RUSTUP_HOME="/workspace/rustup-home" "/workspace/cargo-home/bin/cargo" "+beta-2023-12-22" "metadata" "--manifest-path" "Cargo.toml" "--no-deps", kill_on_drop: false }`
[INFO] started tweaking crates.io crate pseudotcp 0.2.0
[INFO] finished tweaking crates.io crate pseudotcp 0.2.0
[INFO] tweaked toml for crates.io crate pseudotcp 0.2.0 written to /workspace/builds/worker-1-tc2/source/Cargo.toml
[INFO] running `Command { std: CARGO_HOME="/workspace/cargo-home" RUSTUP_HOME="/workspace/rustup-home" "/workspace/cargo-home/bin/cargo" "+beta-2023-12-22" "generate-lockfile" "--manifest-path" "Cargo.toml", kill_on_drop: false }`
[INFO] [stderr]     Updating crates.io index
[INFO] running `Command { std: CARGO_HOME="/workspace/cargo-home" RUSTUP_HOME="/workspace/rustup-home" "/workspace/cargo-home/bin/cargo" "+beta-2023-12-22" "fetch" "--manifest-path" "Cargo.toml", kill_on_drop: false }`
[INFO] running `Command { std: "docker" "create" "-v" "/var/lib/crater-agent-workspace/builds/worker-1-tc2/target:/opt/rustwide/target:rw,Z" "-v" "/var/lib/crater-agent-workspace/builds/worker-1-tc2/source:/opt/rustwide/workdir:ro,Z" "-v" "/var/lib/crater-agent-workspace/cargo-home:/opt/rustwide/cargo-home:ro,Z" "-v" "/var/lib/crater-agent-workspace/rustup-home:/opt/rustwide/rustup-home:ro,Z" "-e" "SOURCE_DIR=/opt/rustwide/workdir" "-e" "CARGO_TARGET_DIR=/opt/rustwide/target" "-e" "CARGO_HOME=/opt/rustwide/cargo-home" "-e" "RUSTUP_HOME=/opt/rustwide/rustup-home" "-w" "/opt/rustwide/workdir" "-m" "1610612736" "--user" "0:0" "--network" "none" "ghcr.io/rust-lang/crates-build-env/linux@sha256:2788e3201cd34a07e3172128adcd8b3090168a8e3bcc40d7c032b9dda1df7d1c" "/opt/rustwide/cargo-home/bin/cargo" "+beta-2023-12-22" "metadata" "--no-deps" "--format-version=1", kill_on_drop: false }`
[INFO] [stdout] 30098799fd42fd11fdede3f00b2960703673bb385daebe6bc326c9710368192a
[INFO] running `Command { std: "docker" "start" "-a" "30098799fd42fd11fdede3f00b2960703673bb385daebe6bc326c9710368192a", kill_on_drop: false }`
[INFO] running `Command { std: "docker" "inspect" "30098799fd42fd11fdede3f00b2960703673bb385daebe6bc326c9710368192a", kill_on_drop: false }`
[INFO] running `Command { std: "docker" "rm" "-f" "30098799fd42fd11fdede3f00b2960703673bb385daebe6bc326c9710368192a", kill_on_drop: false }`
[INFO] [stdout] 30098799fd42fd11fdede3f00b2960703673bb385daebe6bc326c9710368192a
[INFO] running `Command { std: "docker" "create" "-v" "/var/lib/crater-agent-workspace/builds/worker-1-tc2/target:/opt/rustwide/target:rw,Z" "-v" "/var/lib/crater-agent-workspace/builds/worker-1-tc2/source:/opt/rustwide/workdir:ro,Z" "-v" "/var/lib/crater-agent-workspace/cargo-home:/opt/rustwide/cargo-home:ro,Z" "-v" "/var/lib/crater-agent-workspace/rustup-home:/opt/rustwide/rustup-home:ro,Z" "-e" "SOURCE_DIR=/opt/rustwide/workdir" "-e" "CARGO_TARGET_DIR=/opt/rustwide/target" "-e" "CARGO_INCREMENTAL=0" "-e" "RUST_BACKTRACE=full" "-e" "RUSTFLAGS=--cap-lints=warn" "-e" "RUSTDOCFLAGS=--cap-lints=warn" "-e" "CARGO_HOME=/opt/rustwide/cargo-home" "-e" "RUSTUP_HOME=/opt/rustwide/rustup-home" "-w" "/opt/rustwide/workdir" "-m" "1610612736" "--user" "0:0" "--network" "none" "ghcr.io/rust-lang/crates-build-env/linux@sha256:2788e3201cd34a07e3172128adcd8b3090168a8e3bcc40d7c032b9dda1df7d1c" "/opt/rustwide/cargo-home/bin/cargo" "+beta-2023-12-22" "build" "--frozen" "--message-format=json", kill_on_drop: false }`
[INFO] [stdout] d68de6562c80af9fa8a58905c6b047b838ee9fade0714f2bd6059426e27903b3
[INFO] running `Command { std: "docker" "start" "-a" "d68de6562c80af9fa8a58905c6b047b838ee9fade0714f2bd6059426e27903b3", kill_on_drop: false }`
[INFO] [stderr]    Compiling rustix v0.38.28
[INFO] [stderr]    Compiling memchr v2.7.1
[INFO] [stderr]    Compiling powerfmt v0.2.0
[INFO] [stderr]    Compiling linux-raw-sys v0.4.12
[INFO] [stderr]    Compiling regex-syntax v0.8.2
[INFO] [stderr]    Compiling bitflags v2.4.1
[INFO] [stderr]    Compiling libc v0.2.151
[INFO] [stderr]    Compiling time-core v0.1.2
[INFO] [stderr]    Compiling humantime v2.1.0
[INFO] [stderr]    Compiling deranged v0.3.11
[INFO] [stderr]    Compiling termcolor v1.4.0
[INFO] [stderr]    Compiling log v0.4.20
[INFO] [stderr]    Compiling aho-corasick v1.1.2
[INFO] [stderr]    Compiling time v0.3.31
[INFO] [stderr]    Compiling is-terminal v0.4.10
[INFO] [stderr]    Compiling condition_variable v0.1.5
[INFO] [stderr]    Compiling regex-automata v0.4.3
[INFO] [stdout] error[E0425]: cannot find function `precise_time_ns` in crate `time`
[INFO] [stdout]    --> /opt/rustwide/cargo-home/registry/src/index.crates.io-6f17d22bba15001f/condition_variable-0.1.5/src/lib.rs:101:26
[INFO] [stdout]     |
[INFO] [stdout] 101 |             let before_ms = time::precise_time_ns()/1000;
[INFO] [stdout]     |                                   ^^^^^^^^^^^^^^^ not found in `time`
[INFO] [stdout] 
[INFO] [stdout] 
[INFO] [stdout] error[E0425]: cannot find function `precise_time_ns` in crate `time`
[INFO] [stdout]    --> /opt/rustwide/cargo-home/registry/src/index.crates.io-6f17d22bba15001f/condition_variable-0.1.5/src/lib.rs:106:25
[INFO] [stdout]     |
[INFO] [stdout] 106 |             let after_ms = time::precise_time_ns()/1000;
[INFO] [stdout]     |                                  ^^^^^^^^^^^^^^^ not found in `time`
[INFO] [stdout] 
[INFO] [stdout] 
[INFO] [stdout] error: aborting due to 2 previous errors
[INFO] [stdout] 
[INFO] [stdout] 
[INFO] [stdout] For more information about this error, try `rustc --explain E0425`.
[INFO] [stdout] 
[INFO] [stderr] error: could not compile `condition_variable` (lib) due to 3 previous errors
[INFO] [stderr] warning: build failed, waiting for other jobs to finish...
[INFO] running `Command { std: "docker" "inspect" "d68de6562c80af9fa8a58905c6b047b838ee9fade0714f2bd6059426e27903b3", kill_on_drop: false }`
[INFO] running `Command { std: "docker" "rm" "-f" "d68de6562c80af9fa8a58905c6b047b838ee9fade0714f2bd6059426e27903b3", kill_on_drop: false }`
[INFO] [stdout] d68de6562c80af9fa8a58905c6b047b838ee9fade0714f2bd6059426e27903b3
