[INFO] fetching crate prust_test 0.1.2...
[INFO] testing prust_test-0.1.2 against 1.75.0 for beta-1.76-1
[INFO] extracting crate prust_test 0.1.2 into /workspace/builds/worker-7-tc1/source
[INFO] validating manifest of crates.io crate prust_test 0.1.2 on toolchain 1.75.0
[INFO] running `Command { std: CARGO_HOME="/workspace/cargo-home" RUSTUP_HOME="/workspace/rustup-home" "/workspace/cargo-home/bin/cargo" "+1.75.0" "metadata" "--manifest-path" "Cargo.toml" "--no-deps", kill_on_drop: false }`
[INFO] removed /workspace/builds/worker-7-tc1/source/.cargo/config.toml
[INFO] started tweaking crates.io crate prust_test 0.1.2
[INFO] finished tweaking crates.io crate prust_test 0.1.2
[INFO] tweaked toml for crates.io crate prust_test 0.1.2 written to /workspace/builds/worker-7-tc1/source/Cargo.toml
[INFO] crate crates.io crate prust_test 0.1.2 already has a lockfile, it will not be regenerated
[INFO] running `Command { std: CARGO_HOME="/workspace/cargo-home" RUSTUP_HOME="/workspace/rustup-home" "/workspace/cargo-home/bin/cargo" "+1.75.0" "fetch" "--manifest-path" "Cargo.toml", kill_on_drop: false }`
[INFO] [stderr]     Updating crates.io index
[INFO] [stderr]  Downloading crates ...
[INFO] [stderr]   Downloaded serialport v3.3.0
[INFO] [stderr]   Downloaded text_io v0.1.8
[INFO] [stderr]   Downloaded rustyline v6.3.0
[INFO] [stderr]   Downloaded prust_core v0.1.2
[INFO] running `Command { std: "docker" "create" "-v" "/var/lib/crater-agent-workspace/builds/worker-7-tc1/target:/opt/rustwide/target:rw,Z" "-v" "/var/lib/crater-agent-workspace/builds/worker-7-tc1/source:/opt/rustwide/workdir:ro,Z" "-v" "/var/lib/crater-agent-workspace/cargo-home:/opt/rustwide/cargo-home:ro,Z" "-v" "/var/lib/crater-agent-workspace/rustup-home:/opt/rustwide/rustup-home:ro,Z" "-e" "SOURCE_DIR=/opt/rustwide/workdir" "-e" "CARGO_TARGET_DIR=/opt/rustwide/target" "-e" "CARGO_HOME=/opt/rustwide/cargo-home" "-e" "RUSTUP_HOME=/opt/rustwide/rustup-home" "-w" "/opt/rustwide/workdir" "-m" "1610612736" "--user" "0:0" "--network" "none" "ghcr.io/rust-lang/crates-build-env/linux@sha256:2788e3201cd34a07e3172128adcd8b3090168a8e3bcc40d7c032b9dda1df7d1c" "/opt/rustwide/cargo-home/bin/cargo" "+1.75.0" "metadata" "--no-deps" "--format-version=1", kill_on_drop: false }`
[INFO] [stdout] 642e1f4e5446f7672d80d15df0110b61a0301335908301471ed25f390b6440e5
[INFO] running `Command { std: "docker" "start" "-a" "642e1f4e5446f7672d80d15df0110b61a0301335908301471ed25f390b6440e5", kill_on_drop: false }`
[INFO] running `Command { std: "docker" "inspect" "642e1f4e5446f7672d80d15df0110b61a0301335908301471ed25f390b6440e5", kill_on_drop: false }`
[INFO] running `Command { std: "docker" "rm" "-f" "642e1f4e5446f7672d80d15df0110b61a0301335908301471ed25f390b6440e5", kill_on_drop: false }`
[INFO] [stdout] 642e1f4e5446f7672d80d15df0110b61a0301335908301471ed25f390b6440e5
[INFO] running `Command { std: "docker" "create" "-v" "/var/lib/crater-agent-workspace/builds/worker-7-tc1/target:/opt/rustwide/target:rw,Z" "-v" "/var/lib/crater-agent-workspace/builds/worker-7-tc1/source:/opt/rustwide/workdir:ro,Z" "-v" "/var/lib/crater-agent-workspace/cargo-home:/opt/rustwide/cargo-home:ro,Z" "-v" "/var/lib/crater-agent-workspace/rustup-home:/opt/rustwide/rustup-home:ro,Z" "-e" "SOURCE_DIR=/opt/rustwide/workdir" "-e" "CARGO_TARGET_DIR=/opt/rustwide/target" "-e" "CARGO_INCREMENTAL=0" "-e" "RUST_BACKTRACE=full" "-e" "RUSTFLAGS=--cap-lints=warn" "-e" "RUSTDOCFLAGS=--cap-lints=warn" "-e" "CARGO_HOME=/opt/rustwide/cargo-home" "-e" "RUSTUP_HOME=/opt/rustwide/rustup-home" "-w" "/opt/rustwide/workdir" "-m" "1610612736" "--user" "0:0" "--network" "none" "ghcr.io/rust-lang/crates-build-env/linux@sha256:2788e3201cd34a07e3172128adcd8b3090168a8e3bcc40d7c032b9dda1df7d1c" "/opt/rustwide/cargo-home/bin/cargo" "+1.75.0" "build" "--frozen" "--message-format=json", kill_on_drop: false }`
[INFO] [stdout] 22d6b900114d233224317b8c33fb1af9207d4f2f4d61b3573e9a27fdd772650e
[INFO] running `Command { std: "docker" "start" "-a" "22d6b900114d233224317b8c33fb1af9207d4f2f4d61b3573e9a27fdd772650e", kill_on_drop: false }`
[INFO] [stderr]    Compiling libc v0.2.93
[INFO] [stderr]    Compiling bitflags v1.2.1
[INFO] [stderr]    Compiling pkg-config v0.3.19
[INFO] [stderr]    Compiling cfg-if v0.1.10
[INFO] [stderr]    Compiling autocfg v1.0.1
[INFO] [stderr]    Compiling nix v0.18.0
[INFO] [stderr]    Compiling nix v0.14.1
[INFO] [stderr]    Compiling memchr v2.3.4
[INFO] [stderr]    Compiling log v0.4.14
[INFO] [stderr]    Compiling unicode-width v0.1.8
[INFO] [stderr]    Compiling ahash v0.3.8
[INFO] [stderr]    Compiling void v1.0.2
[INFO] [stderr]    Compiling arrayvec v0.5.2
[INFO] [stderr]    Compiling ansi_term v0.11.0
[INFO] [stderr]    Compiling unicode-segmentation v1.7.1
[INFO] [stderr]    Compiling utf8parse v0.2.0
[INFO] [stderr]    Compiling vec_map v0.8.2
[INFO] [stderr]    Compiling textwrap v0.11.0
[INFO] [stderr]    Compiling byteorder v1.4.3
[INFO] [stderr]    Compiling arrayref v0.3.6
[INFO] [stderr]    Compiling strsim v0.8.0
[INFO] [stderr]    Compiling text_io v0.1.8
[INFO] [stderr]    Compiling hashbrown v0.8.2
[INFO] [stderr]    Compiling libudev-sys v0.1.4
[INFO] [stderr]    Compiling dirs-sys-next v0.1.2
[INFO] [stderr]    Compiling atty v0.2.14
[INFO] [stderr]    Compiling prust_core v0.1.2
[INFO] [stderr]    Compiling clap v2.33.3
[INFO] [stderr]    Compiling libudev v0.2.0
[INFO] [stdout] error[E0412]: cannot find type `NoneError` in module `core::option`
[INFO] [stdout]   --> /opt/rustwide/cargo-home/registry/src/index.crates.io-6f17d22bba15001f/prust_core-0.1.2/src/error.rs:27:40
[INFO] [stdout]    |
[INFO] [stdout] 27 | impl core::convert::From<core::option::NoneError> for Error {
[INFO] [stdout]    |                                        ^^^^^^^^^ not found in `core::option`
[INFO] [stdout]    |
[INFO] [stdout] help: there is an enum variant `crate::Error::NoneError`; try using the variant's enum
[INFO] [stdout]    |
[INFO] [stdout] 27 | impl core::convert::From<crate::Error> for Error {
[INFO] [stdout]    |                          ~~~~~~~~~~~~
[INFO] [stdout] 
[INFO] [stdout] 
[INFO] [stdout] error[E0412]: cannot find type `NoneError` in module `core::option`
[INFO] [stdout]   --> /opt/rustwide/cargo-home/registry/src/index.crates.io-6f17d22bba15001f/prust_core-0.1.2/src/error.rs:28:30
[INFO] [stdout]    |
[INFO] [stdout] 28 |     fn from(_: core::option::NoneError) -> Self {
[INFO] [stdout]    |                              ^^^^^^^^^ not found in `core::option`
[INFO] [stdout]    |
[INFO] [stdout] help: there is an enum variant `crate::Error::NoneError`; try using the variant's enum
[INFO] [stdout]    |
[INFO] [stdout] 28 |     fn from(_: crate::Error) -> Self {
[INFO] [stdout]    |                ~~~~~~~~~~~~
[INFO] [stdout] 
[INFO] [stdout] 
[INFO] [stdout] error[E0554]: `#![feature]` may not be used on the stable release channel
[INFO] [stdout]  --> /opt/rustwide/cargo-home/registry/src/index.crates.io-6f17d22bba15001f/prust_core-0.1.2/src/lib.rs:1:1
[INFO] [stdout]   |
[INFO] [stdout] 1 | #![feature(allow_internal_unstable)]
[INFO] [stdout]   | ^^^^^^^^^^^^^^^^^^^^^^^^^^^^^^^^^^^^
[INFO] [stdout] 
[INFO] [stdout] 
[INFO] [stdout] error[E0554]: `#![feature]` may not be used on the stable release channel
[INFO] [stdout]  --> /opt/rustwide/cargo-home/registry/src/index.crates.io-6f17d22bba15001f/prust_core-0.1.2/src/lib.rs:2:1
[INFO] [stdout]   |
[INFO] [stdout] 2 | #![feature(try_trait)]
[INFO] [stdout]   | ^^^^^^^^^^^^^^^^^^^^^^
[INFO] [stdout] 
[INFO] [stdout] 
[INFO] [stdout] error[E0554]: `#![feature]` may not be used on the stable release channel
[INFO] [stdout]  --> /opt/rustwide/cargo-home/registry/src/index.crates.io-6f17d22bba15001f/prust_core-0.1.2/src/lib.rs:3:1
[INFO] [stdout]   |
[INFO] [stdout] 3 | #![feature(arbitrary_enum_discriminant)]
[INFO] [stdout]   | ^^^^^^^^^^^^^^^^^^^^^^^^^^^^^^^^^^^^^^^^ help: remove the attribute
[INFO] [stdout]   |
[INFO] [stdout]   = help: the feature `arbitrary_enum_discriminant` has been stable since `1.66.0` and no longer requires an attribute to enable
[INFO] [stdout] 
[INFO] [stdout] 
[INFO] [stdout] error[E0554]: `#![feature]` may not be used on the stable release channel
[INFO] [stdout]  --> /opt/rustwide/cargo-home/registry/src/index.crates.io-6f17d22bba15001f/prust_core-0.1.2/src/lib.rs:2:12
[INFO] [stdout]   |
[INFO] [stdout] 2 | #![feature(try_trait)]
[INFO] [stdout]   |            ^^^^^^^^^
[INFO] [stdout] 
[INFO] [stdout] 
[INFO] [stdout] error[E0635]: unknown feature `try_trait`
[INFO] [stdout]  --> /opt/rustwide/cargo-home/registry/src/index.crates.io-6f17d22bba15001f/prust_core-0.1.2/src/lib.rs:2:12
[INFO] [stdout]   |
[INFO] [stdout] 2 | #![feature(try_trait)]
[INFO] [stdout]   |            ^^^^^^^^^
[INFO] [stdout] 
[INFO] [stdout] 
[INFO] [stdout] error: aborting due to 7 previous errors
[INFO] [stdout] 
[INFO] [stdout] 
[INFO] [stdout] Some errors have detailed explanations: E0412, E0554, E0635.
[INFO] [stdout] 
[INFO] [stdout] For more information about an error, try `rustc --explain E0412`.
[INFO] [stdout] 
[INFO] [stderr] error: could not compile `prust_core` (lib) due to 8 previous errors
[INFO] [stderr] warning: build failed, waiting for other jobs to finish...
[INFO] running `Command { std: "docker" "inspect" "22d6b900114d233224317b8c33fb1af9207d4f2f4d61b3573e9a27fdd772650e", kill_on_drop: false }`
[INFO] running `Command { std: "docker" "rm" "-f" "22d6b900114d233224317b8c33fb1af9207d4f2f4d61b3573e9a27fdd772650e", kill_on_drop: false }`
[INFO] [stdout] 22d6b900114d233224317b8c33fb1af9207d4f2f4d61b3573e9a27fdd772650e
[INFO] testing prust_test-0.1.2 against beta-2023-12-22 for beta-1.76-1
[INFO] extracting crate prust_test 0.1.2 into /workspace/builds/worker-7-tc2/source
[INFO] validating manifest of crates.io crate prust_test 0.1.2 on toolchain beta-2023-12-22
[INFO] running `Command { std: CARGO_HOME="/workspace/cargo-home" RUSTUP_HOME="/workspace/rustup-home" "/workspace/cargo-home/bin/cargo" "+beta-2023-12-22" "metadata" "--manifest-path" "Cargo.toml" "--no-deps", kill_on_drop: false }`
[INFO] removed /workspace/builds/worker-7-tc2/source/.cargo/config.toml
[INFO] started tweaking crates.io crate prust_test 0.1.2
[INFO] finished tweaking crates.io crate prust_test 0.1.2
[INFO] tweaked toml for crates.io crate prust_test 0.1.2 written to /workspace/builds/worker-7-tc2/source/Cargo.toml
[INFO] crate crates.io crate prust_test 0.1.2 already has a lockfile, it will not be regenerated
[INFO] running `Command { std: CARGO_HOME="/workspace/cargo-home" RUSTUP_HOME="/workspace/rustup-home" "/workspace/cargo-home/bin/cargo" "+beta-2023-12-22" "fetch" "--manifest-path" "Cargo.toml", kill_on_drop: false }`
[INFO] running `Command { std: "docker" "create" "-v" "/var/lib/crater-agent-workspace/builds/worker-7-tc2/target:/opt/rustwide/target:rw,Z" "-v" "/var/lib/crater-agent-workspace/builds/worker-7-tc2/source:/opt/rustwide/workdir:ro,Z" "-v" "/var/lib/crater-agent-workspace/cargo-home:/opt/rustwide/cargo-home:ro,Z" "-v" "/var/lib/crater-agent-workspace/rustup-home:/opt/rustwide/rustup-home:ro,Z" "-e" "SOURCE_DIR=/opt/rustwide/workdir" "-e" "CARGO_TARGET_DIR=/opt/rustwide/target" "-e" "CARGO_HOME=/opt/rustwide/cargo-home" "-e" "RUSTUP_HOME=/opt/rustwide/rustup-home" "-w" "/opt/rustwide/workdir" "-m" "1610612736" "--user" "0:0" "--network" "none" "ghcr.io/rust-lang/crates-build-env/linux@sha256:2788e3201cd34a07e3172128adcd8b3090168a8e3bcc40d7c032b9dda1df7d1c" "/opt/rustwide/cargo-home/bin/cargo" "+beta-2023-12-22" "metadata" "--no-deps" "--format-version=1", kill_on_drop: false }`
[INFO] [stdout] d4ded335239d3ccc69713ccb0a4389ec9a9d253361b18221e2d2c2b1f9e52822
[INFO] running `Command { std: "docker" "start" "-a" "d4ded335239d3ccc69713ccb0a4389ec9a9d253361b18221e2d2c2b1f9e52822", kill_on_drop: false }`
[INFO] running `Command { std: "docker" "inspect" "d4ded335239d3ccc69713ccb0a4389ec9a9d253361b18221e2d2c2b1f9e52822", kill_on_drop: false }`
[INFO] running `Command { std: "docker" "rm" "-f" "d4ded335239d3ccc69713ccb0a4389ec9a9d253361b18221e2d2c2b1f9e52822", kill_on_drop: false }`
[INFO] [stdout] d4ded335239d3ccc69713ccb0a4389ec9a9d253361b18221e2d2c2b1f9e52822
[INFO] running `Command { std: "docker" "create" "-v" "/var/lib/crater-agent-workspace/builds/worker-7-tc2/target:/opt/rustwide/target:rw,Z" "-v" "/var/lib/crater-agent-workspace/builds/worker-7-tc2/source:/opt/rustwide/workdir:ro,Z" "-v" "/var/lib/crater-agent-workspace/cargo-home:/opt/rustwide/cargo-home:ro,Z" "-v" "/var/lib/crater-agent-workspace/rustup-home:/opt/rustwide/rustup-home:ro,Z" "-e" "SOURCE_DIR=/opt/rustwide/workdir" "-e" "CARGO_TARGET_DIR=/opt/rustwide/target" "-e" "CARGO_INCREMENTAL=0" "-e" "RUST_BACKTRACE=full" "-e" "RUSTFLAGS=--cap-lints=warn" "-e" "RUSTDOCFLAGS=--cap-lints=warn" "-e" "CARGO_HOME=/opt/rustwide/cargo-home" "-e" "RUSTUP_HOME=/opt/rustwide/rustup-home" "-w" "/opt/rustwide/workdir" "-m" "1610612736" "--user" "0:0" "--network" "none" "ghcr.io/rust-lang/crates-build-env/linux@sha256:2788e3201cd34a07e3172128adcd8b3090168a8e3bcc40d7c032b9dda1df7d1c" "/opt/rustwide/cargo-home/bin/cargo" "+beta-2023-12-22" "build" "--frozen" "--message-format=json", kill_on_drop: false }`
[INFO] [stdout] 66514a100e9888fb8b05a9a54a2ae4fca215f7c435c7f929f8ec49d7defa7615
[INFO] running `Command { std: "docker" "start" "-a" "66514a100e9888fb8b05a9a54a2ae4fca215f7c435c7f929f8ec49d7defa7615", kill_on_drop: false }`
[INFO] [stderr]    Compiling libc v0.2.93
[INFO] [stderr]    Compiling bitflags v1.2.1
[INFO] [stderr]    Compiling pkg-config v0.3.19
[INFO] [stderr]    Compiling cfg-if v0.1.10
[INFO] [stderr]    Compiling autocfg v1.0.1
[INFO] [stderr]    Compiling memchr v2.3.4
[INFO] [stderr]    Compiling unicode-width v0.1.8
[INFO] [stderr]    Compiling log v0.4.14
[INFO] [stderr]    Compiling nix v0.14.1
[INFO] [stderr]    Compiling nix v0.18.0
[INFO] [stderr]    Compiling ahash v0.3.8
[INFO] [stderr]    Compiling void v1.0.2
[INFO] [stderr]    Compiling byteorder v1.4.3
[INFO] [stderr]    Compiling arrayvec v0.5.2
[INFO] [stderr]    Compiling utf8parse v0.2.0
[INFO] [stderr]    Compiling unicode-segmentation v1.7.1
[INFO] [stderr]    Compiling textwrap v0.11.0
[INFO] [stderr]    Compiling vec_map v0.8.2
[INFO] [stderr]    Compiling arrayref v0.3.6
[INFO] [stderr]    Compiling strsim v0.8.0
[INFO] [stderr]    Compiling ansi_term v0.11.0
[INFO] [stderr]    Compiling text_io v0.1.8
[INFO] [stderr]    Compiling hashbrown v0.8.2
[INFO] [stderr]    Compiling libudev-sys v0.1.4
[INFO] [stderr]    Compiling dirs-sys-next v0.1.2
[INFO] [stderr]    Compiling atty v0.2.14
[INFO] [stderr]    Compiling prust_core v0.1.2
[INFO] [stderr]    Compiling libudev v0.2.0
[INFO] [stderr]    Compiling clap v2.33.3
[INFO] [stdout] error[E0412]: cannot find type `NoneError` in module `core::option`
[INFO] [stdout]   --> /opt/rustwide/cargo-home/registry/src/index.crates.io-6f17d22bba15001f/prust_core-0.1.2/src/error.rs:27:40
[INFO] [stdout]    |
[INFO] [stdout] 27 | impl core::convert::From<core::option::NoneError> for Error {
[INFO] [stdout]    |                                        ^^^^^^^^^ not found in `core::option`
[INFO] [stdout]    |
[INFO] [stdout] help: there is an enum variant `crate::Error::NoneError`; try using the variant's enum
[INFO] [stdout]    |
[INFO] [stdout] 27 | impl core::convert::From<crate::Error> for Error {
[INFO] [stdout]    |                          ~~~~~~~~~~~~
[INFO] [stdout] 
[INFO] [stdout] 
[INFO] [stdout] error[E0412]: cannot find type `NoneError` in module `core::option`
[INFO] [stdout]   --> /opt/rustwide/cargo-home/registry/src/index.crates.io-6f17d22bba15001f/prust_core-0.1.2/src/error.rs:28:30
[INFO] [stdout]    |
[INFO] [stdout] 28 |     fn from(_: core::option::NoneError) -> Self {
[INFO] [stdout]    |                              ^^^^^^^^^ not found in `core::option`
[INFO] [stdout]    |
[INFO] [stdout] help: there is an enum variant `crate::Error::NoneError`; try using the variant's enum
[INFO] [stdout]    |
[INFO] [stdout] 28 |     fn from(_: crate::Error) -> Self {
[INFO] [stdout]    |                ~~~~~~~~~~~~
[INFO] [stdout] 
[INFO] [stdout] 
[INFO] [stdout] error[E0554]: `#![feature]` may not be used on the beta release channel
[INFO] [stdout]  --> /opt/rustwide/cargo-home/registry/src/index.crates.io-6f17d22bba15001f/prust_core-0.1.2/src/lib.rs:1:1
[INFO] [stdout]   |
[INFO] [stdout] 1 | #![feature(allow_internal_unstable)]
[INFO] [stdout]   | ^^^^^^^^^^^^^^^^^^^^^^^^^^^^^^^^^^^^
[INFO] [stdout] 
[INFO] [stdout] 
[INFO] [stdout] error[E0554]: `#![feature]` may not be used on the beta release channel
[INFO] [stdout]  --> /opt/rustwide/cargo-home/registry/src/index.crates.io-6f17d22bba15001f/prust_core-0.1.2/src/lib.rs:2:1
[INFO] [stdout]   |
[INFO] [stdout] 2 | #![feature(try_trait)]
[INFO] [stdout]   | ^^^^^^^^^^^^^^^^^^^^^^
[INFO] [stdout] 
[INFO] [stdout] 
[INFO] [stdout] error[E0554]: `#![feature]` may not be used on the beta release channel
[INFO] [stdout]  --> /opt/rustwide/cargo-home/registry/src/index.crates.io-6f17d22bba15001f/prust_core-0.1.2/src/lib.rs:3:1
[INFO] [stdout]   |
[INFO] [stdout] 3 | #![feature(arbitrary_enum_discriminant)]
[INFO] [stdout]   | ^^^^^^^^^^^^^^^^^^^^^^^^^^^^^^^^^^^^^^^^ help: remove the attribute
[INFO] [stdout]   |
[INFO] [stdout]   = help: the feature `arbitrary_enum_discriminant` has been stable since `1.66.0` and no longer requires an attribute to enable
[INFO] [stdout] 
[INFO] [stdout] 
[INFO] [stdout] error[E0554]: `#![feature]` may not be used on the beta release channel
[INFO] [stdout]  --> /opt/rustwide/cargo-home/registry/src/index.crates.io-6f17d22bba15001f/prust_core-0.1.2/src/lib.rs:2:12
[INFO] [stdout]   |
[INFO] [stdout] 2 | #![feature(try_trait)]
[INFO] [stdout]   |            ^^^^^^^^^
[INFO] [stdout] 
[INFO] [stdout] 
[INFO] [stderr]    Compiling dirs-next v1.0.2
[INFO] [stdout] error[E0635]: unknown feature `try_trait`
[INFO] [stdout]  --> /opt/rustwide/cargo-home/registry/src/index.crates.io-6f17d22bba15001f/prust_core-0.1.2/src/lib.rs:2:12
[INFO] [stdout]   |
[INFO] [stdout] 2 | #![feature(try_trait)]
[INFO] [stdout]   |            ^^^^^^^^^
[INFO] [stdout] 
[INFO] [stdout] 
[INFO] [stdout] error: aborting due to 7 previous errors
[INFO] [stdout] 
[INFO] [stdout] 
[INFO] [stdout] Some errors have detailed explanations: E0412, E0554, E0635.
[INFO] [stdout] 
[INFO] [stdout] For more information about an error, try `rustc --explain E0412`.
[INFO] [stdout] 
[INFO] [stderr] error: could not compile `prust_core` (lib) due to 8 previous errors
[INFO] [stderr] warning: build failed, waiting for other jobs to finish...
[INFO] running `Command { std: "docker" "inspect" "66514a100e9888fb8b05a9a54a2ae4fca215f7c435c7f929f8ec49d7defa7615", kill_on_drop: false }`
[INFO] running `Command { std: "docker" "rm" "-f" "66514a100e9888fb8b05a9a54a2ae4fca215f7c435c7f929f8ec49d7defa7615", kill_on_drop: false }`
[INFO] [stdout] 66514a100e9888fb8b05a9a54a2ae4fca215f7c435c7f929f8ec49d7defa7615
