[INFO] fetching crate protoc-rust-copra 0.1.1...
[INFO] testing protoc-rust-copra-0.1.1 against 1.75.0 for beta-1.76-1
[INFO] extracting crate protoc-rust-copra 0.1.1 into /workspace/builds/worker-4-tc1/source
[INFO] validating manifest of crates.io crate protoc-rust-copra 0.1.1 on toolchain 1.75.0
[INFO] running `Command { std: CARGO_HOME="/workspace/cargo-home" RUSTUP_HOME="/workspace/rustup-home" "/workspace/cargo-home/bin/cargo" "+1.75.0" "metadata" "--manifest-path" "Cargo.toml" "--no-deps", kill_on_drop: false }`
[INFO] started tweaking crates.io crate protoc-rust-copra 0.1.1
[INFO] finished tweaking crates.io crate protoc-rust-copra 0.1.1
[INFO] tweaked toml for crates.io crate protoc-rust-copra 0.1.1 written to /workspace/builds/worker-4-tc1/source/Cargo.toml
[INFO] running `Command { std: CARGO_HOME="/workspace/cargo-home" RUSTUP_HOME="/workspace/rustup-home" "/workspace/cargo-home/bin/cargo" "+1.75.0" "generate-lockfile" "--manifest-path" "Cargo.toml", kill_on_drop: false }`
[INFO] [stderr]     Updating crates.io index
[INFO] running `Command { std: CARGO_HOME="/workspace/cargo-home" RUSTUP_HOME="/workspace/rustup-home" "/workspace/cargo-home/bin/cargo" "+1.75.0" "fetch" "--manifest-path" "Cargo.toml", kill_on_drop: false }`
[INFO] [stderr]  Downloading crates ...
[INFO] [stderr]   Downloaded protoc v1.7.5
[INFO] [stderr]   Downloaded protoc-rust v1.7.5
[INFO] [stderr]   Downloaded protobuf v1.7.5
[INFO] running `Command { std: "docker" "create" "-v" "/var/lib/crater-agent-workspace/builds/worker-4-tc1/target:/opt/rustwide/target:rw,Z" "-v" "/var/lib/crater-agent-workspace/builds/worker-4-tc1/source:/opt/rustwide/workdir:ro,Z" "-v" "/var/lib/crater-agent-workspace/cargo-home:/opt/rustwide/cargo-home:ro,Z" "-v" "/var/lib/crater-agent-workspace/rustup-home:/opt/rustwide/rustup-home:ro,Z" "-e" "SOURCE_DIR=/opt/rustwide/workdir" "-e" "CARGO_TARGET_DIR=/opt/rustwide/target" "-e" "CARGO_HOME=/opt/rustwide/cargo-home" "-e" "RUSTUP_HOME=/opt/rustwide/rustup-home" "-w" "/opt/rustwide/workdir" "-m" "1610612736" "--user" "0:0" "--network" "none" "ghcr.io/rust-lang/crates-build-env/linux@sha256:2788e3201cd34a07e3172128adcd8b3090168a8e3bcc40d7c032b9dda1df7d1c" "/opt/rustwide/cargo-home/bin/cargo" "+1.75.0" "metadata" "--no-deps" "--format-version=1", kill_on_drop: false }`
[INFO] [stdout] d1b8c0e361d83d4bfbe7a9c49b36b176a97a9bb256c278098db645d5dd4df032
[INFO] running `Command { std: "docker" "start" "-a" "d1b8c0e361d83d4bfbe7a9c49b36b176a97a9bb256c278098db645d5dd4df032", kill_on_drop: false }`
[INFO] running `Command { std: "docker" "inspect" "d1b8c0e361d83d4bfbe7a9c49b36b176a97a9bb256c278098db645d5dd4df032", kill_on_drop: false }`
[INFO] running `Command { std: "docker" "rm" "-f" "d1b8c0e361d83d4bfbe7a9c49b36b176a97a9bb256c278098db645d5dd4df032", kill_on_drop: false }`
[INFO] [stdout] d1b8c0e361d83d4bfbe7a9c49b36b176a97a9bb256c278098db645d5dd4df032
[INFO] running `Command { std: "docker" "create" "-v" "/var/lib/crater-agent-workspace/builds/worker-4-tc1/target:/opt/rustwide/target:rw,Z" "-v" "/var/lib/crater-agent-workspace/builds/worker-4-tc1/source:/opt/rustwide/workdir:ro,Z" "-v" "/var/lib/crater-agent-workspace/cargo-home:/opt/rustwide/cargo-home:ro,Z" "-v" "/var/lib/crater-agent-workspace/rustup-home:/opt/rustwide/rustup-home:ro,Z" "-e" "SOURCE_DIR=/opt/rustwide/workdir" "-e" "CARGO_TARGET_DIR=/opt/rustwide/target" "-e" "CARGO_INCREMENTAL=0" "-e" "RUST_BACKTRACE=full" "-e" "RUSTFLAGS=--cap-lints=warn" "-e" "RUSTDOCFLAGS=--cap-lints=warn" "-e" "CARGO_HOME=/opt/rustwide/cargo-home" "-e" "RUSTUP_HOME=/opt/rustwide/rustup-home" "-w" "/opt/rustwide/workdir" "-m" "1610612736" "--user" "0:0" "--network" "none" "ghcr.io/rust-lang/crates-build-env/linux@sha256:2788e3201cd34a07e3172128adcd8b3090168a8e3bcc40d7c032b9dda1df7d1c" "/opt/rustwide/cargo-home/bin/cargo" "+1.75.0" "build" "--frozen" "--message-format=json", kill_on_drop: false }`
[INFO] [stdout] 3216aa6c5e5cde5378b79238c36070adbcde6abe41cbd6d5d552c30e0df40275
[INFO] running `Command { std: "docker" "start" "-a" "3216aa6c5e5cde5378b79238c36070adbcde6abe41cbd6d5d552c30e0df40275", kill_on_drop: false }`
[INFO] [stderr]    Compiling libc v0.2.151
[INFO] [stderr]    Compiling memchr v2.7.1
[INFO] [stderr]    Compiling protobuf v1.7.5
[INFO] [stderr]    Compiling bytes v0.6.0
[INFO] [stderr]    Compiling remove_dir_all v0.5.3
[INFO] [stderr]    Compiling protoc v1.7.5
[INFO] [stderr]    Compiling log v0.3.9
[INFO] [stderr]    Compiling aho-corasick v1.1.2
[INFO] [stderr]    Compiling rand v0.4.6
[INFO] [stderr]    Compiling tempdir v0.3.7
[INFO] [stdout] error[E0277]: the trait bound `usize: RangeBounds<usize>` is not satisfied
[INFO] [stdout]    --> /opt/rustwide/cargo-home/registry/src/index.crates.io-6f17d22bba15001f/protobuf-1.7.5/src/buf_read_iter.rs:230:33
[INFO] [stdout]     |
[INFO] [stdout] 230 |             let r = bytes.slice(self.pos_within_buf, self.pos_within_buf + len);
[INFO] [stdout]     |                           ----- ^^^^^^^^^^^^^^^^^^^ the trait `RangeBounds<usize>` is not implemented for `usize`
[INFO] [stdout]     |                           |
[INFO] [stdout]     |                           required by a bound introduced by this call
[INFO] [stdout]     |
[INFO] [stdout] note: required by a bound in `bytes::Bytes::slice`
[INFO] [stdout]    --> /opt/rustwide/cargo-home/registry/src/index.crates.io-6f17d22bba15001f/bytes-0.6.0/src/bytes.rs:228:37
[INFO] [stdout]     |
[INFO] [stdout] 228 |     pub fn slice(&self, range: impl RangeBounds<usize>) -> Bytes {
[INFO] [stdout]     |                                     ^^^^^^^^^^^^^^^^^^ required by this bound in `Bytes::slice`
[INFO] [stdout] 
[INFO] [stdout] 
[INFO] [stdout] error[E0061]: this method takes 1 argument but 2 arguments were supplied
[INFO] [stdout]    --> /opt/rustwide/cargo-home/registry/src/index.crates.io-6f17d22bba15001f/protobuf-1.7.5/src/buf_read_iter.rs:230:27
[INFO] [stdout]     |
[INFO] [stdout] 230 |             let r = bytes.slice(self.pos_within_buf, self.pos_within_buf + len);
[INFO] [stdout]     |                           ^^^^^                    ---------------------------
[INFO] [stdout]     |                                                    | |
[INFO] [stdout]     |                                                    | unexpected argument of type `usize`
[INFO] [stdout]     |                                                    help: remove the extra argument
[INFO] [stdout]     |
[INFO] [stdout] note: method defined here
[INFO] [stdout]    --> /opt/rustwide/cargo-home/registry/src/index.crates.io-6f17d22bba15001f/bytes-0.6.0/src/bytes.rs:228:12
[INFO] [stdout]     |
[INFO] [stdout] 228 |     pub fn slice(&self, range: impl RangeBounds<usize>) -> Bytes {
[INFO] [stdout]     |            ^^^^^
[INFO] [stdout] 
[INFO] [stdout] 
[INFO] [stderr]    Compiling regex-automata v0.4.3
[INFO] [stdout] error[E0308]: mismatched types
[INFO] [stdout]    --> /opt/rustwide/cargo-home/registry/src/index.crates.io-6f17d22bba15001f/protobuf-1.7.5/src/buf_read_iter.rs:238:37
[INFO] [stdout]     |
[INFO] [stdout] 238 |                     self.read_exact(buf)?;
[INFO] [stdout]     |                          ---------- ^^^ expected `&mut [u8]`, found `&mut UninitSlice`
[INFO] [stdout]     |                          |
[INFO] [stdout]     |                          arguments to this method are incorrect
[INFO] [stdout]     |
[INFO] [stdout]     = note: expected mutable reference `&mut [u8]`
[INFO] [stdout]                found mutable reference `&mut UninitSlice`
[INFO] [stdout] note: method defined here
[INFO] [stdout]    --> /opt/rustwide/cargo-home/registry/src/index.crates.io-6f17d22bba15001f/protobuf-1.7.5/src/buf_read_iter.rs:257:12
[INFO] [stdout]     |
[INFO] [stdout] 257 |     pub fn read_exact(&mut self, mut buf: &mut [u8]) -> ProtobufResult<()> {
[INFO] [stdout]     |            ^^^^^^^^^^            ------------------
[INFO] [stdout] 
[INFO] [stdout] 
[INFO] [stdout] error: aborting due to 3 previous errors
[INFO] [stdout] 
[INFO] [stdout] 
[INFO] [stdout] Some errors have detailed explanations: E0061, E0277, E0308.
[INFO] [stdout] 
[INFO] [stdout] For more information about an error, try `rustc --explain E0061`.
[INFO] [stdout] 
[INFO] [stderr] error: could not compile `protobuf` (lib) due to 4 previous errors
[INFO] [stderr] warning: build failed, waiting for other jobs to finish...
[INFO] running `Command { std: "docker" "inspect" "3216aa6c5e5cde5378b79238c36070adbcde6abe41cbd6d5d552c30e0df40275", kill_on_drop: false }`
[INFO] running `Command { std: "docker" "rm" "-f" "3216aa6c5e5cde5378b79238c36070adbcde6abe41cbd6d5d552c30e0df40275", kill_on_drop: false }`
[INFO] [stdout] 3216aa6c5e5cde5378b79238c36070adbcde6abe41cbd6d5d552c30e0df40275
