[INFO] fetching crate proto-mapper 0.1.2...
[INFO] testing proto-mapper-0.1.2 against 1.75.0 for beta-1.76-1
[INFO] extracting crate proto-mapper 0.1.2 into /workspace/builds/worker-1-tc1/source
[INFO] validating manifest of crates.io crate proto-mapper 0.1.2 on toolchain 1.75.0
[INFO] running `Command { std: CARGO_HOME="/workspace/cargo-home" RUSTUP_HOME="/workspace/rustup-home" "/workspace/cargo-home/bin/cargo" "+1.75.0" "metadata" "--manifest-path" "Cargo.toml" "--no-deps", kill_on_drop: false }`
[INFO] started tweaking crates.io crate proto-mapper 0.1.2
[INFO] finished tweaking crates.io crate proto-mapper 0.1.2
[INFO] tweaked toml for crates.io crate proto-mapper 0.1.2 written to /workspace/builds/worker-1-tc1/source/Cargo.toml
[INFO] running `Command { std: CARGO_HOME="/workspace/cargo-home" RUSTUP_HOME="/workspace/rustup-home" "/workspace/cargo-home/bin/cargo" "+1.75.0" "generate-lockfile" "--manifest-path" "Cargo.toml", kill_on_drop: false }`
[INFO] [stderr]     Updating crates.io index
[INFO] running `Command { std: CARGO_HOME="/workspace/cargo-home" RUSTUP_HOME="/workspace/rustup-home" "/workspace/cargo-home/bin/cargo" "+1.75.0" "fetch" "--manifest-path" "Cargo.toml", kill_on_drop: false }`
[INFO] [stderr]     Blocking waiting for file lock on package cache
[INFO] [stderr]  Downloading crates ...
[INFO] [stderr]   Downloaded proto-mapper-derive v0.1.2
[INFO] [stderr]   Downloaded proto-mapper-core v0.1.2
[INFO] [stderr]   Downloaded protobuf-support v3.3.0
[INFO] [stderr]   Downloaded protobuf v3.3.0
[INFO] [stderr]   Downloaded protobuf-codegen v3.3.0
[INFO] [stderr]   Downloaded protobuf-parse v3.3.0
[INFO] running `Command { std: "docker" "create" "-v" "/var/lib/crater-agent-workspace/builds/worker-1-tc1/target:/opt/rustwide/target:rw,Z" "-v" "/var/lib/crater-agent-workspace/builds/worker-1-tc1/source:/opt/rustwide/workdir:ro,Z" "-v" "/var/lib/crater-agent-workspace/cargo-home:/opt/rustwide/cargo-home:ro,Z" "-v" "/var/lib/crater-agent-workspace/rustup-home:/opt/rustwide/rustup-home:ro,Z" "-e" "SOURCE_DIR=/opt/rustwide/workdir" "-e" "CARGO_TARGET_DIR=/opt/rustwide/target" "-e" "CARGO_HOME=/opt/rustwide/cargo-home" "-e" "RUSTUP_HOME=/opt/rustwide/rustup-home" "-w" "/opt/rustwide/workdir" "-m" "1610612736" "--user" "0:0" "--network" "none" "ghcr.io/rust-lang/crates-build-env/linux@sha256:2788e3201cd34a07e3172128adcd8b3090168a8e3bcc40d7c032b9dda1df7d1c" "/opt/rustwide/cargo-home/bin/cargo" "+1.75.0" "metadata" "--no-deps" "--format-version=1", kill_on_drop: false }`
[INFO] [stdout] 299c65f806e3c0287111602daa22893ba82b524944ee06ca4dfbc84f08c6a312
[INFO] running `Command { std: "docker" "start" "-a" "299c65f806e3c0287111602daa22893ba82b524944ee06ca4dfbc84f08c6a312", kill_on_drop: false }`
[INFO] running `Command { std: "docker" "inspect" "299c65f806e3c0287111602daa22893ba82b524944ee06ca4dfbc84f08c6a312", kill_on_drop: false }`
[INFO] running `Command { std: "docker" "rm" "-f" "299c65f806e3c0287111602daa22893ba82b524944ee06ca4dfbc84f08c6a312", kill_on_drop: false }`
[INFO] [stdout] 299c65f806e3c0287111602daa22893ba82b524944ee06ca4dfbc84f08c6a312
[INFO] running `Command { std: "docker" "create" "-v" "/var/lib/crater-agent-workspace/builds/worker-1-tc1/target:/opt/rustwide/target:rw,Z" "-v" "/var/lib/crater-agent-workspace/builds/worker-1-tc1/source:/opt/rustwide/workdir:ro,Z" "-v" "/var/lib/crater-agent-workspace/cargo-home:/opt/rustwide/cargo-home:ro,Z" "-v" "/var/lib/crater-agent-workspace/rustup-home:/opt/rustwide/rustup-home:ro,Z" "-e" "SOURCE_DIR=/opt/rustwide/workdir" "-e" "CARGO_TARGET_DIR=/opt/rustwide/target" "-e" "CARGO_INCREMENTAL=0" "-e" "RUST_BACKTRACE=full" "-e" "RUSTFLAGS=--cap-lints=warn" "-e" "RUSTDOCFLAGS=--cap-lints=warn" "-e" "CARGO_HOME=/opt/rustwide/cargo-home" "-e" "RUSTUP_HOME=/opt/rustwide/rustup-home" "-w" "/opt/rustwide/workdir" "-m" "1610612736" "--user" "0:0" "--network" "none" "ghcr.io/rust-lang/crates-build-env/linux@sha256:2788e3201cd34a07e3172128adcd8b3090168a8e3bcc40d7c032b9dda1df7d1c" "/opt/rustwide/cargo-home/bin/cargo" "+1.75.0" "build" "--frozen" "--message-format=json", kill_on_drop: false }`
[INFO] [stdout] 81e00c6df706e32082eb6ce0ee9ba26e1c711211d6e0f5230ccda8e3cb15d370
[INFO] running `Command { std: "docker" "start" "-a" "81e00c6df706e32082eb6ce0ee9ba26e1c711211d6e0f5230ccda8e3cb15d370", kill_on_drop: false }`
[INFO] [stderr]    Compiling anyhow v1.0.79
[INFO] [stderr]    Compiling either v1.9.0
[INFO] [stderr]    Compiling rustix v0.38.28
[INFO] [stderr]    Compiling linux-raw-sys v0.4.12
[INFO] [stderr]    Compiling bitflags v2.4.1
[INFO] [stderr]    Compiling once_cell v1.19.0
[INFO] [stderr]    Compiling thiserror v1.0.56
[INFO] [stderr]    Compiling indexmap v1.9.3
[INFO] [stderr]    Compiling home v0.5.9
[INFO] [stderr]    Compiling protobuf v3.3.0
[INFO] [stderr]    Compiling fastrand v2.0.1
[INFO] [stderr]    Compiling bytes v1.5.0
[INFO] [stderr]    Compiling hashbrown v0.14.3
[INFO] [stderr]    Compiling syn v2.0.48
[INFO] [stderr]    Compiling hashbrown v0.12.3
[INFO] [stderr]    Compiling log v0.4.20
[INFO] [stderr]    Compiling prettyplease v0.2.16
[INFO] [stderr]    Compiling fixedbitset v0.4.2
[INFO] [stderr]    Compiling itertools v0.11.0
[INFO] [stderr]    Compiling multimap v0.8.3
[INFO] [stderr]    Compiling indexmap v2.1.0
[INFO] [stderr]    Compiling petgraph v0.6.4
[INFO] [stderr]    Compiling tempfile v3.9.0
[INFO] [stderr]    Compiling which v4.4.2
[INFO] [stderr]    Compiling darling_core v0.20.3
[INFO] [stderr]    Compiling thiserror-impl v1.0.56
[INFO] [stderr]    Compiling prost-derive v0.12.3
[INFO] [stderr]    Compiling darling_macro v0.20.3
[INFO] [stderr]    Compiling protobuf-support v3.3.0
[INFO] [stderr]    Compiling darling v0.20.3
[INFO] [stderr]    Compiling prost v0.12.3
[INFO] [stderr]    Compiling proto-mapper-core v0.1.2
[INFO] [stdout] error[E0432]: unresolved import `crate::enums::Enum`
[INFO] [stdout]   --> /opt/rustwide/cargo-home/registry/src/index.crates.io-6f17d22bba15001f/proto-mapper-core-0.1.2/src/proto_map.rs:1:5
[INFO] [stdout]    |
[INFO] [stdout] 1  | use crate::enums::Enum;
[INFO] [stdout]    |     ^^^^^^^^^^^^^^^^^^ no `Enum` in `enums`
[INFO] [stdout]    |
[INFO] [stdout] note: found an item that was configured out
[INFO] [stdout]   --> /opt/rustwide/cargo-home/registry/src/index.crates.io-6f17d22bba15001f/proto-mapper-core-0.1.2/src/enums/mod.rs:4:28
[INFO] [stdout]    |
[INFO] [stdout] 4  | pub(crate) use prost_enum::Enum;
[INFO] [stdout]    |                            ^^^^
[INFO] [stdout]    = note: the item is gated behind the `prost` feature
[INFO] [stdout] note: found an item that was configured out
[INFO] [stdout]   --> /opt/rustwide/cargo-home/registry/src/index.crates.io-6f17d22bba15001f/proto-mapper-core-0.1.2/src/enums/mod.rs:12:31
[INFO] [stdout]    |
[INFO] [stdout] 12 | pub(crate) use protobuf_enum::Enum;
[INFO] [stdout]    |                               ^^^^
[INFO] [stdout]    = note: the item is gated behind the `protobuf` feature
[INFO] [stdout] help: consider importing one of these items instead
[INFO] [stdout]    |
[INFO] [stdout] 1  | use crate::ProtoMap::Enum;
[INFO] [stdout]    |     ~~~~~~~~~~~~~~~~~~~~~
[INFO] [stdout] 1  | use crate::proto_map::Data::Enum;
[INFO] [stdout]    |     ~~~~~~~~~~~~~~~~~~~~~~~~~~~~
[INFO] [stdout] 1  | use darling::ast::Data::Enum;
[INFO] [stdout]    |     ~~~~~~~~~~~~~~~~~~~~~~~~
[INFO] [stdout] 1  | use syn::Data::Enum;
[INFO] [stdout]    |     ~~~~~~~~~~~~~~~
[INFO] [stdout]      and 2 other candidates
[INFO] [stdout] 
[INFO] [stdout] 
[INFO] [stdout] error[E0432]: unresolved import `crate::structs::StructField`
[INFO] [stdout]  --> /opt/rustwide/cargo-home/registry/src/index.crates.io-6f17d22bba15001f/proto-mapper-core-0.1.2/src/structs/struct.rs:3:5
[INFO] [stdout]   |
[INFO] [stdout] 3 | use crate::structs::StructField;
[INFO] [stdout]   |     ^^^^^^^^^^^^^^^^^^^^^^^^^^^ no `StructField` in `structs`
[INFO] [stdout]   |
[INFO] [stdout] note: found an item that was configured out
[INFO] [stdout]  --> /opt/rustwide/cargo-home/registry/src/index.crates.io-6f17d22bba15001f/proto-mapper-core-0.1.2/src/structs/mod.rs:4:29
[INFO] [stdout]   |
[INFO] [stdout] 4 | pub(crate) use prost_field::StructField;
[INFO] [stdout]   |                             ^^^^^^^^^^^
[INFO] [stdout]   = note: the item is gated behind the `prost` feature
[INFO] [stdout] note: found an item that was configured out
[INFO] [stdout]  --> /opt/rustwide/cargo-home/registry/src/index.crates.io-6f17d22bba15001f/proto-mapper-core-0.1.2/src/structs/mod.rs:9:32
[INFO] [stdout]   |
[INFO] [stdout] 9 | pub(crate) use protobuf_field::StructField;
[INFO] [stdout]   |                                ^^^^^^^^^^^
[INFO] [stdout]   = note: the item is gated behind the `protobuf` feature
[INFO] [stdout] 
[INFO] [stdout] 
[INFO] [stdout] error: aborting due to 2 previous errors
[INFO] [stdout] 
[INFO] [stdout] 
[INFO] [stdout] For more information about this error, try `rustc --explain E0432`.
[INFO] [stdout] 
[INFO] [stderr] error: could not compile `proto-mapper-core` (lib) due to 3 previous errors
[INFO] [stderr] warning: build failed, waiting for other jobs to finish...
[INFO] running `Command { std: "docker" "inspect" "81e00c6df706e32082eb6ce0ee9ba26e1c711211d6e0f5230ccda8e3cb15d370", kill_on_drop: false }`
[INFO] running `Command { std: "docker" "rm" "-f" "81e00c6df706e32082eb6ce0ee9ba26e1c711211d6e0f5230ccda8e3cb15d370", kill_on_drop: false }`
[INFO] [stdout] 81e00c6df706e32082eb6ce0ee9ba26e1c711211d6e0f5230ccda8e3cb15d370
[INFO] testing proto-mapper-0.1.2 against beta-2023-12-22 for beta-1.76-1
[INFO] extracting crate proto-mapper 0.1.2 into /workspace/builds/worker-1-tc2/source
[INFO] validating manifest of crates.io crate proto-mapper 0.1.2 on toolchain beta-2023-12-22
[INFO] running `Command { std: CARGO_HOME="/workspace/cargo-home" RUSTUP_HOME="/workspace/rustup-home" "/workspace/cargo-home/bin/cargo" "+beta-2023-12-22" "metadata" "--manifest-path" "Cargo.toml" "--no-deps", kill_on_drop: false }`
[INFO] started tweaking crates.io crate proto-mapper 0.1.2
[INFO] finished tweaking crates.io crate proto-mapper 0.1.2
[INFO] tweaked toml for crates.io crate proto-mapper 0.1.2 written to /workspace/builds/worker-1-tc2/source/Cargo.toml
[INFO] running `Command { std: CARGO_HOME="/workspace/cargo-home" RUSTUP_HOME="/workspace/rustup-home" "/workspace/cargo-home/bin/cargo" "+beta-2023-12-22" "generate-lockfile" "--manifest-path" "Cargo.toml", kill_on_drop: false }`
[INFO] [stderr]     Updating crates.io index
[INFO] running `Command { std: CARGO_HOME="/workspace/cargo-home" RUSTUP_HOME="/workspace/rustup-home" "/workspace/cargo-home/bin/cargo" "+beta-2023-12-22" "fetch" "--manifest-path" "Cargo.toml", kill_on_drop: false }`
[INFO] running `Command { std: "docker" "create" "-v" "/var/lib/crater-agent-workspace/builds/worker-1-tc2/target:/opt/rustwide/target:rw,Z" "-v" "/var/lib/crater-agent-workspace/builds/worker-1-tc2/source:/opt/rustwide/workdir:ro,Z" "-v" "/var/lib/crater-agent-workspace/cargo-home:/opt/rustwide/cargo-home:ro,Z" "-v" "/var/lib/crater-agent-workspace/rustup-home:/opt/rustwide/rustup-home:ro,Z" "-e" "SOURCE_DIR=/opt/rustwide/workdir" "-e" "CARGO_TARGET_DIR=/opt/rustwide/target" "-e" "CARGO_HOME=/opt/rustwide/cargo-home" "-e" "RUSTUP_HOME=/opt/rustwide/rustup-home" "-w" "/opt/rustwide/workdir" "-m" "1610612736" "--user" "0:0" "--network" "none" "ghcr.io/rust-lang/crates-build-env/linux@sha256:2788e3201cd34a07e3172128adcd8b3090168a8e3bcc40d7c032b9dda1df7d1c" "/opt/rustwide/cargo-home/bin/cargo" "+beta-2023-12-22" "metadata" "--no-deps" "--format-version=1", kill_on_drop: false }`
[INFO] [stdout] f1c25fe2b032fabf206853f755479c2c0aaa9b2ef9634822ecd5f2ad0618657b
[INFO] running `Command { std: "docker" "start" "-a" "f1c25fe2b032fabf206853f755479c2c0aaa9b2ef9634822ecd5f2ad0618657b", kill_on_drop: false }`
[INFO] running `Command { std: "docker" "inspect" "f1c25fe2b032fabf206853f755479c2c0aaa9b2ef9634822ecd5f2ad0618657b", kill_on_drop: false }`
[INFO] running `Command { std: "docker" "rm" "-f" "f1c25fe2b032fabf206853f755479c2c0aaa9b2ef9634822ecd5f2ad0618657b", kill_on_drop: false }`
[INFO] [stdout] f1c25fe2b032fabf206853f755479c2c0aaa9b2ef9634822ecd5f2ad0618657b
[INFO] running `Command { std: "docker" "create" "-v" "/var/lib/crater-agent-workspace/builds/worker-1-tc2/target:/opt/rustwide/target:rw,Z" "-v" "/var/lib/crater-agent-workspace/builds/worker-1-tc2/source:/opt/rustwide/workdir:ro,Z" "-v" "/var/lib/crater-agent-workspace/cargo-home:/opt/rustwide/cargo-home:ro,Z" "-v" "/var/lib/crater-agent-workspace/rustup-home:/opt/rustwide/rustup-home:ro,Z" "-e" "SOURCE_DIR=/opt/rustwide/workdir" "-e" "CARGO_TARGET_DIR=/opt/rustwide/target" "-e" "CARGO_INCREMENTAL=0" "-e" "RUST_BACKTRACE=full" "-e" "RUSTFLAGS=--cap-lints=warn" "-e" "RUSTDOCFLAGS=--cap-lints=warn" "-e" "CARGO_HOME=/opt/rustwide/cargo-home" "-e" "RUSTUP_HOME=/opt/rustwide/rustup-home" "-w" "/opt/rustwide/workdir" "-m" "1610612736" "--user" "0:0" "--network" "none" "ghcr.io/rust-lang/crates-build-env/linux@sha256:2788e3201cd34a07e3172128adcd8b3090168a8e3bcc40d7c032b9dda1df7d1c" "/opt/rustwide/cargo-home/bin/cargo" "+beta-2023-12-22" "build" "--frozen" "--message-format=json", kill_on_drop: false }`
[INFO] [stdout] 798c420051496d5728791f41e38b3c991e1b750790f20ba74867e5777b1e9dee
[INFO] running `Command { std: "docker" "start" "-a" "798c420051496d5728791f41e38b3c991e1b750790f20ba74867e5777b1e9dee", kill_on_drop: false }`
[INFO] [stderr]    Compiling anyhow v1.0.79
[INFO] [stderr]    Compiling either v1.9.0
[INFO] [stderr]    Compiling rustix v0.38.28
[INFO] [stderr]    Compiling linux-raw-sys v0.4.12
[INFO] [stderr]    Compiling bitflags v2.4.1
[INFO] [stderr]    Compiling protobuf v3.3.0
[INFO] [stderr]    Compiling home v0.5.9
[INFO] [stderr]    Compiling fastrand v2.0.1
[INFO] [stderr]    Compiling once_cell v1.19.0
[INFO] [stderr]    Compiling bytes v1.5.0
[INFO] [stderr]    Compiling syn v2.0.48
[INFO] [stderr]    Compiling thiserror v1.0.56
[INFO] [stderr]    Compiling indexmap v1.9.3
[INFO] [stderr]    Compiling log v0.4.20
[INFO] [stderr]    Compiling hashbrown v0.12.3
[INFO] [stderr]    Compiling hashbrown v0.14.3
[INFO] [stderr]    Compiling prettyplease v0.2.16
[INFO] [stderr]    Compiling fixedbitset v0.4.2
[INFO] [stderr]    Compiling itertools v0.11.0
[INFO] [stderr]    Compiling multimap v0.8.3
[INFO] [stderr]    Compiling indexmap v2.1.0
[INFO] [stderr]    Compiling petgraph v0.6.4
[INFO] [stderr]    Compiling tempfile v3.9.0
[INFO] [stderr]    Compiling which v4.4.2
[INFO] [stderr]    Compiling darling_core v0.20.3
[INFO] [stderr]    Compiling thiserror-impl v1.0.56
[INFO] [stderr]    Compiling prost-derive v0.12.3
[INFO] [stderr]    Compiling darling_macro v0.20.3
[INFO] [stderr]    Compiling protobuf-support v3.3.0
[INFO] [stderr]    Compiling prost v0.12.3
[INFO] [stderr]    Compiling darling v0.20.3
[INFO] [stderr]    Compiling proto-mapper-core v0.1.2
[INFO] [stdout] error[E0432]: unresolved import `crate::enums::Enum`
[INFO] [stdout]   --> /opt/rustwide/cargo-home/registry/src/index.crates.io-6f17d22bba15001f/proto-mapper-core-0.1.2/src/proto_map.rs:1:5
[INFO] [stdout]    |
[INFO] [stdout] 1  | use crate::enums::Enum;
[INFO] [stdout]    |     ^^^^^^^^^^^^^^^^^^ no `Enum` in `enums`
[INFO] [stdout]    |
[INFO] [stdout] note: found an item that was configured out
[INFO] [stdout]   --> /opt/rustwide/cargo-home/registry/src/index.crates.io-6f17d22bba15001f/proto-mapper-core-0.1.2/src/enums/mod.rs:4:28
[INFO] [stdout]    |
[INFO] [stdout] 4  | pub(crate) use prost_enum::Enum;
[INFO] [stdout]    |                            ^^^^
[INFO] [stdout]    = note: the item is gated behind the `prost` feature
[INFO] [stdout] note: found an item that was configured out
[INFO] [stdout]   --> /opt/rustwide/cargo-home/registry/src/index.crates.io-6f17d22bba15001f/proto-mapper-core-0.1.2/src/enums/mod.rs:12:31
[INFO] [stdout]    |
[INFO] [stdout] 12 | pub(crate) use protobuf_enum::Enum;
[INFO] [stdout]    |                               ^^^^
[INFO] [stdout]    = note: the item is gated behind the `protobuf` feature
[INFO] [stdout] help: consider importing one of these items instead
[INFO] [stdout]    |
[INFO] [stdout] 1  | use crate::ProtoMap::Enum;
[INFO] [stdout]    |     ~~~~~~~~~~~~~~~~~~~~~
[INFO] [stdout] 1  | use crate::proto_map::Data::Enum;
[INFO] [stdout]    |     ~~~~~~~~~~~~~~~~~~~~~~~~~~~~
[INFO] [stdout] 1  | use darling::ast::Data::Enum;
[INFO] [stdout]    |     ~~~~~~~~~~~~~~~~~~~~~~~~
[INFO] [stdout] 1  | use syn::Data::Enum;
[INFO] [stdout]    |     ~~~~~~~~~~~~~~~
[INFO] [stdout]      and 2 other candidates
[INFO] [stdout] 
[INFO] [stdout] 
[INFO] [stdout] error[E0432]: unresolved import `crate::structs::StructField`
[INFO] [stdout]  --> /opt/rustwide/cargo-home/registry/src/index.crates.io-6f17d22bba15001f/proto-mapper-core-0.1.2/src/structs/struct.rs:3:5
[INFO] [stdout]   |
[INFO] [stdout] 3 | use crate::structs::StructField;
[INFO] [stdout]   |     ^^^^^^^^^^^^^^^^^^^^^^^^^^^ no `StructField` in `structs`
[INFO] [stdout]   |
[INFO] [stdout] note: found an item that was configured out
[INFO] [stdout]  --> /opt/rustwide/cargo-home/registry/src/index.crates.io-6f17d22bba15001f/proto-mapper-core-0.1.2/src/structs/mod.rs:4:29
[INFO] [stdout]   |
[INFO] [stdout] 4 | pub(crate) use prost_field::StructField;
[INFO] [stdout]   |                             ^^^^^^^^^^^
[INFO] [stdout]   = note: the item is gated behind the `prost` feature
[INFO] [stdout] note: found an item that was configured out
[INFO] [stdout]  --> /opt/rustwide/cargo-home/registry/src/index.crates.io-6f17d22bba15001f/proto-mapper-core-0.1.2/src/structs/mod.rs:9:32
[INFO] [stdout]   |
[INFO] [stdout] 9 | pub(crate) use protobuf_field::StructField;
[INFO] [stdout]   |                                ^^^^^^^^^^^
[INFO] [stdout]   = note: the item is gated behind the `protobuf` feature
[INFO] [stdout] 
[INFO] [stdout] 
[INFO] [stdout] error: aborting due to 2 previous errors
[INFO] [stdout] 
[INFO] [stdout] 
[INFO] [stdout] For more information about this error, try `rustc --explain E0432`.
[INFO] [stdout] 
[INFO] [stderr] error: could not compile `proto-mapper-core` (lib) due to 3 previous errors
[INFO] [stderr] warning: build failed, waiting for other jobs to finish...
[INFO] running `Command { std: "docker" "inspect" "798c420051496d5728791f41e38b3c991e1b750790f20ba74867e5777b1e9dee", kill_on_drop: false }`
[INFO] running `Command { std: "docker" "rm" "-f" "798c420051496d5728791f41e38b3c991e1b750790f20ba74867e5777b1e9dee", kill_on_drop: false }`
[INFO] [stdout] 798c420051496d5728791f41e38b3c991e1b750790f20ba74867e5777b1e9dee
