[INFO] fetching crate proofsize_derive 0.1.0...
[INFO] testing proofsize_derive-0.1.0 against 1.75.0 for beta-1.76-1
[INFO] extracting crate proofsize_derive 0.1.0 into /workspace/builds/worker-5-tc1/source
[INFO] validating manifest of crates.io crate proofsize_derive 0.1.0 on toolchain 1.75.0
[INFO] running `Command { std: CARGO_HOME="/workspace/cargo-home" RUSTUP_HOME="/workspace/rustup-home" "/workspace/cargo-home/bin/cargo" "+1.75.0" "metadata" "--manifest-path" "Cargo.toml" "--no-deps", kill_on_drop: false }`
[INFO] started tweaking crates.io crate proofsize_derive 0.1.0
[INFO] finished tweaking crates.io crate proofsize_derive 0.1.0
[INFO] tweaked toml for crates.io crate proofsize_derive 0.1.0 written to /workspace/builds/worker-5-tc1/source/Cargo.toml
[INFO] running `Command { std: CARGO_HOME="/workspace/cargo-home" RUSTUP_HOME="/workspace/rustup-home" "/workspace/cargo-home/bin/cargo" "+1.75.0" "generate-lockfile" "--manifest-path" "Cargo.toml", kill_on_drop: false }`
[INFO] [stderr]     Updating crates.io index
[INFO] running `Command { std: CARGO_HOME="/workspace/cargo-home" RUSTUP_HOME="/workspace/rustup-home" "/workspace/cargo-home/bin/cargo" "+1.75.0" "fetch" "--manifest-path" "Cargo.toml", kill_on_drop: false }`
[INFO] running `Command { std: "docker" "create" "-v" "/var/lib/crater-agent-workspace/builds/worker-5-tc1/target:/opt/rustwide/target:rw,Z" "-v" "/var/lib/crater-agent-workspace/builds/worker-5-tc1/source:/opt/rustwide/workdir:ro,Z" "-v" "/var/lib/crater-agent-workspace/cargo-home:/opt/rustwide/cargo-home:ro,Z" "-v" "/var/lib/crater-agent-workspace/rustup-home:/opt/rustwide/rustup-home:ro,Z" "-e" "SOURCE_DIR=/opt/rustwide/workdir" "-e" "CARGO_TARGET_DIR=/opt/rustwide/target" "-e" "CARGO_HOME=/opt/rustwide/cargo-home" "-e" "RUSTUP_HOME=/opt/rustwide/rustup-home" "-w" "/opt/rustwide/workdir" "-m" "1610612736" "--user" "0:0" "--network" "none" "ghcr.io/rust-lang/crates-build-env/linux@sha256:2788e3201cd34a07e3172128adcd8b3090168a8e3bcc40d7c032b9dda1df7d1c" "/opt/rustwide/cargo-home/bin/cargo" "+1.75.0" "metadata" "--no-deps" "--format-version=1", kill_on_drop: false }`
[INFO] [stdout] b8266ad1dcd47816c86ed860fc7ad063638a00b07b76044802d96612b6cffede
[INFO] running `Command { std: "docker" "start" "-a" "b8266ad1dcd47816c86ed860fc7ad063638a00b07b76044802d96612b6cffede", kill_on_drop: false }`
[INFO] running `Command { std: "docker" "inspect" "b8266ad1dcd47816c86ed860fc7ad063638a00b07b76044802d96612b6cffede", kill_on_drop: false }`
[INFO] running `Command { std: "docker" "rm" "-f" "b8266ad1dcd47816c86ed860fc7ad063638a00b07b76044802d96612b6cffede", kill_on_drop: false }`
[INFO] [stdout] b8266ad1dcd47816c86ed860fc7ad063638a00b07b76044802d96612b6cffede
[INFO] running `Command { std: "docker" "create" "-v" "/var/lib/crater-agent-workspace/builds/worker-5-tc1/target:/opt/rustwide/target:rw,Z" "-v" "/var/lib/crater-agent-workspace/builds/worker-5-tc1/source:/opt/rustwide/workdir:ro,Z" "-v" "/var/lib/crater-agent-workspace/cargo-home:/opt/rustwide/cargo-home:ro,Z" "-v" "/var/lib/crater-agent-workspace/rustup-home:/opt/rustwide/rustup-home:ro,Z" "-e" "SOURCE_DIR=/opt/rustwide/workdir" "-e" "CARGO_TARGET_DIR=/opt/rustwide/target" "-e" "CARGO_INCREMENTAL=0" "-e" "RUST_BACKTRACE=full" "-e" "RUSTFLAGS=--cap-lints=warn" "-e" "RUSTDOCFLAGS=--cap-lints=warn" "-e" "CARGO_HOME=/opt/rustwide/cargo-home" "-e" "RUSTUP_HOME=/opt/rustwide/rustup-home" "-w" "/opt/rustwide/workdir" "-m" "1610612736" "--user" "0:0" "--network" "none" "ghcr.io/rust-lang/crates-build-env/linux@sha256:2788e3201cd34a07e3172128adcd8b3090168a8e3bcc40d7c032b9dda1df7d1c" "/opt/rustwide/cargo-home/bin/cargo" "+1.75.0" "build" "--frozen" "--message-format=json", kill_on_drop: false }`
[INFO] [stdout] 98126f181db10cbd9794b843500f74f3bab9043188da2a9970af6e4be4c9e050
[INFO] running `Command { std: "docker" "start" "-a" "98126f181db10cbd9794b843500f74f3bab9043188da2a9970af6e4be4c9e050", kill_on_drop: false }`
[INFO] [stderr]    Compiling syn v1.0.109
[INFO] [stderr]    Compiling unicode-xid v0.2.4
[INFO] [stderr]    Compiling synstructure v0.12.6
[INFO] [stderr]    Compiling proofsize_derive v0.1.0 (/opt/rustwide/workdir)
[INFO] [stdout] warning: variable does not need to be mutable
[INFO] [stdout]  --> src/lib.rs:8:21
[INFO] [stdout]   |
[INFO] [stdout] 8 | fn derive_proofsize(mut s: synstructure::Structure) -> proc_macro2::TokenStream {
[INFO] [stdout]   |                     ----^
[INFO] [stdout]   |                     |
[INFO] [stdout]   |                     help: remove this `mut`
[INFO] [stdout]   |
[INFO] [stdout]   = note: `#[warn(unused_mut)]` on by default
[INFO] [stdout] 
[INFO] [stdout] 
[INFO] [stdout] warning: 1 warning emitted
[INFO] [stdout] 
[INFO] [stdout] 
[INFO] [stderr]     Finished dev [unoptimized + debuginfo] target(s) in 2.11s
[INFO] running `Command { std: "docker" "inspect" "98126f181db10cbd9794b843500f74f3bab9043188da2a9970af6e4be4c9e050", kill_on_drop: false }`
[INFO] running `Command { std: "docker" "rm" "-f" "98126f181db10cbd9794b843500f74f3bab9043188da2a9970af6e4be4c9e050", kill_on_drop: false }`
[INFO] [stdout] 98126f181db10cbd9794b843500f74f3bab9043188da2a9970af6e4be4c9e050
[INFO] running `Command { std: "docker" "create" "-v" "/var/lib/crater-agent-workspace/builds/worker-5-tc1/target:/opt/rustwide/target:rw,Z" "-v" "/var/lib/crater-agent-workspace/builds/worker-5-tc1/source:/opt/rustwide/workdir:ro,Z" "-v" "/var/lib/crater-agent-workspace/cargo-home:/opt/rustwide/cargo-home:ro,Z" "-v" "/var/lib/crater-agent-workspace/rustup-home:/opt/rustwide/rustup-home:ro,Z" "-e" "SOURCE_DIR=/opt/rustwide/workdir" "-e" "CARGO_TARGET_DIR=/opt/rustwide/target" "-e" "CARGO_INCREMENTAL=0" "-e" "RUST_BACKTRACE=full" "-e" "RUSTFLAGS=--cap-lints=warn" "-e" "RUSTDOCFLAGS=--cap-lints=warn" "-e" "CARGO_HOME=/opt/rustwide/cargo-home" "-e" "RUSTUP_HOME=/opt/rustwide/rustup-home" "-w" "/opt/rustwide/workdir" "-m" "1610612736" "--user" "0:0" "--network" "none" "ghcr.io/rust-lang/crates-build-env/linux@sha256:2788e3201cd34a07e3172128adcd8b3090168a8e3bcc40d7c032b9dda1df7d1c" "/opt/rustwide/cargo-home/bin/cargo" "+1.75.0" "test" "--frozen" "--no-run" "--message-format=json", kill_on_drop: false }`
[INFO] [stdout] 3eb01488f8980fb56aab24003193d33a0fcccd28d34a1884c087895c4ba03429
[INFO] running `Command { std: "docker" "start" "-a" "3eb01488f8980fb56aab24003193d33a0fcccd28d34a1884c087895c4ba03429", kill_on_drop: false }`
[INFO] [stderr]    Compiling proc-macro2 v1.0.75
[INFO] [stderr]    Compiling unicode-ident v1.0.12
[INFO] [stderr]    Compiling unicode-xid v0.2.4
[INFO] [stderr]    Compiling syn v1.0.109
[INFO] [stderr]    Compiling quote v1.0.35
[INFO] [stderr]    Compiling synstructure v0.12.6
[INFO] [stderr]    Compiling proofsize_derive v0.1.0 (/opt/rustwide/workdir)
[INFO] [stdout] warning: variable does not need to be mutable
[INFO] [stdout]  --> src/lib.rs:8:21
[INFO] [stdout]   |
[INFO] [stdout] 8 | fn derive_proofsize(mut s: synstructure::Structure) -> proc_macro2::TokenStream {
[INFO] [stdout]   |                     ----^
[INFO] [stdout]   |                     |
[INFO] [stdout]   |                     help: remove this `mut`
[INFO] [stdout]   |
[INFO] [stdout]   = note: `#[warn(unused_mut)]` on by default
[INFO] [stdout] 
[INFO] [stdout] 
[INFO] [stdout] warning: variable does not need to be mutable
[INFO] [stdout]  --> src/lib.rs:8:21
[INFO] [stdout]   |
[INFO] [stdout] 8 | fn derive_proofsize(mut s: synstructure::Structure) -> proc_macro2::TokenStream {
[INFO] [stdout]   |                     ----^
[INFO] [stdout]   |                     |
[INFO] [stdout]   |                     help: remove this `mut`
[INFO] [stdout]   |
[INFO] [stdout]   = note: `#[warn(unused_mut)]` on by default
[INFO] [stdout] 
[INFO] [stdout] 
[INFO] [stdout] warning: 1 warning emitted
[INFO] [stdout] 
[INFO] [stdout] 
[INFO] [stdout] warning: 1 warning emitted
[INFO] [stdout] 
[INFO] [stdout] 
[INFO] [stdout] error[E0463]: can't find crate for `rug_binserial`
[INFO] [stdout]   --> tests/test.rs:12:14
[INFO] [stdout]    |
[INFO] [stdout] 12 |     #[derive(ProofSize)]
[INFO] [stdout]    |              ^^^^^^^^^ can't find crate
[INFO] [stdout]    |
[INFO] [stdout]    = note: this error originates in the derive macro `ProofSize` (in Nightly builds, run with -Z macro-backtrace for more info)
[INFO] [stdout] 
[INFO] [stdout] 
[INFO] [stdout] error[E0432]: unresolved import `rug_binserial`
[INFO] [stdout]  --> tests/test.rs:8:9
[INFO] [stdout]   |
[INFO] [stdout] 8 |     use rug_binserial::*;
[INFO] [stdout]   |         ^^^^^^^^^^^^^ use of undeclared crate or module `rug_binserial`
[INFO] [stdout] 
[INFO] [stdout] 
[INFO] [stdout] error[E0433]: failed to resolve: could not find `rug_binserial` in the list of imported crates
[INFO] [stdout]   --> tests/test.rs:12:14
[INFO] [stdout]    |
[INFO] [stdout] 12 |     #[derive(ProofSize)]
[INFO] [stdout]    |              ^^^^^^^^^ could not find `rug_binserial` in the list of imported crates
[INFO] [stdout]    |
[INFO] [stdout]    = note: this error originates in the derive macro `ProofSize` (in Nightly builds, run with -Z macro-backtrace for more info)
[INFO] [stdout] 
[INFO] [stdout] 
[INFO] [stdout] error: aborting due to 3 previous errors
[INFO] [stdout] 
[INFO] [stdout] 
[INFO] [stdout] Some errors have detailed explanations: E0432, E0433, E0463.
[INFO] [stdout] 
[INFO] [stdout] For more information about an error, try `rustc --explain E0432`.
[INFO] [stdout] 
[INFO] [stderr] error: could not compile `proofsize_derive` (test "test") due to 4 previous errors
[INFO] running `Command { std: "docker" "inspect" "3eb01488f8980fb56aab24003193d33a0fcccd28d34a1884c087895c4ba03429", kill_on_drop: false }`
[INFO] running `Command { std: "docker" "rm" "-f" "3eb01488f8980fb56aab24003193d33a0fcccd28d34a1884c087895c4ba03429", kill_on_drop: false }`
[INFO] [stdout] 3eb01488f8980fb56aab24003193d33a0fcccd28d34a1884c087895c4ba03429
