[INFO] fetching crate product-os-server 0.0.13...
[INFO] testing product-os-server-0.0.13 against 1.75.0 for beta-1.76-1
[INFO] extracting crate product-os-server 0.0.13 into /workspace/builds/worker-6-tc1/source
[INFO] validating manifest of crates.io crate product-os-server 0.0.13 on toolchain 1.75.0
[INFO] running `Command { std: CARGO_HOME="/workspace/cargo-home" RUSTUP_HOME="/workspace/rustup-home" "/workspace/cargo-home/bin/cargo" "+1.75.0" "metadata" "--manifest-path" "Cargo.toml" "--no-deps", kill_on_drop: false }`
[INFO] started tweaking crates.io crate product-os-server 0.0.13
[INFO] finished tweaking crates.io crate product-os-server 0.0.13
[INFO] tweaked toml for crates.io crate product-os-server 0.0.13 written to /workspace/builds/worker-6-tc1/source/Cargo.toml
[INFO] running `Command { std: CARGO_HOME="/workspace/cargo-home" RUSTUP_HOME="/workspace/rustup-home" "/workspace/cargo-home/bin/cargo" "+1.75.0" "generate-lockfile" "--manifest-path" "Cargo.toml", kill_on_drop: false }`
[INFO] [stderr]     Updating crates.io index
[INFO] running `Command { std: CARGO_HOME="/workspace/cargo-home" RUSTUP_HOME="/workspace/rustup-home" "/workspace/cargo-home/bin/cargo" "+1.75.0" "fetch" "--manifest-path" "Cargo.toml", kill_on_drop: false }`
[INFO] [stderr]  Downloading crates ...
[INFO] [stderr]   Downloaded oxide-auth-axum v0.3.0
[INFO] [stderr]   Downloaded product-os-http-body v0.0.2
[INFO] [stderr]   Downloaded serde_html_form v0.2.3
[INFO] [stderr]   Downloaded product-os-store v0.0.11
[INFO] [stderr]   Downloaded product-os-request v0.0.18
[INFO] [stderr]   Downloaded product-os-monitoring v0.0.3
[INFO] [stderr]   Downloaded product-os-urlencoding v0.0.1
[INFO] [stderr]   Downloaded product-os-capabilities v0.0.11
[INFO] [stderr]   Downloaded product-os-store-macros v0.0.3
[INFO] [stderr]   Downloaded product-os-http-body-util v0.0.3
[INFO] [stderr]   Downloaded product-os-async-executor v0.0.12
[INFO] [stderr]   Downloaded machine-uid v0.2.0
[INFO] [stderr]   Downloaded openidconnect v2.5.1
[INFO] [stderr]   Downloaded product-os-utilities v0.0.13
[INFO] [stderr]   Downloaded product-os-oauth-oidc v0.0.17
[INFO] [stderr]   Downloaded mach2 v0.4.2
[INFO] [stderr]   Downloaded product-os-connector v0.0.10
[INFO] [stderr]   Downloaded axum-macros v0.3.8
[INFO] [stderr]   Downloaded oxide-auth v0.5.4
[INFO] [stderr]   Downloaded product-os-random v0.0.14
[INFO] [stderr]   Downloaded libgit2-sys v0.13.5+1.4.5
[INFO] [stderr]   Downloaded tower-http v0.2.5
[INFO] [stderr]   Downloaded git2 v0.14.4
[INFO] [stderr]   Downloaded axum v0.5.17
[INFO] [stderr]   Downloaded product-os-http v0.0.3
[INFO] [stderr]   Downloaded evalexpr v8.2.0
[INFO] [stderr]   Downloaded ammonia v3.3.0
[INFO] [stderr]   Downloaded axum-extra v0.8.0
[INFO] [stderr]   Downloaded axum-server v0.5.1
[INFO] [stderr]   Downloaded psutil v3.3.0
[INFO] [stderr]   Downloaded axum_csrf v0.3.0
[INFO] [stderr]   Downloaded html2text v0.4.5
[INFO] [stderr]   Downloaded product-os-security v0.0.16
[INFO] [stderr]   Downloaded jwt-compact v0.8.0
[INFO] [stderr]   Downloaded argon2 v0.4.1
[INFO] [stderr]   Downloaded rust-argon2 v1.0.1
[INFO] [stderr]   Downloaded product-os-service-handler v0.0.4
[INFO] [stderr]   Downloaded axum-server v0.3.3
[INFO] [stderr]   Downloaded product-os-authentication v0.0.7
[INFO] [stderr]   Downloaded axum-core v0.2.9
[INFO] [stderr]   Downloaded bcrypt v0.12.1
[INFO] [stderr]   Downloaded product-os-openapi v0.0.4
[INFO] [stderr]   Downloaded tower-default-headers v0.1.1
[INFO] [stderr]   Downloaded product-os-router v0.0.9
[INFO] [stderr]   Downloaded product-os-content v0.0.4
[INFO] [stderr]   Downloaded product-os-command-control v0.0.7
[INFO] [stderr]   Downloaded flagset v0.4.4
[INFO] [stderr]   Downloaded csp v0.1.0
[INFO] [stderr]   Downloaded core-error v0.0.1-rc4
[INFO] [stderr]   Downloaded ipnetwork v0.19.0
[INFO] [stderr]   Downloaded serde_plain v1.0.2
[INFO] [stderr]   Downloaded product-os-configuration v0.0.14
[INFO] [stderr]   Downloaded mac_address v1.1.5
[INFO] [stderr]   Downloaded axum-server-dual-protocol v0.5.2
[INFO] running `Command { std: "docker" "create" "-v" "/var/lib/crater-agent-workspace/builds/worker-6-tc1/target:/opt/rustwide/target:rw,Z" "-v" "/var/lib/crater-agent-workspace/builds/worker-6-tc1/source:/opt/rustwide/workdir:ro,Z" "-v" "/var/lib/crater-agent-workspace/cargo-home:/opt/rustwide/cargo-home:ro,Z" "-v" "/var/lib/crater-agent-workspace/rustup-home:/opt/rustwide/rustup-home:ro,Z" "-e" "SOURCE_DIR=/opt/rustwide/workdir" "-e" "CARGO_TARGET_DIR=/opt/rustwide/target" "-e" "CARGO_HOME=/opt/rustwide/cargo-home" "-e" "RUSTUP_HOME=/opt/rustwide/rustup-home" "-w" "/opt/rustwide/workdir" "-m" "1610612736" "--user" "0:0" "--network" "none" "ghcr.io/rust-lang/crates-build-env/linux@sha256:2788e3201cd34a07e3172128adcd8b3090168a8e3bcc40d7c032b9dda1df7d1c" "/opt/rustwide/cargo-home/bin/cargo" "+1.75.0" "metadata" "--no-deps" "--format-version=1", kill_on_drop: false }`
[INFO] [stdout] ae604801ed3f50d429665c14d817d02426f8e636b63ac986d889da164e884d47
[INFO] running `Command { std: "docker" "start" "-a" "ae604801ed3f50d429665c14d817d02426f8e636b63ac986d889da164e884d47", kill_on_drop: false }`
[INFO] running `Command { std: "docker" "inspect" "ae604801ed3f50d429665c14d817d02426f8e636b63ac986d889da164e884d47", kill_on_drop: false }`
[INFO] running `Command { std: "docker" "rm" "-f" "ae604801ed3f50d429665c14d817d02426f8e636b63ac986d889da164e884d47", kill_on_drop: false }`
[INFO] [stdout] ae604801ed3f50d429665c14d817d02426f8e636b63ac986d889da164e884d47
[INFO] running `Command { std: "docker" "create" "-v" "/var/lib/crater-agent-workspace/builds/worker-6-tc1/target:/opt/rustwide/target:rw,Z" "-v" "/var/lib/crater-agent-workspace/builds/worker-6-tc1/source:/opt/rustwide/workdir:ro,Z" "-v" "/var/lib/crater-agent-workspace/cargo-home:/opt/rustwide/cargo-home:ro,Z" "-v" "/var/lib/crater-agent-workspace/rustup-home:/opt/rustwide/rustup-home:ro,Z" "-e" "SOURCE_DIR=/opt/rustwide/workdir" "-e" "CARGO_TARGET_DIR=/opt/rustwide/target" "-e" "CARGO_INCREMENTAL=0" "-e" "RUST_BACKTRACE=full" "-e" "RUSTFLAGS=--cap-lints=warn" "-e" "RUSTDOCFLAGS=--cap-lints=warn" "-e" "CARGO_HOME=/opt/rustwide/cargo-home" "-e" "RUSTUP_HOME=/opt/rustwide/rustup-home" "-w" "/opt/rustwide/workdir" "-m" "1610612736" "--user" "0:0" "--network" "none" "ghcr.io/rust-lang/crates-build-env/linux@sha256:2788e3201cd34a07e3172128adcd8b3090168a8e3bcc40d7c032b9dda1df7d1c" "/opt/rustwide/cargo-home/bin/cargo" "+1.75.0" "build" "--frozen" "--message-format=json", kill_on_drop: false }`
[INFO] [stdout] 96ff8ca01f30787fcc250054cd4471b32e4371fff2418f36adb9b94eaa3f1588
[INFO] running `Command { std: "docker" "start" "-a" "96ff8ca01f30787fcc250054cd4471b32e4371fff2418f36adb9b94eaa3f1588", kill_on_drop: false }`
[INFO] [stderr]    Compiling proc-macro2 v1.0.75
[INFO] [stderr]    Compiling libc v0.2.151
[INFO] [stderr]    Compiling smallvec v1.11.2
[INFO] [stderr]    Compiling futures-core v0.3.30
[INFO] [stderr]    Compiling const-oid v0.9.6
[INFO] [stderr]    Compiling futures-task v0.3.30
[INFO] [stderr]    Compiling futures-io v0.3.30
[INFO] [stderr]    Compiling subtle v2.5.0
[INFO] [stderr]    Compiling futures-channel v0.3.30
[INFO] [stderr]    Compiling fnv v1.0.7
[INFO] [stderr]    Compiling crypto-common v0.1.6
[INFO] [stderr]    Compiling http v0.2.11
[INFO] [stderr]    Compiling spin v0.9.8
[INFO] [stderr]    Compiling hashbrown v0.14.3
[INFO] [stderr]    Compiling num-traits v0.2.17
[INFO] [stderr]    Compiling httparse v1.8.0
[INFO] [stderr]    Compiling core-error v0.0.1-rc4
[INFO] [stderr]    Compiling getrandom v0.2.11
[INFO] [stderr]    Compiling quote v1.0.35
[INFO] [stderr]    Compiling parking_lot_core v0.9.9
[INFO] [stderr]    Compiling rand_core v0.6.4
[INFO] [stderr]    Compiling num_cpus v1.16.0
[INFO] [stderr]    Compiling syn v2.0.48
[INFO] [stderr]    Compiling parking_lot v0.12.1
[INFO] [stderr]    Compiling mio v0.8.10
[INFO] [stderr]    Compiling digest v0.10.7
[INFO] [stderr]    Compiling signal-hook-registry v1.4.1
[INFO] [stderr]    Compiling socket2 v0.5.5
[INFO] [stderr]    Compiling cc v1.0.83
[INFO] [stderr]    Compiling rand_chacha v0.3.1
[INFO] [stderr]    Compiling indexmap v2.1.0
[INFO] [stderr]    Compiling rand v0.8.5
[INFO] [stderr]    Compiling no-std-compat v0.4.1
[INFO] [stderr]    Compiling async-trait v0.1.77
[INFO] [stderr]    Compiling tower-service v0.3.2
[INFO] [stderr]    Compiling untrusted v0.9.0
[INFO] [stderr]    Compiling byteorder v1.5.0
[INFO] [stderr]    Compiling http-body v0.4.6
[INFO] [stderr]    Compiling httpdate v1.0.3
[INFO] [stderr]    Compiling try-lock v0.2.5
[INFO] [stderr]    Compiling time-core v0.1.2
[INFO] [stderr]    Compiling want v0.3.1
[INFO] [stderr]    Compiling powerfmt v0.2.0
[INFO] [stderr]    Compiling rustls v0.21.10
[INFO] [stderr]    Compiling mime v0.3.17
[INFO] [stderr]    Compiling alloc-no-stdlib v2.0.4
[INFO] [stderr]    Compiling deranged v0.3.11
[INFO] [stderr]    Compiling time-macros v0.2.16
[INFO] [stderr]    Compiling alloc-stdlib v0.2.2
[INFO] [stderr]    Compiling sha1 v0.10.6
[INFO] [stderr]    Compiling ring v0.17.7
[INFO] [stderr]    Compiling cookie v0.16.2
[INFO] [stderr]    Compiling num-integer v0.1.45
[INFO] [stderr]    Compiling flagset v0.4.4
[INFO] [stderr]    Compiling spin v0.5.2
[INFO] [stderr]    Compiling tower-layer v0.3.2
[INFO] [stderr]    Compiling miniz_oxide v0.7.1
[INFO] [stderr]    Compiling brotli-decompressor v2.5.1
[INFO] [stderr]    Compiling lazy_static v1.4.0
[INFO] [stderr]    Compiling axum-core v0.3.4
[INFO] [stderr]    Compiling idna v0.3.0
[INFO] [stderr]    Compiling num-iter v0.1.43
[INFO] [stderr]    Compiling data-encoding v2.5.0
[INFO] [stderr]    Compiling utf-8 v0.7.6
[INFO] [stderr]    Compiling matches v0.1.10
[INFO] [stderr]    Compiling psl-types v2.0.11
[INFO] [stderr]    Compiling publicsuffix v2.2.3
[INFO] [stderr]    Compiling idna v0.2.3
[INFO] [stderr]    Compiling brotli v3.4.0
[INFO] [stderr]    Compiling flate2 v1.0.28
[INFO] [stderr]    Compiling time v0.3.31
[INFO] [stderr]    Compiling axum v0.6.20
[INFO] [stderr]    Compiling product-os-http v0.0.3
[INFO] [stderr]    Compiling headers-core v0.2.0
[INFO] [stderr]    Compiling num-bigint-dig v0.8.4
[INFO] [stderr]    Compiling anyhow v1.0.79
[INFO] [stderr]    Compiling headers v0.3.9
[INFO] [stderr]    Compiling rustls-pemfile v1.0.4
[INFO] [stderr]    Compiling sha2 v0.10.8
[INFO] [stderr]    Compiling encoding_rs v0.8.33
[INFO] [stderr]    Compiling product-os-http-body v0.0.2
[INFO] [stderr]    Compiling sync_wrapper v0.1.2
[INFO] [stderr]    Compiling matchit v0.7.3
[INFO] [stderr]    Compiling webpki-roots v0.25.3
[INFO] [stderr]    Compiling ipnet v2.9.0
[INFO] [stderr]    Compiling signature v2.2.0
[INFO] [stderr]    Compiling hmac v0.12.1
[INFO] [stderr]    Compiling base64ct v1.6.0
[INFO] [stderr]    Compiling regex-syntax v0.8.2
[INFO] [stderr]    Compiling fiat-crypto v0.2.5
[INFO] [stderr]    Compiling product-os-random v0.0.14
[INFO] [stderr]    Compiling unsafe-libyaml v0.2.10
[INFO] [stderr]    Compiling serde_derive v1.0.194
[INFO] [stderr]    Compiling futures-macro v0.3.30
[INFO] [stderr]    Compiling tokio-macros v2.2.0
[INFO] [stderr]    Compiling tracing-attributes v0.1.27
[INFO] [stderr]    Compiling zeroize_derive v1.4.2
[INFO] [stderr]    Compiling futures-util v0.3.30
[INFO] [stderr]    Compiling tokio v1.35.1
[INFO] [stderr]    Compiling zeroize v1.7.0
[INFO] [stderr]    Compiling sct v0.7.1
[INFO] [stderr]    Compiling rustls-webpki v0.101.7
[INFO] [stderr]    Compiling thiserror-impl v1.0.56
[INFO] [stderr]    Compiling tracing v0.1.40
[INFO] [stderr]    Compiling pin-project-internal v1.1.3
[INFO] [stderr]    Compiling der_derive v0.7.2
[INFO] [stderr]    Compiling thiserror v1.0.56
[INFO] [stderr]    Compiling serde v1.0.194
[INFO] [stderr]    Compiling pin-project v1.1.3
[INFO] [stderr]    Compiling der v0.7.8
[INFO] [stderr]    Compiling product-os-http-body-util v0.0.3
[INFO] [stderr]    Compiling tower-default-headers v0.1.1
[INFO] [stderr]    Compiling regex-automata v0.4.3
[INFO] [stderr]    Compiling spki v0.7.3
[INFO] [stderr]    Compiling pkcs8 v0.10.2
[INFO] [stderr]    Compiling orion v0.17.6
[INFO] [stderr]    Compiling tokio-util v0.7.10
[INFO] [stderr]    Compiling tokio-rustls v0.24.1
[INFO] [stderr]    Compiling async-compression v0.4.5
[INFO] [stderr]    Compiling serde_json v1.0.111
[INFO] [stderr]    Compiling url v2.5.0
[INFO] [stderr]    Compiling h2 v0.3.22
[INFO] [stderr]    Compiling serde_urlencoded v0.7.1
[INFO] [stderr]    Compiling chrono v0.4.31
[INFO] [stderr]    Compiling tungstenite v0.20.1
[INFO] [stderr]    Compiling cookie_store v0.16.2
[INFO] [stderr]    Compiling tokio-tungstenite v0.20.1
[INFO] [stderr]    Compiling serde_path_to_error v0.1.15
[INFO] [stderr]    Compiling tower v0.4.13
[INFO] [stderr]    Compiling serde_html_form v0.2.3
[INFO] [stderr]    Compiling pkcs1 v0.7.5
[INFO] [stderr]    Compiling rsa v0.9.6
[INFO] [stderr]    Compiling product-os-async-executor v0.0.12
[INFO] [stderr]    Compiling jwt-compact v0.8.0
[INFO] [stderr]    Compiling serde_yaml v0.9.30
[INFO] [stderr]    Compiling serde_with v3.4.0
[INFO] [stderr]    Compiling regex v1.10.2
[INFO] [stderr]    Compiling mopa v0.2.2
[INFO] [stderr]    Compiling xml-rs v0.8.19
[INFO] [stderr]    Compiling no-std-net v0.6.0
[INFO] [stderr]    Compiling product-os-security v0.0.16
[INFO] [stderr]    Compiling overload v0.1.1
[INFO] [stderr]    Compiling nu-ansi-term v0.46.0
[INFO] [stderr]    Compiling product-os-openapi v0.0.4
[INFO] [stderr]    Compiling sharded-slab v0.1.7
[INFO] [stdout] error[E0790]: cannot call associated function on trait without specifying the corresponding `impl` type
[INFO] [stdout]   --> /opt/rustwide/cargo-home/registry/src/index.crates.io-6f17d22bba15001f/product-os-security-0.0.16/src/x509_cert/ext/pkix/constraints/basic.rs:17:22
[INFO] [stdout]    |
[INFO] [stdout] 17 |     #[asn1(default = "Default::default")]
[INFO] [stdout]    |                      ^^^^^^^^^^^^^^^^^^ cannot call associated function of trait
[INFO] [stdout]    |
[INFO] [stdout] help: use a fully-qualified path to a specific available implementation
[INFO] [stdout]    |
[INFO] [stdout] 17 |     #[asn1(default = </* self type */ as "Default::default">)]
[INFO] [stdout]    |                      +++++++++++++++++++                   +
[INFO] [stdout] 
[INFO] [stdout] 
[INFO] [stdout] error[E0283]: type annotations needed
[INFO] [stdout]   --> /opt/rustwide/cargo-home/registry/src/index.crates.io-6f17d22bba15001f/product-os-security-0.0.16/src/x509_cert/ext/pkix/constraints/basic.rs:14:39
[INFO] [stdout]    |
[INFO] [stdout] 14 | #[derive(Clone, Debug, Eq, PartialEq, Sequence)]
[INFO] [stdout]    |                                       ^^^^^^^^ cannot infer type
[INFO] [stdout]    |
[INFO] [stdout]    = note: multiple `impl`s satisfying `bool: core::cmp::PartialEq<_>` found in the following crates: `core`, `serde_json`:
[INFO] [stdout]            - impl core::cmp::PartialEq for bool;
[INFO] [stdout]            - impl core::cmp::PartialEq<serde_json::Value> for bool;
[INFO] [stdout]    = note: required for `&bool` to implement `core::cmp::PartialEq<&_>`
[INFO] [stdout]    = note: this error originates in the derive macro `Sequence` (in Nightly builds, run with -Z macro-backtrace for more info)
[INFO] [stdout] 
[INFO] [stdout] 
[INFO] [stdout] error[E0790]: cannot call associated function on trait without specifying the corresponding `impl` type
[INFO] [stdout]   --> /opt/rustwide/cargo-home/registry/src/index.crates.io-6f17d22bba15001f/product-os-security-0.0.16/src/x509_cert/ext/pkix/constraints/name.rs:64:19
[INFO] [stdout]    |
[INFO] [stdout] 64 |         default = "Default::default"
[INFO] [stdout]    |                   ^^^^^^^^^^^^^^^^^^ cannot call associated function of trait
[INFO] [stdout]    |
[INFO] [stdout] help: use a fully-qualified path to a specific available implementation
[INFO] [stdout]    |
[INFO] [stdout] 64 |         default = </* self type */ as "Default::default">
[INFO] [stdout]    |                   +++++++++++++++++++                   +
[INFO] [stdout] 
[INFO] [stdout] 
[INFO] [stdout] error[E0283]: type annotations needed
[INFO] [stdout]   --> /opt/rustwide/cargo-home/registry/src/index.crates.io-6f17d22bba15001f/product-os-security-0.0.16/src/x509_cert/ext/pkix/constraints/name.rs:56:39
[INFO] [stdout]    |
[INFO] [stdout] 56 | #[derive(Clone, Debug, Eq, PartialEq, Sequence)]
[INFO] [stdout]    |                                       ^^^^^^^^ cannot infer type
[INFO] [stdout]    |
[INFO] [stdout]    = note: multiple `impl`s satisfying `u32: core::cmp::PartialEq<_>` found in the following crates: `core`, `serde_json`:
[INFO] [stdout]            - impl core::cmp::PartialEq for u32;
[INFO] [stdout]            - impl core::cmp::PartialEq<serde_json::Value> for u32;
[INFO] [stdout]    = note: required for `&u32` to implement `core::cmp::PartialEq<&_>`
[INFO] [stdout]    = note: this error originates in the derive macro `Sequence` (in Nightly builds, run with -Z macro-backtrace for more info)
[INFO] [stdout] 
[INFO] [stdout] 
[INFO] [stdout] error[E0790]: cannot call associated function on trait without specifying the corresponding `impl` type
[INFO] [stdout]   --> /opt/rustwide/cargo-home/registry/src/index.crates.io-6f17d22bba15001f/product-os-security-0.0.16/src/x509_cert/ext/pkix/crl/dp.rs:34:19
[INFO] [stdout]    |
[INFO] [stdout] 34 |         default = "Default::default"
[INFO] [stdout]    |                   ^^^^^^^^^^^^^^^^^^ cannot call associated function of trait
[INFO] [stdout]    |
[INFO] [stdout] help: use a fully-qualified path to a specific available implementation
[INFO] [stdout]    |
[INFO] [stdout] 34 |         default = </* self type */ as "Default::default">
[INFO] [stdout]    |                   +++++++++++++++++++                   +
[INFO] [stdout] 
[INFO] [stdout] 
[INFO] [stdout] error[E0283]: type annotations needed
[INFO] [stdout]   --> /opt/rustwide/cargo-home/registry/src/index.crates.io-6f17d22bba15001f/product-os-security-0.0.16/src/x509_cert/ext/pkix/crl/dp.rs:25:39
[INFO] [stdout]    |
[INFO] [stdout] 25 | #[derive(Clone, Debug, Eq, PartialEq, Sequence)]
[INFO] [stdout]    |                                       ^^^^^^^^ cannot infer type
[INFO] [stdout]    |
[INFO] [stdout]    = note: multiple `impl`s satisfying `bool: core::cmp::PartialEq<_>` found in the following crates: `core`, `serde_json`:
[INFO] [stdout]            - impl core::cmp::PartialEq for bool;
[INFO] [stdout]            - impl core::cmp::PartialEq<serde_json::Value> for bool;
[INFO] [stdout]    = note: required for `&bool` to implement `core::cmp::PartialEq<&_>`
[INFO] [stdout]    = note: this error originates in the derive macro `Sequence` (in Nightly builds, run with -Z macro-backtrace for more info)
[INFO] [stdout] 
[INFO] [stdout] 
[INFO] [stdout] error[E0790]: cannot call associated function on trait without specifying the corresponding `impl` type
[INFO] [stdout]   --> /opt/rustwide/cargo-home/registry/src/index.crates.io-6f17d22bba15001f/product-os-security-0.0.16/src/x509_cert/ext.rs:32:22
[INFO] [stdout]    |
[INFO] [stdout] 32 |     #[asn1(default = "Default::default")]
[INFO] [stdout]    |                      ^^^^^^^^^^^^^^^^^^ cannot call associated function of trait
[INFO] [stdout]    |
[INFO] [stdout] help: use a fully-qualified path to a specific available implementation
[INFO] [stdout]    |
[INFO] [stdout] 32 |     #[asn1(default = </* self type */ as "Default::default">)]
[INFO] [stdout]    |                      +++++++++++++++++++                   +
[INFO] [stdout] 
[INFO] [stdout] 
[INFO] [stdout] error[E0283]: type annotations needed
[INFO] [stdout]   --> /opt/rustwide/cargo-home/registry/src/index.crates.io-6f17d22bba15001f/product-os-security-0.0.16/src/x509_cert/ext.rs:27:39
[INFO] [stdout]    |
[INFO] [stdout] 27 | #[derive(Clone, Debug, Eq, PartialEq, Sequence, ValueOrd)]
[INFO] [stdout]    |                                       ^^^^^^^^ cannot infer type
[INFO] [stdout]    |
[INFO] [stdout]    = note: multiple `impl`s satisfying `bool: core::cmp::PartialEq<_>` found in the following crates: `core`, `serde_json`:
[INFO] [stdout]            - impl core::cmp::PartialEq for bool;
[INFO] [stdout]            - impl core::cmp::PartialEq<serde_json::Value> for bool;
[INFO] [stdout]    = note: required for `&bool` to implement `core::cmp::PartialEq<&_>`
[INFO] [stdout]    = note: this error originates in the derive macro `Sequence` (in Nightly builds, run with -Z macro-backtrace for more info)
[INFO] [stdout] 
[INFO] [stdout] 
[INFO] [stderr]    Compiling tracing-log v0.2.0
[INFO] [stdout] error: aborting due to 8 previous errors
[INFO] [stdout] 
[INFO] [stdout] 
[INFO] [stdout] Some errors have detailed explanations: E0283, E0790.
[INFO] [stdout] 
[INFO] [stdout] For more information about an error, try `rustc --explain E0283`.
[INFO] [stdout] 
[INFO] [stderr] error: could not compile `product-os-security` (lib) due to 9 previous errors
[INFO] [stderr] warning: build failed, waiting for other jobs to finish...
[INFO] running `Command { std: "docker" "inspect" "96ff8ca01f30787fcc250054cd4471b32e4371fff2418f36adb9b94eaa3f1588", kill_on_drop: false }`
[INFO] running `Command { std: "docker" "rm" "-f" "96ff8ca01f30787fcc250054cd4471b32e4371fff2418f36adb9b94eaa3f1588", kill_on_drop: false }`
[INFO] [stdout] 96ff8ca01f30787fcc250054cd4471b32e4371fff2418f36adb9b94eaa3f1588
