[INFO] fetching crate product-os-proxy 0.0.4...
[INFO] testing product-os-proxy-0.0.4 against 1.75.0 for beta-1.76-1
[INFO] extracting crate product-os-proxy 0.0.4 into /workspace/builds/worker-6-tc1/source
[INFO] validating manifest of crates.io crate product-os-proxy 0.0.4 on toolchain 1.75.0
[INFO] running `Command { std: CARGO_HOME="/workspace/cargo-home" RUSTUP_HOME="/workspace/rustup-home" "/workspace/cargo-home/bin/cargo" "+1.75.0" "metadata" "--manifest-path" "Cargo.toml" "--no-deps", kill_on_drop: false }`
[INFO] started tweaking crates.io crate product-os-proxy 0.0.4
[INFO] finished tweaking crates.io crate product-os-proxy 0.0.4
[INFO] tweaked toml for crates.io crate product-os-proxy 0.0.4 written to /workspace/builds/worker-6-tc1/source/Cargo.toml
[INFO] running `Command { std: CARGO_HOME="/workspace/cargo-home" RUSTUP_HOME="/workspace/rustup-home" "/workspace/cargo-home/bin/cargo" "+1.75.0" "generate-lockfile" "--manifest-path" "Cargo.toml", kill_on_drop: false }`
[INFO] [stderr]     Updating crates.io index
[INFO] running `Command { std: CARGO_HOME="/workspace/cargo-home" RUSTUP_HOME="/workspace/rustup-home" "/workspace/cargo-home/bin/cargo" "+1.75.0" "fetch" "--manifest-path" "Cargo.toml", kill_on_drop: false }`
[INFO] [stderr]  Downloading crates ...
[INFO] [stderr]   Downloaded mopa v0.2.2
[INFO] [stderr]   Downloaded product-os-capabilities v0.0.11
[INFO] [stderr]   Downloaded hyper-tungstenite v0.8.2
[INFO] [stderr]   Downloaded product-os-utilities v0.0.13
[INFO] [stderr]   Downloaded flagset v0.4.4
[INFO] [stderr]   Downloaded product-os-connector v0.0.10
[INFO] [stderr]   Downloaded product-os-http-body-util v0.0.3
[INFO] [stderr]   Downloaded tls-listener v0.5.1
[INFO] [stderr]   Downloaded test-cert-gen v0.9.0
[INFO] [stderr]   Downloaded product-os-configuration v0.0.14
[INFO] [stderr]   Downloaded product-os-http-body v0.0.2
[INFO] [stderr]   Downloaded product-os-request v0.0.18
[INFO] [stderr]   Downloaded jwt-compact v0.8.0
[INFO] [stderr]   Downloaded derive_builder_macro_fork_arti v0.11.2
[INFO] [stderr]   Downloaded csp v0.1.0
[INFO] [stderr]   Downloaded fluid-let v1.0.0
[INFO] [stderr]   Downloaded tls-api v0.9.0
[INFO] [stderr]   Downloaded derive_builder_core_fork_arti v0.11.2
[INFO] [stderr]   Downloaded retry-error v0.2.2
[INFO] [stderr]   Downloaded product-os-openapi v0.0.4
[INFO] [stderr]   Downloaded zip-extract v0.1.2
[INFO] [stderr]   Downloaded postage v0.5.0
[INFO] [stderr]   Downloaded product-os-random v0.0.14
[INFO] [stderr]   Downloaded rusqlite v0.28.0
[INFO] [stderr]   Downloaded libsqlite3-sys v0.25.2
[INFO] [stderr]   Downloaded product-os-http v0.0.3
[INFO] [stderr]   Downloaded axum-macros v0.3.8
[INFO] [stderr]   Downloaded educe v0.4.23
[INFO] [stderr]   Downloaded tls-api-test v0.9.0
[INFO] [stderr]   Downloaded caret v0.2.2
[INFO] [stderr]   Downloaded tor-dirclient v0.5.0
[INFO] [stderr]   Downloaded tor-error v0.3.4
[INFO] [stderr]   Downloaded tor-checkable v0.3.2
[INFO] [stderr]   Downloaded tor-basic-utils v0.4.1
[INFO] [stderr]   Downloaded tls-api-security-framework v0.9.0
[INFO] [stderr]   Downloaded tor-consdiff v0.3.2
[INFO] [stderr]   Downloaded tor-cert v0.5.2
[INFO] [stderr]   Downloaded tls-api-native-tls v0.9.0
[INFO] [stderr]   Downloaded async_executors v0.6.0
[INFO] [stderr]   Downloaded tls-api-openssl v0.9.0
[INFO] [stderr]   Downloaded tor-protover v0.3.2
[INFO] [stderr]   Downloaded product-os-security v0.0.16
[INFO] [stderr]   Downloaded tor-bytes v0.5.1
[INFO] [stderr]   Downloaded tor-linkspec v0.5.1
[INFO] [stderr]   Downloaded tor-units v0.3.2
[INFO] [stderr]   Downloaded product-os-vpn v0.0.2
[INFO] [stderr]   Downloaded async-http-proxy v1.2.5
[INFO] [stderr]   Downloaded tor-persist v0.5.1
[INFO] [stderr]   Downloaded safelog v0.1.3
[INFO] [stderr]   Downloaded coarsetime v0.1.33
[INFO] [stderr]   Downloaded tor-rtmock v0.6.0
[INFO] [stderr]   Downloaded tor-rtcompat v0.7.0
[INFO] [stderr]   Downloaded product-os-async-executor v0.0.12
[INFO] [stderr]   Downloaded tls-api-rustls v0.9.0
[INFO] [stderr]   Downloaded product-os-server v0.0.13
[INFO] [stderr]   Downloaded derive_builder_fork_arti v0.11.2
[INFO] [stderr]   Downloaded tor-netdir v0.6.1
[INFO] [stderr]   Downloaded fs-mistrust v0.5.1
[INFO] [stderr]   Downloaded tor-llcrypto v0.3.5
[INFO] [stderr]   Downloaded serde_ignored v0.1.10
[INFO] [stderr]   Downloaded tor-chanmgr v0.7.0
[INFO] [stderr]   Downloaded tinystr v0.6.2
[INFO] [stderr]   Downloaded tor-config v0.6.1
[INFO] [stderr]   Downloaded async-rustls v0.2.0
[INFO] [stderr]   Downloaded arti-hyper v0.7.0
[INFO] [stderr]   Downloaded serde_html_form v0.2.3
[INFO] [stderr]   Downloaded product-os-router v0.0.9
[INFO] [stderr]   Downloaded tor-cell v0.6.1
[INFO] [stderr]   Downloaded axum-extra v0.8.0
[INFO] [stderr]   Downloaded enum-ordinalize v3.1.15
[INFO] [stderr]   Downloaded tls-api-stub v0.9.0
[INFO] [stderr]   Downloaded core-error v0.0.1-rc4
[INFO] [stderr]   Downloaded der_derive v0.7.2
[INFO] [stderr]   Downloaded sanitize-filename v0.4.0
[INFO] [stderr]   Downloaded tower-default-headers v0.1.1
[INFO] [stderr]   Downloaded x509-signature v0.5.0
[INFO] [stderr]   Downloaded arti-client v0.7.0
[INFO] [stderr]   Downloaded tor-circmgr v0.6.0
[INFO] [stderr]   Downloaded tor-proto v0.7.0
[INFO] [stderr]   Downloaded tor-dirmgr v0.8.0
[INFO] [stderr]   Downloaded tor-netdoc v0.5.2
[INFO] [stderr]   Downloaded tor-guardmgr v0.7.0
[INFO] running `Command { std: "docker" "create" "-v" "/var/lib/crater-agent-workspace/builds/worker-6-tc1/target:/opt/rustwide/target:rw,Z" "-v" "/var/lib/crater-agent-workspace/builds/worker-6-tc1/source:/opt/rustwide/workdir:ro,Z" "-v" "/var/lib/crater-agent-workspace/cargo-home:/opt/rustwide/cargo-home:ro,Z" "-v" "/var/lib/crater-agent-workspace/rustup-home:/opt/rustwide/rustup-home:ro,Z" "-e" "SOURCE_DIR=/opt/rustwide/workdir" "-e" "CARGO_TARGET_DIR=/opt/rustwide/target" "-e" "CARGO_HOME=/opt/rustwide/cargo-home" "-e" "RUSTUP_HOME=/opt/rustwide/rustup-home" "-w" "/opt/rustwide/workdir" "-m" "1610612736" "--user" "0:0" "--network" "none" "ghcr.io/rust-lang/crates-build-env/linux@sha256:2788e3201cd34a07e3172128adcd8b3090168a8e3bcc40d7c032b9dda1df7d1c" "/opt/rustwide/cargo-home/bin/cargo" "+1.75.0" "metadata" "--no-deps" "--format-version=1", kill_on_drop: false }`
[INFO] [stdout] 5d54d4e83cab8bf2da43e0e9ad117f040010a10e0e38bc781e31db27231e00e5
[INFO] running `Command { std: "docker" "start" "-a" "5d54d4e83cab8bf2da43e0e9ad117f040010a10e0e38bc781e31db27231e00e5", kill_on_drop: false }`
[INFO] running `Command { std: "docker" "inspect" "5d54d4e83cab8bf2da43e0e9ad117f040010a10e0e38bc781e31db27231e00e5", kill_on_drop: false }`
[INFO] running `Command { std: "docker" "rm" "-f" "5d54d4e83cab8bf2da43e0e9ad117f040010a10e0e38bc781e31db27231e00e5", kill_on_drop: false }`
[INFO] [stdout] 5d54d4e83cab8bf2da43e0e9ad117f040010a10e0e38bc781e31db27231e00e5
[INFO] running `Command { std: "docker" "create" "-v" "/var/lib/crater-agent-workspace/builds/worker-6-tc1/target:/opt/rustwide/target:rw,Z" "-v" "/var/lib/crater-agent-workspace/builds/worker-6-tc1/source:/opt/rustwide/workdir:ro,Z" "-v" "/var/lib/crater-agent-workspace/cargo-home:/opt/rustwide/cargo-home:ro,Z" "-v" "/var/lib/crater-agent-workspace/rustup-home:/opt/rustwide/rustup-home:ro,Z" "-e" "SOURCE_DIR=/opt/rustwide/workdir" "-e" "CARGO_TARGET_DIR=/opt/rustwide/target" "-e" "CARGO_INCREMENTAL=0" "-e" "RUST_BACKTRACE=full" "-e" "RUSTFLAGS=--cap-lints=warn" "-e" "RUSTDOCFLAGS=--cap-lints=warn" "-e" "CARGO_HOME=/opt/rustwide/cargo-home" "-e" "RUSTUP_HOME=/opt/rustwide/rustup-home" "-w" "/opt/rustwide/workdir" "-m" "1610612736" "--user" "0:0" "--network" "none" "ghcr.io/rust-lang/crates-build-env/linux@sha256:2788e3201cd34a07e3172128adcd8b3090168a8e3bcc40d7c032b9dda1df7d1c" "/opt/rustwide/cargo-home/bin/cargo" "+1.75.0" "build" "--frozen" "--message-format=json", kill_on_drop: false }`
[INFO] [stdout] 654f947e195cd6a0e0f47a96236e3376463c7bff04c14f1b9c25aa53052d092e
[INFO] running `Command { std: "docker" "start" "-a" "654f947e195cd6a0e0f47a96236e3376463c7bff04c14f1b9c25aa53052d092e", kill_on_drop: false }`
[INFO] [stderr]    Compiling memchr v2.7.1
[INFO] [stderr]    Compiling pin-project-lite v0.2.13
[INFO] [stderr]    Compiling smallvec v1.11.2
[INFO] [stderr]    Compiling futures-core v0.3.30
[INFO] [stderr]    Compiling log v0.4.20
[INFO] [stderr]    Compiling once_cell v1.19.0
[INFO] [stderr]    Compiling syn v2.0.48
[INFO] [stderr]    Compiling getrandom v0.2.11
[INFO] [stderr]    Compiling slab v0.4.9
[INFO] [stderr]    Compiling serde v1.0.194
[INFO] [stderr]    Compiling futures-io v0.3.30
[INFO] [stderr]    Compiling futures-sink v0.3.30
[INFO] [stderr]    Compiling lock_api v0.4.11
[INFO] [stderr]    Compiling parking_lot_core v0.9.9
[INFO] [stderr]    Compiling futures-channel v0.3.30
[INFO] [stderr]    Compiling const-oid v0.9.6
[INFO] [stderr]    Compiling scopeguard v1.2.0
[INFO] [stderr]    Compiling futures-task v0.3.30
[INFO] [stderr]    Compiling num_cpus v1.16.0
[INFO] [stderr]    Compiling spin v0.9.8
[INFO] [stderr]    Compiling http v0.2.11
[INFO] [stderr]    Compiling ring v0.17.7
[INFO] [stderr]    Compiling parking_lot v0.12.1
[INFO] [stderr]    Compiling socket2 v0.5.5
[INFO] [stderr]    Compiling mio v0.8.10
[INFO] [stderr]    Compiling signal-hook-registry v1.4.1
[INFO] [stderr]    Compiling libm v0.2.8
[INFO] [stderr]    Compiling digest v0.10.7
[INFO] [stderr]    Compiling tinyvec_macros v0.1.1
[INFO] [stderr]    Compiling rand_core v0.6.4
[INFO] [stderr]    Compiling tinyvec v1.6.0
[INFO] [stderr]    Compiling tracing-core v0.1.32
[INFO] [stderr]    Compiling num-traits v0.2.17
[INFO] [stderr]    Compiling untrusted v0.9.0
[INFO] [stderr]    Compiling thiserror v1.0.56
[INFO] [stderr]    Compiling percent-encoding v2.3.1
[INFO] [stderr]    Compiling unicode-bidi v0.3.14
[INFO] [stderr]    Compiling spin v0.5.2
[INFO] [stderr]    Compiling rand_chacha v0.3.1
[INFO] [stderr]    Compiling form_urlencoded v1.2.1
[INFO] [stderr]    Compiling unicode-normalization v0.1.22
[INFO] [stderr]    Compiling hashbrown v0.14.3
[INFO] [stderr]    Compiling equivalent v1.0.1
[INFO] [stderr]    Compiling time-macros v0.2.16
[INFO] [stderr]    Compiling rand v0.8.5
[INFO] [stderr]    Compiling indexmap v2.1.0
[INFO] [stderr]    Compiling idna v0.5.0
[INFO] [stderr]    Compiling serde_json v1.0.111
[INFO] [stderr]    Compiling http-body v0.4.6
[INFO] [stderr]    Compiling core-error v0.0.1-rc4
[INFO] [stderr]    Compiling num-integer v0.1.45
[INFO] [stderr]    Compiling try-lock v0.2.5
[INFO] [stderr]    Compiling rustversion v1.0.14
[INFO] [stderr]    Compiling httpdate v1.0.3
[INFO] [stderr]    Compiling async-trait v0.1.77
[INFO] [stderr]    Compiling no-std-compat v0.4.1
[INFO] [stderr]    Compiling want v0.3.1
[INFO] [stderr]    Compiling utf-8 v0.7.6
[INFO] [stderr]    Compiling alloc-no-stdlib v2.0.4
[INFO] [stderr]    Compiling alloc-stdlib v0.2.2
[INFO] [stderr]    Compiling lazy_static v1.4.0
[INFO] [stderr]    Compiling ring v0.16.20
[INFO] [stderr]    Compiling data-encoding v2.5.0
[INFO] [stderr]    Compiling mime v0.3.17
[INFO] [stderr]    Compiling rustls v0.21.10
[INFO] [stderr]    Compiling brotli-decompressor v2.5.1
[INFO] [stderr]    Compiling sha1 v0.10.6
[INFO] [stderr]    Compiling cookie v0.16.2
[INFO] [stderr]    Compiling time v0.3.31
[INFO] [stderr]    Compiling flagset v0.4.4
[INFO] [stderr]    Compiling tower-layer v0.3.2
[INFO] [stderr]    Compiling syn v1.0.109
[INFO] [stderr]    Compiling axum-core v0.3.4
[INFO] [stderr]    Compiling flate2 v1.0.28
[INFO] [stderr]    Compiling idna v0.3.0
[INFO] [stderr]    Compiling num-iter v0.1.43
[INFO] [stderr]    Compiling iana-time-zone v0.1.59
[INFO] [stderr]    Compiling matches v0.1.10
[INFO] [stderr]    Compiling untrusted v0.7.1
[INFO] [stderr]    Compiling psl-types v2.0.11
[INFO] [stderr]    Compiling brotli v3.4.0
[INFO] [stderr]    Compiling publicsuffix v2.2.3
[INFO] [stderr]    Compiling idna v0.2.3
[INFO] [stderr]    Compiling axum v0.6.20
[INFO] [stderr]    Compiling product-os-http v0.0.3
[INFO] [stderr]    Compiling headers-core v0.2.0
[INFO] [stderr]    Compiling num-bigint-dig v0.8.4
[INFO] [stderr]    Compiling anyhow v1.0.79
[INFO] [stderr]    Compiling serde_derive v1.0.194
[INFO] [stderr]    Compiling futures-macro v0.3.30
[INFO] [stderr]    Compiling tokio-macros v2.2.0
[INFO] [stderr]    Compiling thiserror-impl v1.0.56
[INFO] [stderr]    Compiling tracing-attributes v0.1.27
[INFO] [stderr]    Compiling zeroize_derive v1.4.2
[INFO] [stderr]    Compiling futures-util v0.3.30
[INFO] [stderr]    Compiling tokio v1.35.1
[INFO] [stderr]    Compiling zeroize v1.7.0
[INFO] [stderr]    Compiling pin-project-internal v1.1.3
[INFO] [stderr]    Compiling tracing v0.1.40
[INFO] [stderr]    Compiling der_derive v0.7.2
[INFO] [stderr]    Compiling crossbeam-utils v0.8.18
[INFO] [stderr]    Compiling product-os-http-body v0.0.2
[INFO] [stderr]    Compiling headers v0.3.9
[INFO] [stderr]    Compiling pin-project v1.1.3
[INFO] [stderr]    Compiling der v0.7.8
[INFO] [stderr]    Compiling rustls-pemfile v1.0.4
[INFO] [stderr]    Compiling sha2 v0.10.8
[INFO] [stderr]    Compiling encoding_rs v0.8.33
[INFO] [stderr]    Compiling sync_wrapper v0.1.2
[INFO] [stderr]    Compiling regex-syntax v0.8.2
[INFO] [stderr]    Compiling rustls v0.20.9
[INFO] [stderr]    Compiling unicode-xid v0.2.4
[INFO] [stderr]    Compiling matchit v0.7.3
[INFO] [stderr]    Compiling minimal-lexical v0.2.1
[INFO] [stderr]    Compiling spki v0.7.3
[INFO] [stderr]    Compiling webpki-roots v0.25.3
[INFO] [stderr]    Compiling tokio-util v0.7.10
[INFO] [stderr]    Compiling pkcs8 v0.10.2
[INFO] [stderr]    Compiling async-compression v0.4.5
[INFO] [stderr]    Compiling tower v0.4.13
[INFO] [stderr]    Compiling h2 v0.3.22
[INFO] [stderr]    Compiling ipnet v2.9.0
[INFO] [stderr]    Compiling url v2.5.0
[INFO] [stderr]    Compiling serde_urlencoded v0.7.1
[INFO] [stderr]    Compiling chrono v0.4.31
[INFO] [stderr]    Compiling tungstenite v0.20.1
[INFO] [stderr]    Compiling serde_path_to_error v0.1.15
[INFO] [stderr]    Compiling tokio-tungstenite v0.20.1
[INFO] [stderr]    Compiling cookie_store v0.16.2
[INFO] [stderr]    Compiling serde_html_form v0.2.3
[INFO] [stderr]    Compiling regex-automata v0.4.3
[INFO] [stderr]    Compiling pkcs1 v0.7.5
[INFO] [stderr]    Compiling nom v7.1.3
[INFO] [stderr]    Compiling zstd-sys v2.0.9+zstd.1.5.5
[INFO] [stderr]    Compiling synstructure v0.12.6
[INFO] [stderr]    Compiling product-os-http-body-util v0.0.3
[INFO] [stderr]    Compiling futures-executor v0.3.30
[INFO] [stderr]    Compiling signature v2.2.0
[INFO] [stderr]    Compiling hmac v0.12.1
[INFO] [stderr]    Compiling fiat-crypto v0.2.5
[INFO] [stderr]    Compiling base64ct v1.6.0
[INFO] [stderr]    Compiling rsa v0.9.6
[INFO] [stderr]    Compiling hyper v0.14.28
[INFO] [stderr]    Compiling rusticata-macros v4.1.0
[INFO] [stderr]    Compiling jwt-compact v0.8.0
[INFO] [stderr]    Compiling asn1-rs-derive v0.4.0
[INFO] [stderr]    Compiling futures v0.3.30
[INFO] [stderr]    Compiling product-os-async-executor v0.0.12
[INFO] [stderr]    Compiling asn1-rs-impl v0.1.0
[INFO] [stderr]    Compiling tower-default-headers v0.1.1
[INFO] [stderr]    Compiling displaydoc v0.2.4
[INFO] [stderr]    Compiling product-os-random v0.0.14
[INFO] [stderr]    Compiling num-bigint v0.4.4
[INFO] [stderr]    Compiling unsafe-libyaml v0.2.10
[INFO] [stderr]    Compiling io-lifetimes v1.0.11
[INFO] [stderr]    Compiling regex v1.10.2
[INFO] [stderr]    Compiling asn1-rs v0.5.2
[INFO] [stderr]    Compiling serde_yaml v0.9.30
[INFO] [stderr]    Compiling serde_with v3.4.0
[INFO] [stderr]    Compiling polling v2.8.0
[INFO] [stderr]    Compiling zstd-safe v5.0.2+zstd.1.5.2
[INFO] [stderr]    Compiling xml-rs v0.8.19
[INFO] [stderr]    Compiling overload v0.1.1
[INFO] [stderr]    Compiling rustix v0.37.27
[INFO] [stderr]    Compiling mopa v0.2.2
[INFO] [stderr]    Compiling no-std-net v0.6.0
[INFO] [stderr]    Compiling oid-registry v0.6.1
[INFO] [stderr]    Compiling nu-ansi-term v0.46.0
[INFO] [stderr]    Compiling product-os-openapi v0.0.4
[INFO] [stderr]    Compiling sharded-slab v0.1.7
[INFO] [stderr]    Compiling sha-1 v0.10.1
[INFO] [stderr]    Compiling tracing-log v0.2.0
[INFO] [stderr]    Compiling thread_local v1.1.7
[INFO] [stderr]    Compiling async-io v1.13.0
[INFO] [stderr]    Compiling fastrand v1.9.0
[INFO] [stderr]    Compiling parking v2.2.0
[INFO] [stderr]    Compiling linux-raw-sys v0.3.8
[INFO] [stderr]    Compiling waker-fn v1.1.1
[INFO] [stderr]    Compiling event-listener v2.5.3
[INFO] [stderr]    Compiling orion v0.17.6
[INFO] [stderr]    Compiling async-lock v2.8.0
[INFO] [stderr]    Compiling futures-lite v1.13.0
[INFO] [stderr]    Compiling der-parser v8.2.0
[INFO] [stderr]    Compiling tracing-subscriber v0.3.18
[INFO] [stderr]    Compiling concurrent-queue v2.4.0
[INFO] [stderr]    Compiling raw-cpuid v10.7.0
[INFO] [stderr]    Compiling product-os-security v0.0.16
[INFO] [stderr]    Compiling socket2 v0.4.10
[INFO] [stderr]    Compiling heck v0.4.1
[INFO] [stderr]    Compiling moka v0.9.9
[INFO] [stdout] error[E0790]: cannot call associated function on trait without specifying the corresponding `impl` type
[INFO] [stdout]   --> /opt/rustwide/cargo-home/registry/src/index.crates.io-6f17d22bba15001f/product-os-security-0.0.16/src/x509_cert/ext/pkix/constraints/basic.rs:17:22
[INFO] [stdout]    |
[INFO] [stdout] 17 |     #[asn1(default = "Default::default")]
[INFO] [stdout]    |                      ^^^^^^^^^^^^^^^^^^ cannot call associated function of trait
[INFO] [stdout]    |
[INFO] [stdout] help: use a fully-qualified path to a specific available implementation
[INFO] [stdout]    |
[INFO] [stdout] 17 |     #[asn1(default = </* self type */ as "Default::default">)]
[INFO] [stdout]    |                      +++++++++++++++++++                   +
[INFO] [stdout] 
[INFO] [stdout] 
[INFO] [stdout] error[E0283]: type annotations needed
[INFO] [stdout]   --> /opt/rustwide/cargo-home/registry/src/index.crates.io-6f17d22bba15001f/product-os-security-0.0.16/src/x509_cert/ext/pkix/constraints/basic.rs:14:39
[INFO] [stdout]    |
[INFO] [stdout] 14 | #[derive(Clone, Debug, Eq, PartialEq, Sequence)]
[INFO] [stdout]    |                                       ^^^^^^^^ cannot infer type
[INFO] [stdout]    |
[INFO] [stdout]    = note: multiple `impl`s satisfying `bool: core::cmp::PartialEq<_>` found in the following crates: `core`, `serde_json`:
[INFO] [stdout]            - impl core::cmp::PartialEq for bool;
[INFO] [stdout]            - impl core::cmp::PartialEq<serde_json::Value> for bool;
[INFO] [stdout]    = note: required for `&bool` to implement `core::cmp::PartialEq<&_>`
[INFO] [stdout]    = note: this error originates in the derive macro `Sequence` (in Nightly builds, run with -Z macro-backtrace for more info)
[INFO] [stdout] 
[INFO] [stdout] 
[INFO] [stdout] error[E0790]: cannot call associated function on trait without specifying the corresponding `impl` type
[INFO] [stdout]   --> /opt/rustwide/cargo-home/registry/src/index.crates.io-6f17d22bba15001f/product-os-security-0.0.16/src/x509_cert/ext/pkix/constraints/name.rs:64:19
[INFO] [stdout]    |
[INFO] [stdout] 64 |         default = "Default::default"
[INFO] [stdout]    |                   ^^^^^^^^^^^^^^^^^^ cannot call associated function of trait
[INFO] [stdout]    |
[INFO] [stdout] help: use a fully-qualified path to a specific available implementation
[INFO] [stdout]    |
[INFO] [stdout] 64 |         default = </* self type */ as "Default::default">
[INFO] [stdout]    |                   +++++++++++++++++++                   +
[INFO] [stdout] 
[INFO] [stdout] 
[INFO] [stdout] error[E0283]: type annotations needed
[INFO] [stdout]   --> /opt/rustwide/cargo-home/registry/src/index.crates.io-6f17d22bba15001f/product-os-security-0.0.16/src/x509_cert/ext/pkix/constraints/name.rs:56:39
[INFO] [stdout]    |
[INFO] [stdout] 56 | #[derive(Clone, Debug, Eq, PartialEq, Sequence)]
[INFO] [stdout]    |                                       ^^^^^^^^ cannot infer type
[INFO] [stdout]    |
[INFO] [stdout]    = note: multiple `impl`s satisfying `u32: core::cmp::PartialEq<_>` found in the following crates: `core`, `serde_json`:
[INFO] [stdout]            - impl core::cmp::PartialEq for u32;
[INFO] [stdout]            - impl core::cmp::PartialEq<serde_json::Value> for u32;
[INFO] [stdout]    = note: required for `&u32` to implement `core::cmp::PartialEq<&_>`
[INFO] [stdout]    = note: this error originates in the derive macro `Sequence` (in Nightly builds, run with -Z macro-backtrace for more info)
[INFO] [stdout] 
[INFO] [stdout] 
[INFO] [stdout] error[E0790]: cannot call associated function on trait without specifying the corresponding `impl` type
[INFO] [stdout]   --> /opt/rustwide/cargo-home/registry/src/index.crates.io-6f17d22bba15001f/product-os-security-0.0.16/src/x509_cert/ext/pkix/crl/dp.rs:34:19
[INFO] [stdout]    |
[INFO] [stdout] 34 |         default = "Default::default"
[INFO] [stdout]    |                   ^^^^^^^^^^^^^^^^^^ cannot call associated function of trait
[INFO] [stdout]    |
[INFO] [stdout] help: use a fully-qualified path to a specific available implementation
[INFO] [stdout]    |
[INFO] [stdout] 34 |         default = </* self type */ as "Default::default">
[INFO] [stdout]    |                   +++++++++++++++++++                   +
[INFO] [stdout] 
[INFO] [stdout] 
[INFO] [stdout] error[E0283]: type annotations needed
[INFO] [stdout]   --> /opt/rustwide/cargo-home/registry/src/index.crates.io-6f17d22bba15001f/product-os-security-0.0.16/src/x509_cert/ext/pkix/crl/dp.rs:25:39
[INFO] [stdout]    |
[INFO] [stdout] 25 | #[derive(Clone, Debug, Eq, PartialEq, Sequence)]
[INFO] [stdout]    |                                       ^^^^^^^^ cannot infer type
[INFO] [stdout]    |
[INFO] [stdout]    = note: multiple `impl`s satisfying `bool: core::cmp::PartialEq<_>` found in the following crates: `core`, `serde_json`:
[INFO] [stdout]            - impl core::cmp::PartialEq for bool;
[INFO] [stdout]            - impl core::cmp::PartialEq<serde_json::Value> for bool;
[INFO] [stdout]    = note: required for `&bool` to implement `core::cmp::PartialEq<&_>`
[INFO] [stdout]    = note: this error originates in the derive macro `Sequence` (in Nightly builds, run with -Z macro-backtrace for more info)
[INFO] [stdout] 
[INFO] [stdout] 
[INFO] [stderr]    Compiling axum-macros v0.3.8
[INFO] [stdout] error[E0790]: cannot call associated function on trait without specifying the corresponding `impl` type
[INFO] [stdout]   --> /opt/rustwide/cargo-home/registry/src/index.crates.io-6f17d22bba15001f/product-os-security-0.0.16/src/x509_cert/ext.rs:32:22
[INFO] [stdout]    |
[INFO] [stdout] 32 |     #[asn1(default = "Default::default")]
[INFO] [stdout]    |                      ^^^^^^^^^^^^^^^^^^ cannot call associated function of trait
[INFO] [stdout]    |
[INFO] [stdout] help: use a fully-qualified path to a specific available implementation
[INFO] [stdout]    |
[INFO] [stdout] 32 |     #[asn1(default = </* self type */ as "Default::default">)]
[INFO] [stdout]    |                      +++++++++++++++++++                   +
[INFO] [stdout] 
[INFO] [stdout] 
[INFO] [stdout] error[E0283]: type annotations needed
[INFO] [stdout]   --> /opt/rustwide/cargo-home/registry/src/index.crates.io-6f17d22bba15001f/product-os-security-0.0.16/src/x509_cert/ext.rs:27:39
[INFO] [stdout]    |
[INFO] [stdout] 27 | #[derive(Clone, Debug, Eq, PartialEq, Sequence, ValueOrd)]
[INFO] [stdout]    |                                       ^^^^^^^^ cannot infer type
[INFO] [stdout]    |
[INFO] [stdout]    = note: multiple `impl`s satisfying `bool: core::cmp::PartialEq<_>` found in the following crates: `core`, `serde_json`:
[INFO] [stdout]            - impl core::cmp::PartialEq for bool;
[INFO] [stdout]            - impl core::cmp::PartialEq<serde_json::Value> for bool;
[INFO] [stdout]    = note: required for `&bool` to implement `core::cmp::PartialEq<&_>`
[INFO] [stdout]    = note: this error originates in the derive macro `Sequence` (in Nightly builds, run with -Z macro-backtrace for more info)
[INFO] [stdout] 
[INFO] [stdout] 
[INFO] [stderr]    Compiling x509-parser v0.14.0
[INFO] [stdout] error: aborting due to 8 previous errors
[INFO] [stdout] 
[INFO] [stdout] 
[INFO] [stdout] Some errors have detailed explanations: E0283, E0790.
[INFO] [stdout] 
[INFO] [stdout] For more information about an error, try `rustc --explain E0283`.
[INFO] [stdout] 
[INFO] [stderr]    Compiling pem v1.1.1
[INFO] [stderr] error: could not compile `product-os-security` (lib) due to 9 previous errors
[INFO] [stderr] warning: build failed, waiting for other jobs to finish...
[INFO] running `Command { std: "docker" "inspect" "654f947e195cd6a0e0f47a96236e3376463c7bff04c14f1b9c25aa53052d092e", kill_on_drop: false }`
[INFO] running `Command { std: "docker" "rm" "-f" "654f947e195cd6a0e0f47a96236e3376463c7bff04c14f1b9c25aa53052d092e", kill_on_drop: false }`
[INFO] [stdout] 654f947e195cd6a0e0f47a96236e3376463c7bff04c14f1b9c25aa53052d092e
[INFO] testing product-os-proxy-0.0.4 against beta-2023-12-22 for beta-1.76-1
[INFO] extracting crate product-os-proxy 0.0.4 into /workspace/builds/worker-6-tc2/source
[INFO] validating manifest of crates.io crate product-os-proxy 0.0.4 on toolchain beta-2023-12-22
[INFO] running `Command { std: CARGO_HOME="/workspace/cargo-home" RUSTUP_HOME="/workspace/rustup-home" "/workspace/cargo-home/bin/cargo" "+beta-2023-12-22" "metadata" "--manifest-path" "Cargo.toml" "--no-deps", kill_on_drop: false }`
[INFO] started tweaking crates.io crate product-os-proxy 0.0.4
[INFO] finished tweaking crates.io crate product-os-proxy 0.0.4
[INFO] tweaked toml for crates.io crate product-os-proxy 0.0.4 written to /workspace/builds/worker-6-tc2/source/Cargo.toml
[INFO] running `Command { std: CARGO_HOME="/workspace/cargo-home" RUSTUP_HOME="/workspace/rustup-home" "/workspace/cargo-home/bin/cargo" "+beta-2023-12-22" "generate-lockfile" "--manifest-path" "Cargo.toml", kill_on_drop: false }`
[INFO] [stderr]     Updating crates.io index
[INFO] running `Command { std: CARGO_HOME="/workspace/cargo-home" RUSTUP_HOME="/workspace/rustup-home" "/workspace/cargo-home/bin/cargo" "+beta-2023-12-22" "fetch" "--manifest-path" "Cargo.toml", kill_on_drop: false }`
[INFO] running `Command { std: "docker" "create" "-v" "/var/lib/crater-agent-workspace/builds/worker-6-tc2/target:/opt/rustwide/target:rw,Z" "-v" "/var/lib/crater-agent-workspace/builds/worker-6-tc2/source:/opt/rustwide/workdir:ro,Z" "-v" "/var/lib/crater-agent-workspace/cargo-home:/opt/rustwide/cargo-home:ro,Z" "-v" "/var/lib/crater-agent-workspace/rustup-home:/opt/rustwide/rustup-home:ro,Z" "-e" "SOURCE_DIR=/opt/rustwide/workdir" "-e" "CARGO_TARGET_DIR=/opt/rustwide/target" "-e" "CARGO_HOME=/opt/rustwide/cargo-home" "-e" "RUSTUP_HOME=/opt/rustwide/rustup-home" "-w" "/opt/rustwide/workdir" "-m" "1610612736" "--user" "0:0" "--network" "none" "ghcr.io/rust-lang/crates-build-env/linux@sha256:2788e3201cd34a07e3172128adcd8b3090168a8e3bcc40d7c032b9dda1df7d1c" "/opt/rustwide/cargo-home/bin/cargo" "+beta-2023-12-22" "metadata" "--no-deps" "--format-version=1", kill_on_drop: false }`
[INFO] [stdout] 28c337a536df3b998035bdbe354a9ea4c029f53da922bb0095b0de3dc5aa3749
[INFO] running `Command { std: "docker" "start" "-a" "28c337a536df3b998035bdbe354a9ea4c029f53da922bb0095b0de3dc5aa3749", kill_on_drop: false }`
[INFO] running `Command { std: "docker" "inspect" "28c337a536df3b998035bdbe354a9ea4c029f53da922bb0095b0de3dc5aa3749", kill_on_drop: false }`
[INFO] running `Command { std: "docker" "rm" "-f" "28c337a536df3b998035bdbe354a9ea4c029f53da922bb0095b0de3dc5aa3749", kill_on_drop: false }`
[INFO] [stdout] 28c337a536df3b998035bdbe354a9ea4c029f53da922bb0095b0de3dc5aa3749
[INFO] running `Command { std: "docker" "create" "-v" "/var/lib/crater-agent-workspace/builds/worker-6-tc2/target:/opt/rustwide/target:rw,Z" "-v" "/var/lib/crater-agent-workspace/builds/worker-6-tc2/source:/opt/rustwide/workdir:ro,Z" "-v" "/var/lib/crater-agent-workspace/cargo-home:/opt/rustwide/cargo-home:ro,Z" "-v" "/var/lib/crater-agent-workspace/rustup-home:/opt/rustwide/rustup-home:ro,Z" "-e" "SOURCE_DIR=/opt/rustwide/workdir" "-e" "CARGO_TARGET_DIR=/opt/rustwide/target" "-e" "CARGO_INCREMENTAL=0" "-e" "RUST_BACKTRACE=full" "-e" "RUSTFLAGS=--cap-lints=warn" "-e" "RUSTDOCFLAGS=--cap-lints=warn" "-e" "CARGO_HOME=/opt/rustwide/cargo-home" "-e" "RUSTUP_HOME=/opt/rustwide/rustup-home" "-w" "/opt/rustwide/workdir" "-m" "1610612736" "--user" "0:0" "--network" "none" "ghcr.io/rust-lang/crates-build-env/linux@sha256:2788e3201cd34a07e3172128adcd8b3090168a8e3bcc40d7c032b9dda1df7d1c" "/opt/rustwide/cargo-home/bin/cargo" "+beta-2023-12-22" "build" "--frozen" "--message-format=json", kill_on_drop: false }`
[INFO] [stdout] 15dc5a0af13f2562e7d756effbdbac1467e310abff8fa4ae5d97a4b423cd3970
[INFO] running `Command { std: "docker" "start" "-a" "15dc5a0af13f2562e7d756effbdbac1467e310abff8fa4ae5d97a4b423cd3970", kill_on_drop: false }`
[INFO] [stderr]    Compiling memchr v2.7.1
[INFO] [stderr]    Compiling pin-project-lite v0.2.13
[INFO] [stderr]    Compiling smallvec v1.11.2
[INFO] [stderr]    Compiling futures-core v0.3.30
[INFO] [stderr]    Compiling log v0.4.20
[INFO] [stderr]    Compiling once_cell v1.19.0
[INFO] [stderr]    Compiling syn v2.0.48
[INFO] [stderr]    Compiling getrandom v0.2.11
[INFO] [stderr]    Compiling slab v0.4.9
[INFO] [stderr]    Compiling serde v1.0.194
[INFO] [stderr]    Compiling futures-sink v0.3.30
[INFO] [stderr]    Compiling futures-io v0.3.30
[INFO] [stderr]    Compiling lock_api v0.4.11
[INFO] [stderr]    Compiling parking_lot_core v0.9.9
[INFO] [stderr]    Compiling futures-channel v0.3.30
[INFO] [stderr]    Compiling scopeguard v1.2.0
[INFO] [stderr]    Compiling futures-task v0.3.30
[INFO] [stderr]    Compiling const-oid v0.9.6
[INFO] [stderr]    Compiling num_cpus v1.16.0
[INFO] [stderr]    Compiling spin v0.9.8
[INFO] [stderr]    Compiling http v0.2.11
[INFO] [stderr]    Compiling ring v0.17.7
[INFO] [stderr]    Compiling socket2 v0.5.5
[INFO] [stderr]    Compiling parking_lot v0.12.1
[INFO] [stderr]    Compiling signal-hook-registry v1.4.1
[INFO] [stderr]    Compiling mio v0.8.10
[INFO] [stderr]    Compiling tinyvec_macros v0.1.1
[INFO] [stderr]    Compiling libm v0.2.8
[INFO] [stderr]    Compiling tinyvec v1.6.0
[INFO] [stderr]    Compiling tracing-core v0.1.32
[INFO] [stderr]    Compiling rand_core v0.6.4
[INFO] [stderr]    Compiling digest v0.10.7
[INFO] [stderr]    Compiling num-traits v0.2.17
[INFO] [stderr]    Compiling untrusted v0.9.0
[INFO] [stderr]    Compiling thiserror v1.0.56
[INFO] [stderr]    Compiling percent-encoding v2.3.1
[INFO] [stderr]    Compiling unicode-bidi v0.3.14
[INFO] [stderr]    Compiling unicode-normalization v0.1.22
[INFO] [stderr]    Compiling spin v0.5.2
[INFO] [stderr]    Compiling rand_chacha v0.3.1
[INFO] [stderr]    Compiling form_urlencoded v1.2.1
[INFO] [stderr]    Compiling equivalent v1.0.1
[INFO] [stderr]    Compiling hashbrown v0.14.3
[INFO] [stderr]    Compiling time-macros v0.2.16
[INFO] [stderr]    Compiling rand v0.8.5
[INFO] [stderr]    Compiling idna v0.5.0
[INFO] [stderr]    Compiling serde_json v1.0.111
[INFO] [stderr]    Compiling http-body v0.4.6
[INFO] [stderr]    Compiling indexmap v2.1.0
[INFO] [stderr]    Compiling core-error v0.0.1-rc4
[INFO] [stderr]    Compiling num-integer v0.1.45
[INFO] [stderr]    Compiling rustversion v1.0.14
[INFO] [stderr]    Compiling no-std-compat v0.4.1
[INFO] [stderr]    Compiling async-trait v0.1.77
[INFO] [stderr]    Compiling try-lock v0.2.5
[INFO] [stderr]    Compiling httpdate v1.0.3
[INFO] [stderr]    Compiling want v0.3.1
[INFO] [stderr]    Compiling utf-8 v0.7.6
[INFO] [stderr]    Compiling alloc-no-stdlib v2.0.4
[INFO] [stderr]    Compiling lazy_static v1.4.0
[INFO] [stderr]    Compiling ring v0.16.20
[INFO] [stderr]    Compiling rustls v0.21.10
[INFO] [stderr]    Compiling alloc-stdlib v0.2.2
[INFO] [stderr]    Compiling mime v0.3.17
[INFO] [stderr]    Compiling data-encoding v2.5.0
[INFO] [stderr]    Compiling brotli-decompressor v2.5.1
[INFO] [stderr]    Compiling sha1 v0.10.6
[INFO] [stderr]    Compiling cookie v0.16.2
[INFO] [stderr]    Compiling time v0.3.31
[INFO] [stderr]    Compiling tower-layer v0.3.2
[INFO] [stderr]    Compiling flagset v0.4.4
[INFO] [stderr]    Compiling syn v1.0.109
[INFO] [stderr]    Compiling axum-core v0.3.4
[INFO] [stderr]    Compiling flate2 v1.0.28
[INFO] [stderr]    Compiling idna v0.3.0
[INFO] [stderr]    Compiling brotli v3.4.0
[INFO] [stderr]    Compiling num-iter v0.1.43
[INFO] [stderr]    Compiling untrusted v0.7.1
[INFO] [stderr]    Compiling matches v0.1.10
[INFO] [stderr]    Compiling iana-time-zone v0.1.59
[INFO] [stderr]    Compiling psl-types v2.0.11
[INFO] [stderr]    Compiling publicsuffix v2.2.3
[INFO] [stderr]    Compiling idna v0.2.3
[INFO] [stderr]    Compiling axum v0.6.20
[INFO] [stderr]    Compiling product-os-http v0.0.3
[INFO] [stderr]    Compiling serde_derive v1.0.194
[INFO] [stderr]    Compiling futures-macro v0.3.30
[INFO] [stderr]    Compiling tokio-macros v2.2.0
[INFO] [stderr]    Compiling tracing-attributes v0.1.27
[INFO] [stderr]    Compiling thiserror-impl v1.0.56
[INFO] [stderr]    Compiling futures-util v0.3.30
[INFO] [stderr]    Compiling tokio v1.35.1
[INFO] [stderr]    Compiling zeroize_derive v1.4.2
[INFO] [stderr]    Compiling tracing v0.1.40
[INFO] [stderr]    Compiling pin-project-internal v1.1.3
[INFO] [stderr]    Compiling der_derive v0.7.2
[INFO] [stderr]    Compiling zeroize v1.7.0
[INFO] [stderr]    Compiling headers-core v0.2.0
[INFO] [stderr]    Compiling num-bigint-dig v0.8.4
[INFO] [stderr]    Compiling anyhow v1.0.79
[INFO] [stderr]    Compiling crossbeam-utils v0.8.18
[INFO] [stderr]    Compiling headers v0.3.9
[INFO] [stderr]    Compiling der v0.7.8
[INFO] [stderr]    Compiling product-os-http-body v0.0.2
[INFO] [stderr]    Compiling pin-project v1.1.3
[INFO] [stderr]    Compiling rustls-pemfile v1.0.4
[INFO] [stderr]    Compiling sha2 v0.10.8
[INFO] [stderr]    Compiling encoding_rs v0.8.33
[INFO] [stderr]    Compiling matchit v0.7.3
[INFO] [stderr]    Compiling webpki-roots v0.25.3
[INFO] [stderr]    Compiling unicode-xid v0.2.4
[INFO] [stderr]    Compiling spki v0.7.3
[INFO] [stderr]    Compiling ipnet v2.9.0
[INFO] [stderr]    Compiling pkcs8 v0.10.2
[INFO] [stderr]    Compiling tokio-util v0.7.10
[INFO] [stderr]    Compiling async-compression v0.4.5
[INFO] [stderr]    Compiling h2 v0.3.22
[INFO] [stderr]    Compiling tower v0.4.13
[INFO] [stderr]    Compiling sync_wrapper v0.1.2
[INFO] [stderr]    Compiling minimal-lexical v0.2.1
[INFO] [stderr]    Compiling regex-syntax v0.8.2
[INFO] [stderr]    Compiling rustls v0.20.9
[INFO] [stderr]    Compiling nom v7.1.3
[INFO] [stderr]    Compiling pkcs1 v0.7.5
[INFO] [stderr]    Compiling url v2.5.0
[INFO] [stderr]    Compiling serde_urlencoded v0.7.1
[INFO] [stderr]    Compiling tungstenite v0.20.1
[INFO] [stderr]    Compiling chrono v0.4.31
[INFO] [stderr]    Compiling cookie_store v0.16.2
[INFO] [stderr]    Compiling tokio-tungstenite v0.20.1
[INFO] [stderr]    Compiling serde_path_to_error v0.1.15
[INFO] [stderr]    Compiling regex-automata v0.4.3
[INFO] [stderr]    Compiling serde_html_form v0.2.3
[INFO] [stderr]    Compiling synstructure v0.12.6
[INFO] [stderr]    Compiling zstd-sys v2.0.9+zstd.1.5.5
[INFO] [stderr]    Compiling product-os-http-body-util v0.0.3
[INFO] [stderr]    Compiling futures-executor v0.3.30
[INFO] [stderr]    Compiling hmac v0.12.1
[INFO] [stderr]    Compiling signature v2.2.0
[INFO] [stderr]    Compiling base64ct v1.6.0
[INFO] [stderr]    Compiling fiat-crypto v0.2.5
[INFO] [stderr]    Compiling asn1-rs-derive v0.4.0
[INFO] [stderr]    Compiling jwt-compact v0.8.0
[INFO] [stderr]    Compiling futures v0.3.30
[INFO] [stderr]    Compiling product-os-async-executor v0.0.12
[INFO] [stderr]    Compiling hyper v0.14.28
[INFO] [stderr]    Compiling rsa v0.9.6
[INFO] [stderr]    Compiling rusticata-macros v4.1.0
[INFO] [stderr]    Compiling asn1-rs-impl v0.1.0
[INFO] [stderr]    Compiling tower-default-headers v0.1.1
[INFO] [stderr]    Compiling displaydoc v0.2.4
[INFO] [stderr]    Compiling product-os-random v0.0.14
[INFO] [stderr]    Compiling num-bigint v0.4.4
[INFO] [stderr]    Compiling unsafe-libyaml v0.2.10
[INFO] [stderr]    Compiling io-lifetimes v1.0.11
[INFO] [stderr]    Compiling regex v1.10.2
[INFO] [stderr]    Compiling serde_with v3.4.0
[INFO] [stderr]    Compiling asn1-rs v0.5.2
[INFO] [stderr]    Compiling serde_yaml v0.9.30
[INFO] [stderr]    Compiling polling v2.8.0
[INFO] [stderr]    Compiling no-std-net v0.6.0
[INFO] [stderr]    Compiling zstd-safe v5.0.2+zstd.1.5.2
[INFO] [stderr]    Compiling mopa v0.2.2
[INFO] [stderr]    Compiling overload v0.1.1
[INFO] [stderr]    Compiling xml-rs v0.8.19
[INFO] [stderr]    Compiling rustix v0.37.27
[INFO] [stderr]    Compiling oid-registry v0.6.1
[INFO] [stderr]    Compiling nu-ansi-term v0.46.0
[INFO] [stderr]    Compiling product-os-openapi v0.0.4
[INFO] [stderr]    Compiling sharded-slab v0.1.7
[INFO] [stderr]    Compiling sha-1 v0.10.1
[INFO] [stderr]    Compiling tracing-log v0.2.0
[INFO] [stderr]    Compiling thread_local v1.1.7
[INFO] [stderr]    Compiling async-io v1.13.0
[INFO] [stderr]    Compiling linux-raw-sys v0.3.8
[INFO] [stderr]    Compiling parking v2.2.0
[INFO] [stderr]    Compiling event-listener v2.5.3
[INFO] [stderr]    Compiling waker-fn v1.1.1
[INFO] [stderr]    Compiling fastrand v1.9.0
[INFO] [stderr]    Compiling orion v0.17.6
[INFO] [stderr]    Compiling futures-lite v1.13.0
[INFO] [stderr]    Compiling async-lock v2.8.0
[INFO] [stderr]    Compiling tracing-subscriber v0.3.18
[INFO] [stderr]    Compiling der-parser v8.2.0
[INFO] [stderr]    Compiling product-os-security v0.0.16
[INFO] [stderr]    Compiling concurrent-queue v2.4.0
[INFO] [stderr]    Compiling raw-cpuid v10.7.0
[INFO] [stderr]    Compiling socket2 v0.4.10
[INFO] [stderr]    Compiling moka v0.9.9
[INFO] [stdout] error[E0790]: cannot call associated function on trait without specifying the corresponding `impl` type
[INFO] [stdout]   --> /opt/rustwide/cargo-home/registry/src/index.crates.io-6f17d22bba15001f/product-os-security-0.0.16/src/x509_cert/ext/pkix/constraints/basic.rs:17:22
[INFO] [stdout]    |
[INFO] [stdout] 17 |     #[asn1(default = "Default::default")]
[INFO] [stdout]    |                      ^^^^^^^^^^^^^^^^^^ cannot call associated function of trait
[INFO] [stdout]    |
[INFO] [stdout] help: use a fully-qualified path to a specific available implementation
[INFO] [stdout]    |
[INFO] [stdout] 17 |     #[asn1(default = </* self type */ as "Default::default">)]
[INFO] [stdout]    |                      +++++++++++++++++++                   +
[INFO] [stdout] 
[INFO] [stdout] 
[INFO] [stdout] error[E0283]: type annotations needed
[INFO] [stdout]   --> /opt/rustwide/cargo-home/registry/src/index.crates.io-6f17d22bba15001f/product-os-security-0.0.16/src/x509_cert/ext/pkix/constraints/basic.rs:14:39
[INFO] [stdout]    |
[INFO] [stdout] 14 | #[derive(Clone, Debug, Eq, PartialEq, Sequence)]
[INFO] [stdout]    |                                       ^^^^^^^^ cannot infer type
[INFO] [stdout]    |
[INFO] [stdout]    = note: multiple `impl`s satisfying `bool: core::cmp::PartialEq<_>` found in the following crates: `core`, `serde_json`:
[INFO] [stdout]            - impl core::cmp::PartialEq<serde_json::Value> for bool;
[INFO] [stdout]            - impl<host> core::cmp::PartialEq for bool
[INFO] [stdout]              where the constant `host` has type `bool`;
[INFO] [stdout]    = note: required for `&bool` to implement `core::cmp::PartialEq<&_>`
[INFO] [stdout]    = note: this error originates in the derive macro `Sequence` (in Nightly builds, run with -Z macro-backtrace for more info)
[INFO] [stdout] 
[INFO] [stdout] 
[INFO] [stdout] error[E0790]: cannot call associated function on trait without specifying the corresponding `impl` type
[INFO] [stdout]   --> /opt/rustwide/cargo-home/registry/src/index.crates.io-6f17d22bba15001f/product-os-security-0.0.16/src/x509_cert/ext/pkix/constraints/name.rs:64:19
[INFO] [stdout]    |
[INFO] [stdout] 64 |         default = "Default::default"
[INFO] [stdout]    |                   ^^^^^^^^^^^^^^^^^^ cannot call associated function of trait
[INFO] [stdout]    |
[INFO] [stdout] help: use a fully-qualified path to a specific available implementation
[INFO] [stdout]    |
[INFO] [stdout] 64 |         default = </* self type */ as "Default::default">
[INFO] [stdout]    |                   +++++++++++++++++++                   +
[INFO] [stdout] 
[INFO] [stdout] 
[INFO] [stdout] error[E0283]: type annotations needed
[INFO] [stdout]   --> /opt/rustwide/cargo-home/registry/src/index.crates.io-6f17d22bba15001f/product-os-security-0.0.16/src/x509_cert/ext/pkix/constraints/name.rs:56:39
[INFO] [stdout]    |
[INFO] [stdout] 56 | #[derive(Clone, Debug, Eq, PartialEq, Sequence)]
[INFO] [stdout]    |                                       ^^^^^^^^ cannot infer type
[INFO] [stdout]    |
[INFO] [stdout]    = note: multiple `impl`s satisfying `u32: core::cmp::PartialEq<_>` found in the following crates: `core`, `serde_json`:
[INFO] [stdout]            - impl core::cmp::PartialEq<serde_json::Value> for u32;
[INFO] [stdout]            - impl<host> core::cmp::PartialEq for u32
[INFO] [stdout]              where the constant `host` has type `bool`;
[INFO] [stdout]    = note: required for `&u32` to implement `core::cmp::PartialEq<&_>`
[INFO] [stdout]    = note: this error originates in the derive macro `Sequence` (in Nightly builds, run with -Z macro-backtrace for more info)
[INFO] [stdout] 
[INFO] [stdout] 
[INFO] [stderr]    Compiling heck v0.4.1
[INFO] [stdout] error[E0790]: cannot call associated function on trait without specifying the corresponding `impl` type
[INFO] [stdout]   --> /opt/rustwide/cargo-home/registry/src/index.crates.io-6f17d22bba15001f/product-os-security-0.0.16/src/x509_cert/ext/pkix/crl/dp.rs:34:19
[INFO] [stdout]    |
[INFO] [stdout] 34 |         default = "Default::default"
[INFO] [stdout]    |                   ^^^^^^^^^^^^^^^^^^ cannot call associated function of trait
[INFO] [stdout]    |
[INFO] [stdout] help: use a fully-qualified path to a specific available implementation
[INFO] [stdout]    |
[INFO] [stdout] 34 |         default = </* self type */ as "Default::default">
[INFO] [stdout]    |                   +++++++++++++++++++                   +
[INFO] [stdout] 
[INFO] [stdout] 
[INFO] [stdout] error[E0283]: type annotations needed
[INFO] [stdout]   --> /opt/rustwide/cargo-home/registry/src/index.crates.io-6f17d22bba15001f/product-os-security-0.0.16/src/x509_cert/ext/pkix/crl/dp.rs:25:39
[INFO] [stdout]    |
[INFO] [stdout] 25 | #[derive(Clone, Debug, Eq, PartialEq, Sequence)]
[INFO] [stdout]    |                                       ^^^^^^^^ cannot infer type
[INFO] [stdout]    |
[INFO] [stdout]    = note: multiple `impl`s satisfying `bool: core::cmp::PartialEq<_>` found in the following crates: `core`, `serde_json`:
[INFO] [stdout]            - impl core::cmp::PartialEq<serde_json::Value> for bool;
[INFO] [stdout]            - impl<host> core::cmp::PartialEq for bool
[INFO] [stdout]              where the constant `host` has type `bool`;
[INFO] [stdout]    = note: required for `&bool` to implement `core::cmp::PartialEq<&_>`
[INFO] [stdout]    = note: this error originates in the derive macro `Sequence` (in Nightly builds, run with -Z macro-backtrace for more info)
[INFO] [stdout] 
[INFO] [stdout] 
[INFO] [stderr]    Compiling x509-parser v0.14.0
[INFO] [stdout] error[E0790]: cannot call associated function on trait without specifying the corresponding `impl` type
[INFO] [stdout]   --> /opt/rustwide/cargo-home/registry/src/index.crates.io-6f17d22bba15001f/product-os-security-0.0.16/src/x509_cert/ext.rs:32:22
[INFO] [stdout]    |
[INFO] [stdout] 32 |     #[asn1(default = "Default::default")]
[INFO] [stdout]    |                      ^^^^^^^^^^^^^^^^^^ cannot call associated function of trait
[INFO] [stdout]    |
[INFO] [stdout] help: use a fully-qualified path to a specific available implementation
[INFO] [stdout]    |
[INFO] [stdout] 32 |     #[asn1(default = </* self type */ as "Default::default">)]
[INFO] [stdout]    |                      +++++++++++++++++++                   +
[INFO] [stdout] 
[INFO] [stdout] 
[INFO] [stdout] error[E0283]: type annotations needed
[INFO] [stdout]   --> /opt/rustwide/cargo-home/registry/src/index.crates.io-6f17d22bba15001f/product-os-security-0.0.16/src/x509_cert/ext.rs:27:39
[INFO] [stdout]    |
[INFO] [stdout] 27 | #[derive(Clone, Debug, Eq, PartialEq, Sequence, ValueOrd)]
[INFO] [stdout]    |                                       ^^^^^^^^ cannot infer type
[INFO] [stdout]    |
[INFO] [stdout]    = note: multiple `impl`s satisfying `bool: core::cmp::PartialEq<_>` found in the following crates: `core`, `serde_json`:
[INFO] [stdout]            - impl core::cmp::PartialEq<serde_json::Value> for bool;
[INFO] [stdout]            - impl<host> core::cmp::PartialEq for bool
[INFO] [stdout]              where the constant `host` has type `bool`;
[INFO] [stdout]    = note: required for `&bool` to implement `core::cmp::PartialEq<&_>`
[INFO] [stdout]    = note: this error originates in the derive macro `Sequence` (in Nightly builds, run with -Z macro-backtrace for more info)
[INFO] [stdout] 
[INFO] [stdout] 
[INFO] [stdout] error: aborting due to 8 previous errors
[INFO] [stdout] 
[INFO] [stdout] 
[INFO] [stdout] Some errors have detailed explanations: E0283, E0790.
[INFO] [stdout] 
[INFO] [stdout] For more information about an error, try `rustc --explain E0283`.
[INFO] [stdout] 
[INFO] [stderr]    Compiling axum-macros v0.3.8
[INFO] [stderr] error: could not compile `product-os-security` (lib) due to 9 previous errors
[INFO] [stderr] warning: build failed, waiting for other jobs to finish...
[INFO] running `Command { std: "docker" "inspect" "15dc5a0af13f2562e7d756effbdbac1467e310abff8fa4ae5d97a4b423cd3970", kill_on_drop: false }`
[INFO] running `Command { std: "docker" "rm" "-f" "15dc5a0af13f2562e7d756effbdbac1467e310abff8fa4ae5d97a4b423cd3970", kill_on_drop: false }`
[INFO] [stdout] 15dc5a0af13f2562e7d756effbdbac1467e310abff8fa4ae5d97a4b423cd3970
