[INFO] fetching crate process_list 0.2.1...
[INFO] testing process_list-0.2.1 against 1.75.0 for beta-1.76-1
[INFO] extracting crate process_list 0.2.1 into /workspace/builds/worker-2-tc1/source
[INFO] validating manifest of crates.io crate process_list 0.2.1 on toolchain 1.75.0
[INFO] running `Command { std: CARGO_HOME="/workspace/cargo-home" RUSTUP_HOME="/workspace/rustup-home" "/workspace/cargo-home/bin/cargo" "+1.75.0" "metadata" "--manifest-path" "Cargo.toml" "--no-deps", kill_on_drop: false }`
[INFO] started tweaking crates.io crate process_list 0.2.1
[INFO] finished tweaking crates.io crate process_list 0.2.1
[INFO] tweaked toml for crates.io crate process_list 0.2.1 written to /workspace/builds/worker-2-tc1/source/Cargo.toml
[INFO] running `Command { std: CARGO_HOME="/workspace/cargo-home" RUSTUP_HOME="/workspace/rustup-home" "/workspace/cargo-home/bin/cargo" "+1.75.0" "generate-lockfile" "--manifest-path" "Cargo.toml", kill_on_drop: false }`
[INFO] [stderr]     Updating crates.io index
[INFO] running `Command { std: CARGO_HOME="/workspace/cargo-home" RUSTUP_HOME="/workspace/rustup-home" "/workspace/cargo-home/bin/cargo" "+1.75.0" "fetch" "--manifest-path" "Cargo.toml", kill_on_drop: false }`
[INFO] running `Command { std: "docker" "create" "-v" "/var/lib/crater-agent-workspace/builds/worker-2-tc1/target:/opt/rustwide/target:rw,Z" "-v" "/var/lib/crater-agent-workspace/builds/worker-2-tc1/source:/opt/rustwide/workdir:ro,Z" "-v" "/var/lib/crater-agent-workspace/cargo-home:/opt/rustwide/cargo-home:ro,Z" "-v" "/var/lib/crater-agent-workspace/rustup-home:/opt/rustwide/rustup-home:ro,Z" "-e" "SOURCE_DIR=/opt/rustwide/workdir" "-e" "CARGO_TARGET_DIR=/opt/rustwide/target" "-e" "CARGO_HOME=/opt/rustwide/cargo-home" "-e" "RUSTUP_HOME=/opt/rustwide/rustup-home" "-w" "/opt/rustwide/workdir" "-m" "1610612736" "--user" "0:0" "--network" "none" "ghcr.io/rust-lang/crates-build-env/linux@sha256:2788e3201cd34a07e3172128adcd8b3090168a8e3bcc40d7c032b9dda1df7d1c" "/opt/rustwide/cargo-home/bin/cargo" "+1.75.0" "metadata" "--no-deps" "--format-version=1", kill_on_drop: false }`
[INFO] [stdout] 153d05d3cd73f99b810f83f0e688bdb5a6fd0f20be89992a0144504e1500c9de
[INFO] running `Command { std: "docker" "start" "-a" "153d05d3cd73f99b810f83f0e688bdb5a6fd0f20be89992a0144504e1500c9de", kill_on_drop: false }`
[INFO] running `Command { std: "docker" "inspect" "153d05d3cd73f99b810f83f0e688bdb5a6fd0f20be89992a0144504e1500c9de", kill_on_drop: false }`
[INFO] running `Command { std: "docker" "rm" "-f" "153d05d3cd73f99b810f83f0e688bdb5a6fd0f20be89992a0144504e1500c9de", kill_on_drop: false }`
[INFO] [stdout] 153d05d3cd73f99b810f83f0e688bdb5a6fd0f20be89992a0144504e1500c9de
[INFO] running `Command { std: "docker" "create" "-v" "/var/lib/crater-agent-workspace/builds/worker-2-tc1/target:/opt/rustwide/target:rw,Z" "-v" "/var/lib/crater-agent-workspace/builds/worker-2-tc1/source:/opt/rustwide/workdir:ro,Z" "-v" "/var/lib/crater-agent-workspace/cargo-home:/opt/rustwide/cargo-home:ro,Z" "-v" "/var/lib/crater-agent-workspace/rustup-home:/opt/rustwide/rustup-home:ro,Z" "-e" "SOURCE_DIR=/opt/rustwide/workdir" "-e" "CARGO_TARGET_DIR=/opt/rustwide/target" "-e" "CARGO_INCREMENTAL=0" "-e" "RUST_BACKTRACE=full" "-e" "RUSTFLAGS=--cap-lints=warn" "-e" "RUSTDOCFLAGS=--cap-lints=warn" "-e" "CARGO_HOME=/opt/rustwide/cargo-home" "-e" "RUSTUP_HOME=/opt/rustwide/rustup-home" "-w" "/opt/rustwide/workdir" "-m" "1610612736" "--user" "0:0" "--network" "none" "ghcr.io/rust-lang/crates-build-env/linux@sha256:2788e3201cd34a07e3172128adcd8b3090168a8e3bcc40d7c032b9dda1df7d1c" "/opt/rustwide/cargo-home/bin/cargo" "+1.75.0" "build" "--frozen" "--message-format=json", kill_on_drop: false }`
[INFO] [stdout] 140de60a161f26d8cf36eb5ed28755f5ebdbcab7ead150d12be3dd6db6fd0e1f
[INFO] running `Command { std: "docker" "start" "-a" "140de60a161f26d8cf36eb5ed28755f5ebdbcab7ead150d12be3dd6db6fd0e1f", kill_on_drop: false }`
[INFO] [stderr]    Compiling process_list v0.2.1 (/opt/rustwide/workdir)
[INFO] [stderr]     Finished dev [unoptimized + debuginfo] target(s) in 0.03s
[INFO] running `Command { std: "docker" "inspect" "140de60a161f26d8cf36eb5ed28755f5ebdbcab7ead150d12be3dd6db6fd0e1f", kill_on_drop: false }`
[INFO] running `Command { std: "docker" "rm" "-f" "140de60a161f26d8cf36eb5ed28755f5ebdbcab7ead150d12be3dd6db6fd0e1f", kill_on_drop: false }`
[INFO] [stdout] 140de60a161f26d8cf36eb5ed28755f5ebdbcab7ead150d12be3dd6db6fd0e1f
[INFO] running `Command { std: "docker" "create" "-v" "/var/lib/crater-agent-workspace/builds/worker-2-tc1/target:/opt/rustwide/target:rw,Z" "-v" "/var/lib/crater-agent-workspace/builds/worker-2-tc1/source:/opt/rustwide/workdir:ro,Z" "-v" "/var/lib/crater-agent-workspace/cargo-home:/opt/rustwide/cargo-home:ro,Z" "-v" "/var/lib/crater-agent-workspace/rustup-home:/opt/rustwide/rustup-home:ro,Z" "-e" "SOURCE_DIR=/opt/rustwide/workdir" "-e" "CARGO_TARGET_DIR=/opt/rustwide/target" "-e" "CARGO_INCREMENTAL=0" "-e" "RUST_BACKTRACE=full" "-e" "RUSTFLAGS=--cap-lints=warn" "-e" "RUSTDOCFLAGS=--cap-lints=warn" "-e" "CARGO_HOME=/opt/rustwide/cargo-home" "-e" "RUSTUP_HOME=/opt/rustwide/rustup-home" "-w" "/opt/rustwide/workdir" "-m" "1610612736" "--user" "0:0" "--network" "none" "ghcr.io/rust-lang/crates-build-env/linux@sha256:2788e3201cd34a07e3172128adcd8b3090168a8e3bcc40d7c032b9dda1df7d1c" "/opt/rustwide/cargo-home/bin/cargo" "+1.75.0" "test" "--frozen" "--no-run" "--message-format=json", kill_on_drop: false }`
[INFO] [stdout] 7fcbef48e8ba78e9e3416bd84ba533f50eb85b3317de06bfe8b9ee90d1d8be49
[INFO] running `Command { std: "docker" "start" "-a" "7fcbef48e8ba78e9e3416bd84ba533f50eb85b3317de06bfe8b9ee90d1d8be49", kill_on_drop: false }`
[INFO] [stderr]    Compiling memchr v2.7.1
[INFO] [stderr]    Compiling libc v0.2.151
[INFO] [stderr]    Compiling log v0.4.20
[INFO] [stderr]    Compiling termcolor v1.4.0
[INFO] [stderr]    Compiling humantime v1.3.0
[INFO] [stderr]    Compiling aho-corasick v1.1.2
[INFO] [stderr]    Compiling atty v0.2.14
[INFO] [stderr]    Compiling regex-automata v0.4.3
[INFO] [stderr]    Compiling regex v1.10.2
[INFO] [stderr]    Compiling env_logger v0.7.1
[INFO] [stderr]    Compiling process_list v0.2.1 (/opt/rustwide/workdir)
[INFO] [stdout] error[E0432]: unresolved import `process_list::for_each_module`
[INFO] [stdout]  --> tests/print_current_modules.rs:1:5
[INFO] [stdout]   |
[INFO] [stdout] 1 | use process_list::for_each_module;
[INFO] [stdout]   |     ^^^^^^^^^^^^^^^^^^^^^^^^^^^^^ no `for_each_module` in the root
[INFO] [stdout] 
[INFO] [stdout] 
[INFO] [stdout] error[E0432]: unresolved import `process_list::for_each_process`
[INFO] [stdout]  --> tests/print_all_processes.rs:1:5
[INFO] [stdout]   |
[INFO] [stdout] 1 | use process_list::for_each_process;
[INFO] [stdout]   |     ^^^^^^^^^^^^^^^^^^^^^^^^^^^^^^ no `for_each_process` in the root
[INFO] [stdout] 
[INFO] [stdout] 
[INFO] [stdout] error: aborting due to previous error
[INFO] [stdout] 
[INFO] [stdout] 
[INFO] [stdout] For more information about this error, try `rustc --explain E0432`.
[INFO] [stdout] 
[INFO] [stdout] error: aborting due to previous error
[INFO] [stdout] 
[INFO] [stdout] 
[INFO] [stdout] For more information about this error, try `rustc --explain E0432`.
[INFO] [stdout] 
[INFO] [stderr] error: could not compile `process_list` (test "print_all_processes") due to 2 previous errors
[INFO] [stderr] warning: build failed, waiting for other jobs to finish...
[INFO] [stderr] error: could not compile `process_list` (test "print_current_modules") due to 2 previous errors
[INFO] running `Command { std: "docker" "inspect" "7fcbef48e8ba78e9e3416bd84ba533f50eb85b3317de06bfe8b9ee90d1d8be49", kill_on_drop: false }`
[INFO] running `Command { std: "docker" "rm" "-f" "7fcbef48e8ba78e9e3416bd84ba533f50eb85b3317de06bfe8b9ee90d1d8be49", kill_on_drop: false }`
[INFO] [stdout] 7fcbef48e8ba78e9e3416bd84ba533f50eb85b3317de06bfe8b9ee90d1d8be49
[INFO] testing process_list-0.2.1 against beta-2023-12-22 for beta-1.76-1
[INFO] extracting crate process_list 0.2.1 into /workspace/builds/worker-2-tc2/source
[INFO] validating manifest of crates.io crate process_list 0.2.1 on toolchain beta-2023-12-22
[INFO] running `Command { std: CARGO_HOME="/workspace/cargo-home" RUSTUP_HOME="/workspace/rustup-home" "/workspace/cargo-home/bin/cargo" "+beta-2023-12-22" "metadata" "--manifest-path" "Cargo.toml" "--no-deps", kill_on_drop: false }`
[INFO] started tweaking crates.io crate process_list 0.2.1
[INFO] finished tweaking crates.io crate process_list 0.2.1
[INFO] tweaked toml for crates.io crate process_list 0.2.1 written to /workspace/builds/worker-2-tc2/source/Cargo.toml
[INFO] running `Command { std: CARGO_HOME="/workspace/cargo-home" RUSTUP_HOME="/workspace/rustup-home" "/workspace/cargo-home/bin/cargo" "+beta-2023-12-22" "generate-lockfile" "--manifest-path" "Cargo.toml", kill_on_drop: false }`
[INFO] [stderr]     Updating crates.io index
[INFO] running `Command { std: CARGO_HOME="/workspace/cargo-home" RUSTUP_HOME="/workspace/rustup-home" "/workspace/cargo-home/bin/cargo" "+beta-2023-12-22" "fetch" "--manifest-path" "Cargo.toml", kill_on_drop: false }`
[INFO] running `Command { std: "docker" "create" "-v" "/var/lib/crater-agent-workspace/builds/worker-2-tc2/target:/opt/rustwide/target:rw,Z" "-v" "/var/lib/crater-agent-workspace/builds/worker-2-tc2/source:/opt/rustwide/workdir:ro,Z" "-v" "/var/lib/crater-agent-workspace/cargo-home:/opt/rustwide/cargo-home:ro,Z" "-v" "/var/lib/crater-agent-workspace/rustup-home:/opt/rustwide/rustup-home:ro,Z" "-e" "SOURCE_DIR=/opt/rustwide/workdir" "-e" "CARGO_TARGET_DIR=/opt/rustwide/target" "-e" "CARGO_HOME=/opt/rustwide/cargo-home" "-e" "RUSTUP_HOME=/opt/rustwide/rustup-home" "-w" "/opt/rustwide/workdir" "-m" "1610612736" "--user" "0:0" "--network" "none" "ghcr.io/rust-lang/crates-build-env/linux@sha256:2788e3201cd34a07e3172128adcd8b3090168a8e3bcc40d7c032b9dda1df7d1c" "/opt/rustwide/cargo-home/bin/cargo" "+beta-2023-12-22" "metadata" "--no-deps" "--format-version=1", kill_on_drop: false }`
[INFO] [stdout] c40c89f1d91f17d9ca6b7a473ee178d73d7c3e7f46f092068bc59f6450fd1e23
[INFO] running `Command { std: "docker" "start" "-a" "c40c89f1d91f17d9ca6b7a473ee178d73d7c3e7f46f092068bc59f6450fd1e23", kill_on_drop: false }`
[INFO] running `Command { std: "docker" "inspect" "c40c89f1d91f17d9ca6b7a473ee178d73d7c3e7f46f092068bc59f6450fd1e23", kill_on_drop: false }`
[INFO] running `Command { std: "docker" "rm" "-f" "c40c89f1d91f17d9ca6b7a473ee178d73d7c3e7f46f092068bc59f6450fd1e23", kill_on_drop: false }`
[INFO] [stdout] c40c89f1d91f17d9ca6b7a473ee178d73d7c3e7f46f092068bc59f6450fd1e23
[INFO] running `Command { std: "docker" "create" "-v" "/var/lib/crater-agent-workspace/builds/worker-2-tc2/target:/opt/rustwide/target:rw,Z" "-v" "/var/lib/crater-agent-workspace/builds/worker-2-tc2/source:/opt/rustwide/workdir:ro,Z" "-v" "/var/lib/crater-agent-workspace/cargo-home:/opt/rustwide/cargo-home:ro,Z" "-v" "/var/lib/crater-agent-workspace/rustup-home:/opt/rustwide/rustup-home:ro,Z" "-e" "SOURCE_DIR=/opt/rustwide/workdir" "-e" "CARGO_TARGET_DIR=/opt/rustwide/target" "-e" "CARGO_INCREMENTAL=0" "-e" "RUST_BACKTRACE=full" "-e" "RUSTFLAGS=--cap-lints=warn" "-e" "RUSTDOCFLAGS=--cap-lints=warn" "-e" "CARGO_HOME=/opt/rustwide/cargo-home" "-e" "RUSTUP_HOME=/opt/rustwide/rustup-home" "-w" "/opt/rustwide/workdir" "-m" "1610612736" "--user" "0:0" "--network" "none" "ghcr.io/rust-lang/crates-build-env/linux@sha256:2788e3201cd34a07e3172128adcd8b3090168a8e3bcc40d7c032b9dda1df7d1c" "/opt/rustwide/cargo-home/bin/cargo" "+beta-2023-12-22" "build" "--frozen" "--message-format=json", kill_on_drop: false }`
[INFO] [stdout] d70e6b3c345e34a13342127030a640e31a03180b8c40cb884e7e15b17cb3e368
[INFO] running `Command { std: "docker" "start" "-a" "d70e6b3c345e34a13342127030a640e31a03180b8c40cb884e7e15b17cb3e368", kill_on_drop: false }`
[INFO] [stderr]    Compiling process_list v0.2.1 (/opt/rustwide/workdir)
[INFO] [stderr]     Finished dev [unoptimized + debuginfo] target(s) in 0.03s
[INFO] running `Command { std: "docker" "inspect" "d70e6b3c345e34a13342127030a640e31a03180b8c40cb884e7e15b17cb3e368", kill_on_drop: false }`
[INFO] running `Command { std: "docker" "rm" "-f" "d70e6b3c345e34a13342127030a640e31a03180b8c40cb884e7e15b17cb3e368", kill_on_drop: false }`
[INFO] [stdout] d70e6b3c345e34a13342127030a640e31a03180b8c40cb884e7e15b17cb3e368
[INFO] running `Command { std: "docker" "create" "-v" "/var/lib/crater-agent-workspace/builds/worker-2-tc2/target:/opt/rustwide/target:rw,Z" "-v" "/var/lib/crater-agent-workspace/builds/worker-2-tc2/source:/opt/rustwide/workdir:ro,Z" "-v" "/var/lib/crater-agent-workspace/cargo-home:/opt/rustwide/cargo-home:ro,Z" "-v" "/var/lib/crater-agent-workspace/rustup-home:/opt/rustwide/rustup-home:ro,Z" "-e" "SOURCE_DIR=/opt/rustwide/workdir" "-e" "CARGO_TARGET_DIR=/opt/rustwide/target" "-e" "CARGO_INCREMENTAL=0" "-e" "RUST_BACKTRACE=full" "-e" "RUSTFLAGS=--cap-lints=warn" "-e" "RUSTDOCFLAGS=--cap-lints=warn" "-e" "CARGO_HOME=/opt/rustwide/cargo-home" "-e" "RUSTUP_HOME=/opt/rustwide/rustup-home" "-w" "/opt/rustwide/workdir" "-m" "1610612736" "--user" "0:0" "--network" "none" "ghcr.io/rust-lang/crates-build-env/linux@sha256:2788e3201cd34a07e3172128adcd8b3090168a8e3bcc40d7c032b9dda1df7d1c" "/opt/rustwide/cargo-home/bin/cargo" "+beta-2023-12-22" "test" "--frozen" "--no-run" "--message-format=json", kill_on_drop: false }`
[INFO] [stdout] 9f5c97d8d10403fbd543c47dbfc59bb8fbffc145dfa6a209248f5180df7ca663
[INFO] running `Command { std: "docker" "start" "-a" "9f5c97d8d10403fbd543c47dbfc59bb8fbffc145dfa6a209248f5180df7ca663", kill_on_drop: false }`
[INFO] [stderr]    Compiling libc v0.2.151
[INFO] [stderr]    Compiling memchr v2.7.1
[INFO] [stderr]    Compiling log v0.4.20
[INFO] [stderr]    Compiling termcolor v1.4.0
[INFO] [stderr]    Compiling humantime v1.3.0
[INFO] [stderr]    Compiling aho-corasick v1.1.2
[INFO] [stderr]    Compiling atty v0.2.14
[INFO] [stderr]    Compiling regex-automata v0.4.3
[INFO] [stderr]    Compiling regex v1.10.2
[INFO] [stderr]    Compiling env_logger v0.7.1
[INFO] [stderr]    Compiling process_list v0.2.1 (/opt/rustwide/workdir)
[INFO] [stdout] error[E0432]: unresolved import `process_list::for_each_module`
[INFO] [stdout]  --> tests/print_current_modules.rs:1:5
[INFO] [stdout]   |
[INFO] [stdout] 1 | use process_list::for_each_module;
[INFO] [stdout]   |     ^^^^^^^^^^^^^^^^^^^^^^^^^^^^^ no `for_each_module` in the root
[INFO] [stdout] 
[INFO] [stdout] 
[INFO] [stdout] error[E0432]: unresolved import `process_list::for_each_process`
[INFO] [stdout]  --> tests/print_all_processes.rs:1:5
[INFO] [stdout]   |
[INFO] [stdout] 1 | use process_list::for_each_process;
[INFO] [stdout]   |     ^^^^^^^^^^^^^^^^^^^^^^^^^^^^^^ no `for_each_process` in the root
[INFO] [stdout] 
[INFO] [stdout] 
[INFO] [stdout] error: aborting due to 1 previous error
[INFO] [stdout] 
[INFO] [stdout] 
[INFO] [stdout] For more information about this error, try `rustc --explain E0432`.
[INFO] [stdout] 
[INFO] [stderr] error: could not compile `process_list` (test "print_current_modules") due to 2 previous errors
[INFO] [stdout] error: aborting due to 1 previous error
[INFO] [stdout] 
[INFO] [stdout] 
[INFO] [stderr] warning: build failed, waiting for other jobs to finish...
[INFO] [stdout] For more information about this error, try `rustc --explain E0432`.
[INFO] [stdout] 
[INFO] [stderr] error: could not compile `process_list` (test "print_all_processes") due to 2 previous errors
[INFO] running `Command { std: "docker" "inspect" "9f5c97d8d10403fbd543c47dbfc59bb8fbffc145dfa6a209248f5180df7ca663", kill_on_drop: false }`
[INFO] running `Command { std: "docker" "rm" "-f" "9f5c97d8d10403fbd543c47dbfc59bb8fbffc145dfa6a209248f5180df7ca663", kill_on_drop: false }`
[INFO] [stdout] 9f5c97d8d10403fbd543c47dbfc59bb8fbffc145dfa6a209248f5180df7ca663
