[INFO] fetching crate proc-macro-error 1.0.4...
[INFO] testing proc-macro-error-1.0.4 against 1.75.0 for beta-1.76-1
[INFO] extracting crate proc-macro-error 1.0.4 into /workspace/builds/worker-5-tc1/source
[INFO] validating manifest of crates.io crate proc-macro-error 1.0.4 on toolchain 1.75.0
[INFO] running `Command { std: CARGO_HOME="/workspace/cargo-home" RUSTUP_HOME="/workspace/rustup-home" "/workspace/cargo-home/bin/cargo" "+1.75.0" "metadata" "--manifest-path" "Cargo.toml" "--no-deps", kill_on_drop: false }`
[INFO] started tweaking crates.io crate proc-macro-error 1.0.4
[INFO] finished tweaking crates.io crate proc-macro-error 1.0.4
[INFO] tweaked toml for crates.io crate proc-macro-error 1.0.4 written to /workspace/builds/worker-5-tc1/source/Cargo.toml
[INFO] running `Command { std: CARGO_HOME="/workspace/cargo-home" RUSTUP_HOME="/workspace/rustup-home" "/workspace/cargo-home/bin/cargo" "+1.75.0" "generate-lockfile" "--manifest-path" "Cargo.toml", kill_on_drop: false }`
[INFO] [stderr]     Updating crates.io index
[INFO] running `Command { std: CARGO_HOME="/workspace/cargo-home" RUSTUP_HOME="/workspace/rustup-home" "/workspace/cargo-home/bin/cargo" "+1.75.0" "fetch" "--manifest-path" "Cargo.toml", kill_on_drop: false }`
[INFO] [stderr]  Downloading crates ...
[INFO] [stderr]   Downloaded trybuild v1.0.64
[INFO] [stderr]   Downloaded toml v0.5.2
[INFO] [stderr]   Downloaded serde_derive v1.0.107
[INFO] running `Command { std: "docker" "create" "-v" "/var/lib/crater-agent-workspace/builds/worker-5-tc1/target:/opt/rustwide/target:rw,Z" "-v" "/var/lib/crater-agent-workspace/builds/worker-5-tc1/source:/opt/rustwide/workdir:ro,Z" "-v" "/var/lib/crater-agent-workspace/cargo-home:/opt/rustwide/cargo-home:ro,Z" "-v" "/var/lib/crater-agent-workspace/rustup-home:/opt/rustwide/rustup-home:ro,Z" "-e" "SOURCE_DIR=/opt/rustwide/workdir" "-e" "CARGO_TARGET_DIR=/opt/rustwide/target" "-e" "CARGO_HOME=/opt/rustwide/cargo-home" "-e" "RUSTUP_HOME=/opt/rustwide/rustup-home" "-w" "/opt/rustwide/workdir" "-m" "1610612736" "--user" "0:0" "--network" "none" "ghcr.io/rust-lang/crates-build-env/linux@sha256:2788e3201cd34a07e3172128adcd8b3090168a8e3bcc40d7c032b9dda1df7d1c" "/opt/rustwide/cargo-home/bin/cargo" "+1.75.0" "metadata" "--no-deps" "--format-version=1", kill_on_drop: false }`
[INFO] [stdout] 584a60221526f6d675262d0ea71dd701afd234990abb961a56e0ebc5e10c808f
[INFO] running `Command { std: "docker" "start" "-a" "584a60221526f6d675262d0ea71dd701afd234990abb961a56e0ebc5e10c808f", kill_on_drop: false }`
[INFO] running `Command { std: "docker" "inspect" "584a60221526f6d675262d0ea71dd701afd234990abb961a56e0ebc5e10c808f", kill_on_drop: false }`
[INFO] running `Command { std: "docker" "rm" "-f" "584a60221526f6d675262d0ea71dd701afd234990abb961a56e0ebc5e10c808f", kill_on_drop: false }`
[INFO] [stdout] 584a60221526f6d675262d0ea71dd701afd234990abb961a56e0ebc5e10c808f
[INFO] running `Command { std: "docker" "create" "-v" "/var/lib/crater-agent-workspace/builds/worker-5-tc1/target:/opt/rustwide/target:rw,Z" "-v" "/var/lib/crater-agent-workspace/builds/worker-5-tc1/source:/opt/rustwide/workdir:ro,Z" "-v" "/var/lib/crater-agent-workspace/cargo-home:/opt/rustwide/cargo-home:ro,Z" "-v" "/var/lib/crater-agent-workspace/rustup-home:/opt/rustwide/rustup-home:ro,Z" "-e" "SOURCE_DIR=/opt/rustwide/workdir" "-e" "CARGO_TARGET_DIR=/opt/rustwide/target" "-e" "CARGO_INCREMENTAL=0" "-e" "RUST_BACKTRACE=full" "-e" "RUSTFLAGS=--cap-lints=warn" "-e" "RUSTDOCFLAGS=--cap-lints=warn" "-e" "CARGO_HOME=/opt/rustwide/cargo-home" "-e" "RUSTUP_HOME=/opt/rustwide/rustup-home" "-w" "/opt/rustwide/workdir" "-m" "1610612736" "--user" "0:0" "--network" "none" "ghcr.io/rust-lang/crates-build-env/linux@sha256:2788e3201cd34a07e3172128adcd8b3090168a8e3bcc40d7c032b9dda1df7d1c" "/opt/rustwide/cargo-home/bin/cargo" "+1.75.0" "build" "--frozen" "--message-format=json", kill_on_drop: false }`
[INFO] [stdout] aec83d2d39bccf4f443c164ff3258ba71eb42baddf6d20678f39535d76f6fc56
[INFO] running `Command { std: "docker" "start" "-a" "aec83d2d39bccf4f443c164ff3258ba71eb42baddf6d20678f39535d76f6fc56", kill_on_drop: false }`
[INFO] [stderr]    Compiling unicode-ident v1.0.12
[INFO] [stderr]    Compiling proc-macro2 v1.0.75
[INFO] [stderr]    Compiling syn v1.0.109
[INFO] [stderr]    Compiling proc-macro-error v1.0.4 (/opt/rustwide/workdir)
[INFO] [stderr]    Compiling quote v1.0.35
[INFO] [stderr]    Compiling proc-macro-error-attr v1.0.4
[INFO] [stdout] warning: panic message is not a string literal
[INFO] [stdout]    --> src/lib.rs:472:12
[INFO] [stdout]     |
[INFO] [stdout] 472 |     panic!(AbortNow)
[INFO] [stdout]     |     ------ ^^^^^^^^
[INFO] [stdout]     |     |
[INFO] [stdout]     |     help: use std::panic::panic_any instead: `std::panic::panic_any`
[INFO] [stdout]     |
[INFO] [stdout]     = note: this usage of `panic!()` is deprecated; it will be a hard error in Rust 2021
[INFO] [stdout]     = note: for more information, see <https://doc.rust-lang.org/nightly/edition-guide/rust-2021/panic-macro-consistency.html>
[INFO] [stdout]     = note: `#[warn(non_fmt_panics)]` on by default
[INFO] [stdout] 
[INFO] [stdout] 
[INFO] [stdout] warning: 1 warning emitted
[INFO] [stdout] 
[INFO] [stdout] 
[INFO] [stderr]     Finished dev [unoptimized + debuginfo] target(s) in 3.66s
[INFO] running `Command { std: "docker" "inspect" "aec83d2d39bccf4f443c164ff3258ba71eb42baddf6d20678f39535d76f6fc56", kill_on_drop: false }`
[INFO] running `Command { std: "docker" "rm" "-f" "aec83d2d39bccf4f443c164ff3258ba71eb42baddf6d20678f39535d76f6fc56", kill_on_drop: false }`
[INFO] [stdout] aec83d2d39bccf4f443c164ff3258ba71eb42baddf6d20678f39535d76f6fc56
[INFO] running `Command { std: "docker" "create" "-v" "/var/lib/crater-agent-workspace/builds/worker-5-tc1/target:/opt/rustwide/target:rw,Z" "-v" "/var/lib/crater-agent-workspace/builds/worker-5-tc1/source:/opt/rustwide/workdir:ro,Z" "-v" "/var/lib/crater-agent-workspace/cargo-home:/opt/rustwide/cargo-home:ro,Z" "-v" "/var/lib/crater-agent-workspace/rustup-home:/opt/rustwide/rustup-home:ro,Z" "-e" "SOURCE_DIR=/opt/rustwide/workdir" "-e" "CARGO_TARGET_DIR=/opt/rustwide/target" "-e" "CARGO_INCREMENTAL=0" "-e" "RUST_BACKTRACE=full" "-e" "RUSTFLAGS=--cap-lints=warn" "-e" "RUSTDOCFLAGS=--cap-lints=warn" "-e" "CARGO_HOME=/opt/rustwide/cargo-home" "-e" "RUSTUP_HOME=/opt/rustwide/rustup-home" "-w" "/opt/rustwide/workdir" "-m" "1610612736" "--user" "0:0" "--network" "none" "ghcr.io/rust-lang/crates-build-env/linux@sha256:2788e3201cd34a07e3172128adcd8b3090168a8e3bcc40d7c032b9dda1df7d1c" "/opt/rustwide/cargo-home/bin/cargo" "+1.75.0" "test" "--frozen" "--no-run" "--message-format=json", kill_on_drop: false }`
[INFO] [stdout] c83516506c7737400b338e7b79c173e8e9f8873415679148cb75262d7de956ff
[INFO] running `Command { std: "docker" "start" "-a" "c83516506c7737400b338e7b79c173e8e9f8873415679148cb75262d7de956ff", kill_on_drop: false }`
[INFO] [stderr]    Compiling serde v1.0.185
[INFO] [stderr]    Compiling serde_json v1.0.109
[INFO] [stderr]    Compiling trybuild v1.0.64
[INFO] [stderr]    Compiling dissimilar v1.0.7
[INFO] [stderr]    Compiling glob v0.3.1
[INFO] [stderr]    Compiling termcolor v1.4.0
[INFO] [stderr]    Compiling serde_derive v1.0.107
[INFO] [stdout] warning: panic message is not a string literal
[INFO] [stdout]    --> src/lib.rs:472:12
[INFO] [stdout]     |
[INFO] [stdout] 472 |     panic!(AbortNow)
[INFO] [stdout]     |     ------ ^^^^^^^^
[INFO] [stdout]     |     |
[INFO] [stdout]     |     help: use std::panic::panic_any instead: `std::panic::panic_any`
[INFO] [stdout]     |
[INFO] [stdout]     = note: this usage of `panic!()` is deprecated; it will be a hard error in Rust 2021
[INFO] [stdout]     = note: for more information, see <https://doc.rust-lang.org/nightly/edition-guide/rust-2021/panic-macro-consistency.html>
[INFO] [stdout]     = note: `#[warn(non_fmt_panics)]` on by default
[INFO] [stdout] 
[INFO] [stdout] 
[INFO] [stdout] warning: 1 warning emitted
[INFO] [stdout] 
[INFO] [stdout] 
[INFO] [stderr]    Compiling toml v0.5.2
[INFO] [stdout] error[E0433]: failed to resolve: could not find `export` in `_serde`
[INFO] [stdout]   --> /opt/rustwide/cargo-home/registry/src/index.crates.io-6f17d22bba15001f/trybuild-1.0.64/src/cargo.rs:11:10
[INFO] [stdout]    |
[INFO] [stdout] 11 | #[derive(Deserialize)]
[INFO] [stdout]    |          ^^^^^^^^^^^ could not find `export` in `_serde`
[INFO] [stdout]    |
[INFO] [stdout]    = note: this error originates in the derive macro `Deserialize` (in Nightly builds, run with -Z macro-backtrace for more info)
[INFO] [stdout] 
[INFO] [stdout] 
[INFO] [stdout] error[E0433]: failed to resolve: could not find `export` in `_serde`
[INFO] [stdout]   --> /opt/rustwide/cargo-home/registry/src/index.crates.io-6f17d22bba15001f/trybuild-1.0.64/src/cargo.rs:11:10
[INFO] [stdout]    |
[INFO] [stdout] 11 | #[derive(Deserialize)]
[INFO] [stdout]    |          ^^^^^^^^^^^ could not find `export` in `_serde`
[INFO] [stdout]    |
[INFO] [stdout]    = note: this error originates in the macro `try` (in Nightly builds, run with -Z macro-backtrace for more info)
[INFO] [stdout] 
[INFO] [stdout] 
[INFO] [stdout] error[E0433]: failed to resolve: could not find `export` in `_serde`
[INFO] [stdout]   --> /opt/rustwide/cargo-home/registry/src/index.crates.io-6f17d22bba15001f/trybuild-1.0.64/src/cargo.rs:11:10
[INFO] [stdout]    |
[INFO] [stdout] 11 | #[derive(Deserialize)]
[INFO] [stdout]    |          ^^^^^^^^^^^ could not find `export` in `_serde`
[INFO] [stdout]    |
[INFO] [stdout]    = note: this error originates in the macro `try` (in Nightly builds, run with -Z macro-backtrace for more info)
[INFO] [stdout] 
[INFO] [stdout] 
[INFO] [stdout] error[E0433]: failed to resolve: could not find `export` in `_serde`
[INFO] [stdout]   --> /opt/rustwide/cargo-home/registry/src/index.crates.io-6f17d22bba15001f/trybuild-1.0.64/src/cargo.rs:11:10
[INFO] [stdout]    |
[INFO] [stdout] 11 | #[derive(Deserialize)]
[INFO] [stdout]    |          ^^^^^^^^^^^ could not find `export` in `_serde`
[INFO] [stdout]    |
[INFO] [stdout]    = note: this error originates in the macro `try` (in Nightly builds, run with -Z macro-backtrace for more info)
[INFO] [stdout] 
[INFO] [stdout] 
[INFO] [stdout] error[E0433]: failed to resolve: could not find `export` in `_serde`
[INFO] [stdout]   --> /opt/rustwide/cargo-home/registry/src/index.crates.io-6f17d22bba15001f/trybuild-1.0.64/src/cargo.rs:11:10
[INFO] [stdout]    |
[INFO] [stdout] 11 | #[derive(Deserialize)]
[INFO] [stdout]    |          ^^^^^^^^^^^ could not find `export` in `_serde`
[INFO] [stdout]    |
[INFO] [stdout]    = note: this error originates in the macro `try` (in Nightly builds, run with -Z macro-backtrace for more info)
[INFO] [stdout] 
[INFO] [stdout] 
[INFO] [stdout] error[E0433]: failed to resolve: could not find `export` in `_serde`
[INFO] [stdout]   --> /opt/rustwide/cargo-home/registry/src/index.crates.io-6f17d22bba15001f/trybuild-1.0.64/src/cargo.rs:11:10
[INFO] [stdout]    |
[INFO] [stdout] 11 | #[derive(Deserialize)]
[INFO] [stdout]    |          ^^^^^^^^^^^ could not find `export` in `_serde`
[INFO] [stdout]    |
[INFO] [stdout]    = note: this error originates in the macro `try` (in Nightly builds, run with -Z macro-backtrace for more info)
[INFO] [stdout] 
[INFO] [stdout] 
[INFO] [stdout] error[E0433]: failed to resolve: could not find `export` in `_serde`
[INFO] [stdout]   --> /opt/rustwide/cargo-home/registry/src/index.crates.io-6f17d22bba15001f/trybuild-1.0.64/src/cargo.rs:11:10
[INFO] [stdout]    |
[INFO] [stdout] 11 | #[derive(Deserialize)]
[INFO] [stdout]    |          ^^^^^^^^^^^ could not find `export` in `_serde`
[INFO] [stdout]    |
[INFO] [stdout]    = note: this error originates in the macro `try` (in Nightly builds, run with -Z macro-backtrace for more info)
[INFO] [stdout] 
[INFO] [stdout] 
[INFO] [stdout] error[E0433]: failed to resolve: could not find `export` in `_serde`
[INFO] [stdout]   --> /opt/rustwide/cargo-home/registry/src/index.crates.io-6f17d22bba15001f/trybuild-1.0.64/src/cargo.rs:11:10
[INFO] [stdout]    |
[INFO] [stdout] 11 | #[derive(Deserialize)]
[INFO] [stdout]    |          ^^^^^^^^^^^ could not find `export` in `_serde`
[INFO] [stdout]    |
[INFO] [stdout]    = note: this error originates in the macro `try` (in Nightly builds, run with -Z macro-backtrace for more info)
[INFO] [stdout] 
[INFO] [stdout] 
[INFO] [stdout] error[E0433]: failed to resolve: could not find `export` in `_serde`
[INFO] [stdout]   --> /opt/rustwide/cargo-home/registry/src/index.crates.io-6f17d22bba15001f/trybuild-1.0.64/src/cargo.rs:11:10
[INFO] [stdout]    |
[INFO] [stdout] 11 | #[derive(Deserialize)]
[INFO] [stdout]    |          ^^^^^^^^^^^ could not find `export` in `_serde`
[INFO] [stdout]    |
[INFO] [stdout]    = note: this error originates in the macro `try` (in Nightly builds, run with -Z macro-backtrace for more info)
[INFO] [stdout] 
[INFO] [stdout] 
[INFO] [stdout] error[E0433]: failed to resolve: could not find `export` in `_serde`
[INFO] [stdout]   --> /opt/rustwide/cargo-home/registry/src/index.crates.io-6f17d22bba15001f/trybuild-1.0.64/src/cargo.rs:11:10
[INFO] [stdout]    |
[INFO] [stdout] 11 | #[derive(Deserialize)]
[INFO] [stdout]    |          ^^^^^^^^^^^ could not find `export` in `_serde`
[INFO] [stdout]    |
[INFO] [stdout]    = note: this error originates in the macro `try` (in Nightly builds, run with -Z macro-backtrace for more info)
[INFO] [stdout] 
[INFO] [stdout] 
[INFO] [stdout] error[E0433]: failed to resolve: could not find `export` in `_serde`
[INFO] [stdout]   --> /opt/rustwide/cargo-home/registry/src/index.crates.io-6f17d22bba15001f/trybuild-1.0.64/src/cargo.rs:11:10
[INFO] [stdout]    |
[INFO] [stdout] 11 | #[derive(Deserialize)]
[INFO] [stdout]    |          ^^^^^^^^^^^ could not find `export` in `_serde`
[INFO] [stdout]    |
[INFO] [stdout]    = note: this error originates in the macro `try` (in Nightly builds, run with -Z macro-backtrace for more info)
[INFO] [stdout] 
[INFO] [stdout] 
[INFO] [stdout] error[E0433]: failed to resolve: could not find `export` in `_serde`
[INFO] [stdout]   --> /opt/rustwide/cargo-home/registry/src/index.crates.io-6f17d22bba15001f/trybuild-1.0.64/src/cargo.rs:11:10
[INFO] [stdout]    |
[INFO] [stdout] 11 | #[derive(Deserialize)]
[INFO] [stdout]    |          ^^^^^^^^^^^ could not find `export` in `_serde`
[INFO] [stdout]    |
[INFO] [stdout]    = note: this error originates in the macro `try` (in Nightly builds, run with -Z macro-backtrace for more info)
[INFO] [stdout] 
[INFO] [stdout] 
[INFO] [stdout] error[E0433]: failed to resolve: could not find `export` in `_serde`
[INFO] [stdout]   --> /opt/rustwide/cargo-home/registry/src/index.crates.io-6f17d22bba15001f/trybuild-1.0.64/src/cargo.rs:18:10
[INFO] [stdout]    |
[INFO] [stdout] 18 | #[derive(Deserialize)]
[INFO] [stdout]    |          ^^^^^^^^^^^ could not find `export` in `_serde`
[INFO] [stdout]    |
[INFO] [stdout]    = note: this error originates in the derive macro `Deserialize` (in Nightly builds, run with -Z macro-backtrace for more info)
[INFO] [stdout] 
[INFO] [stdout] 
[INFO] [stdout] error[E0433]: failed to resolve: could not find `export` in `_serde`
[INFO] [stdout]   --> /opt/rustwide/cargo-home/registry/src/index.crates.io-6f17d22bba15001f/trybuild-1.0.64/src/cargo.rs:18:10
[INFO] [stdout]    |
[INFO] [stdout] 18 | #[derive(Deserialize)]
[INFO] [stdout]    |          ^^^^^^^^^^^ could not find `export` in `_serde`
[INFO] [stdout]    |
[INFO] [stdout]    = note: this error originates in the macro `try` (in Nightly builds, run with -Z macro-backtrace for more info)
[INFO] [stdout] 
[INFO] [stdout] 
[INFO] [stdout] error[E0433]: failed to resolve: could not find `export` in `_serde`
[INFO] [stdout]   --> /opt/rustwide/cargo-home/registry/src/index.crates.io-6f17d22bba15001f/trybuild-1.0.64/src/cargo.rs:18:10
[INFO] [stdout]    |
[INFO] [stdout] 18 | #[derive(Deserialize)]
[INFO] [stdout]    |          ^^^^^^^^^^^ could not find `export` in `_serde`
[INFO] [stdout]    |
[INFO] [stdout]    = note: this error originates in the macro `try` (in Nightly builds, run with -Z macro-backtrace for more info)
[INFO] [stdout] 
[INFO] [stdout] 
[INFO] [stdout] error[E0433]: failed to resolve: could not find `export` in `_serde`
[INFO] [stdout]   --> /opt/rustwide/cargo-home/registry/src/index.crates.io-6f17d22bba15001f/trybuild-1.0.64/src/cargo.rs:18:10
[INFO] [stdout]    |
[INFO] [stdout] 18 | #[derive(Deserialize)]
[INFO] [stdout]    |          ^^^^^^^^^^^ could not find `export` in `_serde`
[INFO] [stdout]    |
[INFO] [stdout]    = note: this error originates in the macro `try` (in Nightly builds, run with -Z macro-backtrace for more info)
[INFO] [stdout] 
[INFO] [stdout] 
[INFO] [stdout] error[E0433]: failed to resolve: could not find `export` in `_serde`
[INFO] [stdout]   --> /opt/rustwide/cargo-home/registry/src/index.crates.io-6f17d22bba15001f/trybuild-1.0.64/src/cargo.rs:18:10
[INFO] [stdout]    |
[INFO] [stdout] 18 | #[derive(Deserialize)]
[INFO] [stdout]    |          ^^^^^^^^^^^ could not find `export` in `_serde`
[INFO] [stdout]    |
[INFO] [stdout]    = note: this error originates in the macro `try` (in Nightly builds, run with -Z macro-backtrace for more info)
[INFO] [stdout] 
[INFO] [stdout] 
[INFO] [stdout] error[E0433]: failed to resolve: could not find `export` in `_serde`
[INFO] [stdout]   --> /opt/rustwide/cargo-home/registry/src/index.crates.io-6f17d22bba15001f/trybuild-1.0.64/src/cargo.rs:18:10
[INFO] [stdout]    |
[INFO] [stdout] 18 | #[derive(Deserialize)]
[INFO] [stdout]    |          ^^^^^^^^^^^ could not find `export` in `_serde`
[INFO] [stdout]    |
[INFO] [stdout]    = note: this error originates in the macro `try` (in Nightly builds, run with -Z macro-backtrace for more info)
[INFO] [stdout] 
[INFO] [stdout] 
[INFO] [stdout] error[E0433]: failed to resolve: could not find `export` in `_serde`
[INFO] [stdout]   --> /opt/rustwide/cargo-home/registry/src/index.crates.io-6f17d22bba15001f/trybuild-1.0.64/src/dependencies.rs:72:10
[INFO] [stdout]    |
[INFO] [stdout] 72 | #[derive(Deserialize, Default, Debug)]
[INFO] [stdout]    |          ^^^^^^^^^^^ could not find `export` in `_serde`
[INFO] [stdout]    |
[INFO] [stdout]    = note: this error originates in the derive macro `Deserialize` (in Nightly builds, run with -Z macro-backtrace for more info)
[INFO] [stdout] 
[INFO] [stdout] 
[INFO] [stdout] error[E0433]: failed to resolve: could not find `export` in `_serde`
[INFO] [stdout]   --> /opt/rustwide/cargo-home/registry/src/index.crates.io-6f17d22bba15001f/trybuild-1.0.64/src/dependencies.rs:72:10
[INFO] [stdout]    |
[INFO] [stdout] 72 | #[derive(Deserialize, Default, Debug)]
[INFO] [stdout]    |          ^^^^^^^^^^^ could not find `export` in `_serde`
[INFO] [stdout]    |
[INFO] [stdout]    = note: this error originates in the macro `try` (in Nightly builds, run with -Z macro-backtrace for more info)
[INFO] [stdout] 
[INFO] [stdout] 
[INFO] [stdout] error[E0433]: failed to resolve: could not find `export` in `_serde`
[INFO] [stdout]   --> /opt/rustwide/cargo-home/registry/src/index.crates.io-6f17d22bba15001f/trybuild-1.0.64/src/dependencies.rs:72:10
[INFO] [stdout]    |
[INFO] [stdout] 72 | #[derive(Deserialize, Default, Debug)]
[INFO] [stdout]    |          ^^^^^^^^^^^ could not find `export` in `_serde`
[INFO] [stdout]    |
[INFO] [stdout]    = note: this error originates in the macro `try` (in Nightly builds, run with -Z macro-backtrace for more info)
[INFO] [stdout] 
[INFO] [stdout] 
[INFO] [stdout] error[E0433]: failed to resolve: could not find `export` in `_serde`
[INFO] [stdout]   --> /opt/rustwide/cargo-home/registry/src/index.crates.io-6f17d22bba15001f/trybuild-1.0.64/src/dependencies.rs:72:10
[INFO] [stdout]    |
[INFO] [stdout] 72 | #[derive(Deserialize, Default, Debug)]
[INFO] [stdout]    |          ^^^^^^^^^^^ could not find `export` in `_serde`
[INFO] [stdout]    |
[INFO] [stdout]    = note: this error originates in the macro `try` (in Nightly builds, run with -Z macro-backtrace for more info)
[INFO] [stdout] 
[INFO] [stdout] 
[INFO] [stdout] error[E0433]: failed to resolve: could not find `export` in `_serde`
[INFO] [stdout]   --> /opt/rustwide/cargo-home/registry/src/index.crates.io-6f17d22bba15001f/trybuild-1.0.64/src/dependencies.rs:72:10
[INFO] [stdout]    |
[INFO] [stdout] 72 | #[derive(Deserialize, Default, Debug)]
[INFO] [stdout]    |          ^^^^^^^^^^^ could not find `export` in `_serde`
[INFO] [stdout]    |
[INFO] [stdout]    = note: this error originates in the macro `try` (in Nightly builds, run with -Z macro-backtrace for more info)
[INFO] [stdout] 
[INFO] [stdout] 
[INFO] [stdout] error[E0433]: failed to resolve: could not find `export` in `_serde`
[INFO] [stdout]   --> /opt/rustwide/cargo-home/registry/src/index.crates.io-6f17d22bba15001f/trybuild-1.0.64/src/dependencies.rs:72:10
[INFO] [stdout]    |
[INFO] [stdout] 72 | #[derive(Deserialize, Default, Debug)]
[INFO] [stdout]    |          ^^^^^^^^^^^ could not find `export` in `_serde`
[INFO] [stdout]    |
[INFO] [stdout]    = note: this error originates in the macro `try` (in Nightly builds, run with -Z macro-backtrace for more info)
[INFO] [stdout] 
[INFO] [stdout] 
[INFO] [stdout] error[E0433]: failed to resolve: could not find `export` in `_serde`
[INFO] [stdout]   --> /opt/rustwide/cargo-home/registry/src/index.crates.io-6f17d22bba15001f/trybuild-1.0.64/src/dependencies.rs:72:10
[INFO] [stdout]    |
[INFO] [stdout] 72 | #[derive(Deserialize, Default, Debug)]
[INFO] [stdout]    |          ^^^^^^^^^^^ could not find `export` in `_serde`
[INFO] [stdout]    |
[INFO] [stdout]    = note: this error originates in the macro `try` (in Nightly builds, run with -Z macro-backtrace for more info)
[INFO] [stdout] 
[INFO] [stdout] 
[INFO] [stdout] error[E0433]: failed to resolve: could not find `export` in `_serde`
[INFO] [stdout]   --> /opt/rustwide/cargo-home/registry/src/index.crates.io-6f17d22bba15001f/trybuild-1.0.64/src/dependencies.rs:80:10
[INFO] [stdout]    |
[INFO] [stdout] 80 | #[derive(Deserialize, Default, Debug)]
[INFO] [stdout]    |          ^^^^^^^^^^^ could not find `export` in `_serde`
[INFO] [stdout]    |
[INFO] [stdout]    = note: this error originates in the derive macro `Deserialize` (in Nightly builds, run with -Z macro-backtrace for more info)
[INFO] [stdout] 
[INFO] [stdout] 
[INFO] [stdout] error[E0433]: failed to resolve: could not find `export` in `_serde`
[INFO] [stdout]   --> /opt/rustwide/cargo-home/registry/src/index.crates.io-6f17d22bba15001f/trybuild-1.0.64/src/dependencies.rs:80:10
[INFO] [stdout]    |
[INFO] [stdout] 80 | #[derive(Deserialize, Default, Debug)]
[INFO] [stdout]    |          ^^^^^^^^^^^ could not find `export` in `_serde`
[INFO] [stdout]    |
[INFO] [stdout]    = note: this error originates in the macro `try` (in Nightly builds, run with -Z macro-backtrace for more info)
[INFO] [stdout] 
[INFO] [stdout] 
[INFO] [stdout] error[E0433]: failed to resolve: could not find `export` in `_serde`
[INFO] [stdout]   --> /opt/rustwide/cargo-home/registry/src/index.crates.io-6f17d22bba15001f/trybuild-1.0.64/src/dependencies.rs:80:10
[INFO] [stdout]    |
[INFO] [stdout] 80 | #[derive(Deserialize, Default, Debug)]
[INFO] [stdout]    |          ^^^^^^^^^^^ could not find `export` in `_serde`
[INFO] [stdout]    |
[INFO] [stdout]    = note: this error originates in the macro `try` (in Nightly builds, run with -Z macro-backtrace for more info)
[INFO] [stdout] 
[INFO] [stdout] 
[INFO] [stdout] error[E0433]: failed to resolve: could not find `export` in `_serde`
[INFO] [stdout]   --> /opt/rustwide/cargo-home/registry/src/index.crates.io-6f17d22bba15001f/trybuild-1.0.64/src/dependencies.rs:80:10
[INFO] [stdout]    |
[INFO] [stdout] 80 | #[derive(Deserialize, Default, Debug)]
[INFO] [stdout]    |          ^^^^^^^^^^^ could not find `export` in `_serde`
[INFO] [stdout]    |
[INFO] [stdout]    = note: this error originates in the macro `try` (in Nightly builds, run with -Z macro-backtrace for more info)
[INFO] [stdout] 
[INFO] [stdout] 
[INFO] [stdout] error[E0433]: failed to resolve: could not find `export` in `_serde`
[INFO] [stdout]   --> /opt/rustwide/cargo-home/registry/src/index.crates.io-6f17d22bba15001f/trybuild-1.0.64/src/dependencies.rs:80:10
[INFO] [stdout]    |
[INFO] [stdout] 80 | #[derive(Deserialize, Default, Debug)]
[INFO] [stdout]    |          ^^^^^^^^^^^ could not find `export` in `_serde`
[INFO] [stdout]    |
[INFO] [stdout]    = note: this error originates in the macro `try` (in Nightly builds, run with -Z macro-backtrace for more info)
[INFO] [stdout] 
[INFO] [stdout] 
[INFO] [stdout] error[E0433]: failed to resolve: could not find `export` in `_serde`
[INFO] [stdout]   --> /opt/rustwide/cargo-home/registry/src/index.crates.io-6f17d22bba15001f/trybuild-1.0.64/src/dependencies.rs:80:10
[INFO] [stdout]    |
[INFO] [stdout] 80 | #[derive(Deserialize, Default, Debug)]
[INFO] [stdout]    |          ^^^^^^^^^^^ could not find `export` in `_serde`
[INFO] [stdout]    |
[INFO] [stdout]    = note: this error originates in the macro `try` (in Nightly builds, run with -Z macro-backtrace for more info)
[INFO] [stdout] 
[INFO] [stdout] 
[INFO] [stdout] error[E0433]: failed to resolve: could not find `export` in `_serde`
[INFO] [stdout]   --> /opt/rustwide/cargo-home/registry/src/index.crates.io-6f17d22bba15001f/trybuild-1.0.64/src/dependencies.rs:80:10
[INFO] [stdout]    |
[INFO] [stdout] 80 | #[derive(Deserialize, Default, Debug)]
[INFO] [stdout]    |          ^^^^^^^^^^^ could not find `export` in `_serde`
[INFO] [stdout]    |
[INFO] [stdout]    = note: this error originates in the macro `try` (in Nightly builds, run with -Z macro-backtrace for more info)
[INFO] [stdout] 
[INFO] [stdout] 
[INFO] [stdout] error[E0433]: failed to resolve: could not find `export` in `_serde`
[INFO] [stdout]   --> /opt/rustwide/cargo-home/registry/src/index.crates.io-6f17d22bba15001f/trybuild-1.0.64/src/dependencies.rs:80:10
[INFO] [stdout]    |
[INFO] [stdout] 80 | #[derive(Deserialize, Default, Debug)]
[INFO] [stdout]    |          ^^^^^^^^^^^ could not find `export` in `_serde`
[INFO] [stdout]    |
[INFO] [stdout]    = note: this error originates in the macro `try` (in Nightly builds, run with -Z macro-backtrace for more info)
[INFO] [stdout] 
[INFO] [stdout] 
[INFO] [stdout] error[E0433]: failed to resolve: could not find `export` in `_serde`
[INFO] [stdout]   --> /opt/rustwide/cargo-home/registry/src/index.crates.io-6f17d22bba15001f/trybuild-1.0.64/src/dependencies.rs:80:10
[INFO] [stdout]    |
[INFO] [stdout] 80 | #[derive(Deserialize, Default, Debug)]
[INFO] [stdout]    |          ^^^^^^^^^^^ could not find `export` in `_serde`
[INFO] [stdout]    |
[INFO] [stdout]    = note: this error originates in the macro `try` (in Nightly builds, run with -Z macro-backtrace for more info)
[INFO] [stdout] 
[INFO] [stdout] 
[INFO] [stdout] error[E0433]: failed to resolve: could not find `export` in `_serde`
[INFO] [stdout]   --> /opt/rustwide/cargo-home/registry/src/index.crates.io-6f17d22bba15001f/trybuild-1.0.64/src/dependencies.rs:80:10
[INFO] [stdout]    |
[INFO] [stdout] 80 | #[derive(Deserialize, Default, Debug)]
[INFO] [stdout]    |          ^^^^^^^^^^^ could not find `export` in `_serde`
[INFO] [stdout]    |
[INFO] [stdout]    = note: this error originates in the macro `try` (in Nightly builds, run with -Z macro-backtrace for more info)
[INFO] [stdout] 
[INFO] [stdout] 
[INFO] [stdout] error[E0433]: failed to resolve: could not find `export` in `_serde`
[INFO] [stdout]   --> /opt/rustwide/cargo-home/registry/src/index.crates.io-6f17d22bba15001f/trybuild-1.0.64/src/dependencies.rs:80:10
[INFO] [stdout]    |
[INFO] [stdout] 80 | #[derive(Deserialize, Default, Debug)]
[INFO] [stdout]    |          ^^^^^^^^^^^ could not find `export` in `_serde`
[INFO] [stdout]    |
[INFO] [stdout]    = note: this error originates in the macro `try` (in Nightly builds, run with -Z macro-backtrace for more info)
[INFO] [stdout] 
[INFO] [stdout] 
[INFO] [stdout] error[E0433]: failed to resolve: could not find `export` in `_serde`
[INFO] [stdout]   --> /opt/rustwide/cargo-home/registry/src/index.crates.io-6f17d22bba15001f/trybuild-1.0.64/src/dependencies.rs:80:10
[INFO] [stdout]    |
[INFO] [stdout] 80 | #[derive(Deserialize, Default, Debug)]
[INFO] [stdout]    |          ^^^^^^^^^^^ could not find `export` in `_serde`
[INFO] [stdout]    |
[INFO] [stdout]    = note: this error originates in the macro `try` (in Nightly builds, run with -Z macro-backtrace for more info)
[INFO] [stdout] 
[INFO] [stdout] 
[INFO] [stdout] error[E0433]: failed to resolve: could not find `export` in `_serde`
[INFO] [stdout]   --> /opt/rustwide/cargo-home/registry/src/index.crates.io-6f17d22bba15001f/trybuild-1.0.64/src/dependencies.rs:80:10
[INFO] [stdout]    |
[INFO] [stdout] 80 | #[derive(Deserialize, Default, Debug)]
[INFO] [stdout]    |          ^^^^^^^^^^^ could not find `export` in `_serde`
[INFO] [stdout]    |
[INFO] [stdout]    = note: this error originates in the macro `try` (in Nightly builds, run with -Z macro-backtrace for more info)
[INFO] [stdout] 
[INFO] [stdout] 
[INFO] [stdout] error[E0433]: failed to resolve: could not find `export` in `_serde`
[INFO] [stdout]   --> /opt/rustwide/cargo-home/registry/src/index.crates.io-6f17d22bba15001f/trybuild-1.0.64/src/dependencies.rs:94:10
[INFO] [stdout]    |
[INFO] [stdout] 94 | #[derive(Deserialize, Default, Debug)]
[INFO] [stdout]    |          ^^^^^^^^^^^ could not find `export` in `_serde`
[INFO] [stdout]    |
[INFO] [stdout]    = note: this error originates in the derive macro `Deserialize` (in Nightly builds, run with -Z macro-backtrace for more info)
[INFO] [stdout] 
[INFO] [stdout] 
[INFO] [stdout] error[E0433]: failed to resolve: could not find `export` in `_serde`
[INFO] [stdout]   --> /opt/rustwide/cargo-home/registry/src/index.crates.io-6f17d22bba15001f/trybuild-1.0.64/src/dependencies.rs:94:10
[INFO] [stdout]    |
[INFO] [stdout] 94 | #[derive(Deserialize, Default, Debug)]
[INFO] [stdout]    |          ^^^^^^^^^^^ could not find `export` in `_serde`
[INFO] [stdout]    |
[INFO] [stdout]    = note: this error originates in the macro `try` (in Nightly builds, run with -Z macro-backtrace for more info)
[INFO] [stdout] 
[INFO] [stdout] 
[INFO] [stdout] error[E0433]: failed to resolve: could not find `export` in `_serde`
[INFO] [stdout]   --> /opt/rustwide/cargo-home/registry/src/index.crates.io-6f17d22bba15001f/trybuild-1.0.64/src/dependencies.rs:94:10
[INFO] [stdout]    |
[INFO] [stdout] 94 | #[derive(Deserialize, Default, Debug)]
[INFO] [stdout]    |          ^^^^^^^^^^^ could not find `export` in `_serde`
[INFO] [stdout]    |
[INFO] [stdout]    = note: this error originates in the macro `try` (in Nightly builds, run with -Z macro-backtrace for more info)
[INFO] [stdout] 
[INFO] [stdout] 
[INFO] [stdout] error[E0433]: failed to resolve: could not find `export` in `_serde`
[INFO] [stdout]   --> /opt/rustwide/cargo-home/registry/src/index.crates.io-6f17d22bba15001f/trybuild-1.0.64/src/dependencies.rs:94:10
[INFO] [stdout]    |
[INFO] [stdout] 94 | #[derive(Deserialize, Default, Debug)]
[INFO] [stdout]    |          ^^^^^^^^^^^ could not find `export` in `_serde`
[INFO] [stdout]    |
[INFO] [stdout]    = note: this error originates in the macro `try` (in Nightly builds, run with -Z macro-backtrace for more info)
[INFO] [stdout] 
[INFO] [stdout] 
[INFO] [stdout] error[E0433]: failed to resolve: could not find `export` in `_serde`
[INFO] [stdout]   --> /opt/rustwide/cargo-home/registry/src/index.crates.io-6f17d22bba15001f/trybuild-1.0.64/src/dependencies.rs:94:10
[INFO] [stdout]    |
[INFO] [stdout] 94 | #[derive(Deserialize, Default, Debug)]
[INFO] [stdout]    |          ^^^^^^^^^^^ could not find `export` in `_serde`
[INFO] [stdout]    |
[INFO] [stdout]    = note: this error originates in the macro `try` (in Nightly builds, run with -Z macro-backtrace for more info)
[INFO] [stdout] 
[INFO] [stdout] 
[INFO] [stdout] error[E0433]: failed to resolve: could not find `export` in `_serde`
[INFO] [stdout]   --> /opt/rustwide/cargo-home/registry/src/index.crates.io-6f17d22bba15001f/trybuild-1.0.64/src/dependencies.rs:94:10
[INFO] [stdout]    |
[INFO] [stdout] 94 | #[derive(Deserialize, Default, Debug)]
[INFO] [stdout]    |          ^^^^^^^^^^^ could not find `export` in `_serde`
[INFO] [stdout]    |
[INFO] [stdout]    = note: this error originates in the macro `try` (in Nightly builds, run with -Z macro-backtrace for more info)
[INFO] [stdout] 
[INFO] [stdout] 
[INFO] [stdout] error[E0433]: failed to resolve: could not find `export` in `_serde`
[INFO] [stdout]   --> /opt/rustwide/cargo-home/registry/src/index.crates.io-6f17d22bba15001f/trybuild-1.0.64/src/dependencies.rs:94:10
[INFO] [stdout]    |
[INFO] [stdout] 94 | #[derive(Deserialize, Default, Debug)]
[INFO] [stdout]    |          ^^^^^^^^^^^ could not find `export` in `_serde`
[INFO] [stdout]    |
[INFO] [stdout]    = note: this error originates in the macro `try` (in Nightly builds, run with -Z macro-backtrace for more info)
[INFO] [stdout] 
[INFO] [stdout] 
[INFO] [stdout] error[E0433]: failed to resolve: could not find `export` in `_serde`
[INFO] [stdout]   --> /opt/rustwide/cargo-home/registry/src/index.crates.io-6f17d22bba15001f/trybuild-1.0.64/src/dependencies.rs:94:10
[INFO] [stdout]    |
[INFO] [stdout] 94 | #[derive(Deserialize, Default, Debug)]
[INFO] [stdout]    |          ^^^^^^^^^^^ could not find `export` in `_serde`
[INFO] [stdout]    |
[INFO] [stdout]    = note: this error originates in the macro `try` (in Nightly builds, run with -Z macro-backtrace for more info)
[INFO] [stdout] 
[INFO] [stdout] 
[INFO] [stdout] error[E0433]: failed to resolve: could not find `export` in `_serde`
[INFO] [stdout]   --> /opt/rustwide/cargo-home/registry/src/index.crates.io-6f17d22bba15001f/trybuild-1.0.64/src/dependencies.rs:94:10
[INFO] [stdout]    |
[INFO] [stdout] 94 | #[derive(Deserialize, Default, Debug)]
[INFO] [stdout]    |          ^^^^^^^^^^^ could not find `export` in `_serde`
[INFO] [stdout]    |
[INFO] [stdout]    = note: this error originates in the macro `try` (in Nightly builds, run with -Z macro-backtrace for more info)
[INFO] [stdout] 
[INFO] [stdout] 
[INFO] [stdout] error[E0433]: failed to resolve: could not find `export` in `_serde`
[INFO] [stdout]   --> /opt/rustwide/cargo-home/registry/src/index.crates.io-6f17d22bba15001f/trybuild-1.0.64/src/dependencies.rs:94:10
[INFO] [stdout]    |
[INFO] [stdout] 94 | #[derive(Deserialize, Default, Debug)]
[INFO] [stdout]    |          ^^^^^^^^^^^ could not find `export` in `_serde`
[INFO] [stdout]    |
[INFO] [stdout]    = note: this error originates in the macro `try` (in Nightly builds, run with -Z macro-backtrace for more info)
[INFO] [stdout] 
[INFO] [stdout] 
[INFO] [stdout] error[E0433]: failed to resolve: could not find `export` in `_serde`
[INFO] [stdout]   --> /opt/rustwide/cargo-home/registry/src/index.crates.io-6f17d22bba15001f/trybuild-1.0.64/src/dependencies.rs:94:10
[INFO] [stdout]    |
[INFO] [stdout] 94 | #[derive(Deserialize, Default, Debug)]
[INFO] [stdout]    |          ^^^^^^^^^^^ could not find `export` in `_serde`
[INFO] [stdout]    |
[INFO] [stdout]    = note: this error originates in the macro `try` (in Nightly builds, run with -Z macro-backtrace for more info)
[INFO] [stdout] 
[INFO] [stdout] 
[INFO] [stdout] error[E0433]: failed to resolve: could not find `export` in `_serde`
[INFO] [stdout]    --> /opt/rustwide/cargo-home/registry/src/index.crates.io-6f17d22bba15001f/trybuild-1.0.64/src/dependencies.rs:102:10
[INFO] [stdout]     |
[INFO] [stdout] 102 | #[derive(Serialize, Deserialize, Clone, Debug)]
[INFO] [stdout]     |          ^^^^^^^^^ could not find `export` in `_serde`
[INFO] [stdout]     |
[INFO] [stdout]     = note: this error originates in the derive macro `Serialize` (in Nightly builds, run with -Z macro-backtrace for more info)
[INFO] [stdout] 
[INFO] [stdout] 
[INFO] [stdout] error[E0433]: failed to resolve: could not find `export` in `_serde`
[INFO] [stdout]    --> /opt/rustwide/cargo-home/registry/src/index.crates.io-6f17d22bba15001f/trybuild-1.0.64/src/dependencies.rs:102:10
[INFO] [stdout]     |
[INFO] [stdout] 102 | #[derive(Serialize, Deserialize, Clone, Debug)]
[INFO] [stdout]     |          ^^^^^^^^^ could not find `export` in `_serde`
[INFO] [stdout]     |
[INFO] [stdout]     = note: this error originates in the macro `try` (in Nightly builds, run with -Z macro-backtrace for more info)
[INFO] [stdout] 
[INFO] [stdout] 
[INFO] [stdout] error[E0433]: failed to resolve: could not find `private` in `_serde`
[INFO] [stdout]    --> /opt/rustwide/cargo-home/registry/src/index.crates.io-6f17d22bba15001f/trybuild-1.0.64/src/dependencies.rs:102:10
[INFO] [stdout]     |
[INFO] [stdout] 102 | #[derive(Serialize, Deserialize, Clone, Debug)]
[INFO] [stdout]     |          ^^^^^^^^^ could not find `private` in `_serde`
[INFO] [stdout]     |
[INFO] [stdout]     = note: this error originates in the derive macro `Serialize` (in Nightly builds, run with -Z macro-backtrace for more info)
[INFO] [stdout] 
[INFO] [stdout] 
[INFO] [stdout] error[E0433]: failed to resolve: could not find `export` in `_serde`
[INFO] [stdout]    --> /opt/rustwide/cargo-home/registry/src/index.crates.io-6f17d22bba15001f/trybuild-1.0.64/src/dependencies.rs:102:10
[INFO] [stdout]     |
[INFO] [stdout] 102 | #[derive(Serialize, Deserialize, Clone, Debug)]
[INFO] [stdout]     |          ^^^^^^^^^ could not find `export` in `_serde`
[INFO] [stdout]     |
[INFO] [stdout]     = note: this error originates in the macro `try` (in Nightly builds, run with -Z macro-backtrace for more info)
[INFO] [stdout] 
[INFO] [stdout] 
[INFO] [stdout] error[E0433]: failed to resolve: could not find `export` in `_serde`
[INFO] [stdout]    --> /opt/rustwide/cargo-home/registry/src/index.crates.io-6f17d22bba15001f/trybuild-1.0.64/src/dependencies.rs:102:10
[INFO] [stdout]     |
[INFO] [stdout] 102 | #[derive(Serialize, Deserialize, Clone, Debug)]
[INFO] [stdout]     |          ^^^^^^^^^ could not find `export` in `_serde`
[INFO] [stdout]     |
[INFO] [stdout]     = note: this error originates in the macro `try` (in Nightly builds, run with -Z macro-backtrace for more info)
[INFO] [stdout] 
[INFO] [stdout] 
[INFO] [stdout] error[E0433]: failed to resolve: could not find `export` in `_serde`
[INFO] [stdout]    --> /opt/rustwide/cargo-home/registry/src/index.crates.io-6f17d22bba15001f/trybuild-1.0.64/src/dependencies.rs:102:10
[INFO] [stdout]     |
[INFO] [stdout] 102 | #[derive(Serialize, Deserialize, Clone, Debug)]
[INFO] [stdout]     |          ^^^^^^^^^ could not find `export` in `_serde`
[INFO] [stdout]     |
[INFO] [stdout]     = note: this error originates in the macro `try` (in Nightly builds, run with -Z macro-backtrace for more info)
[INFO] [stdout] 
[INFO] [stdout] 
[INFO] [stdout] error[E0433]: failed to resolve: could not find `export` in `_serde`
[INFO] [stdout]    --> /opt/rustwide/cargo-home/registry/src/index.crates.io-6f17d22bba15001f/trybuild-1.0.64/src/dependencies.rs:102:10
[INFO] [stdout]     |
[INFO] [stdout] 102 | #[derive(Serialize, Deserialize, Clone, Debug)]
[INFO] [stdout]     |          ^^^^^^^^^ could not find `export` in `_serde`
[INFO] [stdout]     |
[INFO] [stdout]     = note: this error originates in the macro `try` (in Nightly builds, run with -Z macro-backtrace for more info)
[INFO] [stdout] 
[INFO] [stdout] 
[INFO] [stdout] error[E0433]: failed to resolve: could not find `export` in `_serde`
[INFO] [stdout]    --> /opt/rustwide/cargo-home/registry/src/index.crates.io-6f17d22bba15001f/trybuild-1.0.64/src/dependencies.rs:102:10
[INFO] [stdout]     |
[INFO] [stdout] 102 | #[derive(Serialize, Deserialize, Clone, Debug)]
[INFO] [stdout]     |          ^^^^^^^^^ could not find `export` in `_serde`
[INFO] [stdout]     |
[INFO] [stdout]     = note: this error originates in the macro `try` (in Nightly builds, run with -Z macro-backtrace for more info)
[INFO] [stdout] 
[INFO] [stdout] 
[INFO] [stdout] error[E0433]: failed to resolve: could not find `export` in `_serde`
[INFO] [stdout]    --> /opt/rustwide/cargo-home/registry/src/index.crates.io-6f17d22bba15001f/trybuild-1.0.64/src/dependencies.rs:102:10
[INFO] [stdout]     |
[INFO] [stdout] 102 | #[derive(Serialize, Deserialize, Clone, Debug)]
[INFO] [stdout]     |          ^^^^^^^^^ could not find `export` in `_serde`
[INFO] [stdout]     |
[INFO] [stdout]     = note: this error originates in the macro `try` (in Nightly builds, run with -Z macro-backtrace for more info)
[INFO] [stdout] 
[INFO] [stdout] 
[INFO] [stdout] error[E0433]: failed to resolve: could not find `export` in `_serde`
[INFO] [stdout]    --> /opt/rustwide/cargo-home/registry/src/index.crates.io-6f17d22bba15001f/trybuild-1.0.64/src/dependencies.rs:102:10
[INFO] [stdout]     |
[INFO] [stdout] 102 | #[derive(Serialize, Deserialize, Clone, Debug)]
[INFO] [stdout]     |          ^^^^^^^^^ could not find `export` in `_serde`
[INFO] [stdout]     |
[INFO] [stdout]     = note: this error originates in the macro `try` (in Nightly builds, run with -Z macro-backtrace for more info)
[INFO] [stdout] 
[INFO] [stdout] 
[INFO] [stdout] error[E0433]: failed to resolve: could not find `export` in `_serde`
[INFO] [stdout]    --> /opt/rustwide/cargo-home/registry/src/index.crates.io-6f17d22bba15001f/trybuild-1.0.64/src/dependencies.rs:102:10
[INFO] [stdout]     |
[INFO] [stdout] 102 | #[derive(Serialize, Deserialize, Clone, Debug)]
[INFO] [stdout]     |          ^^^^^^^^^ could not find `export` in `_serde`
[INFO] [stdout]     |
[INFO] [stdout]     = note: this error originates in the macro `try` (in Nightly builds, run with -Z macro-backtrace for more info)
[INFO] [stdout] 
[INFO] [stdout] 
[INFO] [stdout] error[E0433]: failed to resolve: could not find `export` in `_serde`
[INFO] [stdout]    --> /opt/rustwide/cargo-home/registry/src/index.crates.io-6f17d22bba15001f/trybuild-1.0.64/src/dependencies.rs:102:10
[INFO] [stdout]     |
[INFO] [stdout] 102 | #[derive(Serialize, Deserialize, Clone, Debug)]
[INFO] [stdout]     |          ^^^^^^^^^ could not find `export` in `_serde`
[INFO] [stdout]     |
[INFO] [stdout]     = note: this error originates in the macro `try` (in Nightly builds, run with -Z macro-backtrace for more info)
[INFO] [stdout] 
[INFO] [stdout] 
[INFO] [stdout] error[E0433]: failed to resolve: could not find `export` in `_serde`
[INFO] [stdout]    --> /opt/rustwide/cargo-home/registry/src/index.crates.io-6f17d22bba15001f/trybuild-1.0.64/src/dependencies.rs:102:21
[INFO] [stdout]     |
[INFO] [stdout] 102 | #[derive(Serialize, Deserialize, Clone, Debug)]
[INFO] [stdout]     |                     ^^^^^^^^^^^ could not find `export` in `_serde`
[INFO] [stdout]     |
[INFO] [stdout]     = note: this error originates in the derive macro `Deserialize` (in Nightly builds, run with -Z macro-backtrace for more info)
[INFO] [stdout] 
[INFO] [stdout] 
[INFO] [stdout] error[E0433]: failed to resolve: could not find `private` in `_serde`
[INFO] [stdout]    --> /opt/rustwide/cargo-home/registry/src/index.crates.io-6f17d22bba15001f/trybuild-1.0.64/src/dependencies.rs:102:21
[INFO] [stdout]     |
[INFO] [stdout] 102 | #[derive(Serialize, Deserialize, Clone, Debug)]
[INFO] [stdout]     |                     ^^^^^^^^^^^ could not find `private` in `_serde`
[INFO] [stdout]     |
[INFO] [stdout]     = note: this error originates in the derive macro `Deserialize` (in Nightly builds, run with -Z macro-backtrace for more info)
[INFO] [stdout] 
[INFO] [stdout] 
[INFO] [stdout] error[E0433]: failed to resolve: could not find `export` in `_serde`
[INFO] [stdout]    --> /opt/rustwide/cargo-home/registry/src/index.crates.io-6f17d22bba15001f/trybuild-1.0.64/src/dependencies.rs:102:21
[INFO] [stdout]     |
[INFO] [stdout] 102 | #[derive(Serialize, Deserialize, Clone, Debug)]
[INFO] [stdout]     |                     ^^^^^^^^^^^ could not find `export` in `_serde`
[INFO] [stdout]     |
[INFO] [stdout]     = note: this error originates in the macro `try` (in Nightly builds, run with -Z macro-backtrace for more info)
[INFO] [stdout] 
[INFO] [stdout] 
[INFO] [stdout] error[E0433]: failed to resolve: could not find `export` in `_serde`
[INFO] [stdout]    --> /opt/rustwide/cargo-home/registry/src/index.crates.io-6f17d22bba15001f/trybuild-1.0.64/src/dependencies.rs:102:21
[INFO] [stdout]     |
[INFO] [stdout] 102 | #[derive(Serialize, Deserialize, Clone, Debug)]
[INFO] [stdout]     |                     ^^^^^^^^^^^ could not find `export` in `_serde`
[INFO] [stdout]     |
[INFO] [stdout]     = note: this error originates in the macro `try` (in Nightly builds, run with -Z macro-backtrace for more info)
[INFO] [stdout] 
[INFO] [stdout] 
[INFO] [stdout] error[E0433]: failed to resolve: could not find `export` in `_serde`
[INFO] [stdout]    --> /opt/rustwide/cargo-home/registry/src/index.crates.io-6f17d22bba15001f/trybuild-1.0.64/src/dependencies.rs:102:21
[INFO] [stdout]     |
[INFO] [stdout] 102 | #[derive(Serialize, Deserialize, Clone, Debug)]
[INFO] [stdout]     |                     ^^^^^^^^^^^ could not find `export` in `_serde`
[INFO] [stdout]     |
[INFO] [stdout]     = note: this error originates in the macro `try` (in Nightly builds, run with -Z macro-backtrace for more info)
[INFO] [stdout] 
[INFO] [stdout] 
[INFO] [stdout] error[E0433]: failed to resolve: could not find `export` in `_serde`
[INFO] [stdout]    --> /opt/rustwide/cargo-home/registry/src/index.crates.io-6f17d22bba15001f/trybuild-1.0.64/src/dependencies.rs:102:21
[INFO] [stdout]     |
[INFO] [stdout] 102 | #[derive(Serialize, Deserialize, Clone, Debug)]
[INFO] [stdout]     |                     ^^^^^^^^^^^ could not find `export` in `_serde`
[INFO] [stdout]     |
[INFO] [stdout]     = note: this error originates in the macro `try` (in Nightly builds, run with -Z macro-backtrace for more info)
[INFO] [stdout] 
[INFO] [stdout] 
[INFO] [stdout] error[E0433]: failed to resolve: could not find `export` in `_serde`
[INFO] [stdout]    --> /opt/rustwide/cargo-home/registry/src/index.crates.io-6f17d22bba15001f/trybuild-1.0.64/src/dependencies.rs:102:21
[INFO] [stdout]     |
[INFO] [stdout] 102 | #[derive(Serialize, Deserialize, Clone, Debug)]
[INFO] [stdout]     |                     ^^^^^^^^^^^ could not find `export` in `_serde`
[INFO] [stdout]     |
[INFO] [stdout]     = note: this error originates in the macro `try` (in Nightly builds, run with -Z macro-backtrace for more info)
[INFO] [stdout] 
[INFO] [stdout] 
[INFO] [stdout] error[E0433]: failed to resolve: could not find `export` in `_serde`
[INFO] [stdout]    --> /opt/rustwide/cargo-home/registry/src/index.crates.io-6f17d22bba15001f/trybuild-1.0.64/src/dependencies.rs:102:21
[INFO] [stdout]     |
[INFO] [stdout] 102 | #[derive(Serialize, Deserialize, Clone, Debug)]
[INFO] [stdout]     |                     ^^^^^^^^^^^ could not find `export` in `_serde`
[INFO] [stdout]     |
[INFO] [stdout]     = note: this error originates in the macro `try` (in Nightly builds, run with -Z macro-backtrace for more info)
[INFO] [stdout] 
[INFO] [stdout] 
[INFO] [stdout] error[E0433]: failed to resolve: could not find `export` in `_serde`
[INFO] [stdout]    --> /opt/rustwide/cargo-home/registry/src/index.crates.io-6f17d22bba15001f/trybuild-1.0.64/src/dependencies.rs:102:21
[INFO] [stdout]     |
[INFO] [stdout] 102 | #[derive(Serialize, Deserialize, Clone, Debug)]
[INFO] [stdout]     |                     ^^^^^^^^^^^ could not find `export` in `_serde`
[INFO] [stdout]     |
[INFO] [stdout]     = note: this error originates in the macro `try` (in Nightly builds, run with -Z macro-backtrace for more info)
[INFO] [stdout] 
[INFO] [stdout] 
[INFO] [stdout] error[E0433]: failed to resolve: could not find `export` in `_serde`
[INFO] [stdout]    --> /opt/rustwide/cargo-home/registry/src/index.crates.io-6f17d22bba15001f/trybuild-1.0.64/src/dependencies.rs:102:21
[INFO] [stdout]     |
[INFO] [stdout] 102 | #[derive(Serialize, Deserialize, Clone, Debug)]
[INFO] [stdout]     |                     ^^^^^^^^^^^ could not find `export` in `_serde`
[INFO] [stdout]     |
[INFO] [stdout]     = note: this error originates in the macro `try` (in Nightly builds, run with -Z macro-backtrace for more info)
[INFO] [stdout] 
[INFO] [stdout] 
[INFO] [stdout] error[E0433]: failed to resolve: could not find `export` in `_serde`
[INFO] [stdout]    --> /opt/rustwide/cargo-home/registry/src/index.crates.io-6f17d22bba15001f/trybuild-1.0.64/src/dependencies.rs:102:21
[INFO] [stdout]     |
[INFO] [stdout] 102 | #[derive(Serialize, Deserialize, Clone, Debug)]
[INFO] [stdout]     |                     ^^^^^^^^^^^ could not find `export` in `_serde`
[INFO] [stdout]     |
[INFO] [stdout]     = note: this error originates in the macro `try` (in Nightly builds, run with -Z macro-backtrace for more info)
[INFO] [stdout] 
[INFO] [stdout] 
[INFO] [stdout] error[E0433]: failed to resolve: could not find `export` in `_serde`
[INFO] [stdout]    --> /opt/rustwide/cargo-home/registry/src/index.crates.io-6f17d22bba15001f/trybuild-1.0.64/src/dependencies.rs:102:21
[INFO] [stdout]     |
[INFO] [stdout] 102 | #[derive(Serialize, Deserialize, Clone, Debug)]
[INFO] [stdout]     |                     ^^^^^^^^^^^ could not find `export` in `_serde`
[INFO] [stdout]     |
[INFO] [stdout]     = note: this error originates in the macro `try` (in Nightly builds, run with -Z macro-backtrace for more info)
[INFO] [stdout] 
[INFO] [stdout] 
[INFO] [stdout] error[E0433]: failed to resolve: could not find `export` in `_serde`
[INFO] [stdout]    --> /opt/rustwide/cargo-home/registry/src/index.crates.io-6f17d22bba15001f/trybuild-1.0.64/src/dependencies.rs:102:21
[INFO] [stdout]     |
[INFO] [stdout] 102 | #[derive(Serialize, Deserialize, Clone, Debug)]
[INFO] [stdout]     |                     ^^^^^^^^^^^ could not find `export` in `_serde`
[INFO] [stdout]     |
[INFO] [stdout]     = note: this error originates in the macro `try` (in Nightly builds, run with -Z macro-backtrace for more info)
[INFO] [stdout] 
[INFO] [stdout] 
[INFO] [stdout] error[E0433]: failed to resolve: could not find `export` in `_serde`
[INFO] [stdout]    --> /opt/rustwide/cargo-home/registry/src/index.crates.io-6f17d22bba15001f/trybuild-1.0.64/src/dependencies.rs:102:21
[INFO] [stdout]     |
[INFO] [stdout] 102 | #[derive(Serialize, Deserialize, Clone, Debug)]
[INFO] [stdout]     |                     ^^^^^^^^^^^ could not find `export` in `_serde`
[INFO] [stdout]     |
[INFO] [stdout]     = note: this error originates in the macro `try` (in Nightly builds, run with -Z macro-backtrace for more info)
[INFO] [stdout] 
[INFO] [stdout] 
[INFO] [stdout] error[E0433]: failed to resolve: could not find `export` in `_serde`
[INFO] [stdout]    --> /opt/rustwide/cargo-home/registry/src/index.crates.io-6f17d22bba15001f/trybuild-1.0.64/src/dependencies.rs:102:21
[INFO] [stdout]     |
[INFO] [stdout] 102 | #[derive(Serialize, Deserialize, Clone, Debug)]
[INFO] [stdout]     |                     ^^^^^^^^^^^ could not find `export` in `_serde`
[INFO] [stdout]     |
[INFO] [stdout]     = note: this error originates in the macro `try` (in Nightly builds, run with -Z macro-backtrace for more info)
[INFO] [stdout] 
[INFO] [stdout] 
[INFO] [stdout] error[E0433]: failed to resolve: could not find `export` in `_serde`
[INFO] [stdout]    --> /opt/rustwide/cargo-home/registry/src/index.crates.io-6f17d22bba15001f/trybuild-1.0.64/src/dependencies.rs:102:21
[INFO] [stdout]     |
[INFO] [stdout] 102 | #[derive(Serialize, Deserialize, Clone, Debug)]
[INFO] [stdout]     |                     ^^^^^^^^^^^ could not find `export` in `_serde`
[INFO] [stdout]     |
[INFO] [stdout]     = note: this error originates in the macro `try` (in Nightly builds, run with -Z macro-backtrace for more info)
[INFO] [stdout] 
[INFO] [stdout] 
[INFO] [stdout] error[E0433]: failed to resolve: could not find `export` in `_serde`
[INFO] [stdout]    --> /opt/rustwide/cargo-home/registry/src/index.crates.io-6f17d22bba15001f/trybuild-1.0.64/src/dependencies.rs:102:21
[INFO] [stdout]     |
[INFO] [stdout] 102 | #[derive(Serialize, Deserialize, Clone, Debug)]
[INFO] [stdout]     |                     ^^^^^^^^^^^ could not find `export` in `_serde`
[INFO] [stdout]     |
[INFO] [stdout]     = note: this error originates in the macro `try` (in Nightly builds, run with -Z macro-backtrace for more info)
[INFO] [stdout] 
[INFO] [stdout] 
[INFO] [stdout] error[E0433]: failed to resolve: could not find `export` in `_serde`
[INFO] [stdout]    --> /opt/rustwide/cargo-home/registry/src/index.crates.io-6f17d22bba15001f/trybuild-1.0.64/src/dependencies.rs:102:21
[INFO] [stdout]     |
[INFO] [stdout] 102 | #[derive(Serialize, Deserialize, Clone, Debug)]
[INFO] [stdout]     |                     ^^^^^^^^^^^ could not find `export` in `_serde`
[INFO] [stdout]     |
[INFO] [stdout]     = note: this error originates in the macro `try` (in Nightly builds, run with -Z macro-backtrace for more info)
[INFO] [stdout] 
[INFO] [stdout] 
[INFO] [stdout] error[E0433]: failed to resolve: could not find `export` in `_serde`
[INFO] [stdout]    --> /opt/rustwide/cargo-home/registry/src/index.crates.io-6f17d22bba15001f/trybuild-1.0.64/src/dependencies.rs:102:21
[INFO] [stdout]     |
[INFO] [stdout] 102 | #[derive(Serialize, Deserialize, Clone, Debug)]
[INFO] [stdout]     |                     ^^^^^^^^^^^ could not find `export` in `_serde`
[INFO] [stdout]     |
[INFO] [stdout]     = note: this error originates in the macro `try` (in Nightly builds, run with -Z macro-backtrace for more info)
[INFO] [stdout] 
[INFO] [stdout] 
[INFO] [stdout] error[E0433]: failed to resolve: could not find `export` in `_serde`
[INFO] [stdout]    --> /opt/rustwide/cargo-home/registry/src/index.crates.io-6f17d22bba15001f/trybuild-1.0.64/src/dependencies.rs:129:10
[INFO] [stdout]     |
[INFO] [stdout] 129 | #[derive(Serialize, Deserialize, Clone, Debug)]
[INFO] [stdout]     |          ^^^^^^^^^ could not find `export` in `_serde`
[INFO] [stdout]     |
[INFO] [stdout]     = note: this error originates in the derive macro `Serialize` (in Nightly builds, run with -Z macro-backtrace for more info)
[INFO] [stdout] 
[INFO] [stdout] 
[INFO] [stdout] error[E0433]: failed to resolve: could not find `export` in `_serde`
[INFO] [stdout]    --> /opt/rustwide/cargo-home/registry/src/index.crates.io-6f17d22bba15001f/trybuild-1.0.64/src/dependencies.rs:129:10
[INFO] [stdout]     |
[INFO] [stdout] 129 | #[derive(Serialize, Deserialize, Clone, Debug)]
[INFO] [stdout]     |          ^^^^^^^^^ could not find `export` in `_serde`
[INFO] [stdout]     |
[INFO] [stdout]     = note: this error originates in the macro `try` (in Nightly builds, run with -Z macro-backtrace for more info)
[INFO] [stdout] 
[INFO] [stdout] 
[INFO] [stdout] error[E0433]: failed to resolve: could not find `export` in `_serde`
[INFO] [stdout]    --> /opt/rustwide/cargo-home/registry/src/index.crates.io-6f17d22bba15001f/trybuild-1.0.64/src/dependencies.rs:129:10
[INFO] [stdout]     |
[INFO] [stdout] 129 | #[derive(Serialize, Deserialize, Clone, Debug)]
[INFO] [stdout]     |          ^^^^^^^^^ could not find `export` in `_serde`
[INFO] [stdout]     |
[INFO] [stdout]     = note: this error originates in the macro `try` (in Nightly builds, run with -Z macro-backtrace for more info)
[INFO] [stdout] 
[INFO] [stdout] 
[INFO] [stdout] error[E0433]: failed to resolve: could not find `export` in `_serde`
[INFO] [stdout]    --> /opt/rustwide/cargo-home/registry/src/index.crates.io-6f17d22bba15001f/trybuild-1.0.64/src/dependencies.rs:129:10
[INFO] [stdout]     |
[INFO] [stdout] 129 | #[derive(Serialize, Deserialize, Clone, Debug)]
[INFO] [stdout]     |          ^^^^^^^^^ could not find `export` in `_serde`
[INFO] [stdout]     |
[INFO] [stdout]     = note: this error originates in the macro `try` (in Nightly builds, run with -Z macro-backtrace for more info)
[INFO] [stdout] 
[INFO] [stdout] 
[INFO] [stdout] error[E0433]: failed to resolve: could not find `export` in `_serde`
[INFO] [stdout]    --> /opt/rustwide/cargo-home/registry/src/index.crates.io-6f17d22bba15001f/trybuild-1.0.64/src/dependencies.rs:129:10
[INFO] [stdout]     |
[INFO] [stdout] 129 | #[derive(Serialize, Deserialize, Clone, Debug)]
[INFO] [stdout]     |          ^^^^^^^^^ could not find `export` in `_serde`
[INFO] [stdout]     |
[INFO] [stdout]     = note: this error originates in the macro `try` (in Nightly builds, run with -Z macro-backtrace for more info)
[INFO] [stdout] 
[INFO] [stdout] 
[INFO] [stdout] error[E0433]: failed to resolve: could not find `export` in `_serde`
[INFO] [stdout]    --> /opt/rustwide/cargo-home/registry/src/index.crates.io-6f17d22bba15001f/trybuild-1.0.64/src/dependencies.rs:129:10
[INFO] [stdout]     |
[INFO] [stdout] 129 | #[derive(Serialize, Deserialize, Clone, Debug)]
[INFO] [stdout]     |          ^^^^^^^^^ could not find `export` in `_serde`
[INFO] [stdout]     |
[INFO] [stdout]     = note: this error originates in the macro `try` (in Nightly builds, run with -Z macro-backtrace for more info)
[INFO] [stdout] 
[INFO] [stdout] 
[INFO] [stdout] error[E0433]: failed to resolve: could not find `export` in `_serde`
[INFO] [stdout]    --> /opt/rustwide/cargo-home/registry/src/index.crates.io-6f17d22bba15001f/trybuild-1.0.64/src/dependencies.rs:129:21
[INFO] [stdout]     |
[INFO] [stdout] 129 | #[derive(Serialize, Deserialize, Clone, Debug)]
[INFO] [stdout]     |                     ^^^^^^^^^^^ could not find `export` in `_serde`
[INFO] [stdout]     |
[INFO] [stdout]     = note: this error originates in the derive macro `Deserialize` (in Nightly builds, run with -Z macro-backtrace for more info)
[INFO] [stdout] 
[INFO] [stdout] 
[INFO] [stdout] error[E0433]: failed to resolve: could not find `export` in `_serde`
[INFO] [stdout]    --> /opt/rustwide/cargo-home/registry/src/index.crates.io-6f17d22bba15001f/trybuild-1.0.64/src/dependencies.rs:129:21
[INFO] [stdout]     |
[INFO] [stdout] 129 | #[derive(Serialize, Deserialize, Clone, Debug)]
[INFO] [stdout]     |                     ^^^^^^^^^^^ could not find `export` in `_serde`
[INFO] [stdout]     |
[INFO] [stdout]     = note: this error originates in the macro `try` (in Nightly builds, run with -Z macro-backtrace for more info)
[INFO] [stdout] 
[INFO] [stdout] 
[INFO] [stdout] error[E0433]: failed to resolve: could not find `export` in `_serde`
[INFO] [stdout]    --> /opt/rustwide/cargo-home/registry/src/index.crates.io-6f17d22bba15001f/trybuild-1.0.64/src/dependencies.rs:129:21
[INFO] [stdout]     |
[INFO] [stdout] 129 | #[derive(Serialize, Deserialize, Clone, Debug)]
[INFO] [stdout]     |                     ^^^^^^^^^^^ could not find `export` in `_serde`
[INFO] [stdout]     |
[INFO] [stdout]     = note: this error originates in the macro `try` (in Nightly builds, run with -Z macro-backtrace for more info)
[INFO] [stdout] 
[INFO] [stdout] 
[INFO] [stdout] error[E0433]: failed to resolve: could not find `export` in `_serde`
[INFO] [stdout]    --> /opt/rustwide/cargo-home/registry/src/index.crates.io-6f17d22bba15001f/trybuild-1.0.64/src/dependencies.rs:129:21
[INFO] [stdout]     |
[INFO] [stdout] 129 | #[derive(Serialize, Deserialize, Clone, Debug)]
[INFO] [stdout]     |                     ^^^^^^^^^^^ could not find `export` in `_serde`
[INFO] [stdout]     |
[INFO] [stdout]     = note: this error originates in the macro `try` (in Nightly builds, run with -Z macro-backtrace for more info)
[INFO] [stdout] 
[INFO] [stdout] 
[INFO] [stdout] error[E0433]: failed to resolve: could not find `export` in `_serde`
[INFO] [stdout]    --> /opt/rustwide/cargo-home/registry/src/index.crates.io-6f17d22bba15001f/trybuild-1.0.64/src/dependencies.rs:129:21
[INFO] [stdout]     |
[INFO] [stdout] 129 | #[derive(Serialize, Deserialize, Clone, Debug)]
[INFO] [stdout]     |                     ^^^^^^^^^^^ could not find `export` in `_serde`
[INFO] [stdout]     |
[INFO] [stdout]     = note: this error originates in the macro `try` (in Nightly builds, run with -Z macro-backtrace for more info)
[INFO] [stdout] 
[INFO] [stdout] 
[INFO] [stdout] error[E0433]: failed to resolve: could not find `export` in `_serde`
[INFO] [stdout]    --> /opt/rustwide/cargo-home/registry/src/index.crates.io-6f17d22bba15001f/trybuild-1.0.64/src/dependencies.rs:129:21
[INFO] [stdout]     |
[INFO] [stdout] 129 | #[derive(Serialize, Deserialize, Clone, Debug)]
[INFO] [stdout]     |                     ^^^^^^^^^^^ could not find `export` in `_serde`
[INFO] [stdout]     |
[INFO] [stdout]     = note: this error originates in the macro `try` (in Nightly builds, run with -Z macro-backtrace for more info)
[INFO] [stdout] 
[INFO] [stdout] 
[INFO] [stdout] error[E0433]: failed to resolve: could not find `export` in `_serde`
[INFO] [stdout]    --> /opt/rustwide/cargo-home/registry/src/index.crates.io-6f17d22bba15001f/trybuild-1.0.64/src/dependencies.rs:129:21
[INFO] [stdout]     |
[INFO] [stdout] 129 | #[derive(Serialize, Deserialize, Clone, Debug)]
[INFO] [stdout]     |                     ^^^^^^^^^^^ could not find `export` in `_serde`
[INFO] [stdout]     |
[INFO] [stdout]     = note: this error originates in the macro `try` (in Nightly builds, run with -Z macro-backtrace for more info)
[INFO] [stdout] 
[INFO] [stdout] 
[INFO] [stdout] error[E0433]: failed to resolve: could not find `export` in `_serde`
[INFO] [stdout]    --> /opt/rustwide/cargo-home/registry/src/index.crates.io-6f17d22bba15001f/trybuild-1.0.64/src/dependencies.rs:141:10
[INFO] [stdout]     |
[INFO] [stdout] 141 | #[derive(Serialize, Deserialize, Clone, Debug)]
[INFO] [stdout]     |          ^^^^^^^^^ could not find `export` in `_serde`
[INFO] [stdout]     |
[INFO] [stdout]     = note: this error originates in the derive macro `Serialize` (in Nightly builds, run with -Z macro-backtrace for more info)
[INFO] [stdout] 
[INFO] [stdout] 
[INFO] [stdout] error[E0433]: failed to resolve: could not find `export` in `_serde`
[INFO] [stdout]    --> /opt/rustwide/cargo-home/registry/src/index.crates.io-6f17d22bba15001f/trybuild-1.0.64/src/dependencies.rs:141:21
[INFO] [stdout]     |
[INFO] [stdout] 141 | #[derive(Serialize, Deserialize, Clone, Debug)]
[INFO] [stdout]     |                     ^^^^^^^^^^^ could not find `export` in `_serde`
[INFO] [stdout]     |
[INFO] [stdout]     = note: this error originates in the derive macro `Deserialize` (in Nightly builds, run with -Z macro-backtrace for more info)
[INFO] [stdout] 
[INFO] [stdout] 
[INFO] [stdout] error[E0433]: failed to resolve: could not find `export` in `_serde`
[INFO] [stdout]    --> /opt/rustwide/cargo-home/registry/src/index.crates.io-6f17d22bba15001f/trybuild-1.0.64/src/dependencies.rs:147:10
[INFO] [stdout]     |
[INFO] [stdout] 147 | #[derive(Serialize, Deserialize, Clone, Debug)]
[INFO] [stdout]     |          ^^^^^^^^^ could not find `export` in `_serde`
[INFO] [stdout]     |
[INFO] [stdout]     = note: this error originates in the derive macro `Serialize` (in Nightly builds, run with -Z macro-backtrace for more info)
[INFO] [stdout] 
[INFO] [stdout] 
[INFO] [stdout] error[E0433]: failed to resolve: could not find `export` in `_serde`
[INFO] [stdout]    --> /opt/rustwide/cargo-home/registry/src/index.crates.io-6f17d22bba15001f/trybuild-1.0.64/src/dependencies.rs:147:10
[INFO] [stdout]     |
[INFO] [stdout] 147 | #[derive(Serialize, Deserialize, Clone, Debug)]
[INFO] [stdout]     |          ^^^^^^^^^ could not find `export` in `_serde`
[INFO] [stdout]     |
[INFO] [stdout]     = note: this error originates in the macro `try` (in Nightly builds, run with -Z macro-backtrace for more info)
[INFO] [stdout] 
[INFO] [stdout] 
[INFO] [stdout] error[E0433]: failed to resolve: could not find `export` in `_serde`
[INFO] [stdout]    --> /opt/rustwide/cargo-home/registry/src/index.crates.io-6f17d22bba15001f/trybuild-1.0.64/src/dependencies.rs:147:10
[INFO] [stdout]     |
[INFO] [stdout] 147 | #[derive(Serialize, Deserialize, Clone, Debug)]
[INFO] [stdout]     |          ^^^^^^^^^ could not find `export` in `_serde`
[INFO] [stdout]     |
[INFO] [stdout]     = note: this error originates in the macro `try` (in Nightly builds, run with -Z macro-backtrace for more info)
[INFO] [stdout] 
[INFO] [stdout] 
[INFO] [stdout] error[E0433]: failed to resolve: could not find `export` in `_serde`
[INFO] [stdout]    --> /opt/rustwide/cargo-home/registry/src/index.crates.io-6f17d22bba15001f/trybuild-1.0.64/src/dependencies.rs:147:10
[INFO] [stdout]     |
[INFO] [stdout] 147 | #[derive(Serialize, Deserialize, Clone, Debug)]
[INFO] [stdout]     |          ^^^^^^^^^ could not find `export` in `_serde`
[INFO] [stdout]     |
[INFO] [stdout]     = note: this error originates in the macro `try` (in Nightly builds, run with -Z macro-backtrace for more info)
[INFO] [stdout] 
[INFO] [stdout] 
[INFO] [stdout] error[E0433]: failed to resolve: could not find `export` in `_serde`
[INFO] [stdout]    --> /opt/rustwide/cargo-home/registry/src/index.crates.io-6f17d22bba15001f/trybuild-1.0.64/src/dependencies.rs:147:10
[INFO] [stdout]     |
[INFO] [stdout] 147 | #[derive(Serialize, Deserialize, Clone, Debug)]
[INFO] [stdout]     |          ^^^^^^^^^ could not find `export` in `_serde`
[INFO] [stdout]     |
[INFO] [stdout]     = note: this error originates in the macro `try` (in Nightly builds, run with -Z macro-backtrace for more info)
[INFO] [stdout] 
[INFO] [stdout] 
[INFO] [stdout] error[E0433]: failed to resolve: could not find `export` in `_serde`
[INFO] [stdout]    --> /opt/rustwide/cargo-home/registry/src/index.crates.io-6f17d22bba15001f/trybuild-1.0.64/src/dependencies.rs:147:10
[INFO] [stdout]     |
[INFO] [stdout] 147 | #[derive(Serialize, Deserialize, Clone, Debug)]
[INFO] [stdout]     |          ^^^^^^^^^ could not find `export` in `_serde`
[INFO] [stdout]     |
[INFO] [stdout]     = note: this error originates in the macro `try` (in Nightly builds, run with -Z macro-backtrace for more info)
[INFO] [stdout] 
[INFO] [stdout] 
[INFO] [stdout] error[E0433]: failed to resolve: could not find `export` in `_serde`
[INFO] [stdout]    --> /opt/rustwide/cargo-home/registry/src/index.crates.io-6f17d22bba15001f/trybuild-1.0.64/src/dependencies.rs:147:10
[INFO] [stdout]     |
[INFO] [stdout] 147 | #[derive(Serialize, Deserialize, Clone, Debug)]
[INFO] [stdout]     |          ^^^^^^^^^ could not find `export` in `_serde`
[INFO] [stdout]     |
[INFO] [stdout]     = note: this error originates in the macro `try` (in Nightly builds, run with -Z macro-backtrace for more info)
[INFO] [stdout] 
[INFO] [stdout] 
[INFO] [stdout] error[E0433]: failed to resolve: could not find `private` in `_serde`
[INFO] [stdout]    --> /opt/rustwide/cargo-home/registry/src/index.crates.io-6f17d22bba15001f/trybuild-1.0.64/src/dependencies.rs:147:10
[INFO] [stdout]     |
[INFO] [stdout] 147 | #[derive(Serialize, Deserialize, Clone, Debug)]
[INFO] [stdout]     |          ^^^^^^^^^ could not find `private` in `_serde`
[INFO] [stdout]     |
[INFO] [stdout]     = note: this error originates in the derive macro `Serialize` (in Nightly builds, run with -Z macro-backtrace for more info)
[INFO] [stdout] 
[INFO] [stdout] 
[INFO] [stdout] error[E0433]: failed to resolve: could not find `export` in `_serde`
[INFO] [stdout]    --> /opt/rustwide/cargo-home/registry/src/index.crates.io-6f17d22bba15001f/trybuild-1.0.64/src/dependencies.rs:147:10
[INFO] [stdout]     |
[INFO] [stdout] 147 | #[derive(Serialize, Deserialize, Clone, Debug)]
[INFO] [stdout]     |          ^^^^^^^^^ could not find `export` in `_serde`
[INFO] [stdout]     |
[INFO] [stdout]     = note: this error originates in the macro `try` (in Nightly builds, run with -Z macro-backtrace for more info)
[INFO] [stdout] 
[INFO] [stdout] 
[INFO] [stdout] error[E0433]: failed to resolve: could not find `export` in `_serde`
[INFO] [stdout]    --> /opt/rustwide/cargo-home/registry/src/index.crates.io-6f17d22bba15001f/trybuild-1.0.64/src/dependencies.rs:147:21
[INFO] [stdout]     |
[INFO] [stdout] 147 | #[derive(Serialize, Deserialize, Clone, Debug)]
[INFO] [stdout]     |                     ^^^^^^^^^^^ could not find `export` in `_serde`
[INFO] [stdout]     |
[INFO] [stdout]     = note: this error originates in the derive macro `Deserialize` (in Nightly builds, run with -Z macro-backtrace for more info)
[INFO] [stdout] 
[INFO] [stdout] 
[INFO] [stdout] error[E0433]: failed to resolve: could not find `private` in `_serde`
[INFO] [stdout]    --> /opt/rustwide/cargo-home/registry/src/index.crates.io-6f17d22bba15001f/trybuild-1.0.64/src/dependencies.rs:147:21
[INFO] [stdout]     |
[INFO] [stdout] 147 | #[derive(Serialize, Deserialize, Clone, Debug)]
[INFO] [stdout]     |                     ^^^^^^^^^^^ could not find `private` in `_serde`
[INFO] [stdout]     |
[INFO] [stdout]     = note: this error originates in the derive macro `Deserialize` (in Nightly builds, run with -Z macro-backtrace for more info)
[INFO] [stdout] 
[INFO] [stdout] 
[INFO] [stdout] error[E0433]: failed to resolve: could not find `export` in `_serde`
[INFO] [stdout]    --> /opt/rustwide/cargo-home/registry/src/index.crates.io-6f17d22bba15001f/trybuild-1.0.64/src/dependencies.rs:147:21
[INFO] [stdout]     |
[INFO] [stdout] 147 | #[derive(Serialize, Deserialize, Clone, Debug)]
[INFO] [stdout]     |                     ^^^^^^^^^^^ could not find `export` in `_serde`
[INFO] [stdout]     |
[INFO] [stdout]     = note: this error originates in the macro `try` (in Nightly builds, run with -Z macro-backtrace for more info)
[INFO] [stdout] 
[INFO] [stdout] 
[INFO] [stdout] error[E0433]: failed to resolve: could not find `export` in `_serde`
[INFO] [stdout]    --> /opt/rustwide/cargo-home/registry/src/index.crates.io-6f17d22bba15001f/trybuild-1.0.64/src/dependencies.rs:147:21
[INFO] [stdout]     |
[INFO] [stdout] 147 | #[derive(Serialize, Deserialize, Clone, Debug)]
[INFO] [stdout]     |                     ^^^^^^^^^^^ could not find `export` in `_serde`
[INFO] [stdout]     |
[INFO] [stdout]     = note: this error originates in the macro `try` (in Nightly builds, run with -Z macro-backtrace for more info)
[INFO] [stdout] 
[INFO] [stdout] 
[INFO] [stdout] error[E0433]: failed to resolve: could not find `export` in `_serde`
[INFO] [stdout]    --> /opt/rustwide/cargo-home/registry/src/index.crates.io-6f17d22bba15001f/trybuild-1.0.64/src/dependencies.rs:147:21
[INFO] [stdout]     |
[INFO] [stdout] 147 | #[derive(Serialize, Deserialize, Clone, Debug)]
[INFO] [stdout]     |                     ^^^^^^^^^^^ could not find `export` in `_serde`
[INFO] [stdout]     |
[INFO] [stdout]     = note: this error originates in the macro `try` (in Nightly builds, run with -Z macro-backtrace for more info)
[INFO] [stdout] 
[INFO] [stdout] 
[INFO] [stdout] error[E0433]: failed to resolve: could not find `export` in `_serde`
[INFO] [stdout]    --> /opt/rustwide/cargo-home/registry/src/index.crates.io-6f17d22bba15001f/trybuild-1.0.64/src/dependencies.rs:147:21
[INFO] [stdout]     |
[INFO] [stdout] 147 | #[derive(Serialize, Deserialize, Clone, Debug)]
[INFO] [stdout]     |                     ^^^^^^^^^^^ could not find `export` in `_serde`
[INFO] [stdout]     |
[INFO] [stdout]     = note: this error originates in the macro `try` (in Nightly builds, run with -Z macro-backtrace for more info)
[INFO] [stdout] 
[INFO] [stdout] 
[INFO] [stdout] error[E0433]: failed to resolve: could not find `export` in `_serde`
[INFO] [stdout]    --> /opt/rustwide/cargo-home/registry/src/index.crates.io-6f17d22bba15001f/trybuild-1.0.64/src/dependencies.rs:147:21
[INFO] [stdout]     |
[INFO] [stdout] 147 | #[derive(Serialize, Deserialize, Clone, Debug)]
[INFO] [stdout]     |                     ^^^^^^^^^^^ could not find `export` in `_serde`
[INFO] [stdout]     |
[INFO] [stdout]     = note: this error originates in the macro `try` (in Nightly builds, run with -Z macro-backtrace for more info)
[INFO] [stdout] 
[INFO] [stdout] 
[INFO] [stdout] error[E0433]: failed to resolve: could not find `export` in `_serde`
[INFO] [stdout]    --> /opt/rustwide/cargo-home/registry/src/index.crates.io-6f17d22bba15001f/trybuild-1.0.64/src/dependencies.rs:147:21
[INFO] [stdout]     |
[INFO] [stdout] 147 | #[derive(Serialize, Deserialize, Clone, Debug)]
[INFO] [stdout]     |                     ^^^^^^^^^^^ could not find `export` in `_serde`
[INFO] [stdout]     |
[INFO] [stdout]     = note: this error originates in the macro `try` (in Nightly builds, run with -Z macro-backtrace for more info)
[INFO] [stdout] 
[INFO] [stdout] 
[INFO] [stdout] error[E0433]: failed to resolve: could not find `export` in `_serde`
[INFO] [stdout]    --> /opt/rustwide/cargo-home/registry/src/index.crates.io-6f17d22bba15001f/trybuild-1.0.64/src/dependencies.rs:147:21
[INFO] [stdout]     |
[INFO] [stdout] 147 | #[derive(Serialize, Deserialize, Clone, Debug)]
[INFO] [stdout]     |                     ^^^^^^^^^^^ could not find `export` in `_serde`
[INFO] [stdout]     |
[INFO] [stdout]     = note: this error originates in the macro `try` (in Nightly builds, run with -Z macro-backtrace for more info)
[INFO] [stdout] 
[INFO] [stdout] 
[INFO] [stdout] error[E0433]: failed to resolve: could not find `export` in `_serde`
[INFO] [stdout]    --> /opt/rustwide/cargo-home/registry/src/index.crates.io-6f17d22bba15001f/trybuild-1.0.64/src/dependencies.rs:147:21
[INFO] [stdout]     |
[INFO] [stdout] 147 | #[derive(Serialize, Deserialize, Clone, Debug)]
[INFO] [stdout]     |                     ^^^^^^^^^^^ could not find `export` in `_serde`
[INFO] [stdout]     |
[INFO] [stdout]     = note: this error originates in the macro `try` (in Nightly builds, run with -Z macro-backtrace for more info)
[INFO] [stdout] 
[INFO] [stdout] 
[INFO] [stdout] error[E0433]: failed to resolve: could not find `export` in `_serde`
[INFO] [stdout]    --> /opt/rustwide/cargo-home/registry/src/index.crates.io-6f17d22bba15001f/trybuild-1.0.64/src/dependencies.rs:147:21
[INFO] [stdout]     |
[INFO] [stdout] 147 | #[derive(Serialize, Deserialize, Clone, Debug)]
[INFO] [stdout]     |                     ^^^^^^^^^^^ could not find `export` in `_serde`
[INFO] [stdout]     |
[INFO] [stdout]     = note: this error originates in the macro `try` (in Nightly builds, run with -Z macro-backtrace for more info)
[INFO] [stdout] 
[INFO] [stdout] 
[INFO] [stdout] error[E0433]: failed to resolve: could not find `export` in `_serde`
[INFO] [stdout]    --> /opt/rustwide/cargo-home/registry/src/index.crates.io-6f17d22bba15001f/trybuild-1.0.64/src/dependencies.rs:147:21
[INFO] [stdout]     |
[INFO] [stdout] 147 | #[derive(Serialize, Deserialize, Clone, Debug)]
[INFO] [stdout]     |                     ^^^^^^^^^^^ could not find `export` in `_serde`
[INFO] [stdout]     |
[INFO] [stdout]     = note: this error originates in the macro `try` (in Nightly builds, run with -Z macro-backtrace for more info)
[INFO] [stdout] 
[INFO] [stdout] 
[INFO] [stdout] error[E0433]: failed to resolve: could not find `export` in `_serde`
[INFO] [stdout]    --> /opt/rustwide/cargo-home/registry/src/index.crates.io-6f17d22bba15001f/trybuild-1.0.64/src/dependencies.rs:147:21
[INFO] [stdout]     |
[INFO] [stdout] 147 | #[derive(Serialize, Deserialize, Clone, Debug)]
[INFO] [stdout]     |                     ^^^^^^^^^^^ could not find `export` in `_serde`
[INFO] [stdout]     |
[INFO] [stdout]     = note: this error originates in the macro `try` (in Nightly builds, run with -Z macro-backtrace for more info)
[INFO] [stdout] 
[INFO] [stdout] 
[INFO] [stdout] error[E0433]: failed to resolve: could not find `export` in `_serde`
[INFO] [stdout]    --> /opt/rustwide/cargo-home/registry/src/index.crates.io-6f17d22bba15001f/trybuild-1.0.64/src/dependencies.rs:147:21
[INFO] [stdout]     |
[INFO] [stdout] 147 | #[derive(Serialize, Deserialize, Clone, Debug)]
[INFO] [stdout]     |                     ^^^^^^^^^^^ could not find `export` in `_serde`
[INFO] [stdout]     |
[INFO] [stdout]     = note: this error originates in the macro `try` (in Nightly builds, run with -Z macro-backtrace for more info)
[INFO] [stdout] 
[INFO] [stdout] 
[INFO] [stdout] error[E0433]: failed to resolve: could not find `export` in `_serde`
[INFO] [stdout]    --> /opt/rustwide/cargo-home/registry/src/index.crates.io-6f17d22bba15001f/trybuild-1.0.64/src/dependencies.rs:147:21
[INFO] [stdout]     |
[INFO] [stdout] 147 | #[derive(Serialize, Deserialize, Clone, Debug)]
[INFO] [stdout]     |                     ^^^^^^^^^^^ could not find `export` in `_serde`
[INFO] [stdout]     |
[INFO] [stdout]     = note: this error originates in the macro `try` (in Nightly builds, run with -Z macro-backtrace for more info)
[INFO] [stdout] 
[INFO] [stdout] 
[INFO] [stdout] error[E0433]: failed to resolve: could not find `export` in `_serde`
[INFO] [stdout]  --> /opt/rustwide/cargo-home/registry/src/index.crates.io-6f17d22bba15001f/trybuild-1.0.64/src/directory.rs:9:24
[INFO] [stdout]   |
[INFO] [stdout] 9 | #[derive(Clone, Debug, Serialize)]
[INFO] [stdout]   |                        ^^^^^^^^^ could not find `export` in `_serde`
[INFO] [stdout]   |
[INFO] [stdout]   = note: this error originates in the derive macro `Serialize` (in Nightly builds, run with -Z macro-backtrace for more info)
[INFO] [stdout] 
[INFO] [stdout] 
[INFO] [stdout] error[E0433]: failed to resolve: could not find `export` in `_serde`
[INFO] [stdout]   --> /opt/rustwide/cargo-home/registry/src/index.crates.io-6f17d22bba15001f/trybuild-1.0.64/src/features.rs:21:10
[INFO] [stdout]    |
[INFO] [stdout] 21 | #[derive(Deserialize)]
[INFO] [stdout]    |          ^^^^^^^^^^^ could not find `export` in `_serde`
[INFO] [stdout]    |
[INFO] [stdout]    = note: this error originates in the derive macro `Deserialize` (in Nightly builds, run with -Z macro-backtrace for more info)
[INFO] [stdout] 
[INFO] [stdout] 
[INFO] [stdout] error[E0433]: failed to resolve: could not find `export` in `_serde`
[INFO] [stdout]   --> /opt/rustwide/cargo-home/registry/src/index.crates.io-6f17d22bba15001f/trybuild-1.0.64/src/features.rs:21:10
[INFO] [stdout]    |
[INFO] [stdout] 21 | #[derive(Deserialize)]
[INFO] [stdout]    |          ^^^^^^^^^^^ could not find `export` in `_serde`
[INFO] [stdout]    |
[INFO] [stdout]    = note: this error originates in the macro `try` (in Nightly builds, run with -Z macro-backtrace for more info)
[INFO] [stdout] 
[INFO] [stdout] 
[INFO] [stdout] error[E0433]: failed to resolve: could not find `export` in `_serde`
[INFO] [stdout]   --> /opt/rustwide/cargo-home/registry/src/index.crates.io-6f17d22bba15001f/trybuild-1.0.64/src/features.rs:21:10
[INFO] [stdout]    |
[INFO] [stdout] 21 | #[derive(Deserialize)]
[INFO] [stdout]    |          ^^^^^^^^^^^ could not find `export` in `_serde`
[INFO] [stdout]    |
[INFO] [stdout]    = note: this error originates in the macro `try` (in Nightly builds, run with -Z macro-backtrace for more info)
[INFO] [stdout] 
[INFO] [stdout] 
[INFO] [stdout] error[E0433]: failed to resolve: could not find `export` in `_serde`
[INFO] [stdout]   --> /opt/rustwide/cargo-home/registry/src/index.crates.io-6f17d22bba15001f/trybuild-1.0.64/src/features.rs:21:10
[INFO] [stdout]    |
[INFO] [stdout] 21 | #[derive(Deserialize)]
[INFO] [stdout]    |          ^^^^^^^^^^^ could not find `export` in `_serde`
[INFO] [stdout]    |
[INFO] [stdout]    = note: this error originates in the macro `try` (in Nightly builds, run with -Z macro-backtrace for more info)
[INFO] [stdout] 
[INFO] [stdout] 
[INFO] [stdout] error[E0433]: failed to resolve: could not find `export` in `_serde`
[INFO] [stdout]   --> /opt/rustwide/cargo-home/registry/src/index.crates.io-6f17d22bba15001f/trybuild-1.0.64/src/features.rs:21:10
[INFO] [stdout]    |
[INFO] [stdout] 21 | #[derive(Deserialize)]
[INFO] [stdout]    |          ^^^^^^^^^^^ could not find `export` in `_serde`
[INFO] [stdout]    |
[INFO] [stdout]    = note: this error originates in the macro `try` (in Nightly builds, run with -Z macro-backtrace for more info)
[INFO] [stdout] 
[INFO] [stdout] 
[INFO] [stdout] error[E0433]: failed to resolve: could not find `export` in `_serde`
[INFO] [stdout]   --> /opt/rustwide/cargo-home/registry/src/index.crates.io-6f17d22bba15001f/trybuild-1.0.64/src/features.rs:21:10
[INFO] [stdout]    |
[INFO] [stdout] 21 | #[derive(Deserialize)]
[INFO] [stdout]    |          ^^^^^^^^^^^ could not find `export` in `_serde`
[INFO] [stdout]    |
[INFO] [stdout]    = note: this error originates in the macro `try` (in Nightly builds, run with -Z macro-backtrace for more info)
[INFO] [stdout] 
[INFO] [stdout] 
[INFO] [stdout] error[E0433]: failed to resolve: could not find `export` in `_serde`
[INFO] [stdout]  --> /opt/rustwide/cargo-home/registry/src/index.crates.io-6f17d22bba15001f/trybuild-1.0.64/src/manifest.rs:7:10
[INFO] [stdout]   |
[INFO] [stdout] 7 | #[derive(Serialize, Debug)]
[INFO] [stdout]   |          ^^^^^^^^^ could not find `export` in `_serde`
[INFO] [stdout]   |
[INFO] [stdout]   = note: this error originates in the derive macro `Serialize` (in Nightly builds, run with -Z macro-backtrace for more info)
[INFO] [stdout] 
[INFO] [stdout] 
[INFO] [stdout] error[E0433]: failed to resolve: could not find `export` in `_serde`
[INFO] [stdout]  --> /opt/rustwide/cargo-home/registry/src/index.crates.io-6f17d22bba15001f/trybuild-1.0.64/src/manifest.rs:7:10
[INFO] [stdout]   |
[INFO] [stdout] 7 | #[derive(Serialize, Debug)]
[INFO] [stdout]   |          ^^^^^^^^^ could not find `export` in `_serde`
[INFO] [stdout]   |
[INFO] [stdout]   = note: this error originates in the macro `try` (in Nightly builds, run with -Z macro-backtrace for more info)
[INFO] [stdout] 
[INFO] [stdout] 
[INFO] [stdout] error[E0433]: failed to resolve: could not find `export` in `_serde`
[INFO] [stdout]  --> /opt/rustwide/cargo-home/registry/src/index.crates.io-6f17d22bba15001f/trybuild-1.0.64/src/manifest.rs:7:10
[INFO] [stdout]   |
[INFO] [stdout] 7 | #[derive(Serialize, Debug)]
[INFO] [stdout]   |          ^^^^^^^^^ could not find `export` in `_serde`
[INFO] [stdout]   |
[INFO] [stdout]   = note: this error originates in the macro `try` (in Nightly builds, run with -Z macro-backtrace for more info)
[INFO] [stdout] 
[INFO] [stdout] 
[INFO] [stdout] error[E0433]: failed to resolve: could not find `export` in `_serde`
[INFO] [stdout]  --> /opt/rustwide/cargo-home/registry/src/index.crates.io-6f17d22bba15001f/trybuild-1.0.64/src/manifest.rs:7:10
[INFO] [stdout]   |
[INFO] [stdout] 7 | #[derive(Serialize, Debug)]
[INFO] [stdout]   |          ^^^^^^^^^ could not find `export` in `_serde`
[INFO] [stdout]   |
[INFO] [stdout]   = note: this error originates in the macro `try` (in Nightly builds, run with -Z macro-backtrace for more info)
[INFO] [stdout] 
[INFO] [stdout] 
[INFO] [stdout] error[E0433]: failed to resolve: could not find `export` in `_serde`
[INFO] [stdout]  --> /opt/rustwide/cargo-home/registry/src/index.crates.io-6f17d22bba15001f/trybuild-1.0.64/src/manifest.rs:7:10
[INFO] [stdout]   |
[INFO] [stdout] 7 | #[derive(Serialize, Debug)]
[INFO] [stdout]   |          ^^^^^^^^^ could not find `export` in `_serde`
[INFO] [stdout]   |
[INFO] [stdout]   = note: this error originates in the macro `try` (in Nightly builds, run with -Z macro-backtrace for more info)
[INFO] [stdout] 
[INFO] [stdout] 
[INFO] [stdout] error[E0433]: failed to resolve: could not find `export` in `_serde`
[INFO] [stdout]  --> /opt/rustwide/cargo-home/registry/src/index.crates.io-6f17d22bba15001f/trybuild-1.0.64/src/manifest.rs:7:10
[INFO] [stdout]   |
[INFO] [stdout] 7 | #[derive(Serialize, Debug)]
[INFO] [stdout]   |          ^^^^^^^^^ could not find `export` in `_serde`
[INFO] [stdout]   |
[INFO] [stdout]   = note: this error originates in the macro `try` (in Nightly builds, run with -Z macro-backtrace for more info)
[INFO] [stdout] 
[INFO] [stdout] 
[INFO] [stdout] error[E0433]: failed to resolve: could not find `export` in `_serde`
[INFO] [stdout]  --> /opt/rustwide/cargo-home/registry/src/index.crates.io-6f17d22bba15001f/trybuild-1.0.64/src/manifest.rs:7:10
[INFO] [stdout]   |
[INFO] [stdout] 7 | #[derive(Serialize, Debug)]
[INFO] [stdout]   |          ^^^^^^^^^ could not find `export` in `_serde`
[INFO] [stdout]   |
[INFO] [stdout]   = note: this error originates in the macro `try` (in Nightly builds, run with -Z macro-backtrace for more info)
[INFO] [stdout] 
[INFO] [stdout] 
[INFO] [stdout] error[E0433]: failed to resolve: could not find `export` in `_serde`
[INFO] [stdout]  --> /opt/rustwide/cargo-home/registry/src/index.crates.io-6f17d22bba15001f/trybuild-1.0.64/src/manifest.rs:7:10
[INFO] [stdout]   |
[INFO] [stdout] 7 | #[derive(Serialize, Debug)]
[INFO] [stdout]   |          ^^^^^^^^^ could not find `export` in `_serde`
[INFO] [stdout]   |
[INFO] [stdout]   = note: this error originates in the macro `try` (in Nightly builds, run with -Z macro-backtrace for more info)
[INFO] [stdout] 
[INFO] [stdout] 
[INFO] [stdout] error[E0433]: failed to resolve: could not find `export` in `_serde`
[INFO] [stdout]  --> /opt/rustwide/cargo-home/registry/src/index.crates.io-6f17d22bba15001f/trybuild-1.0.64/src/manifest.rs:7:10
[INFO] [stdout]   |
[INFO] [stdout] 7 | #[derive(Serialize, Debug)]
[INFO] [stdout]   |          ^^^^^^^^^ could not find `export` in `_serde`
[INFO] [stdout]   |
[INFO] [stdout]   = note: this error originates in the macro `try` (in Nightly builds, run with -Z macro-backtrace for more info)
[INFO] [stdout] 
[INFO] [stdout] 
[INFO] [stdout] error[E0433]: failed to resolve: could not find `export` in `_serde`
[INFO] [stdout]  --> /opt/rustwide/cargo-home/registry/src/index.crates.io-6f17d22bba15001f/trybuild-1.0.64/src/manifest.rs:7:10
[INFO] [stdout]   |
[INFO] [stdout] 7 | #[derive(Serialize, Debug)]
[INFO] [stdout]   |          ^^^^^^^^^ could not find `export` in `_serde`
[INFO] [stdout]   |
[INFO] [stdout]   = note: this error originates in the macro `try` (in Nightly builds, run with -Z macro-backtrace for more info)
[INFO] [stdout] 
[INFO] [stdout] 
[INFO] [stdout] error[E0433]: failed to resolve: could not find `export` in `_serde`
[INFO] [stdout]  --> /opt/rustwide/cargo-home/registry/src/index.crates.io-6f17d22bba15001f/trybuild-1.0.64/src/manifest.rs:7:10
[INFO] [stdout]   |
[INFO] [stdout] 7 | #[derive(Serialize, Debug)]
[INFO] [stdout]   |          ^^^^^^^^^ could not find `export` in `_serde`
[INFO] [stdout]   |
[INFO] [stdout]   = note: this error originates in the macro `try` (in Nightly builds, run with -Z macro-backtrace for more info)
[INFO] [stdout] 
[INFO] [stdout] 
[INFO] [stdout] error[E0433]: failed to resolve: could not find `export` in `_serde`
[INFO] [stdout]  --> /opt/rustwide/cargo-home/registry/src/index.crates.io-6f17d22bba15001f/trybuild-1.0.64/src/manifest.rs:7:10
[INFO] [stdout]   |
[INFO] [stdout] 7 | #[derive(Serialize, Debug)]
[INFO] [stdout]   |          ^^^^^^^^^ could not find `export` in `_serde`
[INFO] [stdout]   |
[INFO] [stdout]   = note: this error originates in the macro `try` (in Nightly builds, run with -Z macro-backtrace for more info)
[INFO] [stdout] 
[INFO] [stdout] 
[INFO] [stdout] error[E0433]: failed to resolve: could not find `export` in `_serde`
[INFO] [stdout]  --> /opt/rustwide/cargo-home/registry/src/index.crates.io-6f17d22bba15001f/trybuild-1.0.64/src/manifest.rs:7:10
[INFO] [stdout]   |
[INFO] [stdout] 7 | #[derive(Serialize, Debug)]
[INFO] [stdout]   |          ^^^^^^^^^ could not find `export` in `_serde`
[INFO] [stdout]   |
[INFO] [stdout]   = note: this error originates in the macro `try` (in Nightly builds, run with -Z macro-backtrace for more info)
[INFO] [stdout] 
[INFO] [stdout] 
[INFO] [stdout] error[E0433]: failed to resolve: could not find `export` in `_serde`
[INFO] [stdout]  --> /opt/rustwide/cargo-home/registry/src/index.crates.io-6f17d22bba15001f/trybuild-1.0.64/src/manifest.rs:7:10
[INFO] [stdout]   |
[INFO] [stdout] 7 | #[derive(Serialize, Debug)]
[INFO] [stdout]   |          ^^^^^^^^^ could not find `export` in `_serde`
[INFO] [stdout]   |
[INFO] [stdout]   = note: this error originates in the macro `try` (in Nightly builds, run with -Z macro-backtrace for more info)
[INFO] [stdout] 
[INFO] [stdout] 
[INFO] [stdout] error[E0433]: failed to resolve: could not find `export` in `_serde`
[INFO] [stdout]  --> /opt/rustwide/cargo-home/registry/src/index.crates.io-6f17d22bba15001f/trybuild-1.0.64/src/manifest.rs:7:10
[INFO] [stdout]   |
[INFO] [stdout] 7 | #[derive(Serialize, Debug)]
[INFO] [stdout]   |          ^^^^^^^^^ could not find `export` in `_serde`
[INFO] [stdout]   |
[INFO] [stdout]   = note: this error originates in the macro `try` (in Nightly builds, run with -Z macro-backtrace for more info)
[INFO] [stdout] 
[INFO] [stdout] 
[INFO] [stdout] error[E0433]: failed to resolve: could not find `export` in `_serde`
[INFO] [stdout]   --> /opt/rustwide/cargo-home/registry/src/index.crates.io-6f17d22bba15001f/trybuild-1.0.64/src/manifest.rs:25:10
[INFO] [stdout]    |
[INFO] [stdout] 25 | #[derive(Serialize, Debug)]
[INFO] [stdout]    |          ^^^^^^^^^ could not find `export` in `_serde`
[INFO] [stdout]    |
[INFO] [stdout]    = note: this error originates in the derive macro `Serialize` (in Nightly builds, run with -Z macro-backtrace for more info)
[INFO] [stdout] 
[INFO] [stdout] 
[INFO] [stdout] error[E0433]: failed to resolve: could not find `export` in `_serde`
[INFO] [stdout]   --> /opt/rustwide/cargo-home/registry/src/index.crates.io-6f17d22bba15001f/trybuild-1.0.64/src/manifest.rs:25:10
[INFO] [stdout]    |
[INFO] [stdout] 25 | #[derive(Serialize, Debug)]
[INFO] [stdout]    |          ^^^^^^^^^ could not find `export` in `_serde`
[INFO] [stdout]    |
[INFO] [stdout]    = note: this error originates in the macro `try` (in Nightly builds, run with -Z macro-backtrace for more info)
[INFO] [stdout] 
[INFO] [stdout] 
[INFO] [stdout] error[E0433]: failed to resolve: could not find `export` in `_serde`
[INFO] [stdout]   --> /opt/rustwide/cargo-home/registry/src/index.crates.io-6f17d22bba15001f/trybuild-1.0.64/src/manifest.rs:25:10
[INFO] [stdout]    |
[INFO] [stdout] 25 | #[derive(Serialize, Debug)]
[INFO] [stdout]    |          ^^^^^^^^^ could not find `export` in `_serde`
[INFO] [stdout]    |
[INFO] [stdout]    = note: this error originates in the macro `try` (in Nightly builds, run with -Z macro-backtrace for more info)
[INFO] [stdout] 
[INFO] [stdout] 
[INFO] [stdout] error[E0433]: failed to resolve: could not find `export` in `_serde`
[INFO] [stdout]   --> /opt/rustwide/cargo-home/registry/src/index.crates.io-6f17d22bba15001f/trybuild-1.0.64/src/manifest.rs:25:10
[INFO] [stdout]    |
[INFO] [stdout] 25 | #[derive(Serialize, Debug)]
[INFO] [stdout]    |          ^^^^^^^^^ could not find `export` in `_serde`
[INFO] [stdout]    |
[INFO] [stdout]    = note: this error originates in the macro `try` (in Nightly builds, run with -Z macro-backtrace for more info)
[INFO] [stdout] 
[INFO] [stdout] 
[INFO] [stdout] error[E0433]: failed to resolve: could not find `export` in `_serde`
[INFO] [stdout]   --> /opt/rustwide/cargo-home/registry/src/index.crates.io-6f17d22bba15001f/trybuild-1.0.64/src/manifest.rs:25:10
[INFO] [stdout]    |
[INFO] [stdout] 25 | #[derive(Serialize, Debug)]
[INFO] [stdout]    |          ^^^^^^^^^ could not find `export` in `_serde`
[INFO] [stdout]    |
[INFO] [stdout]    = note: this error originates in the macro `try` (in Nightly builds, run with -Z macro-backtrace for more info)
[INFO] [stdout] 
[INFO] [stdout] 
[INFO] [stdout] error[E0433]: failed to resolve: could not find `export` in `_serde`
[INFO] [stdout]   --> /opt/rustwide/cargo-home/registry/src/index.crates.io-6f17d22bba15001f/trybuild-1.0.64/src/manifest.rs:25:10
[INFO] [stdout]    |
[INFO] [stdout] 25 | #[derive(Serialize, Debug)]
[INFO] [stdout]    |          ^^^^^^^^^ could not find `export` in `_serde`
[INFO] [stdout]    |
[INFO] [stdout]    = note: this error originates in the macro `try` (in Nightly builds, run with -Z macro-backtrace for more info)
[INFO] [stdout] 
[INFO] [stdout] 
[INFO] [stdout] error[E0433]: failed to resolve: could not find `export` in `_serde`
[INFO] [stdout]   --> /opt/rustwide/cargo-home/registry/src/index.crates.io-6f17d22bba15001f/trybuild-1.0.64/src/manifest.rs:25:10
[INFO] [stdout]    |
[INFO] [stdout] 25 | #[derive(Serialize, Debug)]
[INFO] [stdout]    |          ^^^^^^^^^ could not find `export` in `_serde`
[INFO] [stdout]    |
[INFO] [stdout]    = note: this error originates in the macro `try` (in Nightly builds, run with -Z macro-backtrace for more info)
[INFO] [stdout] 
[INFO] [stdout] 
[INFO] [stdout] error[E0433]: failed to resolve: could not find `export` in `_serde`
[INFO] [stdout]   --> /opt/rustwide/cargo-home/registry/src/index.crates.io-6f17d22bba15001f/trybuild-1.0.64/src/manifest.rs:25:10
[INFO] [stdout]    |
[INFO] [stdout] 25 | #[derive(Serialize, Debug)]
[INFO] [stdout]    |          ^^^^^^^^^ could not find `export` in `_serde`
[INFO] [stdout]    |
[INFO] [stdout]    = note: this error originates in the macro `try` (in Nightly builds, run with -Z macro-backtrace for more info)
[INFO] [stdout] 
[INFO] [stdout] 
[INFO] [stdout] error[E0433]: failed to resolve: could not find `export` in `_serde`
[INFO] [stdout]   --> /opt/rustwide/cargo-home/registry/src/index.crates.io-6f17d22bba15001f/trybuild-1.0.64/src/manifest.rs:35:10
[INFO] [stdout]    |
[INFO] [stdout] 35 | #[derive(Serialize, Deserialize, Debug)]
[INFO] [stdout]    |          ^^^^^^^^^ could not find `export` in `_serde`
[INFO] [stdout]    |
[INFO] [stdout]    = note: this error originates in the derive macro `Serialize` (in Nightly builds, run with -Z macro-backtrace for more info)
[INFO] [stdout] 
[INFO] [stdout] 
[INFO] [stdout] error[E0433]: failed to resolve: could not find `export` in `_serde`
[INFO] [stdout]   --> /opt/rustwide/cargo-home/registry/src/index.crates.io-6f17d22bba15001f/trybuild-1.0.64/src/manifest.rs:35:21
[INFO] [stdout]    |
[INFO] [stdout] 35 | #[derive(Serialize, Deserialize, Debug)]
[INFO] [stdout]    |                     ^^^^^^^^^^^ could not find `export` in `_serde`
[INFO] [stdout]    |
[INFO] [stdout]    = note: this error originates in the derive macro `Deserialize` (in Nightly builds, run with -Z macro-backtrace for more info)
[INFO] [stdout] 
[INFO] [stdout] 
[INFO] [stdout] error[E0433]: failed to resolve: could not find `export` in `_serde`
[INFO] [stdout]   --> /opt/rustwide/cargo-home/registry/src/index.crates.io-6f17d22bba15001f/trybuild-1.0.64/src/manifest.rs:35:21
[INFO] [stdout]    |
[INFO] [stdout] 35 | #[derive(Serialize, Deserialize, Debug)]
[INFO] [stdout]    |                     ^^^^^^^^^^^ could not find `export` in `_serde`
[INFO] [stdout]    |
[INFO] [stdout]    = note: this error originates in the macro `try` (in Nightly builds, run with -Z macro-backtrace for more info)
[INFO] [stdout] 
[INFO] [stdout] 
[INFO] [stdout] error[E0433]: failed to resolve: could not find `export` in `_serde`
[INFO] [stdout]   --> /opt/rustwide/cargo-home/registry/src/index.crates.io-6f17d22bba15001f/trybuild-1.0.64/src/manifest.rs:35:21
[INFO] [stdout]    |
[INFO] [stdout] 35 | #[derive(Serialize, Deserialize, Debug)]
[INFO] [stdout]    |                     ^^^^^^^^^^^ could not find `export` in `_serde`
[INFO] [stdout]    |
[INFO] [stdout]    = note: this error originates in the macro `try` (in Nightly builds, run with -Z macro-backtrace for more info)
[INFO] [stdout] 
[INFO] [stdout] 
[INFO] [stdout] error[E0433]: failed to resolve: could not find `export` in `_serde`
[INFO] [stdout]   --> /opt/rustwide/cargo-home/registry/src/index.crates.io-6f17d22bba15001f/trybuild-1.0.64/src/manifest.rs:35:21
[INFO] [stdout]    |
[INFO] [stdout] 35 | #[derive(Serialize, Deserialize, Debug)]
[INFO] [stdout]    |                     ^^^^^^^^^^^ could not find `export` in `_serde`
[INFO] [stdout]    |
[INFO] [stdout]    = note: this error originates in the macro `try` (in Nightly builds, run with -Z macro-backtrace for more info)
[INFO] [stdout] 
[INFO] [stdout] 
[INFO] [stdout] error[E0433]: failed to resolve: could not find `export` in `_serde`
[INFO] [stdout]   --> /opt/rustwide/cargo-home/registry/src/index.crates.io-6f17d22bba15001f/trybuild-1.0.64/src/manifest.rs:35:21
[INFO] [stdout]    |
[INFO] [stdout] 35 | #[derive(Serialize, Deserialize, Debug)]
[INFO] [stdout]    |                     ^^^^^^^^^^^ could not find `export` in `_serde`
[INFO] [stdout]    |
[INFO] [stdout]    = note: this error originates in the macro `try` (in Nightly builds, run with -Z macro-backtrace for more info)
[INFO] [stdout] 
[INFO] [stdout] 
[INFO] [stdout] error[E0433]: failed to resolve: could not find `export` in `_serde`
[INFO] [stdout]   --> /opt/rustwide/cargo-home/registry/src/index.crates.io-6f17d22bba15001f/trybuild-1.0.64/src/manifest.rs:45:10
[INFO] [stdout]    |
[INFO] [stdout] 45 | #[derive(Serialize, Debug)]
[INFO] [stdout]    |          ^^^^^^^^^ could not find `export` in `_serde`
[INFO] [stdout]    |
[INFO] [stdout]    = note: this error originates in the derive macro `Serialize` (in Nightly builds, run with -Z macro-backtrace for more info)
[INFO] [stdout] 
[INFO] [stdout] 
[INFO] [stdout] error[E0433]: failed to resolve: could not find `export` in `_serde`
[INFO] [stdout]   --> /opt/rustwide/cargo-home/registry/src/index.crates.io-6f17d22bba15001f/trybuild-1.0.64/src/manifest.rs:45:10
[INFO] [stdout]    |
[INFO] [stdout] 45 | #[derive(Serialize, Debug)]
[INFO] [stdout]    |          ^^^^^^^^^ could not find `export` in `_serde`
[INFO] [stdout]    |
[INFO] [stdout]    = note: this error originates in the macro `try` (in Nightly builds, run with -Z macro-backtrace for more info)
[INFO] [stdout] 
[INFO] [stdout] 
[INFO] [stdout] error[E0433]: failed to resolve: could not find `export` in `_serde`
[INFO] [stdout]   --> /opt/rustwide/cargo-home/registry/src/index.crates.io-6f17d22bba15001f/trybuild-1.0.64/src/manifest.rs:45:10
[INFO] [stdout]    |
[INFO] [stdout] 45 | #[derive(Serialize, Debug)]
[INFO] [stdout]    |          ^^^^^^^^^ could not find `export` in `_serde`
[INFO] [stdout]    |
[INFO] [stdout]    = note: this error originates in the macro `try` (in Nightly builds, run with -Z macro-backtrace for more info)
[INFO] [stdout] 
[INFO] [stdout] 
[INFO] [stdout] error[E0433]: failed to resolve: could not find `export` in `_serde`
[INFO] [stdout]   --> /opt/rustwide/cargo-home/registry/src/index.crates.io-6f17d22bba15001f/trybuild-1.0.64/src/manifest.rs:45:10
[INFO] [stdout]    |
[INFO] [stdout] 45 | #[derive(Serialize, Debug)]
[INFO] [stdout]    |          ^^^^^^^^^ could not find `export` in `_serde`
[INFO] [stdout]    |
[INFO] [stdout]    = note: this error originates in the macro `try` (in Nightly builds, run with -Z macro-backtrace for more info)
[INFO] [stdout] 
[INFO] [stdout] 
[INFO] [stdout] error[E0433]: failed to resolve: could not find `export` in `_serde`
[INFO] [stdout]   --> /opt/rustwide/cargo-home/registry/src/index.crates.io-6f17d22bba15001f/trybuild-1.0.64/src/manifest.rs:51:10
[INFO] [stdout]    |
[INFO] [stdout] 51 | #[derive(Serialize, Clone, Debug)]
[INFO] [stdout]    |          ^^^^^^^^^ could not find `export` in `_serde`
[INFO] [stdout]    |
[INFO] [stdout]    = note: this error originates in the derive macro `Serialize` (in Nightly builds, run with -Z macro-backtrace for more info)
[INFO] [stdout] 
[INFO] [stdout] 
[INFO] [stdout] error[E0433]: failed to resolve: could not find `export` in `_serde`
[INFO] [stdout]   --> /opt/rustwide/cargo-home/registry/src/index.crates.io-6f17d22bba15001f/trybuild-1.0.64/src/manifest.rs:54:10
[INFO] [stdout]    |
[INFO] [stdout] 54 | #[derive(Serialize, Debug)]
[INFO] [stdout]    |          ^^^^^^^^^ could not find `export` in `_serde`
[INFO] [stdout]    |
[INFO] [stdout]    = note: this error originates in the derive macro `Serialize` (in Nightly builds, run with -Z macro-backtrace for more info)
[INFO] [stdout] 
[INFO] [stdout] 
[INFO] [stdout] error[E0433]: failed to resolve: could not find `export` in `_serde`
[INFO] [stdout]   --> /opt/rustwide/cargo-home/registry/src/index.crates.io-6f17d22bba15001f/trybuild-1.0.64/src/manifest.rs:54:10
[INFO] [stdout]    |
[INFO] [stdout] 54 | #[derive(Serialize, Debug)]
[INFO] [stdout]    |          ^^^^^^^^^ could not find `export` in `_serde`
[INFO] [stdout]    |
[INFO] [stdout]    = note: this error originates in the macro `try` (in Nightly builds, run with -Z macro-backtrace for more info)
[INFO] [stdout] 
[INFO] [stdout] 
[INFO] [stdout] error[E0433]: failed to resolve: could not find `export` in `_serde`
[INFO] [stdout]   --> /opt/rustwide/cargo-home/registry/src/index.crates.io-6f17d22bba15001f/trybuild-1.0.64/src/manifest.rs:54:10
[INFO] [stdout]    |
[INFO] [stdout] 54 | #[derive(Serialize, Debug)]
[INFO] [stdout]    |          ^^^^^^^^^ could not find `export` in `_serde`
[INFO] [stdout]    |
[INFO] [stdout]    = note: this error originates in the macro `try` (in Nightly builds, run with -Z macro-backtrace for more info)
[INFO] [stdout] 
[INFO] [stdout] 
[INFO] [stdout] error[E0433]: failed to resolve: could not find `export` in `_serde`
[INFO] [stdout]   --> /opt/rustwide/cargo-home/registry/src/index.crates.io-6f17d22bba15001f/trybuild-1.0.64/src/manifest.rs:59:10
[INFO] [stdout]    |
[INFO] [stdout] 59 | #[derive(Serialize, Debug)]
[INFO] [stdout]    |          ^^^^^^^^^ could not find `export` in `_serde`
[INFO] [stdout]    |
[INFO] [stdout]    = note: this error originates in the derive macro `Serialize` (in Nightly builds, run with -Z macro-backtrace for more info)
[INFO] [stdout] 
[INFO] [stdout] 
[INFO] [stdout] error[E0433]: failed to resolve: could not find `export` in `_serde`
[INFO] [stdout]   --> /opt/rustwide/cargo-home/registry/src/index.crates.io-6f17d22bba15001f/trybuild-1.0.64/src/manifest.rs:59:10
[INFO] [stdout]    |
[INFO] [stdout] 59 | #[derive(Serialize, Debug)]
[INFO] [stdout]    |          ^^^^^^^^^ could not find `export` in `_serde`
[INFO] [stdout]    |
[INFO] [stdout]    = note: this error originates in the macro `try` (in Nightly builds, run with -Z macro-backtrace for more info)
[INFO] [stdout] 
[INFO] [stdout] 
[INFO] [stdout] error[E0433]: failed to resolve: could not find `export` in `_serde`
[INFO] [stdout]   --> /opt/rustwide/cargo-home/registry/src/index.crates.io-6f17d22bba15001f/trybuild-1.0.64/src/manifest.rs:59:10
[INFO] [stdout]    |
[INFO] [stdout] 59 | #[derive(Serialize, Debug)]
[INFO] [stdout]    |          ^^^^^^^^^ could not find `export` in `_serde`
[INFO] [stdout]    |
[INFO] [stdout]    = note: this error originates in the macro `try` (in Nightly builds, run with -Z macro-backtrace for more info)
[INFO] [stdout] 
[INFO] [stdout] 
[INFO] [stdout] error[E0433]: failed to resolve: could not find `export` in `_serde`
[INFO] [stdout]   --> /opt/rustwide/cargo-home/registry/src/index.crates.io-6f17d22bba15001f/trybuild-1.0.64/src/manifest.rs:64:10
[INFO] [stdout]    |
[INFO] [stdout] 64 | #[derive(Serialize, Debug)]
[INFO] [stdout]    |          ^^^^^^^^^ could not find `export` in `_serde`
[INFO] [stdout]    |
[INFO] [stdout]    = note: this error originates in the derive macro `Serialize` (in Nightly builds, run with -Z macro-backtrace for more info)
[INFO] [stdout] 
[INFO] [stdout] 
[INFO] [stdout] error[E0433]: failed to resolve: could not find `export` in `_serde`
[INFO] [stdout]   --> /opt/rustwide/cargo-home/registry/src/index.crates.io-6f17d22bba15001f/trybuild-1.0.64/src/manifest.rs:64:10
[INFO] [stdout]    |
[INFO] [stdout] 64 | #[derive(Serialize, Debug)]
[INFO] [stdout]    |          ^^^^^^^^^ could not find `export` in `_serde`
[INFO] [stdout]    |
[INFO] [stdout]    = note: this error originates in the macro `try` (in Nightly builds, run with -Z macro-backtrace for more info)
[INFO] [stdout] 
[INFO] [stdout] 
[INFO] [stdout] error[E0433]: failed to resolve: could not find `export` in `_serde`
[INFO] [stdout]    --> /opt/rustwide/cargo-home/registry/src/index.crates.io-6f17d22bba15001f/trybuild-1.0.64/src/run.rs:522:10
[INFO] [stdout]     |
[INFO] [stdout] 522 | #[derive(Deserialize)]
[INFO] [stdout]     |          ^^^^^^^^^^^ could not find `export` in `_serde`
[INFO] [stdout]     |
[INFO] [stdout]     = note: this error originates in the derive macro `Deserialize` (in Nightly builds, run with -Z macro-backtrace for more info)
[INFO] [stdout] 
[INFO] [stdout] 
[INFO] [stdout] error[E0433]: failed to resolve: could not find `export` in `_serde`
[INFO] [stdout]    --> /opt/rustwide/cargo-home/registry/src/index.crates.io-6f17d22bba15001f/trybuild-1.0.64/src/run.rs:522:10
[INFO] [stdout]     |
[INFO] [stdout] 522 | #[derive(Deserialize)]
[INFO] [stdout]     |          ^^^^^^^^^^^ could not find `export` in `_serde`
[INFO] [stdout]     |
[INFO] [stdout]     = note: this error originates in the macro `try` (in Nightly builds, run with -Z macro-backtrace for more info)
[INFO] [stdout] 
[INFO] [stdout] 
[INFO] [stdout] error[E0433]: failed to resolve: could not find `export` in `_serde`
[INFO] [stdout]    --> /opt/rustwide/cargo-home/registry/src/index.crates.io-6f17d22bba15001f/trybuild-1.0.64/src/run.rs:522:10
[INFO] [stdout]     |
[INFO] [stdout] 522 | #[derive(Deserialize)]
[INFO] [stdout]     |          ^^^^^^^^^^^ could not find `export` in `_serde`
[INFO] [stdout]     |
[INFO] [stdout]     = note: this error originates in the macro `try` (in Nightly builds, run with -Z macro-backtrace for more info)
[INFO] [stdout] 
[INFO] [stdout] 
[INFO] [stdout] error[E0433]: failed to resolve: could not find `export` in `_serde`
[INFO] [stdout]    --> /opt/rustwide/cargo-home/registry/src/index.crates.io-6f17d22bba15001f/trybuild-1.0.64/src/run.rs:522:10
[INFO] [stdout]     |
[INFO] [stdout] 522 | #[derive(Deserialize)]
[INFO] [stdout]     |          ^^^^^^^^^^^ could not find `export` in `_serde`
[INFO] [stdout]     |
[INFO] [stdout]     = note: this error originates in the macro `try` (in Nightly builds, run with -Z macro-backtrace for more info)
[INFO] [stdout] 
[INFO] [stdout] 
[INFO] [stdout] error[E0433]: failed to resolve: could not find `export` in `_serde`
[INFO] [stdout]    --> /opt/rustwide/cargo-home/registry/src/index.crates.io-6f17d22bba15001f/trybuild-1.0.64/src/run.rs:522:10
[INFO] [stdout]     |
[INFO] [stdout] 522 | #[derive(Deserialize)]
[INFO] [stdout]     |          ^^^^^^^^^^^ could not find `export` in `_serde`
[INFO] [stdout]     |
[INFO] [stdout]     = note: this error originates in the macro `try` (in Nightly builds, run with -Z macro-backtrace for more info)
[INFO] [stdout] 
[INFO] [stdout] 
[INFO] [stdout] error[E0433]: failed to resolve: could not find `export` in `_serde`
[INFO] [stdout]    --> /opt/rustwide/cargo-home/registry/src/index.crates.io-6f17d22bba15001f/trybuild-1.0.64/src/run.rs:522:10
[INFO] [stdout]     |
[INFO] [stdout] 522 | #[derive(Deserialize)]
[INFO] [stdout]     |          ^^^^^^^^^^^ could not find `export` in `_serde`
[INFO] [stdout]     |
[INFO] [stdout]     = note: this error originates in the macro `try` (in Nightly builds, run with -Z macro-backtrace for more info)
[INFO] [stdout] 
[INFO] [stdout] 
[INFO] [stdout] error[E0433]: failed to resolve: could not find `export` in `_serde`
[INFO] [stdout]    --> /opt/rustwide/cargo-home/registry/src/index.crates.io-6f17d22bba15001f/trybuild-1.0.64/src/run.rs:522:10
[INFO] [stdout]     |
[INFO] [stdout] 522 | #[derive(Deserialize)]
[INFO] [stdout]     |          ^^^^^^^^^^^ could not find `export` in `_serde`
[INFO] [stdout]     |
[INFO] [stdout]     = note: this error originates in the macro `try` (in Nightly builds, run with -Z macro-backtrace for more info)
[INFO] [stdout] 
[INFO] [stdout] 
[INFO] [stdout] error[E0433]: failed to resolve: could not find `export` in `_serde`
[INFO] [stdout]    --> /opt/rustwide/cargo-home/registry/src/index.crates.io-6f17d22bba15001f/trybuild-1.0.64/src/run.rs:522:10
[INFO] [stdout]     |
[INFO] [stdout] 522 | #[derive(Deserialize)]
[INFO] [stdout]     |          ^^^^^^^^^^^ could not find `export` in `_serde`
[INFO] [stdout]     |
[INFO] [stdout]     = note: this error originates in the macro `try` (in Nightly builds, run with -Z macro-backtrace for more info)
[INFO] [stdout] 
[INFO] [stdout] 
[INFO] [stdout] error[E0433]: failed to resolve: could not find `export` in `_serde`
[INFO] [stdout]    --> /opt/rustwide/cargo-home/registry/src/index.crates.io-6f17d22bba15001f/trybuild-1.0.64/src/run.rs:522:10
[INFO] [stdout]     |
[INFO] [stdout] 522 | #[derive(Deserialize)]
[INFO] [stdout]     |          ^^^^^^^^^^^ could not find `export` in `_serde`
[INFO] [stdout]     |
[INFO] [stdout]     = note: this error originates in the macro `try` (in Nightly builds, run with -Z macro-backtrace for more info)
[INFO] [stdout] 
[INFO] [stdout] 
[INFO] [stdout] error[E0433]: failed to resolve: could not find `export` in `_serde`
[INFO] [stdout]    --> /opt/rustwide/cargo-home/registry/src/index.crates.io-6f17d22bba15001f/trybuild-1.0.64/src/run.rs:522:10
[INFO] [stdout]     |
[INFO] [stdout] 522 | #[derive(Deserialize)]
[INFO] [stdout]     |          ^^^^^^^^^^^ could not find `export` in `_serde`
[INFO] [stdout]     |
[INFO] [stdout]     = note: this error originates in the macro `try` (in Nightly builds, run with -Z macro-backtrace for more info)
[INFO] [stdout] 
[INFO] [stdout] 
[INFO] [stdout] error[E0433]: failed to resolve: could not find `export` in `_serde`
[INFO] [stdout]    --> /opt/rustwide/cargo-home/registry/src/index.crates.io-6f17d22bba15001f/trybuild-1.0.64/src/run.rs:522:10
[INFO] [stdout]     |
[INFO] [stdout] 522 | #[derive(Deserialize)]
[INFO] [stdout]     |          ^^^^^^^^^^^ could not find `export` in `_serde`
[INFO] [stdout]     |
[INFO] [stdout]     = note: this error originates in the macro `try` (in Nightly builds, run with -Z macro-backtrace for more info)
[INFO] [stdout] 
[INFO] [stdout] 
[INFO] [stdout] error[E0433]: failed to resolve: could not find `export` in `_serde`
[INFO] [stdout]    --> /opt/rustwide/cargo-home/registry/src/index.crates.io-6f17d22bba15001f/trybuild-1.0.64/src/run.rs:522:10
[INFO] [stdout]     |
[INFO] [stdout] 522 | #[derive(Deserialize)]
[INFO] [stdout]     |          ^^^^^^^^^^^ could not find `export` in `_serde`
[INFO] [stdout]     |
[INFO] [stdout]     = note: this error originates in the macro `try` (in Nightly builds, run with -Z macro-backtrace for more info)
[INFO] [stdout] 
[INFO] [stdout] 
[INFO] [stdout] error[E0433]: failed to resolve: could not find `export` in `_serde`
[INFO] [stdout]    --> /opt/rustwide/cargo-home/registry/src/index.crates.io-6f17d22bba15001f/trybuild-1.0.64/src/run.rs:530:10
[INFO] [stdout]     |
[INFO] [stdout] 530 | #[derive(Deserialize)]
[INFO] [stdout]     |          ^^^^^^^^^^^ could not find `export` in `_serde`
[INFO] [stdout]     |
[INFO] [stdout]     = note: this error originates in the derive macro `Deserialize` (in Nightly builds, run with -Z macro-backtrace for more info)
[INFO] [stdout] 
[INFO] [stdout] 
[INFO] [stdout] error[E0433]: failed to resolve: could not find `export` in `_serde`
[INFO] [stdout]    --> /opt/rustwide/cargo-home/registry/src/index.crates.io-6f17d22bba15001f/trybuild-1.0.64/src/run.rs:530:10
[INFO] [stdout]     |
[INFO] [stdout] 530 | #[derive(Deserialize)]
[INFO] [stdout]     |          ^^^^^^^^^^^ could not find `export` in `_serde`
[INFO] [stdout]     |
[INFO] [stdout]     = note: this error originates in the macro `try` (in Nightly builds, run with -Z macro-backtrace for more info)
[INFO] [stdout] 
[INFO] [stdout] 
[INFO] [stdout] error[E0433]: failed to resolve: could not find `export` in `_serde`
[INFO] [stdout]    --> /opt/rustwide/cargo-home/registry/src/index.crates.io-6f17d22bba15001f/trybuild-1.0.64/src/run.rs:530:10
[INFO] [stdout]     |
[INFO] [stdout] 530 | #[derive(Deserialize)]
[INFO] [stdout]     |          ^^^^^^^^^^^ could not find `export` in `_serde`
[INFO] [stdout]     |
[INFO] [stdout]     = note: this error originates in the macro `try` (in Nightly builds, run with -Z macro-backtrace for more info)
[INFO] [stdout] 
[INFO] [stdout] 
[INFO] [stdout] error[E0433]: failed to resolve: could not find `export` in `_serde`
[INFO] [stdout]    --> /opt/rustwide/cargo-home/registry/src/index.crates.io-6f17d22bba15001f/trybuild-1.0.64/src/run.rs:536:10
[INFO] [stdout]     |
[INFO] [stdout] 536 | #[derive(Deserialize)]
[INFO] [stdout]     |          ^^^^^^^^^^^ could not find `export` in `_serde`
[INFO] [stdout]     |
[INFO] [stdout]     = note: this error originates in the derive macro `Deserialize` (in Nightly builds, run with -Z macro-backtrace for more info)
[INFO] [stdout] 
[INFO] [stdout] 
[INFO] [stdout] error[E0433]: failed to resolve: could not find `export` in `_serde`
[INFO] [stdout]    --> /opt/rustwide/cargo-home/registry/src/index.crates.io-6f17d22bba15001f/trybuild-1.0.64/src/run.rs:536:10
[INFO] [stdout]     |
[INFO] [stdout] 536 | #[derive(Deserialize)]
[INFO] [stdout]     |          ^^^^^^^^^^^ could not find `export` in `_serde`
[INFO] [stdout]     |
[INFO] [stdout]     = note: this error originates in the macro `try` (in Nightly builds, run with -Z macro-backtrace for more info)
[INFO] [stdout] 
[INFO] [stdout] 
[INFO] [stdout] error[E0433]: failed to resolve: could not find `export` in `_serde`
[INFO] [stdout]    --> /opt/rustwide/cargo-home/registry/src/index.crates.io-6f17d22bba15001f/trybuild-1.0.64/src/run.rs:536:10
[INFO] [stdout]     |
[INFO] [stdout] 536 | #[derive(Deserialize)]
[INFO] [stdout]     |          ^^^^^^^^^^^ could not find `export` in `_serde`
[INFO] [stdout]     |
[INFO] [stdout]     = note: this error originates in the macro `try` (in Nightly builds, run with -Z macro-backtrace for more info)
[INFO] [stdout] 
[INFO] [stdout] 
[INFO] [stdout] error[E0433]: failed to resolve: could not find `export` in `_serde`
[INFO] [stdout]    --> /opt/rustwide/cargo-home/registry/src/index.crates.io-6f17d22bba15001f/trybuild-1.0.64/src/run.rs:536:10
[INFO] [stdout]     |
[INFO] [stdout] 536 | #[derive(Deserialize)]
[INFO] [stdout]     |          ^^^^^^^^^^^ could not find `export` in `_serde`
[INFO] [stdout]     |
[INFO] [stdout]     = note: this error originates in the macro `try` (in Nightly builds, run with -Z macro-backtrace for more info)
[INFO] [stdout] 
[INFO] [stdout] 
[INFO] [stdout] error[E0433]: failed to resolve: could not find `export` in `_serde`
[INFO] [stdout]    --> /opt/rustwide/cargo-home/registry/src/index.crates.io-6f17d22bba15001f/trybuild-1.0.64/src/run.rs:536:10
[INFO] [stdout]     |
[INFO] [stdout] 536 | #[derive(Deserialize)]
[INFO] [stdout]     |          ^^^^^^^^^^^ could not find `export` in `_serde`
[INFO] [stdout]     |
[INFO] [stdout]     = note: this error originates in the macro `try` (in Nightly builds, run with -Z macro-backtrace for more info)
[INFO] [stdout] 
[INFO] [stdout] 
[INFO] [stdout] error[E0433]: failed to resolve: could not find `export` in `_serde`
[INFO] [stdout]    --> /opt/rustwide/cargo-home/registry/src/index.crates.io-6f17d22bba15001f/trybuild-1.0.64/src/run.rs:536:10
[INFO] [stdout]     |
[INFO] [stdout] 536 | #[derive(Deserialize)]
[INFO] [stdout]     |          ^^^^^^^^^^^ could not find `export` in `_serde`
[INFO] [stdout]     |
[INFO] [stdout]     = note: this error originates in the macro `try` (in Nightly builds, run with -Z macro-backtrace for more info)
[INFO] [stdout] 
[INFO] [stdout] 
[INFO] [stdout] error[E0433]: failed to resolve: could not find `export` in `_serde`
[INFO] [stdout]    --> /opt/rustwide/cargo-home/registry/src/index.crates.io-6f17d22bba15001f/trybuild-1.0.64/src/run.rs:541:10
[INFO] [stdout]     |
[INFO] [stdout] 541 | #[derive(Deserialize)]
[INFO] [stdout]     |          ^^^^^^^^^^^ could not find `export` in `_serde`
[INFO] [stdout]     |
[INFO] [stdout]     = note: this error originates in the derive macro `Deserialize` (in Nightly builds, run with -Z macro-backtrace for more info)
[INFO] [stdout] 
[INFO] [stdout] 
[INFO] [stdout] error[E0433]: failed to resolve: could not find `export` in `_serde`
[INFO] [stdout]    --> /opt/rustwide/cargo-home/registry/src/index.crates.io-6f17d22bba15001f/trybuild-1.0.64/src/run.rs:541:10
[INFO] [stdout]     |
[INFO] [stdout] 541 | #[derive(Deserialize)]
[INFO] [stdout]     |          ^^^^^^^^^^^ could not find `export` in `_serde`
[INFO] [stdout]     |
[INFO] [stdout]     = note: this error originates in the macro `try` (in Nightly builds, run with -Z macro-backtrace for more info)
[INFO] [stdout] 
[INFO] [stdout] 
[INFO] [stdout] error[E0433]: failed to resolve: could not find `export` in `_serde`
[INFO] [stdout]    --> /opt/rustwide/cargo-home/registry/src/index.crates.io-6f17d22bba15001f/trybuild-1.0.64/src/run.rs:541:10
[INFO] [stdout]     |
[INFO] [stdout] 541 | #[derive(Deserialize)]
[INFO] [stdout]     |          ^^^^^^^^^^^ could not find `export` in `_serde`
[INFO] [stdout]     |
[INFO] [stdout]     = note: this error originates in the macro `try` (in Nightly builds, run with -Z macro-backtrace for more info)
[INFO] [stdout] 
[INFO] [stdout] 
[INFO] [stdout] error[E0433]: failed to resolve: could not find `export` in `_serde`
[INFO] [stdout]    --> /opt/rustwide/cargo-home/registry/src/index.crates.io-6f17d22bba15001f/trybuild-1.0.64/src/run.rs:541:10
[INFO] [stdout]     |
[INFO] [stdout] 541 | #[derive(Deserialize)]
[INFO] [stdout]     |          ^^^^^^^^^^^ could not find `export` in `_serde`
[INFO] [stdout]     |
[INFO] [stdout]     = note: this error originates in the macro `try` (in Nightly builds, run with -Z macro-backtrace for more info)
[INFO] [stdout] 
[INFO] [stdout] 
[INFO] [stdout] error[E0433]: failed to resolve: could not find `export` in `_serde`
[INFO] [stdout]    --> /opt/rustwide/cargo-home/registry/src/index.crates.io-6f17d22bba15001f/trybuild-1.0.64/src/run.rs:541:10
[INFO] [stdout]     |
[INFO] [stdout] 541 | #[derive(Deserialize)]
[INFO] [stdout]     |          ^^^^^^^^^^^ could not find `export` in `_serde`
[INFO] [stdout]     |
[INFO] [stdout]     = note: this error originates in the macro `try` (in Nightly builds, run with -Z macro-backtrace for more info)
[INFO] [stdout] 
[INFO] [stdout] 
[INFO] [stdout] error[E0433]: failed to resolve: could not find `export` in `_serde`
[INFO] [stdout]    --> /opt/rustwide/cargo-home/registry/src/index.crates.io-6f17d22bba15001f/trybuild-1.0.64/src/run.rs:541:10
[INFO] [stdout]     |
[INFO] [stdout] 541 | #[derive(Deserialize)]
[INFO] [stdout]     |          ^^^^^^^^^^^ could not find `export` in `_serde`
[INFO] [stdout]     |
[INFO] [stdout]     = note: this error originates in the macro `try` (in Nightly builds, run with -Z macro-backtrace for more info)
[INFO] [stdout] 
[INFO] [stdout] 
[INFO] [stdout] error[E0433]: failed to resolve: could not find `export` in `_serde`
[INFO] [stdout]    --> /opt/rustwide/cargo-home/registry/src/index.crates.io-6f17d22bba15001f/trybuild-1.0.64/src/run.rs:541:10
[INFO] [stdout]     |
[INFO] [stdout] 541 | #[derive(Deserialize)]
[INFO] [stdout]     |          ^^^^^^^^^^^ could not find `export` in `_serde`
[INFO] [stdout]     |
[INFO] [stdout]     = note: this error originates in the macro `try` (in Nightly builds, run with -Z macro-backtrace for more info)
[INFO] [stdout] 
[INFO] [stdout] 
[INFO] [stdout] error[E0433]: failed to resolve: could not find `export` in `_serde`
[INFO] [stdout]    --> /opt/rustwide/cargo-home/registry/src/index.crates.io-6f17d22bba15001f/trybuild-1.0.64/src/run.rs:541:10
[INFO] [stdout]     |
[INFO] [stdout] 541 | #[derive(Deserialize)]
[INFO] [stdout]     |          ^^^^^^^^^^^ could not find `export` in `_serde`
[INFO] [stdout]     |
[INFO] [stdout]     = note: this error originates in the macro `try` (in Nightly builds, run with -Z macro-backtrace for more info)
[INFO] [stdout] 
[INFO] [stdout] 
[INFO] [stdout] error[E0433]: failed to resolve: could not find `export` in `_serde`
[INFO] [stdout]    --> /opt/rustwide/cargo-home/registry/src/index.crates.io-6f17d22bba15001f/trybuild-1.0.64/src/run.rs:541:10
[INFO] [stdout]     |
[INFO] [stdout] 541 | #[derive(Deserialize)]
[INFO] [stdout]     |          ^^^^^^^^^^^ could not find `export` in `_serde`
[INFO] [stdout]     |
[INFO] [stdout]     = note: this error originates in the macro `try` (in Nightly builds, run with -Z macro-backtrace for more info)
[INFO] [stdout] 
[INFO] [stdout] 
[INFO] [stdout] error[E0433]: failed to resolve: could not find `export` in `_serde`
[INFO] [stdout]   --> /opt/rustwide/cargo-home/registry/src/index.crates.io-6f17d22bba15001f/trybuild-1.0.64/src/cargo.rs:11:10
[INFO] [stdout]    |
[INFO] [stdout] 11 | #[derive(Deserialize)]
[INFO] [stdout]    |          ^^^^^^^^^^^ could not find `export` in `_serde`
[INFO] [stdout]    |
[INFO] [stdout]    = note: this error originates in the derive macro `Deserialize` (in Nightly builds, run with -Z macro-backtrace for more info)
[INFO] [stdout] help: consider importing this module
[INFO] [stdout]    |
[INFO] [stdout] 1  + use std::fmt;
[INFO] [stdout]    |
[INFO] [stdout] 
[INFO] [stdout] 
[INFO] [stdout] error[E0433]: failed to resolve: could not find `export` in `_serde`
[INFO] [stdout]   --> /opt/rustwide/cargo-home/registry/src/index.crates.io-6f17d22bba15001f/trybuild-1.0.64/src/cargo.rs:11:10
[INFO] [stdout]    |
[INFO] [stdout] 11 | #[derive(Deserialize)]
[INFO] [stdout]    |          ^^^^^^^^^^^ could not find `export` in `_serde`
[INFO] [stdout]    |
[INFO] [stdout]    = note: this error originates in the derive macro `Deserialize` (in Nightly builds, run with -Z macro-backtrace for more info)
[INFO] [stdout] help: consider importing this struct
[INFO] [stdout]    |
[INFO] [stdout] 1  + use std::fmt::Formatter;
[INFO] [stdout]    |
[INFO] [stdout] 
[INFO] [stdout] 
[INFO] [stdout] error[E0433]: failed to resolve: could not find `export` in `_serde`
[INFO] [stdout]   --> /opt/rustwide/cargo-home/registry/src/index.crates.io-6f17d22bba15001f/trybuild-1.0.64/src/cargo.rs:11:10
[INFO] [stdout]    |
[INFO] [stdout] 11 | #[derive(Deserialize)]
[INFO] [stdout]    |          ^^^^^^^^^^^ could not find `export` in `_serde`
[INFO] [stdout]    |
[INFO] [stdout]    = note: this error originates in the derive macro `Deserialize` (in Nightly builds, run with -Z macro-backtrace for more info)
[INFO] [stdout] help: consider importing this enum
[INFO] [stdout]    |
[INFO] [stdout] 1  + use std::option::Option;
[INFO] [stdout]    |
[INFO] [stdout] 
[INFO] [stdout] 
[INFO] [stdout] error[E0433]: failed to resolve: could not find `private` in `_serde`
[INFO] [stdout]   --> /opt/rustwide/cargo-home/registry/src/index.crates.io-6f17d22bba15001f/trybuild-1.0.64/src/cargo.rs:13:5
[INFO] [stdout]    |
[INFO] [stdout] 13 |     pub target_directory: Directory,
[INFO] [stdout]    |     ^^^ could not find `private` in `_serde`
[INFO] [stdout]    |
[INFO] [stdout] help: consider importing this module
[INFO] [stdout]    |
[INFO] [stdout] 1  + use serde::__private::de;
[INFO] [stdout]    |
[INFO] [stdout] 
[INFO] [stdout] 
[INFO] [stdout] error[E0433]: failed to resolve: could not find `private` in `_serde`
[INFO] [stdout]   --> /opt/rustwide/cargo-home/registry/src/index.crates.io-6f17d22bba15001f/trybuild-1.0.64/src/cargo.rs:14:5
[INFO] [stdout]    |
[INFO] [stdout] 14 |     pub workspace_root: Directory,
[INFO] [stdout]    |     ^^^ could not find `private` in `_serde`
[INFO] [stdout]    |
[INFO] [stdout] help: consider importing this module
[INFO] [stdout]    |
[INFO] [stdout] 1  + use serde::__private::de;
[INFO] [stdout]    |
[INFO] [stdout] 
[INFO] [stdout] 
[INFO] [stdout] error[E0433]: failed to resolve: could not find `private` in `_serde`
[INFO] [stdout]   --> /opt/rustwide/cargo-home/registry/src/index.crates.io-6f17d22bba15001f/trybuild-1.0.64/src/cargo.rs:15:5
[INFO] [stdout]    |
[INFO] [stdout] 15 |     pub packages: Vec<Package>,
[INFO] [stdout]    |     ^^^ could not find `private` in `_serde`
[INFO] [stdout]    |
[INFO] [stdout] help: consider importing this module
[INFO] [stdout]    |
[INFO] [stdout] 1  + use serde::__private::de;
[INFO] [stdout]    |
[INFO] [stdout] 
[INFO] [stdout] 
[INFO] [stdout] error[E0433]: failed to resolve: could not find `export` in `_serde`
[INFO] [stdout]   --> /opt/rustwide/cargo-home/registry/src/index.crates.io-6f17d22bba15001f/trybuild-1.0.64/src/cargo.rs:18:10
[INFO] [stdout]    |
[INFO] [stdout] 18 | #[derive(Deserialize)]
[INFO] [stdout]    |          ^^^^^^^^^^^ could not find `export` in `_serde`
[INFO] [stdout]    |
[INFO] [stdout]    = note: this error originates in the derive macro `Deserialize` (in Nightly builds, run with -Z macro-backtrace for more info)
[INFO] [stdout] help: consider importing this module
[INFO] [stdout]    |
[INFO] [stdout] 1  + use std::fmt;
[INFO] [stdout]    |
[INFO] [stdout] 
[INFO] [stdout] 
[INFO] [stdout] error[E0433]: failed to resolve: could not find `export` in `_serde`
[INFO] [stdout]   --> /opt/rustwide/cargo-home/registry/src/index.crates.io-6f17d22bba15001f/trybuild-1.0.64/src/cargo.rs:18:10
[INFO] [stdout]    |
[INFO] [stdout] 18 | #[derive(Deserialize)]
[INFO] [stdout]    |          ^^^^^^^^^^^ could not find `export` in `_serde`
[INFO] [stdout]    |
[INFO] [stdout]    = note: this error originates in the derive macro `Deserialize` (in Nightly builds, run with -Z macro-backtrace for more info)
[INFO] [stdout] help: consider importing this struct
[INFO] [stdout]    |
[INFO] [stdout] 1  + use std::fmt::Formatter;
[INFO] [stdout]    |
[INFO] [stdout] 
[INFO] [stdout] 
[INFO] [stdout] error[E0433]: failed to resolve: could not find `export` in `_serde`
[INFO] [stdout]   --> /opt/rustwide/cargo-home/registry/src/index.crates.io-6f17d22bba15001f/trybuild-1.0.64/src/cargo.rs:18:10
[INFO] [stdout]    |
[INFO] [stdout] 18 | #[derive(Deserialize)]
[INFO] [stdout]    |          ^^^^^^^^^^^ could not find `export` in `_serde`
[INFO] [stdout]    |
[INFO] [stdout]    = note: this error originates in the derive macro `Deserialize` (in Nightly builds, run with -Z macro-backtrace for more info)
[INFO] [stdout] help: consider importing this enum
[INFO] [stdout]    |
[INFO] [stdout] 1  + use std::option::Option;
[INFO] [stdout]    |
[INFO] [stdout] 
[INFO] [stdout] 
[INFO] [stdout] error[E0433]: failed to resolve: could not find `private` in `_serde`
[INFO] [stdout]   --> /opt/rustwide/cargo-home/registry/src/index.crates.io-6f17d22bba15001f/trybuild-1.0.64/src/cargo.rs:20:5
[INFO] [stdout]    |
[INFO] [stdout] 20 |     pub name: String,
[INFO] [stdout]    |     ^^^ could not find `private` in `_serde`
[INFO] [stdout]    |
[INFO] [stdout] help: consider importing this module
[INFO] [stdout]    |
[INFO] [stdout] 1  + use serde::__private::de;
[INFO] [stdout]    |
[INFO] [stdout] 
[INFO] [stdout] 
[INFO] [stdout] error[E0433]: failed to resolve: could not find `export` in `_serde`
[INFO] [stdout]   --> /opt/rustwide/cargo-home/registry/src/index.crates.io-6f17d22bba15001f/trybuild-1.0.64/src/dependencies.rs:72:10
[INFO] [stdout]    |
[INFO] [stdout] 72 | #[derive(Deserialize, Default, Debug)]
[INFO] [stdout]    |          ^^^^^^^^^^^ could not find `export` in `_serde`
[INFO] [stdout]    |
[INFO] [stdout]    = note: this error originates in the derive macro `Deserialize` (in Nightly builds, run with -Z macro-backtrace for more info)
[INFO] [stdout] help: consider importing this module through its public re-export
[INFO] [stdout]    |
[INFO] [stdout] 1  + use dependencies::fmt;
[INFO] [stdout]    |
[INFO] [stdout] 
[INFO] [stdout] 
[INFO] [stdout] error[E0433]: failed to resolve: could not find `export` in `_serde`
[INFO] [stdout]   --> /opt/rustwide/cargo-home/registry/src/index.crates.io-6f17d22bba15001f/trybuild-1.0.64/src/dependencies.rs:72:10
[INFO] [stdout]    |
[INFO] [stdout] 72 | #[derive(Deserialize, Default, Debug)]
[INFO] [stdout]    |          ^^^^^^^^^^^ could not find `export` in `_serde`
[INFO] [stdout]    |
[INFO] [stdout]    = note: this error originates in the derive macro `Deserialize` (in Nightly builds, run with -Z macro-backtrace for more info)
[INFO] [stdout] help: consider importing this struct
[INFO] [stdout]    |
[INFO] [stdout] 1  + use dependencies::fmt::Formatter;
[INFO] [stdout]    |
[INFO] [stdout] 
[INFO] [stdout] 
[INFO] [stdout] error[E0433]: failed to resolve: could not find `export` in `_serde`
[INFO] [stdout]   --> /opt/rustwide/cargo-home/registry/src/index.crates.io-6f17d22bba15001f/trybuild-1.0.64/src/dependencies.rs:72:10
[INFO] [stdout]    |
[INFO] [stdout] 72 | #[derive(Deserialize, Default, Debug)]
[INFO] [stdout]    |          ^^^^^^^^^^^ could not find `export` in `_serde`
[INFO] [stdout]    |
[INFO] [stdout]    = note: this error originates in the derive macro `Deserialize` (in Nightly builds, run with -Z macro-backtrace for more info)
[INFO] [stdout] help: consider importing this trait
[INFO] [stdout]    |
[INFO] [stdout] 1  + use std::default::Default;
[INFO] [stdout]    |
[INFO] [stdout] 
[INFO] [stdout] 
[INFO] [stdout] error[E0433]: failed to resolve: could not find `export` in `_serde`
[INFO] [stdout]   --> /opt/rustwide/cargo-home/registry/src/index.crates.io-6f17d22bba15001f/trybuild-1.0.64/src/dependencies.rs:72:10
[INFO] [stdout]    |
[INFO] [stdout] 72 | #[derive(Deserialize, Default, Debug)]
[INFO] [stdout]    |          ^^^^^^^^^^^ could not find `export` in `_serde`
[INFO] [stdout]    |
[INFO] [stdout]    = note: this error originates in the derive macro `Deserialize` (in Nightly builds, run with -Z macro-backtrace for more info)
[INFO] [stdout] help: consider importing this enum
[INFO] [stdout]    |
[INFO] [stdout] 1  + use std::option::Option;
[INFO] [stdout]    |
[INFO] [stdout] 
[INFO] [stdout] 
[INFO] [stdout] error[E0433]: failed to resolve: could not find `export` in `_serde`
[INFO] [stdout]   --> /opt/rustwide/cargo-home/registry/src/index.crates.io-6f17d22bba15001f/trybuild-1.0.64/src/dependencies.rs:74:5
[INFO] [stdout]    |
[INFO] [stdout] 74 |     #[serde(default)]
[INFO] [stdout]    |     ^ could not find `export` in `_serde`
[INFO] [stdout]    |
[INFO] [stdout] help: consider importing one of these items
[INFO] [stdout]    |
[INFO] [stdout] 1  + use core::default::Default;
[INFO] [stdout]    |
[INFO] [stdout] 1  + use serde::__private::Default;
[INFO] [stdout]    |
[INFO] [stdout] 1  + use std::default::Default;
[INFO] [stdout]    |
[INFO] [stdout] 
[INFO] [stdout] 
[INFO] [stdout] error[E0433]: failed to resolve: could not find `export` in `_serde`
[INFO] [stdout]   --> /opt/rustwide/cargo-home/registry/src/index.crates.io-6f17d22bba15001f/trybuild-1.0.64/src/dependencies.rs:76:5
[INFO] [stdout]    |
[INFO] [stdout] 76 |     #[serde(default)]
[INFO] [stdout]    |     ^ could not find `export` in `_serde`
[INFO] [stdout]    |
[INFO] [stdout] help: consider importing one of these items
[INFO] [stdout]    |
[INFO] [stdout] 1  + use core::default::Default;
[INFO] [stdout]    |
[INFO] [stdout] 1  + use serde::__private::Default;
[INFO] [stdout]    |
[INFO] [stdout] 1  + use std::default::Default;
[INFO] [stdout]    |
[INFO] [stdout] 
[INFO] [stdout] 
[INFO] [stdout] error[E0433]: failed to resolve: could not find `export` in `_serde`
[INFO] [stdout]   --> /opt/rustwide/cargo-home/registry/src/index.crates.io-6f17d22bba15001f/trybuild-1.0.64/src/dependencies.rs:80:10
[INFO] [stdout]    |
[INFO] [stdout] 80 | #[derive(Deserialize, Default, Debug)]
[INFO] [stdout]    |          ^^^^^^^^^^^ could not find `export` in `_serde`
[INFO] [stdout]    |
[INFO] [stdout]    = note: this error originates in the derive macro `Deserialize` (in Nightly builds, run with -Z macro-backtrace for more info)
[INFO] [stdout] help: consider importing this module through its public re-export
[INFO] [stdout]    |
[INFO] [stdout] 1  + use dependencies::fmt;
[INFO] [stdout]    |
[INFO] [stdout] 
[INFO] [stdout] 
[INFO] [stdout] error[E0433]: failed to resolve: could not find `export` in `_serde`
[INFO] [stdout]   --> /opt/rustwide/cargo-home/registry/src/index.crates.io-6f17d22bba15001f/trybuild-1.0.64/src/dependencies.rs:80:10
[INFO] [stdout]    |
[INFO] [stdout] 80 | #[derive(Deserialize, Default, Debug)]
[INFO] [stdout]    |          ^^^^^^^^^^^ could not find `export` in `_serde`
[INFO] [stdout]    |
[INFO] [stdout]    = note: this error originates in the derive macro `Deserialize` (in Nightly builds, run with -Z macro-backtrace for more info)
[INFO] [stdout] help: consider importing this struct
[INFO] [stdout]    |
[INFO] [stdout] 1  + use dependencies::fmt::Formatter;
[INFO] [stdout]    |
[INFO] [stdout] 
[INFO] [stdout] 
[INFO] [stdout] error[E0433]: failed to resolve: could not find `export` in `_serde`
[INFO] [stdout]   --> /opt/rustwide/cargo-home/registry/src/index.crates.io-6f17d22bba15001f/trybuild-1.0.64/src/dependencies.rs:80:10
[INFO] [stdout]    |
[INFO] [stdout] 80 | #[derive(Deserialize, Default, Debug)]
[INFO] [stdout]    |          ^^^^^^^^^^^ could not find `export` in `_serde`
[INFO] [stdout]    |
[INFO] [stdout]    = note: this error originates in the derive macro `Deserialize` (in Nightly builds, run with -Z macro-backtrace for more info)
[INFO] [stdout] help: consider importing this trait
[INFO] [stdout]    |
[INFO] [stdout] 1  + use std::default::Default;
[INFO] [stdout]    |
[INFO] [stdout] 
[INFO] [stdout] 
[INFO] [stdout] error[E0433]: failed to resolve: could not find `export` in `_serde`
[INFO] [stdout]   --> /opt/rustwide/cargo-home/registry/src/index.crates.io-6f17d22bba15001f/trybuild-1.0.64/src/dependencies.rs:80:10
[INFO] [stdout]    |
[INFO] [stdout] 80 | #[derive(Deserialize, Default, Debug)]
[INFO] [stdout]    |          ^^^^^^^^^^^ could not find `export` in `_serde`
[INFO] [stdout]    |
[INFO] [stdout]    = note: this error originates in the derive macro `Deserialize` (in Nightly builds, run with -Z macro-backtrace for more info)
[INFO] [stdout] help: consider importing this enum
[INFO] [stdout]    |
[INFO] [stdout] 1  + use std::option::Option;
[INFO] [stdout]    |
[INFO] [stdout] 
[INFO] [stdout] 
[INFO] [stdout] error[E0433]: failed to resolve: could not find `export` in `_serde`
[INFO] [stdout]   --> /opt/rustwide/cargo-home/registry/src/index.crates.io-6f17d22bba15001f/trybuild-1.0.64/src/dependencies.rs:82:5
[INFO] [stdout]    |
[INFO] [stdout] 82 |     #[serde(default)]
[INFO] [stdout]    |     ^ could not find `export` in `_serde`
[INFO] [stdout]    |
[INFO] [stdout] help: consider importing one of these items
[INFO] [stdout]    |
[INFO] [stdout] 1  + use core::default::Default;
[INFO] [stdout]    |
[INFO] [stdout] 1  + use serde::__private::Default;
[INFO] [stdout]    |
[INFO] [stdout] 1  + use std::default::Default;
[INFO] [stdout]    |
[INFO] [stdout] 
[INFO] [stdout] 
[INFO] [stdout] error[E0433]: failed to resolve: could not find `export` in `_serde`
[INFO] [stdout]   --> /opt/rustwide/cargo-home/registry/src/index.crates.io-6f17d22bba15001f/trybuild-1.0.64/src/dependencies.rs:84:5
[INFO] [stdout]    |
[INFO] [stdout] 84 |     #[serde(default)]
[INFO] [stdout]    |     ^ could not find `export` in `_serde`
[INFO] [stdout]    |
[INFO] [stdout] help: consider importing one of these items
[INFO] [stdout]    |
[INFO] [stdout] 1  + use core::default::Default;
[INFO] [stdout]    |
[INFO] [stdout] 1  + use serde::__private::Default;
[INFO] [stdout]    |
[INFO] [stdout] 1  + use std::default::Default;
[INFO] [stdout]    |
[INFO] [stdout] 
[INFO] [stdout] 
[INFO] [stdout] error[E0433]: failed to resolve: could not find `export` in `_serde`
[INFO] [stdout]   --> /opt/rustwide/cargo-home/registry/src/index.crates.io-6f17d22bba15001f/trybuild-1.0.64/src/dependencies.rs:86:5
[INFO] [stdout]    |
[INFO] [stdout] 86 |     #[serde(default)]
[INFO] [stdout]    |     ^ could not find `export` in `_serde`
[INFO] [stdout]    |
[INFO] [stdout] help: consider importing one of these items
[INFO] [stdout]    |
[INFO] [stdout] 1  + use core::default::Default;
[INFO] [stdout]    |
[INFO] [stdout] 1  + use serde::__private::Default;
[INFO] [stdout]    |
[INFO] [stdout] 1  + use std::default::Default;
[INFO] [stdout]    |
[INFO] [stdout] 
[INFO] [stdout] 
[INFO] [stdout] error[E0433]: failed to resolve: could not find `export` in `_serde`
[INFO] [stdout]   --> /opt/rustwide/cargo-home/registry/src/index.crates.io-6f17d22bba15001f/trybuild-1.0.64/src/dependencies.rs:88:5
[INFO] [stdout]    |
[INFO] [stdout] 88 |     #[serde(default, alias = "dev-dependencies")]
[INFO] [stdout]    |     ^ could not find `export` in `_serde`
[INFO] [stdout]    |
[INFO] [stdout] help: consider importing one of these items
[INFO] [stdout]    |
[INFO] [stdout] 1  + use core::default::Default;
[INFO] [stdout]    |
[INFO] [stdout] 1  + use serde::__private::Default;
[INFO] [stdout]    |
[INFO] [stdout] 1  + use std::default::Default;
[INFO] [stdout]    |
[INFO] [stdout] 
[INFO] [stdout] 
[INFO] [stdout] error[E0433]: failed to resolve: could not find `export` in `_serde`
[INFO] [stdout]   --> /opt/rustwide/cargo-home/registry/src/index.crates.io-6f17d22bba15001f/trybuild-1.0.64/src/dependencies.rs:90:5
[INFO] [stdout]    |
[INFO] [stdout] 90 |     #[serde(default)]
[INFO] [stdout]    |     ^ could not find `export` in `_serde`
[INFO] [stdout]    |
[INFO] [stdout] help: consider importing one of these items
[INFO] [stdout]    |
[INFO] [stdout] 1  + use core::default::Default;
[INFO] [stdout]    |
[INFO] [stdout] 1  + use serde::__private::Default;
[INFO] [stdout]    |
[INFO] [stdout] 1  + use std::default::Default;
[INFO] [stdout]    |
[INFO] [stdout] 
[INFO] [stdout] 
[INFO] [stdout] error[E0433]: failed to resolve: could not find `export` in `_serde`
[INFO] [stdout]   --> /opt/rustwide/cargo-home/registry/src/index.crates.io-6f17d22bba15001f/trybuild-1.0.64/src/dependencies.rs:94:10
[INFO] [stdout]    |
[INFO] [stdout] 94 | #[derive(Deserialize, Default, Debug)]
[INFO] [stdout]    |          ^^^^^^^^^^^ could not find `export` in `_serde`
[INFO] [stdout]    |
[INFO] [stdout]    = note: this error originates in the derive macro `Deserialize` (in Nightly builds, run with -Z macro-backtrace for more info)
[INFO] [stdout] help: consider importing this module through its public re-export
[INFO] [stdout]    |
[INFO] [stdout] 1  + use dependencies::fmt;
[INFO] [stdout]    |
[INFO] [stdout] 
[INFO] [stdout] 
[INFO] [stdout] error[E0433]: failed to resolve: could not find `export` in `_serde`
[INFO] [stdout]   --> /opt/rustwide/cargo-home/registry/src/index.crates.io-6f17d22bba15001f/trybuild-1.0.64/src/dependencies.rs:94:10
[INFO] [stdout]    |
[INFO] [stdout] 94 | #[derive(Deserialize, Default, Debug)]
[INFO] [stdout]    |          ^^^^^^^^^^^ could not find `export` in `_serde`
[INFO] [stdout]    |
[INFO] [stdout]    = note: this error originates in the derive macro `Deserialize` (in Nightly builds, run with -Z macro-backtrace for more info)
[INFO] [stdout] help: consider importing this struct
[INFO] [stdout]    |
[INFO] [stdout] 1  + use dependencies::fmt::Formatter;
[INFO] [stdout]    |
[INFO] [stdout] 
[INFO] [stdout] 
[INFO] [stdout] error[E0433]: failed to resolve: could not find `export` in `_serde`
[INFO] [stdout]   --> /opt/rustwide/cargo-home/registry/src/index.crates.io-6f17d22bba15001f/trybuild-1.0.64/src/dependencies.rs:94:10
[INFO] [stdout]    |
[INFO] [stdout] 94 | #[derive(Deserialize, Default, Debug)]
[INFO] [stdout]    |          ^^^^^^^^^^^ could not find `export` in `_serde`
[INFO] [stdout]    |
[INFO] [stdout]    = note: this error originates in the derive macro `Deserialize` (in Nightly builds, run with -Z macro-backtrace for more info)
[INFO] [stdout] help: consider importing this trait
[INFO] [stdout]    |
[INFO] [stdout] 1  + use std::default::Default;
[INFO] [stdout]    |
[INFO] [stdout] 
[INFO] [stdout] 
[INFO] [stdout] error[E0433]: failed to resolve: could not find `export` in `_serde`
[INFO] [stdout]   --> /opt/rustwide/cargo-home/registry/src/index.crates.io-6f17d22bba15001f/trybuild-1.0.64/src/dependencies.rs:94:10
[INFO] [stdout]    |
[INFO] [stdout] 94 | #[derive(Deserialize, Default, Debug)]
[INFO] [stdout]    |          ^^^^^^^^^^^ could not find `export` in `_serde`
[INFO] [stdout]    |
[INFO] [stdout]    = note: this error originates in the derive macro `Deserialize` (in Nightly builds, run with -Z macro-backtrace for more info)
[INFO] [stdout] help: consider importing this enum
[INFO] [stdout]    |
[INFO] [stdout] 1  + use std::option::Option;
[INFO] [stdout]    |
[INFO] [stdout] 
[INFO] [stdout] 
[INFO] [stdout] error[E0433]: failed to resolve: could not find `private` in `_serde`
[INFO] [stdout]   --> /opt/rustwide/cargo-home/registry/src/index.crates.io-6f17d22bba15001f/trybuild-1.0.64/src/dependencies.rs:96:5
[INFO] [stdout]    |
[INFO] [stdout] 96 |     pub name: String,
[INFO] [stdout]    |     ^^^ could not find `private` in `_serde`
[INFO] [stdout]    |
[INFO] [stdout] help: consider importing this module
[INFO] [stdout]    |
[INFO] [stdout] 1  + use serde::__private::de;
[INFO] [stdout]    |
[INFO] [stdout] 
[INFO] [stdout] 
[INFO] [stdout] error[E0433]: failed to resolve: could not find `export` in `_serde`
[INFO] [stdout]   --> /opt/rustwide/cargo-home/registry/src/index.crates.io-6f17d22bba15001f/trybuild-1.0.64/src/dependencies.rs:97:5
[INFO] [stdout]    |
[INFO] [stdout] 97 |     #[serde(default)]
[INFO] [stdout]    |     ^ could not find `export` in `_serde`
[INFO] [stdout]    |
[INFO] [stdout] help: consider importing one of these items
[INFO] [stdout]    |
[INFO] [stdout] 1  + use core::default::Default;
[INFO] [stdout]    |
[INFO] [stdout] 1  + use serde::__private::Default;
[INFO] [stdout]    |
[INFO] [stdout] 1  + use std::default::Default;
[INFO] [stdout]    |
[INFO] [stdout] 
[INFO] [stdout] 
[INFO] [stdout] error[E0433]: failed to resolve: could not find `private` in `_serde`
[INFO] [stdout]   --> /opt/rustwide/cargo-home/registry/src/index.crates.io-6f17d22bba15001f/trybuild-1.0.64/src/dependencies.rs:99:5
[INFO] [stdout]    |
[INFO] [stdout] 99 |     pub resolver: Option<String>,
[INFO] [stdout]    |     ^^^ could not find `private` in `_serde`
[INFO] [stdout]    |
[INFO] [stdout] help: consider importing this module
[INFO] [stdout]    |
[INFO] [stdout] 1  + use serde::__private::de;
[INFO] [stdout]    |
[INFO] [stdout] 
[INFO] [stdout] 
[INFO] [stdout] error[E0433]: failed to resolve: could not find `export` in `_serde`
[INFO] [stdout]    --> /opt/rustwide/cargo-home/registry/src/index.crates.io-6f17d22bba15001f/trybuild-1.0.64/src/dependencies.rs:102:21
[INFO] [stdout]     |
[INFO] [stdout] 102 | #[derive(Serialize, Deserialize, Clone, Debug)]
[INFO] [stdout]     |                     ^^^^^^^^^^^ could not find `export` in `_serde`
[INFO] [stdout]     |
[INFO] [stdout]     = note: this error originates in the derive macro `Deserialize` (in Nightly builds, run with -Z macro-backtrace for more info)
[INFO] [stdout] help: consider importing this module through its public re-export
[INFO] [stdout]     |
[INFO] [stdout] 1   + use dependencies::fmt;
[INFO] [stdout]     |
[INFO] [stdout] 
[INFO] [stdout] 
[INFO] [stdout] error[E0433]: failed to resolve: could not find `export` in `_serde`
[INFO] [stdout]    --> /opt/rustwide/cargo-home/registry/src/index.crates.io-6f17d22bba15001f/trybuild-1.0.64/src/dependencies.rs:102:21
[INFO] [stdout]     |
[INFO] [stdout] 102 | #[derive(Serialize, Deserialize, Clone, Debug)]
[INFO] [stdout]     |                     ^^^^^^^^^^^ could not find `export` in `_serde`
[INFO] [stdout]     |
[INFO] [stdout]     = note: this error originates in the derive macro `Deserialize` (in Nightly builds, run with -Z macro-backtrace for more info)
[INFO] [stdout] help: consider importing this struct
[INFO] [stdout]     |
[INFO] [stdout] 1   + use dependencies::fmt::Formatter;
[INFO] [stdout]     |
[INFO] [stdout] 
[INFO] [stdout] 
[INFO] [stdout] error[E0433]: failed to resolve: could not find `export` in `_serde`
[INFO] [stdout]    --> /opt/rustwide/cargo-home/registry/src/index.crates.io-6f17d22bba15001f/trybuild-1.0.64/src/dependencies.rs:102:21
[INFO] [stdout]     |
[INFO] [stdout] 102 | #[derive(Serialize, Deserialize, Clone, Debug)]
[INFO] [stdout]     |                     ^^^^^^^^^^^ could not find `export` in `_serde`
[INFO] [stdout]     |
[INFO] [stdout]     = note: this error originates in the derive macro `Deserialize` (in Nightly builds, run with -Z macro-backtrace for more info)
[INFO] [stdout] help: consider importing this trait
[INFO] [stdout]     |
[INFO] [stdout] 1   + use std::string::ToString;
[INFO] [stdout]     |
[INFO] [stdout] 
[INFO] [stdout] 
[INFO] [stdout] error[E0433]: failed to resolve: could not find `export` in `_serde`
[INFO] [stdout]    --> /opt/rustwide/cargo-home/registry/src/index.crates.io-6f17d22bba15001f/trybuild-1.0.64/src/dependencies.rs:102:21
[INFO] [stdout]     |
[INFO] [stdout] 102 | #[derive(Serialize, Deserialize, Clone, Debug)]
[INFO] [stdout]     |                     ^^^^^^^^^^^ could not find `export` in `_serde`
[INFO] [stdout]     |
[INFO] [stdout]     = note: this error originates in the derive macro `Deserialize` (in Nightly builds, run with -Z macro-backtrace for more info)
[INFO] [stdout] help: consider importing this struct
[INFO] [stdout]     |
[INFO] [stdout] 1   + use std::vec::Vec;
[INFO] [stdout]     |
[INFO] [stdout] 
[INFO] [stdout] 
[INFO] [stdout] error[E0433]: failed to resolve: could not find `export` in `_serde`
[INFO] [stdout]    --> /opt/rustwide/cargo-home/registry/src/index.crates.io-6f17d22bba15001f/trybuild-1.0.64/src/dependencies.rs:102:21
[INFO] [stdout]     |
[INFO] [stdout] 102 | #[derive(Serialize, Deserialize, Clone, Debug)]
[INFO] [stdout]     |                     ^^^^^^^^^^^ could not find `export` in `_serde`
[INFO] [stdout]     |
[INFO] [stdout]     = note: this error originates in the derive macro `Deserialize` (in Nightly builds, run with -Z macro-backtrace for more info)
[INFO] [stdout] help: consider importing this enum
[INFO] [stdout]     |
[INFO] [stdout] 1   + use std::option::Option;
[INFO] [stdout]     |
[INFO] [stdout] 
[INFO] [stdout] 
[INFO] [stdout] error[E0433]: failed to resolve: could not find `private` in `_serde`
[INFO] [stdout]    --> /opt/rustwide/cargo-home/registry/src/index.crates.io-6f17d22bba15001f/trybuild-1.0.64/src/dependencies.rs:105:5
[INFO] [stdout]     |
[INFO] [stdout] 105 |     #[serde(skip_serializing_if = "Option::is_none")]
[INFO] [stdout]     |     ^ could not find `private` in `_serde`
[INFO] [stdout]     |
[INFO] [stdout] help: consider importing this module
[INFO] [stdout]     |
[INFO] [stdout] 1   + use serde::__private::de;
[INFO] [stdout]     |
[INFO] [stdout] 
[INFO] [stdout] 
[INFO] [stdout] error[E0433]: failed to resolve: could not find `private` in `_serde`
[INFO] [stdout]    --> /opt/rustwide/cargo-home/registry/src/index.crates.io-6f17d22bba15001f/trybuild-1.0.64/src/dependencies.rs:107:5
[INFO] [stdout]     |
[INFO] [stdout] 107 |     #[serde(skip_serializing_if = "Option::is_none")]
[INFO] [stdout]     |     ^ could not find `private` in `_serde`
[INFO] [stdout]     |
[INFO] [stdout] help: consider importing this module
[INFO] [stdout]     |
[INFO] [stdout] 1   + use serde::__private::de;
[INFO] [stdout]     |
[INFO] [stdout] 
[INFO] [stdout] 
[INFO] [stdout] error[E0433]: failed to resolve: could not find `export` in `_serde`
[INFO] [stdout]    --> /opt/rustwide/cargo-home/registry/src/index.crates.io-6f17d22bba15001f/trybuild-1.0.64/src/dependencies.rs:115:5
[INFO] [stdout]     |
[INFO] [stdout] 115 |     #[serde(default, skip_serializing_if = "Vec::is_empty")]
[INFO] [stdout]     |     ^ could not find `export` in `_serde`
[INFO] [stdout]     |
[INFO] [stdout] help: consider importing one of these items
[INFO] [stdout]     |
[INFO] [stdout] 1   + use core::default::Default;
[INFO] [stdout]     |
[INFO] [stdout] 1   + use serde::__private::Default;
[INFO] [stdout]     |
[INFO] [stdout] 1   + use std::default::Default;
[INFO] [stdout]     |
[INFO] [stdout] 
[INFO] [stdout] 
[INFO] [stdout] error[E0433]: failed to resolve: could not find `private` in `_serde`
[INFO] [stdout]    --> /opt/rustwide/cargo-home/registry/src/index.crates.io-6f17d22bba15001f/trybuild-1.0.64/src/dependencies.rs:117:5
[INFO] [stdout]     |
[INFO] [stdout] 117 |     #[serde(skip_serializing_if = "Option::is_none")]
[INFO] [stdout]     |     ^ could not find `private` in `_serde`
[INFO] [stdout]     |
[INFO] [stdout] help: consider importing this module
[INFO] [stdout]     |
[INFO] [stdout] 1   + use serde::__private::de;
[INFO] [stdout]     |
[INFO] [stdout] 
[INFO] [stdout] 
[INFO] [stdout] error[E0433]: failed to resolve: could not find `private` in `_serde`
[INFO] [stdout]    --> /opt/rustwide/cargo-home/registry/src/index.crates.io-6f17d22bba15001f/trybuild-1.0.64/src/dependencies.rs:119:5
[INFO] [stdout]     |
[INFO] [stdout] 119 |     #[serde(skip_serializing_if = "Option::is_none")]
[INFO] [stdout]     |     ^ could not find `private` in `_serde`
[INFO] [stdout]     |
[INFO] [stdout] help: consider importing this module
[INFO] [stdout]     |
[INFO] [stdout] 1   + use serde::__private::de;
[INFO] [stdout]     |
[INFO] [stdout] 
[INFO] [stdout] 
[INFO] [stdout] error[E0433]: failed to resolve: could not find `private` in `_serde`
[INFO] [stdout]    --> /opt/rustwide/cargo-home/registry/src/index.crates.io-6f17d22bba15001f/trybuild-1.0.64/src/dependencies.rs:121:5
[INFO] [stdout]     |
[INFO] [stdout] 121 |     #[serde(skip_serializing_if = "Option::is_none")]
[INFO] [stdout]     |     ^ could not find `private` in `_serde`
[INFO] [stdout]     |
[INFO] [stdout] help: consider importing this module
[INFO] [stdout]     |
[INFO] [stdout] 1   + use serde::__private::de;
[INFO] [stdout]     |
[INFO] [stdout] 
[INFO] [stdout] 
[INFO] [stdout] error[E0433]: failed to resolve: could not find `private` in `_serde`
[INFO] [stdout]    --> /opt/rustwide/cargo-home/registry/src/index.crates.io-6f17d22bba15001f/trybuild-1.0.64/src/dependencies.rs:123:5
[INFO] [stdout]     |
[INFO] [stdout] 123 |     #[serde(skip_serializing_if = "Option::is_none")]
[INFO] [stdout]     |     ^ could not find `private` in `_serde`
[INFO] [stdout]     |
[INFO] [stdout] help: consider importing this module
[INFO] [stdout]     |
[INFO] [stdout] 1   + use serde::__private::de;
[INFO] [stdout]     |
[INFO] [stdout] 
[INFO] [stdout] 
[INFO] [stdout] error[E0433]: failed to resolve: could not find `export` in `_serde`
[INFO] [stdout]    --> /opt/rustwide/cargo-home/registry/src/index.crates.io-6f17d22bba15001f/trybuild-1.0.64/src/dependencies.rs:129:21
[INFO] [stdout]     |
[INFO] [stdout] 129 | #[derive(Serialize, Deserialize, Clone, Debug)]
[INFO] [stdout]     |                     ^^^^^^^^^^^ could not find `export` in `_serde`
[INFO] [stdout]     |
[INFO] [stdout]     = note: this error originates in the derive macro `Deserialize` (in Nightly builds, run with -Z macro-backtrace for more info)
[INFO] [stdout] help: consider importing this module through its public re-export
[INFO] [stdout]     |
[INFO] [stdout] 1   + use dependencies::fmt;
[INFO] [stdout]     |
[INFO] [stdout] 
[INFO] [stdout] 
[INFO] [stdout] error[E0433]: failed to resolve: could not find `export` in `_serde`
[INFO] [stdout]    --> /opt/rustwide/cargo-home/registry/src/index.crates.io-6f17d22bba15001f/trybuild-1.0.64/src/dependencies.rs:129:21
[INFO] [stdout]     |
[INFO] [stdout] 129 | #[derive(Serialize, Deserialize, Clone, Debug)]
[INFO] [stdout]     |                     ^^^^^^^^^^^ could not find `export` in `_serde`
[INFO] [stdout]     |
[INFO] [stdout]     = note: this error originates in the derive macro `Deserialize` (in Nightly builds, run with -Z macro-backtrace for more info)
[INFO] [stdout] help: consider importing this struct
[INFO] [stdout]     |
[INFO] [stdout] 1   + use dependencies::fmt::Formatter;
[INFO] [stdout]     |
[INFO] [stdout] 
[INFO] [stdout] 
[INFO] [stdout] error[E0433]: failed to resolve: could not find `export` in `_serde`
[INFO] [stdout]    --> /opt/rustwide/cargo-home/registry/src/index.crates.io-6f17d22bba15001f/trybuild-1.0.64/src/dependencies.rs:129:21
[INFO] [stdout]     |
[INFO] [stdout] 129 | #[derive(Serialize, Deserialize, Clone, Debug)]
[INFO] [stdout]     |                     ^^^^^^^^^^^ could not find `export` in `_serde`
[INFO] [stdout]     |
[INFO] [stdout]     = note: this error originates in the derive macro `Deserialize` (in Nightly builds, run with -Z macro-backtrace for more info)
[INFO] [stdout] help: consider importing this trait
[INFO] [stdout]     |
[INFO] [stdout] 1   + use std::default::Default;
[INFO] [stdout]     |
[INFO] [stdout] 
[INFO] [stdout] 
[INFO] [stdout] error[E0433]: failed to resolve: could not find `export` in `_serde`
[INFO] [stdout]    --> /opt/rustwide/cargo-home/registry/src/index.crates.io-6f17d22bba15001f/trybuild-1.0.64/src/dependencies.rs:129:21
[INFO] [stdout]     |
[INFO] [stdout] 129 | #[derive(Serialize, Deserialize, Clone, Debug)]
[INFO] [stdout]     |                     ^^^^^^^^^^^ could not find `export` in `_serde`
[INFO] [stdout]     |
[INFO] [stdout]     = note: this error originates in the derive macro `Deserialize` (in Nightly builds, run with -Z macro-backtrace for more info)
[INFO] [stdout] help: consider importing this enum
[INFO] [stdout]     |
[INFO] [stdout] 1   + use std::option::Option;
[INFO] [stdout]     |
[INFO] [stdout] 
[INFO] [stdout] 
[INFO] [stdout] error[E0433]: failed to resolve: could not find `export` in `_serde`
[INFO] [stdout]    --> /opt/rustwide/cargo-home/registry/src/index.crates.io-6f17d22bba15001f/trybuild-1.0.64/src/dependencies.rs:131:5
[INFO] [stdout]     |
[INFO] [stdout] 131 |     #[serde(default, skip_serializing_if = "Map::is_empty")]
[INFO] [stdout]     |     ^ could not find `export` in `_serde`
[INFO] [stdout]     |
[INFO] [stdout] help: consider importing one of these items
[INFO] [stdout]     |
[INFO] [stdout] 1   + use core::default::Default;
[INFO] [stdout]     |
[INFO] [stdout] 1   + use serde::__private::Default;
[INFO] [stdout]     |
[INFO] [stdout] 1   + use std::default::Default;
[INFO] [stdout]     |
[INFO] [stdout] 
[INFO] [stdout] 
[INFO] [stdout] error[E0433]: failed to resolve: could not find `export` in `_serde`
[INFO] [stdout]    --> /opt/rustwide/cargo-home/registry/src/index.crates.io-6f17d22bba15001f/trybuild-1.0.64/src/dependencies.rs:133:5
[INFO] [stdout]     |
[INFO] [stdout] 133 |     #[serde(
[INFO] [stdout]     |     ^ could not find `export` in `_serde`
[INFO] [stdout]     |
[INFO] [stdout] help: consider importing one of these items
[INFO] [stdout]     |
[INFO] [stdout] 1   + use core::default::Default;
[INFO] [stdout]     |
[INFO] [stdout] 1   + use serde::__private::Default;
[INFO] [stdout]     |
[INFO] [stdout] 1   + use std::default::Default;
[INFO] [stdout]     |
[INFO] [stdout] 
[INFO] [stdout] 
[INFO] [stdout] error[E0433]: failed to resolve: could not find `export` in `_serde`
[INFO] [stdout]    --> /opt/rustwide/cargo-home/registry/src/index.crates.io-6f17d22bba15001f/trybuild-1.0.64/src/dependencies.rs:141:21
[INFO] [stdout]     |
[INFO] [stdout] 141 | #[derive(Serialize, Deserialize, Clone, Debug)]
[INFO] [stdout]     |                     ^^^^^^^^^^^ could not find `export` in `_serde`
[INFO] [stdout]     |
[INFO] [stdout]     = note: this error originates in the derive macro `Deserialize` (in Nightly builds, run with -Z macro-backtrace for more info)
[INFO] [stdout] help: consider importing one of these items
[INFO] [stdout]     |
[INFO] [stdout] 1   + use dependencies::fmt::Result;
[INFO] [stdout]     |
[INFO] [stdout] 1   + use error::Result;
[INFO] [stdout]     |
[INFO] [stdout] 1   + use std::io::Result;
[INFO] [stdout]     |
[INFO] [stdout] 1   + use std::result::Result;
[INFO] [stdout]     |
[INFO] [stdout]       and 1 other candidate
[INFO] [stdout] 
[INFO] [stdout] 
[INFO] [stdout] error[E0433]: failed to resolve: could not find `export` in `_serde`
[INFO] [stdout]    --> /opt/rustwide/cargo-home/registry/src/index.crates.io-6f17d22bba15001f/trybuild-1.0.64/src/dependencies.rs:147:21
[INFO] [stdout]     |
[INFO] [stdout] 147 | #[derive(Serialize, Deserialize, Clone, Debug)]
[INFO] [stdout]     |                     ^^^^^^^^^^^ could not find `export` in `_serde`
[INFO] [stdout]     |
[INFO] [stdout]     = note: this error originates in the derive macro `Deserialize` (in Nightly builds, run with -Z macro-backtrace for more info)
[INFO] [stdout] help: consider importing this module through its public re-export
[INFO] [stdout]     |
[INFO] [stdout] 1   + use dependencies::fmt;
[INFO] [stdout]     |
[INFO] [stdout] 
[INFO] [stdout] 
[INFO] [stdout] error[E0433]: failed to resolve: could not find `export` in `_serde`
[INFO] [stdout]    --> /opt/rustwide/cargo-home/registry/src/index.crates.io-6f17d22bba15001f/trybuild-1.0.64/src/dependencies.rs:147:21
[INFO] [stdout]     |
[INFO] [stdout] 147 | #[derive(Serialize, Deserialize, Clone, Debug)]
[INFO] [stdout]     |                     ^^^^^^^^^^^ could not find `export` in `_serde`
[INFO] [stdout]     |
[INFO] [stdout]     = note: this error originates in the derive macro `Deserialize` (in Nightly builds, run with -Z macro-backtrace for more info)
[INFO] [stdout] help: consider importing this struct
[INFO] [stdout]     |
[INFO] [stdout] 1   + use dependencies::fmt::Formatter;
[INFO] [stdout]     |
[INFO] [stdout] 
[INFO] [stdout] 
[INFO] [stdout] error[E0433]: failed to resolve: could not find `export` in `_serde`
[INFO] [stdout]    --> /opt/rustwide/cargo-home/registry/src/index.crates.io-6f17d22bba15001f/trybuild-1.0.64/src/dependencies.rs:147:21
[INFO] [stdout]     |
[INFO] [stdout] 147 | #[derive(Serialize, Deserialize, Clone, Debug)]
[INFO] [stdout]     |                     ^^^^^^^^^^^ could not find `export` in `_serde`
[INFO] [stdout]     |
[INFO] [stdout]     = note: this error originates in the derive macro `Deserialize` (in Nightly builds, run with -Z macro-backtrace for more info)
[INFO] [stdout] help: consider importing this trait
[INFO] [stdout]     |
[INFO] [stdout] 1   + use std::string::ToString;
[INFO] [stdout]     |
[INFO] [stdout] 
[INFO] [stdout] 
[INFO] [stdout] error[E0433]: failed to resolve: could not find `export` in `_serde`
[INFO] [stdout]    --> /opt/rustwide/cargo-home/registry/src/index.crates.io-6f17d22bba15001f/trybuild-1.0.64/src/dependencies.rs:147:21
[INFO] [stdout]     |
[INFO] [stdout] 147 | #[derive(Serialize, Deserialize, Clone, Debug)]
[INFO] [stdout]     |                     ^^^^^^^^^^^ could not find `export` in `_serde`
[INFO] [stdout]     |
[INFO] [stdout]     = note: this error originates in the derive macro `Deserialize` (in Nightly builds, run with -Z macro-backtrace for more info)
[INFO] [stdout] help: consider importing this struct
[INFO] [stdout]     |
[INFO] [stdout] 1   + use std::vec::Vec;
[INFO] [stdout]     |
[INFO] [stdout] 
[INFO] [stdout] 
[INFO] [stdout] error[E0433]: failed to resolve: could not find `export` in `_serde`
[INFO] [stdout]    --> /opt/rustwide/cargo-home/registry/src/index.crates.io-6f17d22bba15001f/trybuild-1.0.64/src/dependencies.rs:147:21
[INFO] [stdout]     |
[INFO] [stdout] 147 | #[derive(Serialize, Deserialize, Clone, Debug)]
[INFO] [stdout]     |                     ^^^^^^^^^^^ could not find `export` in `_serde`
[INFO] [stdout]     |
[INFO] [stdout]     = note: this error originates in the derive macro `Deserialize` (in Nightly builds, run with -Z macro-backtrace for more info)
[INFO] [stdout] help: consider importing this enum
[INFO] [stdout]     |
[INFO] [stdout] 1   + use std::option::Option;
[INFO] [stdout]     |
[INFO] [stdout] 
[INFO] [stdout] 
[INFO] [stdout] error[E0433]: failed to resolve: could not find `private` in `_serde`
[INFO] [stdout]    --> /opt/rustwide/cargo-home/registry/src/index.crates.io-6f17d22bba15001f/trybuild-1.0.64/src/dependencies.rs:149:5
[INFO] [stdout]     |
[INFO] [stdout] 149 |     #[serde(skip_serializing_if = "Option::is_none")]
[INFO] [stdout]     |     ^ could not find `private` in `_serde`
[INFO] [stdout]     |
[INFO] [stdout] help: consider importing this module
[INFO] [stdout]     |
[INFO] [stdout] 1   + use serde::__private::de;
[INFO] [stdout]     |
[INFO] [stdout] 
[INFO] [stdout] 
[INFO] [stdout] error[E0433]: failed to resolve: could not find `private` in `_serde`
[INFO] [stdout]    --> /opt/rustwide/cargo-home/registry/src/index.crates.io-6f17d22bba15001f/trybuild-1.0.64/src/dependencies.rs:151:5
[INFO] [stdout]     |
[INFO] [stdout] 151 |     #[serde(skip_serializing_if = "Option::is_none")]
[INFO] [stdout]     |     ^ could not find `private` in `_serde`
[INFO] [stdout]     |
[INFO] [stdout] help: consider importing this module
[INFO] [stdout]     |
[INFO] [stdout] 1   + use serde::__private::de;
[INFO] [stdout]     |
[INFO] [stdout] 
[INFO] [stdout] 
[INFO] [stdout] error[E0433]: failed to resolve: could not find `private` in `_serde`
[INFO] [stdout]    --> /opt/rustwide/cargo-home/registry/src/index.crates.io-6f17d22bba15001f/trybuild-1.0.64/src/dependencies.rs:153:5
[INFO] [stdout]     |
[INFO] [stdout] 153 |     #[serde(skip_serializing_if = "Option::is_none")]
[INFO] [stdout]     |     ^ could not find `private` in `_serde`
[INFO] [stdout]     |
[INFO] [stdout] help: consider importing this module
[INFO] [stdout]     |
[INFO] [stdout] 1   + use serde::__private::de;
[INFO] [stdout]     |
[INFO] [stdout] 
[INFO] [stdout] 
[INFO] [stdout] error[E0433]: failed to resolve: could not find `private` in `_serde`
[INFO] [stdout]    --> /opt/rustwide/cargo-home/registry/src/index.crates.io-6f17d22bba15001f/trybuild-1.0.64/src/dependencies.rs:155:5
[INFO] [stdout]     |
[INFO] [stdout] 155 |     #[serde(skip_serializing_if = "Option::is_none")]
[INFO] [stdout]     |     ^ could not find `private` in `_serde`
[INFO] [stdout]     |
[INFO] [stdout] help: consider importing this module
[INFO] [stdout]     |
[INFO] [stdout] 1   + use serde::__private::de;
[INFO] [stdout]     |
[INFO] [stdout] 
[INFO] [stdout] 
[INFO] [stdout] error[E0433]: failed to resolve: could not find `private` in `_serde`
[INFO] [stdout]    --> /opt/rustwide/cargo-home/registry/src/index.crates.io-6f17d22bba15001f/trybuild-1.0.64/src/dependencies.rs:157:5
[INFO] [stdout]     |
[INFO] [stdout] 157 |     #[serde(skip_serializing_if = "Option::is_none")]
[INFO] [stdout]     |     ^ could not find `private` in `_serde`
[INFO] [stdout]     |
[INFO] [stdout] help: consider importing this module
[INFO] [stdout]     |
[INFO] [stdout] 1   + use serde::__private::de;
[INFO] [stdout]     |
[INFO] [stdout] 
[INFO] [stdout] 
[INFO] [stdout] error[E0433]: failed to resolve: could not find `export` in `_serde`
[INFO] [stdout]   --> /opt/rustwide/cargo-home/registry/src/index.crates.io-6f17d22bba15001f/trybuild-1.0.64/src/features.rs:21:10
[INFO] [stdout]    |
[INFO] [stdout] 21 | #[derive(Deserialize)]
[INFO] [stdout]    |          ^^^^^^^^^^^ could not find `export` in `_serde`
[INFO] [stdout]    |
[INFO] [stdout]    = note: this error originates in the derive macro `Deserialize` (in Nightly builds, run with -Z macro-backtrace for more info)
[INFO] [stdout] help: consider importing this module
[INFO] [stdout]    |
[INFO] [stdout] 1  + use std::fmt;
[INFO] [stdout]    |
[INFO] [stdout] 
[INFO] [stdout] 
[INFO] [stdout] error[E0433]: failed to resolve: could not find `export` in `_serde`
[INFO] [stdout]   --> /opt/rustwide/cargo-home/registry/src/index.crates.io-6f17d22bba15001f/trybuild-1.0.64/src/features.rs:21:10
[INFO] [stdout]    |
[INFO] [stdout] 21 | #[derive(Deserialize)]
[INFO] [stdout]    |          ^^^^^^^^^^^ could not find `export` in `_serde`
[INFO] [stdout]    |
[INFO] [stdout]    = note: this error originates in the derive macro `Deserialize` (in Nightly builds, run with -Z macro-backtrace for more info)
[INFO] [stdout] help: consider importing this struct
[INFO] [stdout]    |
[INFO] [stdout] 1  + use std::fmt::Formatter;
[INFO] [stdout]    |
[INFO] [stdout] 
[INFO] [stdout] 
[INFO] [stdout] error[E0433]: failed to resolve: could not find `export` in `_serde`
[INFO] [stdout]   --> /opt/rustwide/cargo-home/registry/src/index.crates.io-6f17d22bba15001f/trybuild-1.0.64/src/features.rs:21:10
[INFO] [stdout]    |
[INFO] [stdout] 21 | #[derive(Deserialize)]
[INFO] [stdout]    |          ^^^^^^^^^^^ could not find `export` in `_serde`
[INFO] [stdout]    |
[INFO] [stdout]    = note: this error originates in the derive macro `Deserialize` (in Nightly builds, run with -Z macro-backtrace for more info)
[INFO] [stdout] help: consider importing this enum
[INFO] [stdout]    |
[INFO] [stdout] 1  + use std::option::Option;
[INFO] [stdout]    |
[INFO] [stdout] 
[INFO] [stdout] 
[INFO] [stdout] error[E0433]: failed to resolve: could not find `export` in `_serde`
[INFO] [stdout]   --> /opt/rustwide/cargo-home/registry/src/index.crates.io-6f17d22bba15001f/trybuild-1.0.64/src/manifest.rs:35:21
[INFO] [stdout]    |
[INFO] [stdout] 35 | #[derive(Serialize, Deserialize, Debug)]
[INFO] [stdout]    |                     ^^^^^^^^^^^ could not find `export` in `_serde`
[INFO] [stdout]    |
[INFO] [stdout]    = note: this error originates in the derive macro `Deserialize` (in Nightly builds, run with -Z macro-backtrace for more info)
[INFO] [stdout] help: consider importing this module
[INFO] [stdout]    |
[INFO] [stdout] 1  + use std::fmt;
[INFO] [stdout]    |
[INFO] [stdout] 
[INFO] [stdout] 
[INFO] [stdout] error[E0433]: failed to resolve: could not find `export` in `_serde`
[INFO] [stdout]   --> /opt/rustwide/cargo-home/registry/src/index.crates.io-6f17d22bba15001f/trybuild-1.0.64/src/manifest.rs:35:21
[INFO] [stdout]    |
[INFO] [stdout] 35 | #[derive(Serialize, Deserialize, Debug)]
[INFO] [stdout]    |                     ^^^^^^^^^^^ could not find `export` in `_serde`
[INFO] [stdout]    |
[INFO] [stdout]    = note: this error originates in the derive macro `Deserialize` (in Nightly builds, run with -Z macro-backtrace for more info)
[INFO] [stdout] help: consider importing this struct
[INFO] [stdout]    |
[INFO] [stdout] 1  + use std::fmt::Formatter;
[INFO] [stdout]    |
[INFO] [stdout] 
[INFO] [stdout] 
[INFO] [stdout] error[E0433]: failed to resolve: could not find `export` in `_serde`
[INFO] [stdout]    --> /opt/rustwide/cargo-home/registry/src/index.crates.io-6f17d22bba15001f/trybuild-1.0.64/src/run.rs:522:10
[INFO] [stdout]     |
[INFO] [stdout] 522 | #[derive(Deserialize)]
[INFO] [stdout]     |          ^^^^^^^^^^^ could not find `export` in `_serde`
[INFO] [stdout]     |
[INFO] [stdout]     = note: this error originates in the derive macro `Deserialize` (in Nightly builds, run with -Z macro-backtrace for more info)
[INFO] [stdout] help: consider importing this module
[INFO] [stdout]     |
[INFO] [stdout] 1   + use std::fmt;
[INFO] [stdout]     |
[INFO] [stdout] 
[INFO] [stdout] 
[INFO] [stdout] error[E0433]: failed to resolve: could not find `export` in `_serde`
[INFO] [stdout]    --> /opt/rustwide/cargo-home/registry/src/index.crates.io-6f17d22bba15001f/trybuild-1.0.64/src/run.rs:522:10
[INFO] [stdout]     |
[INFO] [stdout] 522 | #[derive(Deserialize)]
[INFO] [stdout]     |          ^^^^^^^^^^^ could not find `export` in `_serde`
[INFO] [stdout]     |
[INFO] [stdout]     = note: this error originates in the derive macro `Deserialize` (in Nightly builds, run with -Z macro-backtrace for more info)
[INFO] [stdout] help: consider importing this struct
[INFO] [stdout]     |
[INFO] [stdout] 1   + use std::fmt::Formatter;
[INFO] [stdout]     |
[INFO] [stdout] 
[INFO] [stdout] 
[INFO] [stdout] error[E0433]: failed to resolve: could not find `export` in `_serde`
[INFO] [stdout]    --> /opt/rustwide/cargo-home/registry/src/index.crates.io-6f17d22bba15001f/trybuild-1.0.64/src/run.rs:522:10
[INFO] [stdout]     |
[INFO] [stdout] 522 | #[derive(Deserialize)]
[INFO] [stdout]     |          ^^^^^^^^^^^ could not find `export` in `_serde`
[INFO] [stdout]     |
[INFO] [stdout]     = note: this error originates in the derive macro `Deserialize` (in Nightly builds, run with -Z macro-backtrace for more info)
[INFO] [stdout] help: consider importing this enum
[INFO] [stdout]     |
[INFO] [stdout] 1   + use std::option::Option;
[INFO] [stdout]     |
[INFO] [stdout] 
[INFO] [stdout] 
[INFO] [stdout] error[E0433]: failed to resolve: could not find `private` in `_serde`
[INFO] [stdout]    --> /opt/rustwide/cargo-home/registry/src/index.crates.io-6f17d22bba15001f/trybuild-1.0.64/src/run.rs:524:5
[INFO] [stdout]     |
[INFO] [stdout] 524 |     #[allow(dead_code)]
[INFO] [stdout]     |     ^ could not find `private` in `_serde`
[INFO] [stdout]     |
[INFO] [stdout] help: consider importing this module
[INFO] [stdout]     |
[INFO] [stdout] 1   + use serde::__private::de;
[INFO] [stdout]     |
[INFO] [stdout] 
[INFO] [stdout] 
[INFO] [stdout] error[E0433]: failed to resolve: could not find `private` in `_serde`
[INFO] [stdout]    --> /opt/rustwide/cargo-home/registry/src/index.crates.io-6f17d22bba15001f/trybuild-1.0.64/src/run.rs:526:5
[INFO] [stdout]     |
[INFO] [stdout] 526 |     target: RustcTarget,
[INFO] [stdout]     |     ^^^^^^ could not find `private` in `_serde`
[INFO] [stdout]     |
[INFO] [stdout] help: consider importing this module
[INFO] [stdout]     |
[INFO] [stdout] 1   + use serde::__private::de;
[INFO] [stdout]     |
[INFO] [stdout] 
[INFO] [stdout] 
[INFO] [stdout] error[E0433]: failed to resolve: could not find `private` in `_serde`
[INFO] [stdout]    --> /opt/rustwide/cargo-home/registry/src/index.crates.io-6f17d22bba15001f/trybuild-1.0.64/src/run.rs:527:5
[INFO] [stdout]     |
[INFO] [stdout] 527 |     message: RustcMessage,
[INFO] [stdout]     |     ^^^^^^^ could not find `private` in `_serde`
[INFO] [stdout]     |
[INFO] [stdout] help: consider importing this module
[INFO] [stdout]     |
[INFO] [stdout] 1   + use serde::__private::de;
[INFO] [stdout]     |
[INFO] [stdout] 
[INFO] [stdout] 
[INFO] [stdout] error[E0433]: failed to resolve: could not find `export` in `_serde`
[INFO] [stdout]    --> /opt/rustwide/cargo-home/registry/src/index.crates.io-6f17d22bba15001f/trybuild-1.0.64/src/run.rs:530:10
[INFO] [stdout]     |
[INFO] [stdout] 530 | #[derive(Deserialize)]
[INFO] [stdout]     |          ^^^^^^^^^^^ could not find `export` in `_serde`
[INFO] [stdout]     |
[INFO] [stdout]     = note: this error originates in the derive macro `Deserialize` (in Nightly builds, run with -Z macro-backtrace for more info)
[INFO] [stdout] help: consider importing this module
[INFO] [stdout]     |
[INFO] [stdout] 1   + use std::fmt;
[INFO] [stdout]     |
[INFO] [stdout] 
[INFO] [stdout] 
[INFO] [stdout] error[E0433]: failed to resolve: could not find `export` in `_serde`
[INFO] [stdout]    --> /opt/rustwide/cargo-home/registry/src/index.crates.io-6f17d22bba15001f/trybuild-1.0.64/src/run.rs:530:10
[INFO] [stdout]     |
[INFO] [stdout] 530 | #[derive(Deserialize)]
[INFO] [stdout]     |          ^^^^^^^^^^^ could not find `export` in `_serde`
[INFO] [stdout]     |
[INFO] [stdout]     = note: this error originates in the derive macro `Deserialize` (in Nightly builds, run with -Z macro-backtrace for more info)
[INFO] [stdout] help: consider importing this struct
[INFO] [stdout]     |
[INFO] [stdout] 1   + use std::fmt::Formatter;
[INFO] [stdout]     |
[INFO] [stdout] 
[INFO] [stdout] 
[INFO] [stdout] error[E0433]: failed to resolve: could not find `export` in `_serde`
[INFO] [stdout]    --> /opt/rustwide/cargo-home/registry/src/index.crates.io-6f17d22bba15001f/trybuild-1.0.64/src/run.rs:536:10
[INFO] [stdout]     |
[INFO] [stdout] 536 | #[derive(Deserialize)]
[INFO] [stdout]     |          ^^^^^^^^^^^ could not find `export` in `_serde`
[INFO] [stdout]     |
[INFO] [stdout]     = note: this error originates in the derive macro `Deserialize` (in Nightly builds, run with -Z macro-backtrace for more info)
[INFO] [stdout] help: consider importing this module
[INFO] [stdout]     |
[INFO] [stdout] 1   + use std::fmt;
[INFO] [stdout]     |
[INFO] [stdout] 
[INFO] [stdout] 
[INFO] [stdout] error[E0433]: failed to resolve: could not find `export` in `_serde`
[INFO] [stdout]    --> /opt/rustwide/cargo-home/registry/src/index.crates.io-6f17d22bba15001f/trybuild-1.0.64/src/run.rs:536:10
[INFO] [stdout]     |
[INFO] [stdout] 536 | #[derive(Deserialize)]
[INFO] [stdout]     |          ^^^^^^^^^^^ could not find `export` in `_serde`
[INFO] [stdout]     |
[INFO] [stdout]     = note: this error originates in the derive macro `Deserialize` (in Nightly builds, run with -Z macro-backtrace for more info)
[INFO] [stdout] help: consider importing this struct
[INFO] [stdout]     |
[INFO] [stdout] 1   + use std::fmt::Formatter;
[INFO] [stdout]     |
[INFO] [stdout] 
[INFO] [stdout] 
[INFO] [stdout] error[E0433]: failed to resolve: could not find `export` in `_serde`
[INFO] [stdout]    --> /opt/rustwide/cargo-home/registry/src/index.crates.io-6f17d22bba15001f/trybuild-1.0.64/src/run.rs:536:10
[INFO] [stdout]     |
[INFO] [stdout] 536 | #[derive(Deserialize)]
[INFO] [stdout]     |          ^^^^^^^^^^^ could not find `export` in `_serde`
[INFO] [stdout]     |
[INFO] [stdout]     = note: this error originates in the derive macro `Deserialize` (in Nightly builds, run with -Z macro-backtrace for more info)
[INFO] [stdout] help: consider importing this enum
[INFO] [stdout]     |
[INFO] [stdout] 1   + use std::option::Option;
[INFO] [stdout]     |
[INFO] [stdout] 
[INFO] [stdout] 
[INFO] [stdout] error[E0433]: failed to resolve: could not find `private` in `_serde`
[INFO] [stdout]    --> /opt/rustwide/cargo-home/registry/src/index.crates.io-6f17d22bba15001f/trybuild-1.0.64/src/run.rs:538:5
[INFO] [stdout]     |
[INFO] [stdout] 538 |     src_path: PathBuf,
[INFO] [stdout]     |     ^^^^^^^^ could not find `private` in `_serde`
[INFO] [stdout]     |
[INFO] [stdout] help: consider importing this module
[INFO] [stdout]     |
[INFO] [stdout] 1   + use serde::__private::de;
[INFO] [stdout]     |
[INFO] [stdout] 
[INFO] [stdout] 
[INFO] [stdout] error[E0433]: failed to resolve: could not find `export` in `_serde`
[INFO] [stdout]    --> /opt/rustwide/cargo-home/registry/src/index.crates.io-6f17d22bba15001f/trybuild-1.0.64/src/run.rs:541:10
[INFO] [stdout]     |
[INFO] [stdout] 541 | #[derive(Deserialize)]
[INFO] [stdout]     |          ^^^^^^^^^^^ could not find `export` in `_serde`
[INFO] [stdout]     |
[INFO] [stdout]     = note: this error originates in the derive macro `Deserialize` (in Nightly builds, run with -Z macro-backtrace for more info)
[INFO] [stdout] help: consider importing this module
[INFO] [stdout]     |
[INFO] [stdout] 1   + use std::fmt;
[INFO] [stdout]     |
[INFO] [stdout] 
[INFO] [stdout] 
[INFO] [stdout] error[E0433]: failed to resolve: could not find `export` in `_serde`
[INFO] [stdout]    --> /opt/rustwide/cargo-home/registry/src/index.crates.io-6f17d22bba15001f/trybuild-1.0.64/src/run.rs:541:10
[INFO] [stdout]     |
[INFO] [stdout] 541 | #[derive(Deserialize)]
[INFO] [stdout]     |          ^^^^^^^^^^^ could not find `export` in `_serde`
[INFO] [stdout]     |
[INFO] [stdout]     = note: this error originates in the derive macro `Deserialize` (in Nightly builds, run with -Z macro-backtrace for more info)
[INFO] [stdout] help: consider importing this struct
[INFO] [stdout]     |
[INFO] [stdout] 1   + use std::fmt::Formatter;
[INFO] [stdout]     |
[INFO] [stdout] 
[INFO] [stdout] 
[INFO] [stdout] error[E0433]: failed to resolve: could not find `export` in `_serde`
[INFO] [stdout]    --> /opt/rustwide/cargo-home/registry/src/index.crates.io-6f17d22bba15001f/trybuild-1.0.64/src/run.rs:541:10
[INFO] [stdout]     |
[INFO] [stdout] 541 | #[derive(Deserialize)]
[INFO] [stdout]     |          ^^^^^^^^^^^ could not find `export` in `_serde`
[INFO] [stdout]     |
[INFO] [stdout]     = note: this error originates in the derive macro `Deserialize` (in Nightly builds, run with -Z macro-backtrace for more info)
[INFO] [stdout] help: consider importing this enum
[INFO] [stdout]     |
[INFO] [stdout] 1   + use std::option::Option;
[INFO] [stdout]     |
[INFO] [stdout] 
[INFO] [stdout] 
[INFO] [stdout] error[E0433]: failed to resolve: could not find `private` in `_serde`
[INFO] [stdout]    --> /opt/rustwide/cargo-home/registry/src/index.crates.io-6f17d22bba15001f/trybuild-1.0.64/src/run.rs:543:5
[INFO] [stdout]     |
[INFO] [stdout] 543 |     rendered: String,
[INFO] [stdout]     |     ^^^^^^^^ could not find `private` in `_serde`
[INFO] [stdout]     |
[INFO] [stdout] help: consider importing this module
[INFO] [stdout]     |
[INFO] [stdout] 1   + use serde::__private::de;
[INFO] [stdout]     |
[INFO] [stdout] 
[INFO] [stdout] 
[INFO] [stdout] error[E0433]: failed to resolve: could not find `private` in `_serde`
[INFO] [stdout]    --> /opt/rustwide/cargo-home/registry/src/index.crates.io-6f17d22bba15001f/trybuild-1.0.64/src/run.rs:544:5
[INFO] [stdout]     |
[INFO] [stdout] 544 |     level: String,
[INFO] [stdout]     |     ^^^^^ could not find `private` in `_serde`
[INFO] [stdout]     |
[INFO] [stdout] help: consider importing this module
[INFO] [stdout]     |
[INFO] [stdout] 1   + use serde::__private::de;
[INFO] [stdout]     |
[INFO] [stdout] 
[INFO] [stdout] 
[INFO] [stdout] error: aborting due to 281 previous errors
[INFO] [stdout] 
[INFO] [stdout] 
[INFO] [stdout] For more information about this error, try `rustc --explain E0433`.
[INFO] [stdout] 
[INFO] [stderr] error: could not compile `trybuild` (lib) due to 282 previous errors
[INFO] running `Command { std: "docker" "inspect" "c83516506c7737400b338e7b79c173e8e9f8873415679148cb75262d7de956ff", kill_on_drop: false }`
[INFO] running `Command { std: "docker" "rm" "-f" "c83516506c7737400b338e7b79c173e8e9f8873415679148cb75262d7de956ff", kill_on_drop: false }`
[INFO] [stdout] c83516506c7737400b338e7b79c173e8e9f8873415679148cb75262d7de956ff
