[INFO] fetching crate postmark 0.10.0...
[INFO] testing postmark-0.10.0 against 1.75.0 for beta-1.76-1
[INFO] extracting crate postmark 0.10.0 into /workspace/builds/worker-5-tc1/source
[INFO] validating manifest of crates.io crate postmark 0.10.0 on toolchain 1.75.0
[INFO] running `Command { std: CARGO_HOME="/workspace/cargo-home" RUSTUP_HOME="/workspace/rustup-home" "/workspace/cargo-home/bin/cargo" "+1.75.0" "metadata" "--manifest-path" "Cargo.toml" "--no-deps", kill_on_drop: false }`
[INFO] started tweaking crates.io crate postmark 0.10.0
[INFO] finished tweaking crates.io crate postmark 0.10.0
[INFO] tweaked toml for crates.io crate postmark 0.10.0 written to /workspace/builds/worker-5-tc1/source/Cargo.toml
[INFO] running `Command { std: CARGO_HOME="/workspace/cargo-home" RUSTUP_HOME="/workspace/rustup-home" "/workspace/cargo-home/bin/cargo" "+1.75.0" "generate-lockfile" "--manifest-path" "Cargo.toml", kill_on_drop: false }`
[INFO] [stderr]     Updating crates.io index
[INFO] running `Command { std: CARGO_HOME="/workspace/cargo-home" RUSTUP_HOME="/workspace/rustup-home" "/workspace/cargo-home/bin/cargo" "+1.75.0" "fetch" "--manifest-path" "Cargo.toml", kill_on_drop: false }`
[INFO] [stderr]     Blocking waiting for file lock on package cache
[INFO] [stderr]  Downloading crates ...
[INFO] [stderr]   Downloaded httptest v0.15.5
[INFO] running `Command { std: "docker" "create" "-v" "/var/lib/crater-agent-workspace/builds/worker-5-tc1/target:/opt/rustwide/target:rw,Z" "-v" "/var/lib/crater-agent-workspace/builds/worker-5-tc1/source:/opt/rustwide/workdir:ro,Z" "-v" "/var/lib/crater-agent-workspace/cargo-home:/opt/rustwide/cargo-home:ro,Z" "-v" "/var/lib/crater-agent-workspace/rustup-home:/opt/rustwide/rustup-home:ro,Z" "-e" "SOURCE_DIR=/opt/rustwide/workdir" "-e" "CARGO_TARGET_DIR=/opt/rustwide/target" "-e" "CARGO_HOME=/opt/rustwide/cargo-home" "-e" "RUSTUP_HOME=/opt/rustwide/rustup-home" "-w" "/opt/rustwide/workdir" "-m" "1610612736" "--user" "0:0" "--network" "none" "ghcr.io/rust-lang/crates-build-env/linux@sha256:2788e3201cd34a07e3172128adcd8b3090168a8e3bcc40d7c032b9dda1df7d1c" "/opt/rustwide/cargo-home/bin/cargo" "+1.75.0" "metadata" "--no-deps" "--format-version=1", kill_on_drop: false }`
[INFO] [stdout] 7565b7af74bc769cc3e749a1c3b11d8337da194579e2331a654dd3608f849452
[INFO] running `Command { std: "docker" "start" "-a" "7565b7af74bc769cc3e749a1c3b11d8337da194579e2331a654dd3608f849452", kill_on_drop: false }`
[INFO] running `Command { std: "docker" "inspect" "7565b7af74bc769cc3e749a1c3b11d8337da194579e2331a654dd3608f849452", kill_on_drop: false }`
[INFO] running `Command { std: "docker" "rm" "-f" "7565b7af74bc769cc3e749a1c3b11d8337da194579e2331a654dd3608f849452", kill_on_drop: false }`
[INFO] [stdout] 7565b7af74bc769cc3e749a1c3b11d8337da194579e2331a654dd3608f849452
[INFO] running `Command { std: "docker" "create" "-v" "/var/lib/crater-agent-workspace/builds/worker-5-tc1/target:/opt/rustwide/target:rw,Z" "-v" "/var/lib/crater-agent-workspace/builds/worker-5-tc1/source:/opt/rustwide/workdir:ro,Z" "-v" "/var/lib/crater-agent-workspace/cargo-home:/opt/rustwide/cargo-home:ro,Z" "-v" "/var/lib/crater-agent-workspace/rustup-home:/opt/rustwide/rustup-home:ro,Z" "-e" "SOURCE_DIR=/opt/rustwide/workdir" "-e" "CARGO_TARGET_DIR=/opt/rustwide/target" "-e" "CARGO_INCREMENTAL=0" "-e" "RUST_BACKTRACE=full" "-e" "RUSTFLAGS=--cap-lints=warn" "-e" "RUSTDOCFLAGS=--cap-lints=warn" "-e" "CARGO_HOME=/opt/rustwide/cargo-home" "-e" "RUSTUP_HOME=/opt/rustwide/rustup-home" "-w" "/opt/rustwide/workdir" "-m" "1610612736" "--user" "0:0" "--network" "none" "ghcr.io/rust-lang/crates-build-env/linux@sha256:2788e3201cd34a07e3172128adcd8b3090168a8e3bcc40d7c032b9dda1df7d1c" "/opt/rustwide/cargo-home/bin/cargo" "+1.75.0" "build" "--frozen" "--message-format=json", kill_on_drop: false }`
[INFO] [stdout] 7a8acc504dfb1177ec6567d48f79ec905c0648aaa6495c3fb49bb5593de12f57
[INFO] running `Command { std: "docker" "start" "-a" "7a8acc504dfb1177ec6567d48f79ec905c0648aaa6495c3fb49bb5593de12f57", kill_on_drop: false }`
[INFO] [stderr]    Compiling proc-macro2 v1.0.75
[INFO] [stderr]    Compiling tinyvec_macros v0.1.1
[INFO] [stderr]    Compiling serde v1.0.194
[INFO] [stderr]    Compiling unicode-bidi v0.3.14
[INFO] [stderr]    Compiling thiserror v1.0.56
[INFO] [stderr]    Compiling itoa v1.0.10
[INFO] [stderr]    Compiling serde_json v1.0.111
[INFO] [stderr]    Compiling percent-encoding v2.3.1
[INFO] [stderr]    Compiling async-trait v0.1.77
[INFO] [stderr]    Compiling ryu v1.0.16
[INFO] [stderr]    Compiling fnv v1.0.7
[INFO] [stderr]    Compiling bytes v1.5.0
[INFO] [stderr]    Compiling tinyvec v1.6.0
[INFO] [stderr]    Compiling form_urlencoded v1.2.1
[INFO] [stderr]    Compiling http v0.2.11
[INFO] [stderr]    Compiling unicode-normalization v0.1.22
[INFO] [stderr]    Compiling quote v1.0.35
[INFO] [stderr]    Compiling syn v2.0.48
[INFO] [stderr]    Compiling idna v0.5.0
[INFO] [stderr]    Compiling url v2.5.0
[INFO] [stderr]    Compiling serde_derive v1.0.194
[INFO] [stderr]    Compiling typed-builder-macro v0.18.0
[INFO] [stderr]    Compiling thiserror-impl v1.0.56
[INFO] [stderr]    Compiling typed-builder v0.18.0
[INFO] [stderr]    Compiling postmark v0.10.0 (/opt/rustwide/workdir)
[INFO] [stderr]     Finished dev [unoptimized + debuginfo] target(s) in 12.23s
[INFO] running `Command { std: "docker" "inspect" "7a8acc504dfb1177ec6567d48f79ec905c0648aaa6495c3fb49bb5593de12f57", kill_on_drop: false }`
[INFO] running `Command { std: "docker" "rm" "-f" "7a8acc504dfb1177ec6567d48f79ec905c0648aaa6495c3fb49bb5593de12f57", kill_on_drop: false }`
[INFO] [stdout] 7a8acc504dfb1177ec6567d48f79ec905c0648aaa6495c3fb49bb5593de12f57
[INFO] running `Command { std: "docker" "create" "-v" "/var/lib/crater-agent-workspace/builds/worker-5-tc1/target:/opt/rustwide/target:rw,Z" "-v" "/var/lib/crater-agent-workspace/builds/worker-5-tc1/source:/opt/rustwide/workdir:ro,Z" "-v" "/var/lib/crater-agent-workspace/cargo-home:/opt/rustwide/cargo-home:ro,Z" "-v" "/var/lib/crater-agent-workspace/rustup-home:/opt/rustwide/rustup-home:ro,Z" "-e" "SOURCE_DIR=/opt/rustwide/workdir" "-e" "CARGO_TARGET_DIR=/opt/rustwide/target" "-e" "CARGO_INCREMENTAL=0" "-e" "RUST_BACKTRACE=full" "-e" "RUSTFLAGS=--cap-lints=warn" "-e" "RUSTDOCFLAGS=--cap-lints=warn" "-e" "CARGO_HOME=/opt/rustwide/cargo-home" "-e" "RUSTUP_HOME=/opt/rustwide/rustup-home" "-w" "/opt/rustwide/workdir" "-m" "1610612736" "--user" "0:0" "--network" "none" "ghcr.io/rust-lang/crates-build-env/linux@sha256:2788e3201cd34a07e3172128adcd8b3090168a8e3bcc40d7c032b9dda1df7d1c" "/opt/rustwide/cargo-home/bin/cargo" "+1.75.0" "test" "--frozen" "--no-run" "--message-format=json", kill_on_drop: false }`
[INFO] [stdout] e44a76d0e5571f23bc7cba114a6ec763db36662bfb728e14e0bf75c63ff9acf5
[INFO] running `Command { std: "docker" "start" "-a" "e44a76d0e5571f23bc7cba114a6ec763db36662bfb728e14e0bf75c63ff9acf5", kill_on_drop: false }`
[INFO] [stderr]    Compiling memchr v2.7.1
[INFO] [stderr]    Compiling pin-project-lite v0.2.13
[INFO] [stderr]    Compiling autocfg v1.1.0
[INFO] [stderr]    Compiling futures-core v0.3.30
[INFO] [stderr]    Compiling futures-sink v0.3.30
[INFO] [stderr]    Compiling once_cell v1.19.0
[INFO] [stderr]    Compiling futures-task v0.3.30
[INFO] [stderr]    Compiling pin-utils v0.1.0
[INFO] [stderr]    Compiling futures-io v0.3.30
[INFO] [stderr]    Compiling hashbrown v0.14.3
[INFO] [stderr]    Compiling equivalent v1.0.1
[INFO] [stderr]    Compiling crossbeam-utils v0.8.18
[INFO] [stderr]    Compiling httparse v1.8.0
[INFO] [stderr]    Compiling socket2 v0.5.5
[INFO] [stderr]    Compiling num_cpus v1.16.0
[INFO] [stderr]    Compiling futures-macro v0.3.30
[INFO] [stderr]    Compiling tokio-macros v2.2.0
[INFO] [stderr]    Compiling mio v0.8.10
[INFO] [stderr]    Compiling try-lock v0.2.5
[INFO] [stderr]    Compiling futures-channel v0.3.30
[INFO] [stderr]    Compiling tracing-core v0.1.32
[INFO] [stderr]    Compiling regex-syntax v0.8.2
[INFO] [stderr]    Compiling want v0.3.1
[INFO] [stderr]    Compiling http-body v0.4.6
[INFO] [stderr]    Compiling tower-service v0.3.2
[INFO] [stderr]    Compiling httpdate v1.0.3
[INFO] [stderr]    Compiling regex-automata v0.1.10
[INFO] [stderr]    Compiling slab v0.4.9
[INFO] [stderr]    Compiling lazy_static v1.4.0
[INFO] [stderr]    Compiling serde_urlencoded v0.7.1
[INFO] [stderr]    Compiling log v0.4.20
[INFO] [stderr]    Compiling tracing v0.1.40
[INFO] [stderr]    Compiling aho-corasick v1.1.2
[INFO] [stderr]    Compiling bstr v0.2.17
[INFO] [stderr]    Compiling indexmap v2.1.0
[INFO] [stderr]    Compiling crossbeam-channel v0.5.10
[INFO] [stderr]    Compiling tokio v1.35.1
[INFO] [stderr]    Compiling futures-util v0.3.30
[INFO] [stderr]    Compiling regex-automata v0.4.3
[INFO] [stderr]    Compiling futures v0.3.30
[INFO] [stderr]    Compiling regex v1.10.2
[INFO] [stderr]    Compiling tokio-util v0.7.10
[INFO] [stderr]    Compiling h2 v0.3.22
[INFO] [stderr]    Compiling hyper v0.14.28
[INFO] [stderr]    Compiling httptest v0.15.5
[INFO] [stderr]    Compiling postmark v0.10.0 (/opt/rustwide/workdir)
[INFO] [stdout] error[E0432]: unresolved import `postmark::reqwest`
[INFO] [stdout]  --> tests/send_email.rs:8:15
[INFO] [stdout]   |
[INFO] [stdout] 8 | use postmark::reqwest::PostmarkClient;
[INFO] [stdout]   |               ^^^^^^^ could not find `reqwest` in `postmark`
[INFO] [stdout] 
[INFO] [stdout] 
[INFO] [stdout] error: aborting due to previous error
[INFO] [stdout] 
[INFO] [stdout] 
[INFO] [stdout] For more information about this error, try `rustc --explain E0432`.
[INFO] [stdout] 
[INFO] [stderr] error: could not compile `postmark` (test "send_email") due to 2 previous errors
[INFO] [stderr] warning: build failed, waiting for other jobs to finish...
[INFO] [stdout] error[E0432]: unresolved import `crate::reqwest`
[INFO] [stdout]   --> src/api/bounce/delivery_stats.rs:51:16
[INFO] [stdout]    |
[INFO] [stdout] 51 |     use crate::reqwest::PostmarkClient;
[INFO] [stdout]    |                ^^^^^^^ could not find `reqwest` in the crate root
[INFO] [stdout] 
[INFO] [stdout] 
[INFO] [stdout] error[E0432]: unresolved import `crate::reqwest`
[INFO] [stdout]    --> src/api/email/send_email.rs:160:16
[INFO] [stdout]     |
[INFO] [stdout] 160 |     use crate::reqwest::PostmarkClient;
[INFO] [stdout]     |                ^^^^^^^ could not find `reqwest` in the crate root
[INFO] [stdout] 
[INFO] [stdout] 
[INFO] [stdout] error[E0432]: unresolved import `crate::reqwest`
[INFO] [stdout]   --> src/api/email/send_email_batch.rs:32:16
[INFO] [stdout]    |
[INFO] [stdout] 32 |     use crate::reqwest::PostmarkClient;
[INFO] [stdout]    |                ^^^^^^^ could not find `reqwest` in the crate root
[INFO] [stdout] 
[INFO] [stdout] 
[INFO] [stdout] error[E0432]: unresolved import `crate::reqwest`
[INFO] [stdout]    --> src/api/email/send_email_with_template.rs:194:16
[INFO] [stdout]     |
[INFO] [stdout] 194 |     use crate::reqwest::PostmarkClient;
[INFO] [stdout]     |                ^^^^^^^ could not find `reqwest` in the crate root
[INFO] [stdout] 
[INFO] [stdout] 
[INFO] [stdout] error[E0432]: unresolved import `crate::reqwest`
[INFO] [stdout]    --> src/api/templates/create_template.rs:116:16
[INFO] [stdout]     |
[INFO] [stdout] 116 |     use crate::reqwest::PostmarkClient;
[INFO] [stdout]     |                ^^^^^^^ could not find `reqwest` in the crate root
[INFO] [stdout] 
[INFO] [stdout] 
[INFO] [stdout] error[E0432]: unresolved import `crate::reqwest`
[INFO] [stdout]   --> src/api/templates/delete_template.rs:63:16
[INFO] [stdout]    |
[INFO] [stdout] 63 |     use crate::reqwest::PostmarkClient;
[INFO] [stdout]    |                ^^^^^^^ could not find `reqwest` in the crate root
[INFO] [stdout] 
[INFO] [stdout] 
[INFO] [stdout] error[E0432]: unresolved import `crate::reqwest`
[INFO] [stdout]    --> src/api/templates/edit_template.rs:119:16
[INFO] [stdout]     |
[INFO] [stdout] 119 |     use crate::reqwest::PostmarkClient;
[INFO] [stdout]     |                ^^^^^^^ could not find `reqwest` in the crate root
[INFO] [stdout] 
[INFO] [stdout] 
[INFO] [stdout] error[E0432]: unresolved import `crate::reqwest`
[INFO] [stdout]   --> src/api/templates/get_template.rs:78:16
[INFO] [stdout]    |
[INFO] [stdout] 78 |     use crate::reqwest::PostmarkClient;
[INFO] [stdout]    |                ^^^^^^^ could not find `reqwest` in the crate root
[INFO] [stdout] 
[INFO] [stdout] 
[INFO] [stdout] error: aborting due to 8 previous errors
[INFO] [stdout] 
[INFO] [stdout] 
[INFO] [stdout] For more information about this error, try `rustc --explain E0432`.
[INFO] [stdout] 
[INFO] [stderr] error: could not compile `postmark` (lib test) due to 9 previous errors
[INFO] running `Command { std: "docker" "inspect" "e44a76d0e5571f23bc7cba114a6ec763db36662bfb728e14e0bf75c63ff9acf5", kill_on_drop: false }`
[INFO] running `Command { std: "docker" "rm" "-f" "e44a76d0e5571f23bc7cba114a6ec763db36662bfb728e14e0bf75c63ff9acf5", kill_on_drop: false }`
[INFO] [stdout] e44a76d0e5571f23bc7cba114a6ec763db36662bfb728e14e0bf75c63ff9acf5
[INFO] testing postmark-0.10.0 against beta-2023-12-22 for beta-1.76-1
[INFO] extracting crate postmark 0.10.0 into /workspace/builds/worker-5-tc2/source
[INFO] validating manifest of crates.io crate postmark 0.10.0 on toolchain beta-2023-12-22
[INFO] running `Command { std: CARGO_HOME="/workspace/cargo-home" RUSTUP_HOME="/workspace/rustup-home" "/workspace/cargo-home/bin/cargo" "+beta-2023-12-22" "metadata" "--manifest-path" "Cargo.toml" "--no-deps", kill_on_drop: false }`
[INFO] started tweaking crates.io crate postmark 0.10.0
[INFO] finished tweaking crates.io crate postmark 0.10.0
[INFO] tweaked toml for crates.io crate postmark 0.10.0 written to /workspace/builds/worker-5-tc2/source/Cargo.toml
[INFO] running `Command { std: CARGO_HOME="/workspace/cargo-home" RUSTUP_HOME="/workspace/rustup-home" "/workspace/cargo-home/bin/cargo" "+beta-2023-12-22" "generate-lockfile" "--manifest-path" "Cargo.toml", kill_on_drop: false }`
[INFO] [stderr]     Blocking waiting for file lock on package cache
[INFO] [stderr]     Updating crates.io index
[INFO] running `Command { std: CARGO_HOME="/workspace/cargo-home" RUSTUP_HOME="/workspace/rustup-home" "/workspace/cargo-home/bin/cargo" "+beta-2023-12-22" "fetch" "--manifest-path" "Cargo.toml", kill_on_drop: false }`
[INFO] [stderr]     Blocking waiting for file lock on package cache
[INFO] running `Command { std: "docker" "create" "-v" "/var/lib/crater-agent-workspace/builds/worker-5-tc2/target:/opt/rustwide/target:rw,Z" "-v" "/var/lib/crater-agent-workspace/builds/worker-5-tc2/source:/opt/rustwide/workdir:ro,Z" "-v" "/var/lib/crater-agent-workspace/cargo-home:/opt/rustwide/cargo-home:ro,Z" "-v" "/var/lib/crater-agent-workspace/rustup-home:/opt/rustwide/rustup-home:ro,Z" "-e" "SOURCE_DIR=/opt/rustwide/workdir" "-e" "CARGO_TARGET_DIR=/opt/rustwide/target" "-e" "CARGO_HOME=/opt/rustwide/cargo-home" "-e" "RUSTUP_HOME=/opt/rustwide/rustup-home" "-w" "/opt/rustwide/workdir" "-m" "1610612736" "--user" "0:0" "--network" "none" "ghcr.io/rust-lang/crates-build-env/linux@sha256:2788e3201cd34a07e3172128adcd8b3090168a8e3bcc40d7c032b9dda1df7d1c" "/opt/rustwide/cargo-home/bin/cargo" "+beta-2023-12-22" "metadata" "--no-deps" "--format-version=1", kill_on_drop: false }`
[INFO] [stdout] 08e616b9e69dfb2b13d7d859dccf6f2ee8f72158ca7079ee699916f4c8d0062e
[INFO] running `Command { std: "docker" "start" "-a" "08e616b9e69dfb2b13d7d859dccf6f2ee8f72158ca7079ee699916f4c8d0062e", kill_on_drop: false }`
[INFO] running `Command { std: "docker" "inspect" "08e616b9e69dfb2b13d7d859dccf6f2ee8f72158ca7079ee699916f4c8d0062e", kill_on_drop: false }`
[INFO] running `Command { std: "docker" "rm" "-f" "08e616b9e69dfb2b13d7d859dccf6f2ee8f72158ca7079ee699916f4c8d0062e", kill_on_drop: false }`
[INFO] [stdout] 08e616b9e69dfb2b13d7d859dccf6f2ee8f72158ca7079ee699916f4c8d0062e
[INFO] running `Command { std: "docker" "create" "-v" "/var/lib/crater-agent-workspace/builds/worker-5-tc2/target:/opt/rustwide/target:rw,Z" "-v" "/var/lib/crater-agent-workspace/builds/worker-5-tc2/source:/opt/rustwide/workdir:ro,Z" "-v" "/var/lib/crater-agent-workspace/cargo-home:/opt/rustwide/cargo-home:ro,Z" "-v" "/var/lib/crater-agent-workspace/rustup-home:/opt/rustwide/rustup-home:ro,Z" "-e" "SOURCE_DIR=/opt/rustwide/workdir" "-e" "CARGO_TARGET_DIR=/opt/rustwide/target" "-e" "CARGO_INCREMENTAL=0" "-e" "RUST_BACKTRACE=full" "-e" "RUSTFLAGS=--cap-lints=warn" "-e" "RUSTDOCFLAGS=--cap-lints=warn" "-e" "CARGO_HOME=/opt/rustwide/cargo-home" "-e" "RUSTUP_HOME=/opt/rustwide/rustup-home" "-w" "/opt/rustwide/workdir" "-m" "1610612736" "--user" "0:0" "--network" "none" "ghcr.io/rust-lang/crates-build-env/linux@sha256:2788e3201cd34a07e3172128adcd8b3090168a8e3bcc40d7c032b9dda1df7d1c" "/opt/rustwide/cargo-home/bin/cargo" "+beta-2023-12-22" "build" "--frozen" "--message-format=json", kill_on_drop: false }`
[INFO] [stdout] b82acef1e46d7086bc81fd0b30638a1df6f1936d7566db8c5ac43088f51850a7
[INFO] running `Command { std: "docker" "start" "-a" "b82acef1e46d7086bc81fd0b30638a1df6f1936d7566db8c5ac43088f51850a7", kill_on_drop: false }`
[INFO] [stderr]    Compiling proc-macro2 v1.0.75
[INFO] [stderr]    Compiling tinyvec_macros v0.1.1
[INFO] [stderr]    Compiling serde v1.0.194
[INFO] [stderr]    Compiling async-trait v0.1.77
[INFO] [stderr]    Compiling thiserror v1.0.56
[INFO] [stderr]    Compiling serde_json v1.0.111
[INFO] [stderr]    Compiling unicode-bidi v0.3.14
[INFO] [stderr]    Compiling itoa v1.0.10
[INFO] [stderr]    Compiling percent-encoding v2.3.1
[INFO] [stderr]    Compiling bytes v1.5.0
[INFO] [stderr]    Compiling ryu v1.0.16
[INFO] [stderr]    Compiling fnv v1.0.7
[INFO] [stderr]    Compiling tinyvec v1.6.0
[INFO] [stderr]    Compiling form_urlencoded v1.2.1
[INFO] [stderr]    Compiling http v0.2.11
[INFO] [stderr]    Compiling quote v1.0.35
[INFO] [stderr]    Compiling unicode-normalization v0.1.22
[INFO] [stderr]    Compiling syn v2.0.48
[INFO] [stderr]    Compiling idna v0.5.0
[INFO] [stderr]    Compiling url v2.5.0
[INFO] [stderr]    Compiling serde_derive v1.0.194
[INFO] [stderr]    Compiling thiserror-impl v1.0.56
[INFO] [stderr]    Compiling typed-builder-macro v0.18.0
[INFO] [stderr]    Compiling typed-builder v0.18.0
[INFO] [stderr]    Compiling postmark v0.10.0 (/opt/rustwide/workdir)
[INFO] [stderr]     Finished dev [unoptimized + debuginfo] target(s) in 15.19s
[INFO] running `Command { std: "docker" "inspect" "b82acef1e46d7086bc81fd0b30638a1df6f1936d7566db8c5ac43088f51850a7", kill_on_drop: false }`
[INFO] running `Command { std: "docker" "rm" "-f" "b82acef1e46d7086bc81fd0b30638a1df6f1936d7566db8c5ac43088f51850a7", kill_on_drop: false }`
[INFO] [stdout] b82acef1e46d7086bc81fd0b30638a1df6f1936d7566db8c5ac43088f51850a7
[INFO] running `Command { std: "docker" "create" "-v" "/var/lib/crater-agent-workspace/builds/worker-5-tc2/target:/opt/rustwide/target:rw,Z" "-v" "/var/lib/crater-agent-workspace/builds/worker-5-tc2/source:/opt/rustwide/workdir:ro,Z" "-v" "/var/lib/crater-agent-workspace/cargo-home:/opt/rustwide/cargo-home:ro,Z" "-v" "/var/lib/crater-agent-workspace/rustup-home:/opt/rustwide/rustup-home:ro,Z" "-e" "SOURCE_DIR=/opt/rustwide/workdir" "-e" "CARGO_TARGET_DIR=/opt/rustwide/target" "-e" "CARGO_INCREMENTAL=0" "-e" "RUST_BACKTRACE=full" "-e" "RUSTFLAGS=--cap-lints=warn" "-e" "RUSTDOCFLAGS=--cap-lints=warn" "-e" "CARGO_HOME=/opt/rustwide/cargo-home" "-e" "RUSTUP_HOME=/opt/rustwide/rustup-home" "-w" "/opt/rustwide/workdir" "-m" "1610612736" "--user" "0:0" "--network" "none" "ghcr.io/rust-lang/crates-build-env/linux@sha256:2788e3201cd34a07e3172128adcd8b3090168a8e3bcc40d7c032b9dda1df7d1c" "/opt/rustwide/cargo-home/bin/cargo" "+beta-2023-12-22" "test" "--frozen" "--no-run" "--message-format=json", kill_on_drop: false }`
[INFO] [stdout] 18c7a2eec661a838b5d3e945b4290f0cef5ef501a1721f1e76bdfc436ced7b3d
[INFO] running `Command { std: "docker" "start" "-a" "18c7a2eec661a838b5d3e945b4290f0cef5ef501a1721f1e76bdfc436ced7b3d", kill_on_drop: false }`
[INFO] [stderr]    Compiling pin-project-lite v0.2.13
[INFO] [stderr]    Compiling memchr v2.7.1
[INFO] [stderr]    Compiling autocfg v1.1.0
[INFO] [stderr]    Compiling futures-sink v0.3.30
[INFO] [stderr]    Compiling futures-core v0.3.30
[INFO] [stderr]    Compiling once_cell v1.19.0
[INFO] [stderr]    Compiling futures-task v0.3.30
[INFO] [stderr]    Compiling futures-io v0.3.30
[INFO] [stderr]    Compiling pin-utils v0.1.0
[INFO] [stderr]    Compiling httparse v1.8.0
[INFO] [stderr]    Compiling equivalent v1.0.1
[INFO] [stderr]    Compiling crossbeam-utils v0.8.18
[INFO] [stderr]    Compiling hashbrown v0.14.3
[INFO] [stderr]    Compiling num_cpus v1.16.0
[INFO] [stderr]    Compiling socket2 v0.5.5
[INFO] [stderr]    Compiling futures-macro v0.3.30
[INFO] [stderr]    Compiling tokio-macros v2.2.0
[INFO] [stderr]    Compiling mio v0.8.10
[INFO] [stderr]    Compiling try-lock v0.2.5
[INFO] [stderr]    Compiling regex-syntax v0.8.2
[INFO] [stderr]    Compiling futures-channel v0.3.30
[INFO] [stderr]    Compiling want v0.3.1
[INFO] [stderr]    Compiling http-body v0.4.6
[INFO] [stderr]    Compiling tracing-core v0.1.32
[INFO] [stderr]    Compiling regex-automata v0.1.10
[INFO] [stderr]    Compiling tower-service v0.3.2
[INFO] [stderr]    Compiling lazy_static v1.4.0
[INFO] [stderr]    Compiling httpdate v1.0.3
[INFO] [stderr]    Compiling serde_urlencoded v0.7.1
[INFO] [stderr]    Compiling slab v0.4.9
[INFO] [stderr]    Compiling log v0.4.20
[INFO] [stderr]    Compiling aho-corasick v1.1.2
[INFO] [stderr]    Compiling bstr v0.2.17
[INFO] [stderr]    Compiling tracing v0.1.40
[INFO] [stderr]    Compiling indexmap v2.1.0
[INFO] [stderr]    Compiling crossbeam-channel v0.5.10
[INFO] [stderr]    Compiling futures-util v0.3.30
[INFO] [stderr]    Compiling tokio v1.35.1
[INFO] [stderr]    Compiling regex-automata v0.4.3
[INFO] [stderr]    Compiling regex v1.10.2
[INFO] [stderr]    Compiling futures v0.3.30
[INFO] [stderr]    Compiling tokio-util v0.7.10
[INFO] [stderr]    Compiling h2 v0.3.22
[INFO] [stderr]    Compiling hyper v0.14.28
[INFO] [stderr]    Compiling httptest v0.15.5
[INFO] [stderr]    Compiling postmark v0.10.0 (/opt/rustwide/workdir)
[INFO] [stdout] error[E0432]: unresolved import `postmark::reqwest`
[INFO] [stdout]  --> tests/send_email.rs:8:15
[INFO] [stdout]   |
[INFO] [stdout] 8 | use postmark::reqwest::PostmarkClient;
[INFO] [stdout]   |               ^^^^^^^ could not find `reqwest` in `postmark`
[INFO] [stdout] 
[INFO] [stdout] 
[INFO] [stdout] error: aborting due to 1 previous error
[INFO] [stdout] 
[INFO] [stdout] 
[INFO] [stdout] For more information about this error, try `rustc --explain E0432`.
[INFO] [stdout] 
[INFO] [stderr] error: could not compile `postmark` (test "send_email") due to 2 previous errors
[INFO] [stderr] warning: build failed, waiting for other jobs to finish...
[INFO] [stdout] error[E0432]: unresolved import `crate::reqwest`
[INFO] [stdout]   --> src/api/bounce/delivery_stats.rs:51:16
[INFO] [stdout]    |
[INFO] [stdout] 51 |     use crate::reqwest::PostmarkClient;
[INFO] [stdout]    |                ^^^^^^^ could not find `reqwest` in the crate root
[INFO] [stdout] 
[INFO] [stdout] 
[INFO] [stdout] error[E0432]: unresolved import `crate::reqwest`
[INFO] [stdout]    --> src/api/email/send_email.rs:160:16
[INFO] [stdout]     |
[INFO] [stdout] 160 |     use crate::reqwest::PostmarkClient;
[INFO] [stdout]     |                ^^^^^^^ could not find `reqwest` in the crate root
[INFO] [stdout] 
[INFO] [stdout] 
[INFO] [stdout] error[E0432]: unresolved import `crate::reqwest`
[INFO] [stdout]   --> src/api/email/send_email_batch.rs:32:16
[INFO] [stdout]    |
[INFO] [stdout] 32 |     use crate::reqwest::PostmarkClient;
[INFO] [stdout]    |                ^^^^^^^ could not find `reqwest` in the crate root
[INFO] [stdout] 
[INFO] [stdout] 
[INFO] [stdout] error[E0432]: unresolved import `crate::reqwest`
[INFO] [stdout]    --> src/api/email/send_email_with_template.rs:194:16
[INFO] [stdout]     |
[INFO] [stdout] 194 |     use crate::reqwest::PostmarkClient;
[INFO] [stdout]     |                ^^^^^^^ could not find `reqwest` in the crate root
[INFO] [stdout] 
[INFO] [stdout] 
[INFO] [stdout] error[E0432]: unresolved import `crate::reqwest`
[INFO] [stdout]    --> src/api/templates/create_template.rs:116:16
[INFO] [stdout]     |
[INFO] [stdout] 116 |     use crate::reqwest::PostmarkClient;
[INFO] [stdout]     |                ^^^^^^^ could not find `reqwest` in the crate root
[INFO] [stdout] 
[INFO] [stdout] 
[INFO] [stdout] error[E0432]: unresolved import `crate::reqwest`
[INFO] [stdout]   --> src/api/templates/delete_template.rs:63:16
[INFO] [stdout]    |
[INFO] [stdout] 63 |     use crate::reqwest::PostmarkClient;
[INFO] [stdout]    |                ^^^^^^^ could not find `reqwest` in the crate root
[INFO] [stdout] 
[INFO] [stdout] 
[INFO] [stdout] error[E0432]: unresolved import `crate::reqwest`
[INFO] [stdout]    --> src/api/templates/edit_template.rs:119:16
[INFO] [stdout]     |
[INFO] [stdout] 119 |     use crate::reqwest::PostmarkClient;
[INFO] [stdout]     |                ^^^^^^^ could not find `reqwest` in the crate root
[INFO] [stdout] 
[INFO] [stdout] 
[INFO] [stdout] error[E0432]: unresolved import `crate::reqwest`
[INFO] [stdout]   --> src/api/templates/get_template.rs:78:16
[INFO] [stdout]    |
[INFO] [stdout] 78 |     use crate::reqwest::PostmarkClient;
[INFO] [stdout]    |                ^^^^^^^ could not find `reqwest` in the crate root
[INFO] [stdout] 
[INFO] [stdout] 
[INFO] [stdout] error: aborting due to 8 previous errors
[INFO] [stdout] 
[INFO] [stdout] 
[INFO] [stdout] For more information about this error, try `rustc --explain E0432`.
[INFO] [stdout] 
[INFO] [stderr] error: could not compile `postmark` (lib test) due to 9 previous errors
[INFO] running `Command { std: "docker" "inspect" "18c7a2eec661a838b5d3e945b4290f0cef5ef501a1721f1e76bdfc436ced7b3d", kill_on_drop: false }`
[INFO] running `Command { std: "docker" "rm" "-f" "18c7a2eec661a838b5d3e945b4290f0cef5ef501a1721f1e76bdfc436ced7b3d", kill_on_drop: false }`
[INFO] [stdout] 18c7a2eec661a838b5d3e945b4290f0cef5ef501a1721f1e76bdfc436ced7b3d
