[INFO] fetching crate porter2 0.0.1004...
[INFO] testing porter2-0.0.1004 against 1.75.0 for beta-1.76-1
[INFO] extracting crate porter2 0.0.1004 into /workspace/builds/worker-0-tc1/source
[INFO] validating manifest of crates.io crate porter2 0.0.1004 on toolchain 1.75.0
[INFO] running `Command { std: CARGO_HOME="/workspace/cargo-home" RUSTUP_HOME="/workspace/rustup-home" "/workspace/cargo-home/bin/cargo" "+1.75.0" "metadata" "--manifest-path" "Cargo.toml" "--no-deps", kill_on_drop: false }`
[INFO] started tweaking crates.io crate porter2 0.0.1004
[INFO] finished tweaking crates.io crate porter2 0.0.1004
[INFO] tweaked toml for crates.io crate porter2 0.0.1004 written to /workspace/builds/worker-0-tc1/source/Cargo.toml
[INFO] running `Command { std: CARGO_HOME="/workspace/cargo-home" RUSTUP_HOME="/workspace/rustup-home" "/workspace/cargo-home/bin/cargo" "+1.75.0" "generate-lockfile" "--manifest-path" "Cargo.toml", kill_on_drop: false }`
[INFO] running `Command { std: CARGO_HOME="/workspace/cargo-home" RUSTUP_HOME="/workspace/rustup-home" "/workspace/cargo-home/bin/cargo" "+1.75.0" "fetch" "--manifest-path" "Cargo.toml", kill_on_drop: false }`
[INFO] running `Command { std: "docker" "create" "-v" "/var/lib/crater-agent-workspace/builds/worker-0-tc1/target:/opt/rustwide/target:rw,Z" "-v" "/var/lib/crater-agent-workspace/builds/worker-0-tc1/source:/opt/rustwide/workdir:ro,Z" "-v" "/var/lib/crater-agent-workspace/cargo-home:/opt/rustwide/cargo-home:ro,Z" "-v" "/var/lib/crater-agent-workspace/rustup-home:/opt/rustwide/rustup-home:ro,Z" "-e" "SOURCE_DIR=/opt/rustwide/workdir" "-e" "CARGO_TARGET_DIR=/opt/rustwide/target" "-e" "CARGO_HOME=/opt/rustwide/cargo-home" "-e" "RUSTUP_HOME=/opt/rustwide/rustup-home" "-w" "/opt/rustwide/workdir" "-m" "1610612736" "--user" "0:0" "--network" "none" "ghcr.io/rust-lang/crates-build-env/linux@sha256:2788e3201cd34a07e3172128adcd8b3090168a8e3bcc40d7c032b9dda1df7d1c" "/opt/rustwide/cargo-home/bin/cargo" "+1.75.0" "metadata" "--no-deps" "--format-version=1", kill_on_drop: false }`
[INFO] [stdout] 86ca0a5ee92da4a79c5f48d20618deb6fa21f6b1785699fb43a443a776713c24
[INFO] running `Command { std: "docker" "start" "-a" "86ca0a5ee92da4a79c5f48d20618deb6fa21f6b1785699fb43a443a776713c24", kill_on_drop: false }`
[INFO] running `Command { std: "docker" "inspect" "86ca0a5ee92da4a79c5f48d20618deb6fa21f6b1785699fb43a443a776713c24", kill_on_drop: false }`
[INFO] running `Command { std: "docker" "rm" "-f" "86ca0a5ee92da4a79c5f48d20618deb6fa21f6b1785699fb43a443a776713c24", kill_on_drop: false }`
[INFO] [stdout] 86ca0a5ee92da4a79c5f48d20618deb6fa21f6b1785699fb43a443a776713c24
[INFO] running `Command { std: "docker" "create" "-v" "/var/lib/crater-agent-workspace/builds/worker-0-tc1/target:/opt/rustwide/target:rw,Z" "-v" "/var/lib/crater-agent-workspace/builds/worker-0-tc1/source:/opt/rustwide/workdir:ro,Z" "-v" "/var/lib/crater-agent-workspace/cargo-home:/opt/rustwide/cargo-home:ro,Z" "-v" "/var/lib/crater-agent-workspace/rustup-home:/opt/rustwide/rustup-home:ro,Z" "-e" "SOURCE_DIR=/opt/rustwide/workdir" "-e" "CARGO_TARGET_DIR=/opt/rustwide/target" "-e" "CARGO_INCREMENTAL=0" "-e" "RUST_BACKTRACE=full" "-e" "RUSTFLAGS=--cap-lints=warn" "-e" "RUSTDOCFLAGS=--cap-lints=warn" "-e" "CARGO_HOME=/opt/rustwide/cargo-home" "-e" "RUSTUP_HOME=/opt/rustwide/rustup-home" "-w" "/opt/rustwide/workdir" "-m" "1610612736" "--user" "0:0" "--network" "none" "ghcr.io/rust-lang/crates-build-env/linux@sha256:2788e3201cd34a07e3172128adcd8b3090168a8e3bcc40d7c032b9dda1df7d1c" "/opt/rustwide/cargo-home/bin/cargo" "+1.75.0" "build" "--frozen" "--message-format=json", kill_on_drop: false }`
[INFO] [stdout] 339184c855fdf948a516ed0e19521cf869f4eb6d6a773c262681624cf7da6918
[INFO] running `Command { std: "docker" "start" "-a" "339184c855fdf948a516ed0e19521cf869f4eb6d6a773c262681624cf7da6918", kill_on_drop: false }`
[INFO] [stderr]    Compiling porter2 v0.0.1004 (/opt/rustwide/workdir)
[INFO] [stdout] error[E0463]: can't find crate for `regex`
[INFO] [stdout]  --> src/lib.rs:2:1
[INFO] [stdout]   |
[INFO] [stdout] 2 | extern crate regex;
[INFO] [stdout]   | ^^^^^^^^^^^^^^^^^^^ can't find crate
[INFO] [stdout] 
[INFO] [stdout] 
[INFO] [stdout] error[E0463]: can't find crate for `regex_macros`
[INFO] [stdout]  --> src/lib.rs:3:18
[INFO] [stdout]   |
[INFO] [stdout] 3 | #[phase(plugin)] extern crate regex_macros;
[INFO] [stdout]   |                  ^^^^^^^^^^^^^^^^^^^^^^^^^^ can't find crate
[INFO] [stdout] 
[INFO] [stdout] 
[INFO] [stdout] error[E0432]: unresolved import `std::ascii::Ascii`
[INFO] [stdout]  --> src/lib.rs:9:5
[INFO] [stdout]   |
[INFO] [stdout] 9 | use std::ascii::Ascii;
[INFO] [stdout]   |     ^^^^^^^^^^^^^^^^^ no `Ascii` in `ascii`
[INFO] [stdout] 
[INFO] [stdout] 
[INFO] [stdout] error: cannot find attribute `phase` in this scope
[INFO] [stdout]  --> src/lib.rs:3:3
[INFO] [stdout]   |
[INFO] [stdout] 3 | #[phase(plugin)] extern crate regex_macros;
[INFO] [stdout]   |   ^^^^^
[INFO] [stdout] 
[INFO] [stdout] 
[INFO] [stdout] error: cannot find macro `regex` in this scope
[INFO] [stdout]   --> src/lib.rs:60:20
[INFO] [stdout]    |
[INFO] [stdout] 60 |         let sses = regex!("sses$");
[INFO] [stdout]    |                    ^^^^^
[INFO] [stdout]    |
[INFO] [stdout] note: `regex` is imported here, but it is an unresolved item, not a macro
[INFO] [stdout]   --> src/lib.rs:2:1
[INFO] [stdout]    |
[INFO] [stdout] 2  | extern crate regex;
[INFO] [stdout]    | ^^^^^^^^^^^^^^^^^^^
[INFO] [stdout] 
[INFO] [stdout] 
[INFO] [stdout] error: cannot find macro `regex` in this scope
[INFO] [stdout]   --> src/lib.rs:61:22
[INFO] [stdout]    |
[INFO] [stdout] 61 |         let iedies = regex!("(ied|ies)$");
[INFO] [stdout]    |                      ^^^^^
[INFO] [stdout]    |
[INFO] [stdout] note: `regex` is imported here, but it is an unresolved item, not a macro
[INFO] [stdout]   --> src/lib.rs:2:1
[INFO] [stdout]    |
[INFO] [stdout] 2  | extern crate regex;
[INFO] [stdout]    | ^^^^^^^^^^^^^^^^^^^
[INFO] [stdout] 
[INFO] [stdout] 
[INFO] [stdout] error: cannot find macro `regex` in this scope
[INFO] [stdout]   --> src/lib.rs:72:29
[INFO] [stdout]    |
[INFO] [stdout] 72 |                 self.stem = regex!("s$").replace(self.get().as_slice(), "").into_ascii();
[INFO] [stdout]    |                             ^^^^^
[INFO] [stdout]    |
[INFO] [stdout] note: `regex` is imported here, but it is an unresolved item, not a macro
[INFO] [stdout]   --> src/lib.rs:2:1
[INFO] [stdout]    |
[INFO] [stdout] 2  | extern crate regex;
[INFO] [stdout]    | ^^^^^^^^^^^^^^^^^^^
[INFO] [stdout] 
[INFO] [stdout] 
[INFO] [stdout] error[E0412]: cannot find type `Ascii` in module `ascii`
[INFO] [stdout]   --> src/lib.rs:13:22
[INFO] [stdout]    |
[INFO] [stdout] 13 |     stem: Vec<ascii::Ascii>
[INFO] [stdout]    |                      ^^^^^ not found in `ascii`
[INFO] [stdout] 
[INFO] [stdout] 
[INFO] [stdout] error[E0412]: cannot find type `uint` in this scope
[INFO] [stdout]   --> src/lib.rs:29:35
[INFO] [stdout]    |
[INFO] [stdout] 29 |     pub fn is_consonant(&self, i: uint) -> bool {
[INFO] [stdout]    |                                   ^^^^ not found in this scope
[INFO] [stdout] 
[INFO] [stdout] 
[INFO] [stdout] error[E0412]: cannot find type `uint` in this scope
[INFO] [stdout]   --> src/lib.rs:42:40
[INFO] [stdout]    |
[INFO] [stdout] 42 |     pub fn has_vowel(&self, range_end: uint) -> bool {
[INFO] [stdout]    |                                        ^^^^ not found in this scope
[INFO] [stdout] 
[INFO] [stdout] 
[INFO] [stdout] error[E0425]: cannot find function `range` in this scope
[INFO] [stdout]   --> src/lib.rs:43:18
[INFO] [stdout]    |
[INFO] [stdout] 43 |         for i in range(0, range_end) {
[INFO] [stdout]    |                  ^^^^^ not found in this scope
[INFO] [stdout]    |
[INFO] [stdout] help: consider importing this function
[INFO] [stdout]    |
[INFO] [stdout] 5  + use std::slice::range;
[INFO] [stdout]    |
[INFO] [stdout] 
[INFO] [stdout] 
[INFO] [stdout] error[E0554]: `#![feature]` may not be used on the stable release channel
[INFO] [stdout]  --> src/lib.rs:1:12
[INFO] [stdout]   |
[INFO] [stdout] 1 | #![feature(phase)]
[INFO] [stdout]   |            ^^^^^
[INFO] [stdout] 
[INFO] [stdout] 
[INFO] [stdout] error[E0635]: unknown feature `phase`
[INFO] [stdout]  --> src/lib.rs:1:12
[INFO] [stdout]   |
[INFO] [stdout] 1 | #![feature(phase)]
[INFO] [stdout]   |            ^^^^^
[INFO] [stdout] 
[INFO] [stdout] 
[INFO] [stdout] error: aborting due to 13 previous errors
[INFO] [stdout] 
[INFO] [stdout] 
[INFO] [stdout] Some errors have detailed explanations: E0412, E0425, E0432, E0463, E0554, E0635.
[INFO] [stdout] 
[INFO] [stdout] For more information about an error, try `rustc --explain E0412`.
[INFO] [stdout] 
[INFO] [stderr] error: could not compile `porter2` (lib) due to 14 previous errors
[INFO] running `Command { std: "docker" "inspect" "339184c855fdf948a516ed0e19521cf869f4eb6d6a773c262681624cf7da6918", kill_on_drop: false }`
[INFO] running `Command { std: "docker" "rm" "-f" "339184c855fdf948a516ed0e19521cf869f4eb6d6a773c262681624cf7da6918", kill_on_drop: false }`
[INFO] [stdout] 339184c855fdf948a516ed0e19521cf869f4eb6d6a773c262681624cf7da6918
[INFO] testing porter2-0.0.1004 against beta-2023-12-22 for beta-1.76-1
[INFO] extracting crate porter2 0.0.1004 into /workspace/builds/worker-0-tc2/source
[INFO] validating manifest of crates.io crate porter2 0.0.1004 on toolchain beta-2023-12-22
[INFO] running `Command { std: CARGO_HOME="/workspace/cargo-home" RUSTUP_HOME="/workspace/rustup-home" "/workspace/cargo-home/bin/cargo" "+beta-2023-12-22" "metadata" "--manifest-path" "Cargo.toml" "--no-deps", kill_on_drop: false }`
[INFO] started tweaking crates.io crate porter2 0.0.1004
[INFO] finished tweaking crates.io crate porter2 0.0.1004
[INFO] tweaked toml for crates.io crate porter2 0.0.1004 written to /workspace/builds/worker-0-tc2/source/Cargo.toml
[INFO] running `Command { std: CARGO_HOME="/workspace/cargo-home" RUSTUP_HOME="/workspace/rustup-home" "/workspace/cargo-home/bin/cargo" "+beta-2023-12-22" "generate-lockfile" "--manifest-path" "Cargo.toml", kill_on_drop: false }`
[INFO] running `Command { std: CARGO_HOME="/workspace/cargo-home" RUSTUP_HOME="/workspace/rustup-home" "/workspace/cargo-home/bin/cargo" "+beta-2023-12-22" "fetch" "--manifest-path" "Cargo.toml", kill_on_drop: false }`
[INFO] running `Command { std: "docker" "create" "-v" "/var/lib/crater-agent-workspace/builds/worker-0-tc2/target:/opt/rustwide/target:rw,Z" "-v" "/var/lib/crater-agent-workspace/builds/worker-0-tc2/source:/opt/rustwide/workdir:ro,Z" "-v" "/var/lib/crater-agent-workspace/cargo-home:/opt/rustwide/cargo-home:ro,Z" "-v" "/var/lib/crater-agent-workspace/rustup-home:/opt/rustwide/rustup-home:ro,Z" "-e" "SOURCE_DIR=/opt/rustwide/workdir" "-e" "CARGO_TARGET_DIR=/opt/rustwide/target" "-e" "CARGO_HOME=/opt/rustwide/cargo-home" "-e" "RUSTUP_HOME=/opt/rustwide/rustup-home" "-w" "/opt/rustwide/workdir" "-m" "1610612736" "--user" "0:0" "--network" "none" "ghcr.io/rust-lang/crates-build-env/linux@sha256:2788e3201cd34a07e3172128adcd8b3090168a8e3bcc40d7c032b9dda1df7d1c" "/opt/rustwide/cargo-home/bin/cargo" "+beta-2023-12-22" "metadata" "--no-deps" "--format-version=1", kill_on_drop: false }`
[INFO] [stdout] 1dfc1299cf70914d5a27a441898bb0bff3d078b267dde223715bab2504c7ae5a
[INFO] running `Command { std: "docker" "start" "-a" "1dfc1299cf70914d5a27a441898bb0bff3d078b267dde223715bab2504c7ae5a", kill_on_drop: false }`
[INFO] running `Command { std: "docker" "inspect" "1dfc1299cf70914d5a27a441898bb0bff3d078b267dde223715bab2504c7ae5a", kill_on_drop: false }`
[INFO] running `Command { std: "docker" "rm" "-f" "1dfc1299cf70914d5a27a441898bb0bff3d078b267dde223715bab2504c7ae5a", kill_on_drop: false }`
[INFO] [stdout] 1dfc1299cf70914d5a27a441898bb0bff3d078b267dde223715bab2504c7ae5a
[INFO] running `Command { std: "docker" "create" "-v" "/var/lib/crater-agent-workspace/builds/worker-0-tc2/target:/opt/rustwide/target:rw,Z" "-v" "/var/lib/crater-agent-workspace/builds/worker-0-tc2/source:/opt/rustwide/workdir:ro,Z" "-v" "/var/lib/crater-agent-workspace/cargo-home:/opt/rustwide/cargo-home:ro,Z" "-v" "/var/lib/crater-agent-workspace/rustup-home:/opt/rustwide/rustup-home:ro,Z" "-e" "SOURCE_DIR=/opt/rustwide/workdir" "-e" "CARGO_TARGET_DIR=/opt/rustwide/target" "-e" "CARGO_INCREMENTAL=0" "-e" "RUST_BACKTRACE=full" "-e" "RUSTFLAGS=--cap-lints=warn" "-e" "RUSTDOCFLAGS=--cap-lints=warn" "-e" "CARGO_HOME=/opt/rustwide/cargo-home" "-e" "RUSTUP_HOME=/opt/rustwide/rustup-home" "-w" "/opt/rustwide/workdir" "-m" "1610612736" "--user" "0:0" "--network" "none" "ghcr.io/rust-lang/crates-build-env/linux@sha256:2788e3201cd34a07e3172128adcd8b3090168a8e3bcc40d7c032b9dda1df7d1c" "/opt/rustwide/cargo-home/bin/cargo" "+beta-2023-12-22" "build" "--frozen" "--message-format=json", kill_on_drop: false }`
[INFO] [stdout] 7e80a74db95874d5793717a3b69919af1b3beb5bef1249e2ebb4f2f4e06c8dc1
[INFO] running `Command { std: "docker" "start" "-a" "7e80a74db95874d5793717a3b69919af1b3beb5bef1249e2ebb4f2f4e06c8dc1", kill_on_drop: false }`
[INFO] [stderr]    Compiling porter2 v0.0.1004 (/opt/rustwide/workdir)
[INFO] [stdout] error[E0463]: can't find crate for `regex`
[INFO] [stdout]  --> src/lib.rs:2:1
[INFO] [stdout]   |
[INFO] [stdout] 2 | extern crate regex;
[INFO] [stdout]   | ^^^^^^^^^^^^^^^^^^^ can't find crate
[INFO] [stdout] 
[INFO] [stdout] 
[INFO] [stdout] error[E0463]: can't find crate for `regex_macros`
[INFO] [stdout]  --> src/lib.rs:3:18
[INFO] [stdout]   |
[INFO] [stdout] 3 | #[phase(plugin)] extern crate regex_macros;
[INFO] [stdout]   |                  ^^^^^^^^^^^^^^^^^^^^^^^^^^ can't find crate
[INFO] [stdout] 
[INFO] [stdout] 
[INFO] [stdout] error[E0432]: unresolved import `std::ascii::Ascii`
[INFO] [stdout]  --> src/lib.rs:9:5
[INFO] [stdout]   |
[INFO] [stdout] 9 | use std::ascii::Ascii;
[INFO] [stdout]   |     ^^^^^^^^^^^^^^^^^ no `Ascii` in `ascii`
[INFO] [stdout] 
[INFO] [stdout] 
[INFO] [stdout] error: cannot find attribute `phase` in this scope
[INFO] [stdout]  --> src/lib.rs:3:3
[INFO] [stdout]   |
[INFO] [stdout] 3 | #[phase(plugin)] extern crate regex_macros;
[INFO] [stdout]   |   ^^^^^
[INFO] [stdout] 
[INFO] [stdout] 
[INFO] [stdout] error: cannot find macro `regex` in this scope
[INFO] [stdout]   --> src/lib.rs:60:20
[INFO] [stdout]    |
[INFO] [stdout] 60 |         let sses = regex!("sses$");
[INFO] [stdout]    |                    ^^^^^
[INFO] [stdout]    |
[INFO] [stdout] note: `regex` is imported here, but it is an unresolved item, not a macro
[INFO] [stdout]   --> src/lib.rs:2:1
[INFO] [stdout]    |
[INFO] [stdout] 2  | extern crate regex;
[INFO] [stdout]    | ^^^^^^^^^^^^^^^^^^^
[INFO] [stdout] 
[INFO] [stdout] 
[INFO] [stdout] error: cannot find macro `regex` in this scope
[INFO] [stdout]   --> src/lib.rs:61:22
[INFO] [stdout]    |
[INFO] [stdout] 61 |         let iedies = regex!("(ied|ies)$");
[INFO] [stdout]    |                      ^^^^^
[INFO] [stdout]    |
[INFO] [stdout] note: `regex` is imported here, but it is an unresolved item, not a macro
[INFO] [stdout]   --> src/lib.rs:2:1
[INFO] [stdout]    |
[INFO] [stdout] 2  | extern crate regex;
[INFO] [stdout]    | ^^^^^^^^^^^^^^^^^^^
[INFO] [stdout] 
[INFO] [stdout] 
[INFO] [stdout] error: cannot find macro `regex` in this scope
[INFO] [stdout]   --> src/lib.rs:72:29
[INFO] [stdout]    |
[INFO] [stdout] 72 |                 self.stem = regex!("s$").replace(self.get().as_slice(), "").into_ascii();
[INFO] [stdout]    |                             ^^^^^
[INFO] [stdout]    |
[INFO] [stdout] note: `regex` is imported here, but it is an unresolved item, not a macro
[INFO] [stdout]   --> src/lib.rs:2:1
[INFO] [stdout]    |
[INFO] [stdout] 2  | extern crate regex;
[INFO] [stdout]    | ^^^^^^^^^^^^^^^^^^^
[INFO] [stdout] 
[INFO] [stdout] 
[INFO] [stdout] error[E0412]: cannot find type `Ascii` in module `ascii`
[INFO] [stdout]   --> src/lib.rs:13:22
[INFO] [stdout]    |
[INFO] [stdout] 13 |     stem: Vec<ascii::Ascii>
[INFO] [stdout]    |                      ^^^^^ not found in `ascii`
[INFO] [stdout] 
[INFO] [stdout] 
[INFO] [stdout] error[E0412]: cannot find type `uint` in this scope
[INFO] [stdout]   --> src/lib.rs:29:35
[INFO] [stdout]    |
[INFO] [stdout] 29 |     pub fn is_consonant(&self, i: uint) -> bool {
[INFO] [stdout]    |                                   ^^^^ not found in this scope
[INFO] [stdout] 
[INFO] [stdout] 
[INFO] [stdout] error[E0412]: cannot find type `uint` in this scope
[INFO] [stdout]   --> src/lib.rs:42:40
[INFO] [stdout]    |
[INFO] [stdout] 42 |     pub fn has_vowel(&self, range_end: uint) -> bool {
[INFO] [stdout]    |                                        ^^^^ not found in this scope
[INFO] [stdout] 
[INFO] [stdout] 
[INFO] [stdout] error[E0425]: cannot find function `range` in this scope
[INFO] [stdout]   --> src/lib.rs:43:18
[INFO] [stdout]    |
[INFO] [stdout] 43 |         for i in range(0, range_end) {
[INFO] [stdout]    |                  ^^^^^ not found in this scope
[INFO] [stdout]    |
[INFO] [stdout] help: consider importing this function
[INFO] [stdout]    |
[INFO] [stdout] 5  + use std::slice::range;
[INFO] [stdout]    |
[INFO] [stdout] 
[INFO] [stdout] 
[INFO] [stdout] error[E0554]: `#![feature]` may not be used on the beta release channel
[INFO] [stdout]  --> src/lib.rs:1:12
[INFO] [stdout]   |
[INFO] [stdout] 1 | #![feature(phase)]
[INFO] [stdout]   |            ^^^^^
[INFO] [stdout] 
[INFO] [stdout] 
[INFO] [stdout] error[E0635]: unknown feature `phase`
[INFO] [stdout]  --> src/lib.rs:1:12
[INFO] [stdout]   |
[INFO] [stdout] 1 | #![feature(phase)]
[INFO] [stdout]   |            ^^^^^
[INFO] [stdout] 
[INFO] [stdout] 
[INFO] [stdout] error: aborting due to 13 previous errors
[INFO] [stdout] 
[INFO] [stdout] 
[INFO] [stdout] Some errors have detailed explanations: E0412, E0425, E0432, E0463, E0554, E0635.
[INFO] [stdout] 
[INFO] [stdout] For more information about an error, try `rustc --explain E0412`.
[INFO] [stdout] 
[INFO] [stderr] error: could not compile `porter2` (lib) due to 14 previous errors
[INFO] running `Command { std: "docker" "inspect" "7e80a74db95874d5793717a3b69919af1b3beb5bef1249e2ebb4f2f4e06c8dc1", kill_on_drop: false }`
[INFO] running `Command { std: "docker" "rm" "-f" "7e80a74db95874d5793717a3b69919af1b3beb5bef1249e2ebb4f2f4e06c8dc1", kill_on_drop: false }`
[INFO] [stdout] 7e80a74db95874d5793717a3b69919af1b3beb5bef1249e2ebb4f2f4e06c8dc1
