[INFO] fetching crate polyscope 0.2.1...
[INFO] testing polyscope-0.2.1 against 1.75.0 for beta-1.76-1
[INFO] extracting crate polyscope 0.2.1 into /workspace/builds/worker-4-tc1/source
[INFO] validating manifest of crates.io crate polyscope 0.2.1 on toolchain 1.75.0
[INFO] running `Command { std: CARGO_HOME="/workspace/cargo-home" RUSTUP_HOME="/workspace/rustup-home" "/workspace/cargo-home/bin/cargo" "+1.75.0" "metadata" "--manifest-path" "Cargo.toml" "--no-deps", kill_on_drop: false }`
[INFO] started tweaking crates.io crate polyscope 0.2.1
[INFO] finished tweaking crates.io crate polyscope 0.2.1
[INFO] tweaked toml for crates.io crate polyscope 0.2.1 written to /workspace/builds/worker-4-tc1/source/Cargo.toml
[INFO] crate crates.io crate polyscope 0.2.1 already has a lockfile, it will not be regenerated
[INFO] running `Command { std: CARGO_HOME="/workspace/cargo-home" RUSTUP_HOME="/workspace/rustup-home" "/workspace/cargo-home/bin/cargo" "+1.75.0" "fetch" "--manifest-path" "Cargo.toml", kill_on_drop: false }`
[INFO] [stderr]  Downloading crates ...
[INFO] [stderr]   Downloaded simba v0.4.0
[INFO] [stderr]   Downloaded paste v1.0.5
[INFO] [stderr]   Downloaded cexpr v0.5.0
[INFO] [stderr]   Downloaded nalgebra v0.25.4
[INFO] [stderr]   Downloaded bindgen v0.59.1
[INFO] [stderr]   Downloaded matrixmultiply v0.3.1
[INFO] running `Command { std: "docker" "create" "-v" "/var/lib/crater-agent-workspace/builds/worker-4-tc1/target:/opt/rustwide/target:rw,Z" "-v" "/var/lib/crater-agent-workspace/builds/worker-4-tc1/source:/opt/rustwide/workdir:ro,Z" "-v" "/var/lib/crater-agent-workspace/cargo-home:/opt/rustwide/cargo-home:ro,Z" "-v" "/var/lib/crater-agent-workspace/rustup-home:/opt/rustwide/rustup-home:ro,Z" "-e" "SOURCE_DIR=/opt/rustwide/workdir" "-e" "CARGO_TARGET_DIR=/opt/rustwide/target" "-e" "CARGO_HOME=/opt/rustwide/cargo-home" "-e" "RUSTUP_HOME=/opt/rustwide/rustup-home" "-w" "/opt/rustwide/workdir" "-m" "1610612736" "--user" "0:0" "--network" "none" "ghcr.io/rust-lang/crates-build-env/linux@sha256:2788e3201cd34a07e3172128adcd8b3090168a8e3bcc40d7c032b9dda1df7d1c" "/opt/rustwide/cargo-home/bin/cargo" "+1.75.0" "metadata" "--no-deps" "--format-version=1", kill_on_drop: false }`
[INFO] [stdout] 8c9df7ed8cc737b70e6ace24d8da87017a62404b687d2afbe5811e98fe1a80b8
[INFO] running `Command { std: "docker" "start" "-a" "8c9df7ed8cc737b70e6ace24d8da87017a62404b687d2afbe5811e98fe1a80b8", kill_on_drop: false }`
[INFO] running `Command { std: "docker" "inspect" "8c9df7ed8cc737b70e6ace24d8da87017a62404b687d2afbe5811e98fe1a80b8", kill_on_drop: false }`
[INFO] running `Command { std: "docker" "rm" "-f" "8c9df7ed8cc737b70e6ace24d8da87017a62404b687d2afbe5811e98fe1a80b8", kill_on_drop: false }`
[INFO] [stdout] 8c9df7ed8cc737b70e6ace24d8da87017a62404b687d2afbe5811e98fe1a80b8
[INFO] running `Command { std: "docker" "create" "-v" "/var/lib/crater-agent-workspace/builds/worker-4-tc1/target:/opt/rustwide/target:rw,Z" "-v" "/var/lib/crater-agent-workspace/builds/worker-4-tc1/source:/opt/rustwide/workdir:ro,Z" "-v" "/var/lib/crater-agent-workspace/cargo-home:/opt/rustwide/cargo-home:ro,Z" "-v" "/var/lib/crater-agent-workspace/rustup-home:/opt/rustwide/rustup-home:ro,Z" "-e" "SOURCE_DIR=/opt/rustwide/workdir" "-e" "CARGO_TARGET_DIR=/opt/rustwide/target" "-e" "CARGO_INCREMENTAL=0" "-e" "RUST_BACKTRACE=full" "-e" "RUSTFLAGS=--cap-lints=warn" "-e" "RUSTDOCFLAGS=--cap-lints=warn" "-e" "CARGO_HOME=/opt/rustwide/cargo-home" "-e" "RUSTUP_HOME=/opt/rustwide/rustup-home" "-w" "/opt/rustwide/workdir" "-m" "1610612736" "--user" "0:0" "--network" "none" "ghcr.io/rust-lang/crates-build-env/linux@sha256:2788e3201cd34a07e3172128adcd8b3090168a8e3bcc40d7c032b9dda1df7d1c" "/opt/rustwide/cargo-home/bin/cargo" "+1.75.0" "build" "--frozen" "--message-format=json", kill_on_drop: false }`
[INFO] [stdout] e4a42e0e9e859eef500551a7edefc2adeb1b8516a52504f5016c11d0b36081e0
[INFO] running `Command { std: "docker" "start" "-a" "e4a42e0e9e859eef500551a7edefc2adeb1b8516a52504f5016c11d0b36081e0", kill_on_drop: false }`
[INFO] [stderr]    Compiling autocfg v1.0.1
[INFO] [stderr]    Compiling version_check v0.9.3
[INFO] [stderr]    Compiling libc v0.2.103
[INFO] [stderr]    Compiling proc-macro2 v1.0.29
[INFO] [stderr]    Compiling memchr v2.3.4
[INFO] [stderr]    Compiling unicode-xid v0.2.2
[INFO] [stderr]    Compiling radium v0.5.3
[INFO] [stderr]    Compiling cfg-if v1.0.0
[INFO] [stderr]    Compiling glob v0.3.0
[INFO] [stderr]    Compiling funty v1.1.0
[INFO] [stderr]    Compiling tap v1.0.1
[INFO] [stderr]    Compiling log v0.4.14
[INFO] [stderr]    Compiling wyz v0.2.0
[INFO] [stderr]    Compiling unicode-width v0.1.9
[INFO] [stderr]    Compiling syn v1.0.80
[INFO] [stderr]    Compiling regex-syntax v0.6.25
[INFO] [stderr]    Compiling libloading v0.7.1
[INFO] [stderr]    Compiling termcolor v1.1.2
[INFO] [stderr]    Compiling textwrap v0.11.0
[INFO] [stderr]    Compiling humantime v2.1.0
[INFO] [stderr]    Compiling strsim v0.8.0
[INFO] [stderr]    Compiling bindgen v0.59.1
[INFO] [stderr]    Compiling typenum v1.14.0
[INFO] [stderr]    Compiling serde_derive v1.0.130
[INFO] [stderr]    Compiling nom v6.2.1
[INFO] [stderr]    Compiling num-traits v0.2.14
[INFO] [stderr]    Compiling num-integer v0.1.44
[INFO] [stderr]    Compiling ansi_term v0.11.0
[INFO] [stderr]    Compiling bitflags v1.3.2
[INFO] [stderr]    Compiling clang-sys v1.2.2
[INFO] [stderr]    Compiling vec_map v0.8.2
[INFO] [stderr]    Compiling num-rational v0.3.2
[INFO] [stderr]    Compiling bitvec v0.19.5
[INFO] [stderr]    Compiling aho-corasick v0.7.15
[INFO] [stderr]    Compiling generic-array v0.14.4
[INFO] [stderr]    Compiling peeking_take_while v0.1.2
[INFO] [stderr]    Compiling lazycell v1.3.0
[INFO] [stderr]    Compiling cc v1.0.71
[INFO] [stderr]    Compiling rustc-hash v1.1.0
[INFO] [stderr]    Compiling shlex v1.1.0
[INFO] [stderr]    Compiling serde v1.0.130
[INFO] [stderr]    Compiling paste v1.0.5
[INFO] [stderr]    Compiling rawpointer v0.2.1
[INFO] [stderr]    Compiling matrixmultiply v0.3.1
[INFO] [stderr]    Compiling quote v1.0.10
[INFO] [stderr]    Compiling atty v0.2.14
[INFO] [stderr]    Compiling which v3.1.1
[INFO] [stderr]    Compiling clap v2.33.3
[INFO] [stderr]    Compiling cmake v0.1.45
[INFO] [stderr]    Compiling approx v0.4.0
[INFO] [stderr]    Compiling num-complex v0.3.1
[INFO] [stderr]    Compiling simba v0.4.0
[INFO] [stderr]    Compiling regex v1.4.6
[INFO] [stderr]    Compiling env_logger v0.8.4
[INFO] [stderr]    Compiling cexpr v0.5.0
[INFO] [stderr]    Compiling polyscope v0.2.1 (/opt/rustwide/workdir)
[INFO] [stderr]    Compiling nalgebra v0.25.4
[INFO] [stderr] error: could not compile `nalgebra` (lib)
[INFO] [stderr] 
[INFO] [stderr] Caused by:
[INFO] [stderr]   process didn't exit successfully: `/opt/rustwide/rustup-home/toolchains/1.75.0-x86_64-unknown-linux-gnu/bin/rustc --crate-name nalgebra --edition=2018 /opt/rustwide/cargo-home/registry/src/index.crates.io-6f17d22bba15001f/nalgebra-0.25.4/src/lib.rs --error-format=json --json=diagnostic-rendered-ansi,artifacts,future-incompat --crate-type lib --emit=dep-info,metadata,link -C embed-bitcode=no -C debuginfo=2 --cfg 'feature="default"' --cfg 'feature="matrixmultiply"' --cfg 'feature="serde"' --cfg 'feature="std"' -C metadata=5d4310b6dad15d35 -C extra-filename=-5d4310b6dad15d35 --out-dir /opt/rustwide/target/debug/deps -L dependency=/opt/rustwide/target/debug/deps --extern approx=/opt/rustwide/target/debug/deps/libapprox-5a049d38c2a3aaef.rmeta --extern generic_array=/opt/rustwide/target/debug/deps/libgeneric_array-b731eb36b4697639.rmeta --extern matrixmultiply=/opt/rustwide/target/debug/deps/libmatrixmultiply-d29664dc8b78ea7b.rmeta --extern num_complex=/opt/rustwide/target/debug/deps/libnum_complex-cece685dda2d22d1.rmeta --extern num_rational=/opt/rustwide/target/debug/deps/libnum_rational-d422f64b51bd051d.rmeta --extern num_traits=/opt/rustwide/target/debug/deps/libnum_traits-df47b526becc72ab.rmeta --extern serde=/opt/rustwide/target/debug/deps/libserde-f19661561770381f.rmeta --extern simba=/opt/rustwide/target/debug/deps/libsimba-3461cb81bfaada97.rmeta --extern typenum=/opt/rustwide/target/debug/deps/libtypenum-4b247780d87be374.rmeta --cap-lints allow --cap-lints=warn` (signal: 9, SIGKILL: kill)
[INFO] [stderr] warning: build failed, waiting for other jobs to finish...
[INFO] [stderr] error: failed to run custom build command for `polyscope v0.2.1 (/opt/rustwide/workdir)`
[INFO] [stderr] note: To improve backtraces for build dependencies, set the CARGO_PROFILE_DEV_BUILD_OVERRIDE_DEBUG=true environment variable to enable debug information generation.
[INFO] [stderr] 
[INFO] [stderr] Caused by:
[INFO] [stderr]   process didn't exit successfully: `/opt/rustwide/target/debug/build/polyscope-4f60832ddc5e4804/build-script-build` (exit status: 101)
[INFO] [stderr]   --- stdout
[INFO] [stderr]   running: cd "/opt/rustwide/target/debug/build/polyscope-635ff324f5f89b27/out/build" && CMAKE_PREFIX_PATH="" "cmake" "/opt/rustwide/workdir/src/cpp" "-DCMAKE_INSTALL_PREFIX=/opt/rustwide/target/debug/build/polyscope-635ff324f5f89b27/out" "-DCMAKE_C_FLAGS= -ffunction-sections -fdata-sections -fPIC -m64" "-DCMAKE_C_COMPILER=/usr/bin/cc" "-DCMAKE_CXX_FLAGS= -ffunction-sections -fdata-sections -fPIC -m64" "-DCMAKE_CXX_COMPILER=/usr/bin/c++" "-DCMAKE_ASM_FLAGS= -ffunction-sections -fdata-sections -fPIC -m64" "-DCMAKE_ASM_COMPILER=/usr/bin/cc" "-DCMAKE_BUILD_TYPE=Debug"
[INFO] [stderr]   -- The CXX compiler identification is GNU 11.4.0
[INFO] [stderr]   -- The C compiler identification is GNU 11.4.0
[INFO] [stderr]   -- Detecting CXX compiler ABI info
[INFO] [stderr]   -- Detecting CXX compiler ABI info - done
[INFO] [stderr]   -- Check for working CXX compiler: /usr/bin/c++ - skipped
[INFO] [stderr]   -- Detecting CXX compile features
[INFO] [stderr]   -- Detecting CXX compile features - done
[INFO] [stderr]   -- Detecting C compiler ABI info
[INFO] [stderr]   -- Detecting C compiler ABI info - done
[INFO] [stderr]   -- Check for working C compiler: /usr/bin/cc - skipped
[INFO] [stderr]   -- Detecting C compile features
[INFO] [stderr]   -- Detecting C compile features - done
[INFO] [stderr]   -- Build type: Debug
[INFO] [stderr]   -- Looking for pthread.h
[INFO] [stderr]   -- Looking for pthread.h - found
[INFO] [stderr]   -- Performing Test CMAKE_HAVE_LIBC_PTHREAD
[INFO] [stderr]   -- Performing Test CMAKE_HAVE_LIBC_PTHREAD - Success
[INFO] [stderr]   -- Found Threads: TRUE  
[INFO] [stderr]   -- Using X11 for window creation
[INFO] [stderr]   -- Found X11: /usr/include   
[INFO] [stderr]   -- Looking for XOpenDisplay in /usr/lib/x86_64-linux-gnu/libX11.so;/usr/lib/x86_64-linux-gnu/libXext.so
[INFO] [stderr]   -- Looking for XOpenDisplay in /usr/lib/x86_64-linux-gnu/libX11.so;/usr/lib/x86_64-linux-gnu/libXext.so - found
[INFO] [stderr]   -- Looking for gethostbyname
[INFO] [stderr]   -- Looking for gethostbyname - found
[INFO] [stderr]   -- Looking for connect
[INFO] [stderr]   -- Looking for connect - found
[INFO] [stderr]   -- Looking for remove
[INFO] [stderr]   -- Looking for remove - found
[INFO] [stderr]   -- Looking for shmat
[INFO] [stderr]   -- Looking for shmat - found
[INFO] [stderr]   -- Looking for IceConnectionNumber in ICE
[INFO] [stderr]   -- Looking for IceConnectionNumber in ICE - found
[INFO] [stderr]   -- Configuring done
[INFO] [stderr]   -- Generating done
[INFO] [stderr]   -- Build files have been written to: /opt/rustwide/target/debug/build/polyscope-635ff324f5f89b27/out/build
[INFO] [stderr]   running: cd "/opt/rustwide/target/debug/build/polyscope-635ff324f5f89b27/out/build" && MAKEFLAGS="-j --jobserver-fds=7,8 --jobserver-auth=7,8" "cmake" "--build" "." "--target" "install" "--config" "Debug" "--"
[INFO] [stderr]   [  1%] Building C object third_party/polyscope/deps/glfw/src/CMakeFiles/glfw.dir/init.c.o
[INFO] [stderr]   [  1%] Building C object third_party/polyscope/deps/glad/src/CMakeFiles/glad.dir/glad.c.o
[INFO] [stderr]   [  2%] Building C object third_party/polyscope/deps/glfw/src/CMakeFiles/glfw.dir/context.c.o
[INFO] [stderr]   [  5%] Building C object third_party/polyscope/deps/glfw/src/CMakeFiles/glfw.dir/input.c.o
[INFO] [stderr]   [  5%] Building C object third_party/polyscope/deps/glfw/src/CMakeFiles/glfw.dir/vulkan.c.o
[INFO] [stderr]   [  5%] Building C object third_party/polyscope/deps/glfw/src/CMakeFiles/glfw.dir/monitor.c.o
[INFO] [stderr]   [  6%] Building C object third_party/polyscope/deps/glfw/src/CMakeFiles/glfw.dir/window.c.o
[INFO] [stderr]   [  7%] Building C object third_party/polyscope/deps/glfw/src/CMakeFiles/glfw.dir/x11_init.c.o
[INFO] [stderr]   [  8%] Building CXX object third_party/polyscope/deps/stb/CMakeFiles/stb.dir/stb_impl.cpp.o
[INFO] [stderr]   [  9%] Building C object third_party/polyscope/deps/glfw/src/CMakeFiles/glfw.dir/x11_window.c.o
[INFO] [stderr]   [ 10%] Building C object third_party/polyscope/deps/glfw/src/CMakeFiles/glfw.dir/xkb_unicode.c.o
[INFO] [stderr]   [ 11%] Building C object third_party/polyscope/deps/glfw/src/CMakeFiles/glfw.dir/posix_time.c.o
[INFO] [stderr]   [ 12%] Building C object third_party/polyscope/deps/glfw/src/CMakeFiles/glfw.dir/x11_monitor.c.o
[INFO] [stderr]   [ 13%] Building C object third_party/polyscope/deps/glfw/src/CMakeFiles/glfw.dir/posix_thread.c.o
[INFO] [stderr]   [ 14%] Building C object third_party/polyscope/deps/glfw/src/CMakeFiles/glfw.dir/glx_context.c.o
[INFO] [stderr]   [ 15%] Building C object third_party/polyscope/deps/glfw/src/CMakeFiles/glfw.dir/egl_context.c.o
[INFO] [stderr]   [ 16%] Linking C static library ../../../../../libs/libglad.a
[INFO] [stderr]   [ 16%] Building C object third_party/polyscope/deps/glfw/src/CMakeFiles/glfw.dir/linux_joystick.c.o
[INFO] [stderr]   [ 17%] Building C object third_party/polyscope/deps/glfw/src/CMakeFiles/glfw.dir/osmesa_context.c.o
[INFO] [stderr]   [ 17%] Built target glad
[INFO] [stderr]   [ 18%] Linking C static library ../../../../../libs/libglfw3.a
[INFO] [stderr]   [ 18%] Built target glfw
[INFO] [stderr]   [ 21%] Building CXX object third_party/polyscope/deps/imgui/CMakeFiles/imgui.dir/imgui/imgui_draw.cpp.o
[INFO] [stderr]   [ 21%] Building CXX object third_party/polyscope/deps/imgui/CMakeFiles/imgui.dir/imgui/imgui_widgets.cpp.o
[INFO] [stderr]   [ 21%] Building CXX object third_party/polyscope/deps/imgui/CMakeFiles/imgui.dir/imgui/imgui_demo.cpp.o
[INFO] [stderr]   [ 22%] Building CXX object third_party/polyscope/deps/imgui/CMakeFiles/imgui.dir/imgui/examples/imgui_impl_glfw.cpp.o
[INFO] [stderr]   [ 23%] Building CXX object third_party/polyscope/deps/imgui/CMakeFiles/imgui.dir/imgui/imgui.cpp.o
[INFO] [stderr]   [ 24%] Building CXX object third_party/polyscope/deps/imgui/CMakeFiles/imgui.dir/imgui/examples/imgui_impl_opengl3.cpp.o
[INFO] [stderr]   [ 25%] Linking CXX static library ../../../../libs/libstb.a
[INFO] [stderr]   [ 25%] Built target stb
[INFO] [stderr]   [ 26%] Linking CXX static library ../../../../libs/libimgui.a
[INFO] [stderr]   [ 26%] Built target imgui
[INFO] [stderr]   [ 27%] Building CXX object third_party/polyscope/src/CMakeFiles/polyscope.dir/polyscope.cpp.o
[INFO] [stderr]   [ 28%] Building CXX object third_party/polyscope/src/CMakeFiles/polyscope.dir/options.cpp.o
[INFO] [stderr]   [ 29%] Building CXX object third_party/polyscope/src/CMakeFiles/polyscope.dir/screenshot.cpp.o
[INFO] [stderr]   [ 31%] Building CXX object third_party/polyscope/src/CMakeFiles/polyscope.dir/utilities.cpp.o
[INFO] [stderr]   [ 31%] Building CXX object third_party/polyscope/src/CMakeFiles/polyscope.dir/widget.cpp.o
[INFO] [stderr]   [ 31%] Building CXX object third_party/polyscope/src/CMakeFiles/polyscope.dir/structure.cpp.o
[INFO] [stderr]   [ 33%] Building CXX object third_party/polyscope/src/CMakeFiles/polyscope.dir/render/engine.cpp.o
[INFO] [stderr]   [ 33%] Building CXX object third_party/polyscope/src/CMakeFiles/polyscope.dir/state.cpp.o
[INFO] [stderr]   [ 34%] Building CXX object third_party/polyscope/src/CMakeFiles/polyscope.dir/view.cpp.o
[INFO] [stderr]   [ 35%] Building CXX object third_party/polyscope/src/CMakeFiles/polyscope.dir/pick.cpp.o
[INFO] [stderr]   [ 37%] Building CXX object third_party/polyscope/src/CMakeFiles/polyscope.dir/render/color_maps.cpp.o
[INFO] [stderr]   [ 37%] Building CXX object third_party/polyscope/src/CMakeFiles/polyscope.dir/messages.cpp.o
[INFO] [stderr]   [ 39%] Building CXX object third_party/polyscope/src/CMakeFiles/polyscope.dir/render/materials.cpp.o
[INFO] [stderr]   [ 39%] Building CXX object third_party/polyscope/src/CMakeFiles/polyscope.dir/render/ground_plane.cpp.o
[INFO] [stderr]   [ 40%] Building CXX object third_party/polyscope/src/CMakeFiles/polyscope.dir/render/initialize_backend.cpp.o
[INFO] [stderr]   [ 41%] Building CXX object third_party/polyscope/src/CMakeFiles/polyscope.dir/render/shader_builder.cpp.o
[INFO] [stderr]   [ 42%] Building CXX object third_party/polyscope/src/CMakeFiles/polyscope.dir/disjoint_sets.cpp.o
[INFO] [stderr] 
[INFO] [stderr]   --- stderr
[INFO] [stderr]   Using clang/gcc compiler flags
[INFO] [stderr]   Setting gcc-specific options
[INFO] [stderr]   Polyscope backend openGL3_glfw enabled
[INFO] [stderr]   Polyscope backend openGL_mock enabled
[INFO] [stderr]   CMake Warning:
[INFO] [stderr]     Manually-specified variables were not used by the project:
[INFO] [stderr] 
[INFO] [stderr]       CMAKE_ASM_COMPILER
[INFO] [stderr]       CMAKE_ASM_FLAGS
[INFO] [stderr] 
[INFO] [stderr] 
[INFO] [stderr]   c++: fatal error: Killed signal terminated program cc1plus
[INFO] [stderr]   compilation terminated.
[INFO] [stderr]   gmake[2]: *** [third_party/polyscope/src/CMakeFiles/polyscope.dir/build.make:174: third_party/polyscope/src/CMakeFiles/polyscope.dir/messages.cpp.o] Error 1
[INFO] [stderr]   gmake[2]: *** Waiting for unfinished jobs....
[INFO] [stderr]   c++: fatal error: Killed signal terminated program cc1plus
[INFO] [stderr]   compilation terminated.
[INFO] [stderr]   gmake[2]: *** [third_party/polyscope/src/CMakeFiles/polyscope.dir/build.make:230: third_party/polyscope/src/CMakeFiles/polyscope.dir/render/color_maps.cpp.o] Error 1
[INFO] [stderr]   c++: fatal error: Killed signal terminated program cc1plus
[INFO] [stderr]   compilation terminated.
[INFO] [stderr]   gmake[2]: *** [third_party/polyscope/src/CMakeFiles/polyscope.dir/build.make:76: third_party/polyscope/src/CMakeFiles/polyscope.dir/polyscope.cpp.o] Error 1
[INFO] [stderr]   gmake[1]: *** [CMakeFiles/Makefile2:370: third_party/polyscope/src/CMakeFiles/polyscope.dir/all] Error 2
[INFO] [stderr]   gmake: *** [Makefile:136: all] Error 2
[INFO] [stderr]   thread 'main' panicked at /opt/rustwide/cargo-home/registry/src/index.crates.io-6f17d22bba15001f/cmake-0.1.45/src/lib.rs:894:5:
[INFO] [stderr] 
[INFO] [stderr]   command did not execute successfully, got: exit status: 2
[INFO] [stderr] 
[INFO] [stderr]   build script failed, must exit now
[INFO] [stderr]   stack backtrace:
[INFO] [stderr]      0:     0x563454b89bfc - std::backtrace_rs::backtrace::libunwind::trace::ha637c64ce894333a
[INFO] [stderr]                                  at /rustc/82e1608dfa6e0b5569232559e3d385fea5a93112/library/std/src/../../backtrace/src/backtrace/libunwind.rs:104:5
[INFO] [stderr]      1:     0x563454b89bfc - std::backtrace_rs::backtrace::trace_unsynchronized::h47f62dea28e0c88d
[INFO] [stderr]                                  at /rustc/82e1608dfa6e0b5569232559e3d385fea5a93112/library/std/src/../../backtrace/src/backtrace/mod.rs:66:5
[INFO] [stderr]      2:     0x563454b89bfc - std::sys_common::backtrace::_print_fmt::h9eef0abe20ede486
[INFO] [stderr]                                  at /rustc/82e1608dfa6e0b5569232559e3d385fea5a93112/library/std/src/sys_common/backtrace.rs:67:5
[INFO] [stderr]      3:     0x563454b89bfc - <std::sys_common::backtrace::_print::DisplayBacktrace as core::fmt::Display>::fmt::hed7f999df88cc644
[INFO] [stderr]                                  at /rustc/82e1608dfa6e0b5569232559e3d385fea5a93112/library/std/src/sys_common/backtrace.rs:44:22
[INFO] [stderr]      4:     0x563454bb00f0 - core::fmt::rt::Argument::fmt::h1539a9308b8d058d
[INFO] [stderr]                                  at /rustc/82e1608dfa6e0b5569232559e3d385fea5a93112/library/core/src/fmt/rt.rs:142:9
[INFO] [stderr]      5:     0x563454bb00f0 - core::fmt::write::h3a39390d8560d9c9
[INFO] [stderr]                                  at /rustc/82e1608dfa6e0b5569232559e3d385fea5a93112/library/core/src/fmt/mod.rs:1120:17
[INFO] [stderr]      6:     0x563454b872bf - std::io::Write::write_fmt::h5fc9997dfe05f882
[INFO] [stderr]                                  at /rustc/82e1608dfa6e0b5569232559e3d385fea5a93112/library/std/src/io/mod.rs:1762:15
[INFO] [stderr]      7:     0x563454b899e4 - std::sys_common::backtrace::_print::h894006fb5c6f3d45
[INFO] [stderr]                                  at /rustc/82e1608dfa6e0b5569232559e3d385fea5a93112/library/std/src/sys_common/backtrace.rs:47:5
[INFO] [stderr]      8:     0x563454b899e4 - std::sys_common::backtrace::print::h23a2d212c6fff936
[INFO] [stderr]                                  at /rustc/82e1608dfa6e0b5569232559e3d385fea5a93112/library/std/src/sys_common/backtrace.rs:34:9
[INFO] [stderr]      9:     0x563454b8b1f7 - std::panicking::default_hook::{{closure}}::h8a1d2ee00185001a
[INFO] [stderr]     10:     0x563454b8af5f - std::panicking::default_hook::h6038f2eba384e475
[INFO] [stderr]                                  at /rustc/82e1608dfa6e0b5569232559e3d385fea5a93112/library/std/src/panicking.rs:292:9
[INFO] [stderr]     11:     0x563454b8b678 - std::panicking::rust_panic_with_hook::h2b5517d590cab22e
[INFO] [stderr]                                  at /rustc/82e1608dfa6e0b5569232559e3d385fea5a93112/library/std/src/panicking.rs:779:13
[INFO] [stderr]     12:     0x563454b8b55e - std::panicking::begin_panic_handler::{{closure}}::h233112c06e0ef43e
[INFO] [stderr]                                  at /rustc/82e1608dfa6e0b5569232559e3d385fea5a93112/library/std/src/panicking.rs:657:13
[INFO] [stderr]     13:     0x563454b8a0c6 - std::sys_common::backtrace::__rust_end_short_backtrace::h6e893f24d7ebbff8
[INFO] [stderr]                                  at /rustc/82e1608dfa6e0b5569232559e3d385fea5a93112/library/std/src/sys_common/backtrace.rs:170:18
[INFO] [stderr]     14:     0x563454b8b2c2 - rust_begin_unwind
[INFO] [stderr]                                  at /rustc/82e1608dfa6e0b5569232559e3d385fea5a93112/library/std/src/panicking.rs:645:5
[INFO] [stderr]     15:     0x563454b19625 - core::panicking::panic_fmt::hbf0e066aabfa482c
[INFO] [stderr]                                  at /rustc/82e1608dfa6e0b5569232559e3d385fea5a93112/library/core/src/panicking.rs:72:14
[INFO] [stderr]     16:     0x563454b23741 - cmake::fail::hc0a8900eb7015633
[INFO] [stderr]     17:     0x563454b22e47 - cmake::run::h3fb9535607295451
[INFO] [stderr]     18:     0x563454b20af7 - cmake::Config::build::h95865707d9099b53
[INFO] [stderr]     19:     0x563454b1a5d1 - cmake::build::hcb93e52b2bbcad4c
[INFO] [stderr]     20:     0x563454b1abd2 - build_script_build::main::h22f2449814ee7b80
[INFO] [stderr]     21:     0x563454b1a0f3 - core::ops::function::FnOnce::call_once::h3bb9af96e44930f9
[INFO] [stderr]     22:     0x563454b19e16 - std::sys_common::backtrace::__rust_begin_short_backtrace::h910e9cf0ce2209b9
[INFO] [stderr]     23:     0x563454b19e69 - std::rt::lang_start::{{closure}}::h0829882c03dbab51
[INFO] [stderr]     24:     0x563454b83187 - core::ops::function::impls::<impl core::ops::function::FnOnce<A> for &F>::call_once::hd95060ecd5e1ca24
[INFO] [stderr]                                  at /rustc/82e1608dfa6e0b5569232559e3d385fea5a93112/library/core/src/ops/function.rs:284:13
[INFO] [stderr]     25:     0x563454b83187 - std::panicking::try::do_call::h6e8cf51db32a6e4b
[INFO] [stderr]                                  at /rustc/82e1608dfa6e0b5569232559e3d385fea5a93112/library/std/src/panicking.rs:552:40
[INFO] [stderr]     26:     0x563454b83187 - std::panicking::try::h3a52eefe24fe3c29
[INFO] [stderr]                                  at /rustc/82e1608dfa6e0b5569232559e3d385fea5a93112/library/std/src/panicking.rs:516:19
[INFO] [stderr]     27:     0x563454b83187 - std::panic::catch_unwind::h24c28c23c02c3841
[INFO] [stderr]                                  at /rustc/82e1608dfa6e0b5569232559e3d385fea5a93112/library/std/src/panic.rs:142:14
[INFO] [stderr]     28:     0x563454b83187 - std::rt::lang_start_internal::{{closure}}::h705d3c9cbc06ef47
[INFO] [stderr]                                  at /rustc/82e1608dfa6e0b5569232559e3d385fea5a93112/library/std/src/rt.rs:148:48
[INFO] [stderr]     29:     0x563454b83187 - std::panicking::try::do_call::ha21f52ba13158470
[INFO] [stderr]                                  at /rustc/82e1608dfa6e0b5569232559e3d385fea5a93112/library/std/src/panicking.rs:552:40
[INFO] [stderr]     30:     0x563454b83187 - std::panicking::try::h5581346bf6aeb1f8
[INFO] [stderr]                                  at /rustc/82e1608dfa6e0b5569232559e3d385fea5a93112/library/std/src/panicking.rs:516:19
[INFO] [stderr]     31:     0x563454b83187 - std::panic::catch_unwind::h7919645a6b72e25b
[INFO] [stderr]                                  at /rustc/82e1608dfa6e0b5569232559e3d385fea5a93112/library/std/src/panic.rs:142:14
[INFO] [stderr]     32:     0x563454b83187 - std::rt::lang_start_internal::h12de51168669836e
[INFO] [stderr]                                  at /rustc/82e1608dfa6e0b5569232559e3d385fea5a93112/library/std/src/rt.rs:148:20
[INFO] [stderr]     33:     0x563454b19e47 - std::rt::lang_start::hd220d02e58df79f9
[INFO] [stderr]     34:     0x563454b1ae35 - main
[INFO] [stderr]     35:     0x7fb8adc77d90 - <unknown>
[INFO] [stderr]     36:     0x7fb8adc77e40 - __libc_start_main
[INFO] [stderr]     37:     0x563454b19d45 - _start
[INFO] [stderr]     38:                0x0 - <unknown>
[INFO] running `Command { std: "docker" "inspect" "e4a42e0e9e859eef500551a7edefc2adeb1b8516a52504f5016c11d0b36081e0", kill_on_drop: false }`
[INFO] running `Command { std: "docker" "rm" "-f" "e4a42e0e9e859eef500551a7edefc2adeb1b8516a52504f5016c11d0b36081e0", kill_on_drop: false }`
[INFO] [stdout] e4a42e0e9e859eef500551a7edefc2adeb1b8516a52504f5016c11d0b36081e0
