[INFO] fetching crate polkadot-runtime-parachains 5.0.0...
[INFO] testing polkadot-runtime-parachains-5.0.0 against 1.75.0 for beta-1.76-1
[INFO] extracting crate polkadot-runtime-parachains 5.0.0 into /workspace/builds/worker-0-tc1/source
[INFO] validating manifest of crates.io crate polkadot-runtime-parachains 5.0.0 on toolchain 1.75.0
[INFO] running `Command { std: CARGO_HOME="/workspace/cargo-home" RUSTUP_HOME="/workspace/rustup-home" "/workspace/cargo-home/bin/cargo" "+1.75.0" "metadata" "--manifest-path" "Cargo.toml" "--no-deps", kill_on_drop: false }`
[INFO] started tweaking crates.io crate polkadot-runtime-parachains 5.0.0
[INFO] finished tweaking crates.io crate polkadot-runtime-parachains 5.0.0
[INFO] tweaked toml for crates.io crate polkadot-runtime-parachains 5.0.0 written to /workspace/builds/worker-0-tc1/source/Cargo.toml
[INFO] running `Command { std: CARGO_HOME="/workspace/cargo-home" RUSTUP_HOME="/workspace/rustup-home" "/workspace/cargo-home/bin/cargo" "+1.75.0" "generate-lockfile" "--manifest-path" "Cargo.toml", kill_on_drop: false }`
[INFO] [stderr]     Updating crates.io index
[INFO] running `Command { std: CARGO_HOME="/workspace/cargo-home" RUSTUP_HOME="/workspace/rustup-home" "/workspace/cargo-home/bin/cargo" "+1.75.0" "fetch" "--manifest-path" "Cargo.toml", kill_on_drop: false }`
[INFO] [stderr]  Downloading crates ...
[INFO] [stderr]   Downloaded pallet-authorship v26.0.0
[INFO] [stderr]   Downloaded frame-election-provider-support v26.0.0
[INFO] [stderr]   Downloaded pallet-message-queue v29.0.0
[INFO] [stderr]   Downloaded pallet-babe v26.0.0
[INFO] [stderr]   Downloaded thousands v0.2.0
[INFO] [stderr]   Downloaded polkadot-runtime-metrics v5.0.0
[INFO] [stderr]   Downloaded pallet-authority-discovery v26.0.0
[INFO] [stderr]   Downloaded pallet-vesting v26.0.0
[INFO] [stderr]   Downloaded frame-election-provider-solution-type v12.0.0
[INFO] [stderr]   Downloaded sp-npos-elections v24.0.0
[INFO] [stderr]   Downloaded staging-xcm-executor v5.0.0
[INFO] [stderr]   Downloaded pallet-staking v26.0.1
[INFO] running `Command { std: "docker" "create" "-v" "/var/lib/crater-agent-workspace/builds/worker-0-tc1/target:/opt/rustwide/target:rw,Z" "-v" "/var/lib/crater-agent-workspace/builds/worker-0-tc1/source:/opt/rustwide/workdir:ro,Z" "-v" "/var/lib/crater-agent-workspace/cargo-home:/opt/rustwide/cargo-home:ro,Z" "-v" "/var/lib/crater-agent-workspace/rustup-home:/opt/rustwide/rustup-home:ro,Z" "-e" "SOURCE_DIR=/opt/rustwide/workdir" "-e" "CARGO_TARGET_DIR=/opt/rustwide/target" "-e" "CARGO_HOME=/opt/rustwide/cargo-home" "-e" "RUSTUP_HOME=/opt/rustwide/rustup-home" "-w" "/opt/rustwide/workdir" "-m" "1610612736" "--user" "0:0" "--network" "none" "ghcr.io/rust-lang/crates-build-env/linux@sha256:2788e3201cd34a07e3172128adcd8b3090168a8e3bcc40d7c032b9dda1df7d1c" "/opt/rustwide/cargo-home/bin/cargo" "+1.75.0" "metadata" "--no-deps" "--format-version=1", kill_on_drop: false }`
[INFO] [stdout] 71b50cf64821f9085872393cf5080ab3d31136f7c51e7c29f7f1ac4d5cbf328d
[INFO] running `Command { std: "docker" "start" "-a" "71b50cf64821f9085872393cf5080ab3d31136f7c51e7c29f7f1ac4d5cbf328d", kill_on_drop: false }`
[INFO] running `Command { std: "docker" "inspect" "71b50cf64821f9085872393cf5080ab3d31136f7c51e7c29f7f1ac4d5cbf328d", kill_on_drop: false }`
[INFO] running `Command { std: "docker" "rm" "-f" "71b50cf64821f9085872393cf5080ab3d31136f7c51e7c29f7f1ac4d5cbf328d", kill_on_drop: false }`
[INFO] [stdout] 71b50cf64821f9085872393cf5080ab3d31136f7c51e7c29f7f1ac4d5cbf328d
[INFO] running `Command { std: "docker" "create" "-v" "/var/lib/crater-agent-workspace/builds/worker-0-tc1/target:/opt/rustwide/target:rw,Z" "-v" "/var/lib/crater-agent-workspace/builds/worker-0-tc1/source:/opt/rustwide/workdir:ro,Z" "-v" "/var/lib/crater-agent-workspace/cargo-home:/opt/rustwide/cargo-home:ro,Z" "-v" "/var/lib/crater-agent-workspace/rustup-home:/opt/rustwide/rustup-home:ro,Z" "-e" "SOURCE_DIR=/opt/rustwide/workdir" "-e" "CARGO_TARGET_DIR=/opt/rustwide/target" "-e" "CARGO_INCREMENTAL=0" "-e" "RUST_BACKTRACE=full" "-e" "RUSTFLAGS=--cap-lints=warn" "-e" "RUSTDOCFLAGS=--cap-lints=warn" "-e" "CARGO_HOME=/opt/rustwide/cargo-home" "-e" "RUSTUP_HOME=/opt/rustwide/rustup-home" "-w" "/opt/rustwide/workdir" "-m" "1610612736" "--user" "0:0" "--network" "none" "ghcr.io/rust-lang/crates-build-env/linux@sha256:2788e3201cd34a07e3172128adcd8b3090168a8e3bcc40d7c032b9dda1df7d1c" "/opt/rustwide/cargo-home/bin/cargo" "+1.75.0" "build" "--frozen" "--message-format=json", kill_on_drop: false }`
[INFO] [stdout] e73ff7a8a3aade4bbe1ea690e8cc67be2f9dd1a669129aabf90d6ab9515c25e7
[INFO] running `Command { std: "docker" "start" "-a" "e73ff7a8a3aade4bbe1ea690e8cc67be2f9dd1a669129aabf90d6ab9515c25e7", kill_on_drop: false }`
[INFO] [stderr]    Compiling generic-array v0.14.7
[INFO] [stderr]    Compiling serde v1.0.194
[INFO] [stderr]    Compiling subtle v2.4.1
[INFO] [stderr]    Compiling hashbrown v0.14.3
[INFO] [stderr]    Compiling equivalent v1.0.1
[INFO] [stderr]    Compiling zeroize v1.7.0
[INFO] [stderr]    Compiling const-oid v0.9.6
[INFO] [stderr]    Compiling bitvec v1.0.1
[INFO] [stderr]    Compiling bytes v1.5.0
[INFO] [stderr]    Compiling ahash v0.8.7
[INFO] [stderr]    Compiling derive_more v0.99.17
[INFO] [stderr]    Compiling indexmap v2.1.0
[INFO] [stderr]    Compiling sp-std v12.0.0
[INFO] [stderr]    Compiling hashbrown v0.13.2
[INFO] [stderr]    Compiling digest v0.9.0
[INFO] [stderr]    Compiling smallvec v1.11.2
[INFO] [stderr]    Compiling libsecp256k1-core v0.3.0
[INFO] [stderr]    Compiling crypto-common v0.1.6
[INFO] [stderr]    Compiling block-buffer v0.10.4
[INFO] [stderr]    Compiling serde_json v1.0.111
[INFO] [stderr]    Compiling digest v0.10.7
[INFO] [stderr]    Compiling block-buffer v0.9.0
[INFO] [stderr]    Compiling object v0.30.4
[INFO] [stderr]    Compiling impl-serde v0.4.0
[INFO] [stderr]    Compiling futures-core v0.3.30
[INFO] [stderr]    Compiling futures-sink v0.3.30
[INFO] [stderr]    Compiling futures-channel v0.3.30
[INFO] [stderr]    Compiling sha2 v0.9.9
[INFO] [stderr]    Compiling libsecp256k1-gen-genmult v0.3.0
[INFO] [stderr]    Compiling libsecp256k1-gen-ecmult v0.3.0
[INFO] [stderr]    Compiling sha2 v0.10.8
[INFO] [stderr]    Compiling crypto-mac v0.11.1
[INFO] [stderr]    Compiling crypto-mac v0.8.0
[INFO] [stderr]    Compiling sp-debug-derive v12.0.0
[INFO] [stderr]    Compiling hash-db v0.16.0
[INFO] [stderr]    Compiling either v1.9.0
[INFO] [stderr]    Compiling futures-util v0.3.30
[INFO] [stderr]    Compiling itertools v0.10.5
[INFO] [stderr]    Compiling toml_datetime v0.6.3
[INFO] [stderr]    Compiling serde_spanned v0.6.5
[INFO] [stderr]    Compiling toml_edit v0.20.2
[INFO] [stderr]    Compiling toml_edit v0.19.15
[INFO] [stderr]    Compiling wasmtime-environ v8.0.1
[INFO] [stderr]    Compiling tracing-subscriber v0.2.25
[INFO] [stderr]    Compiling ss58-registry v1.44.0
[INFO] [stderr]    Compiling hmac v0.8.1
[INFO] [stderr]    Compiling libsecp256k1 v0.7.1
[INFO] [stderr]    Compiling proc-macro-crate v2.0.1
[INFO] [stderr]    Compiling curve25519-dalek v2.1.3
[INFO] [stderr]    Compiling proc-macro-crate v1.3.1
[INFO] [stderr]    Compiling wasmtime-runtime v8.0.1
[INFO] [stderr]    Compiling merlin v2.0.1
[INFO] [stderr]    Compiling schnorrkel v0.9.1
[INFO] [stderr]    Compiling futures-executor v0.3.30
[INFO] [stderr]    Compiling hmac-drbg v0.3.0
[INFO] [stderr]    Compiling parking_lot_core v0.9.9
[INFO] [stderr]    Compiling parity-scale-codec-derive v3.6.9
[INFO] [stderr]    Compiling wasmtime-jit v8.0.1
[INFO] [stderr]    Compiling hmac v0.11.0
[INFO] [stderr]    Compiling scale-info-derive v2.10.0
[INFO] [stderr]    Compiling sp-runtime-interface-proc-macro v15.0.0
[INFO] [stderr]    Compiling pbkdf2 v0.8.0
[INFO] [stderr]    Compiling sha3 v0.10.8
[INFO] [stderr]    Compiling twox-hash v1.6.3
[INFO] [stderr]    Compiling wasmtime v8.0.1
[INFO] [stderr]    Compiling curve25519-dalek v3.2.0
[INFO] [stderr]    Compiling bitcoin_hashes v0.11.0
[INFO] [stderr]    Compiling parity-scale-codec v3.6.9
[INFO] [stderr]    Compiling bip39 v2.0.0
[INFO] [stderr]    Compiling ed25519-zebra v3.1.0
[INFO] [stderr]    Compiling sp-core-hashing v13.0.0
[INFO] [stderr]    Compiling substrate-bip39 v0.4.5
[INFO] [stderr]    Compiling scale-info v2.10.0
[INFO] [stderr]    Compiling sp-storage v17.0.0
[INFO] [stderr]    Compiling impl-codec v0.6.0
[INFO] [stderr]    Compiling sp-tracing v14.0.0
[INFO] [stderr]    Compiling sp-wasm-interface v18.0.0
[INFO] [stderr]    Compiling parking_lot v0.12.1
[INFO] [stderr]    Compiling sp-externalities v0.23.0
[INFO] [stderr]    Compiling secp256k1 v0.24.3
[INFO] [stderr]    Compiling futures v0.3.30
[INFO] [stderr]    Compiling blake2 v0.10.6
[INFO] [stderr]    Compiling secrecy v0.8.0
[INFO] [stderr]    Compiling bs58 v0.5.0
[INFO] [stderr]    Compiling array-bytes v6.2.2
[INFO] [stderr]    Compiling signature v2.2.0
[INFO] [stderr]    Compiling primitive-types v0.12.2
[INFO] [stderr]    Compiling bounded-collections v0.1.9
[INFO] [stderr]    Compiling backtrace v0.3.69
[INFO] [stderr]    Compiling gimli v0.28.1
[INFO] [stderr]    Compiling rustversion v1.0.14
[INFO] [stderr]    Compiling platforms v3.3.0
[INFO] [stderr]    Compiling curve25519-dalek v4.1.1
[INFO] [stderr]    Compiling miniz_oxide v0.7.1
[INFO] [stderr]    Compiling object v0.32.2
[INFO] [stderr]    Compiling getrandom v0.2.11
[INFO] [stderr]    Compiling trie-db v0.28.0
[INFO] [stderr]    Compiling sp-runtime-interface v22.0.0
[INFO] [stderr]    Compiling memory-db v0.32.0
[INFO] [stderr]    Compiling trie-root v0.18.0
[INFO] [stderr]    Compiling schnellru v0.2.1
[INFO] [stderr]    Compiling curve25519-dalek-derive v0.1.1
[INFO] [stderr]    Compiling sp-core v26.0.0
[INFO] [stderr]    Compiling nohash-hasher v0.2.0
[INFO] [stderr]    Compiling sp-io v28.0.0
[INFO] [stderr]    Compiling ed25519 v2.2.3
[INFO] [stderr]    Compiling addr2line v0.21.0
[INFO] [stderr]    Compiling integer-sqrt v0.1.5
[INFO] [stderr]    Compiling sp-arithmetic v21.0.0
[INFO] [stderr]    Compiling rand_core v0.6.4
[INFO] [stderr]    Compiling fs-err v2.11.0
[INFO] [stderr]    Compiling rand_chacha v0.3.1
[INFO] [stderr]    Compiling blake2b_simd v1.0.2
[INFO] [stderr]    Compiling rand v0.8.5
[INFO] [stderr]    Compiling expander v2.0.0
[INFO] [stderr]    Compiling byteorder v1.5.0
[INFO] [stderr]    Compiling sp-trie v27.0.0
[INFO] [stderr]    Compiling sp-keystore v0.32.0
[INFO] [stderr]    Compiling ed25519-dalek v2.1.0
[INFO] [stderr]    Compiling sp-weights v25.0.0
[INFO] [stderr]    Compiling sp-panic-handler v12.0.0
[INFO] [stderr]    Compiling sp-state-machine v0.33.0
[INFO] [stderr]    Compiling tiny-keccak v2.0.2
[INFO] [stderr]    Compiling frame-metadata v16.0.0
[INFO] [stderr]    Compiling parity-wasm v0.45.0
[INFO] [stderr]    Compiling sp-version-proc-macro v12.0.0
[INFO] [stderr]    Compiling sp-core-hashing-proc-macro v13.0.0
[INFO] [stderr]    Compiling sp-api-proc-macro v13.0.0
[INFO] [stderr]    Compiling derive-syn-parse v0.1.5
[INFO] [stderr]    Compiling sp-metadata-ir v0.4.0
[INFO] [stderr]    Compiling const-random-macro v0.1.16
[INFO] [stderr]    Compiling der v0.7.8
[INFO] [stderr]    Compiling const-random v0.1.17
[INFO] [stderr]    Compiling macro_magic_core_macros v0.5.0
[INFO] [stderr]    Compiling ff v0.13.0
[INFO] [stderr]    Compiling base16ct v0.2.0
[INFO] [stderr]    Compiling group v0.13.0
[INFO] [stderr]    Compiling hmac v0.12.1
[INFO] [stderr]    Compiling crypto-bigint v0.5.5
[INFO] [stderr]    Compiling macro_magic_core v0.5.0
[INFO] [stderr]    Compiling same-file v1.0.6
[INFO] [stderr]    Compiling rfc6979 v0.4.0
[INFO] [stderr]    Compiling walkdir v2.4.0
[INFO] [stderr]    Compiling toml v0.8.2
[INFO] [stderr]    Compiling sec1 v0.7.3
[INFO] [stderr]    Compiling macro_magic_macros v0.5.0
[INFO] [stderr]    Compiling spki v0.7.3
[INFO] [stderr]    Compiling frame-support-procedural-tools-derive v10.0.0
[INFO] [stderr]    Compiling include_dir_macros v0.7.3
[INFO] [stderr]    Compiling common-path v1.0.0
[INFO] [stderr]    Compiling elliptic-curve v0.13.8
[INFO] [stderr]    Compiling include_dir v0.7.3
[INFO] [stderr]    Compiling frame-support-procedural-tools v9.0.0
[INFO] [stderr]    Compiling macro_magic v0.5.0
[INFO] [stderr]    Compiling cfg-expr v0.15.6
[INFO] [stderr]    Compiling ecdsa v0.16.9
[INFO] [stderr]    Compiling docify_macros v0.2.7
[INFO] [stderr]    Compiling sp-application-crypto v28.0.0
[INFO] [stderr]    Compiling proc-macro-error v1.0.4
[INFO] [stderr]    Compiling proc-macro-warning v1.0.2
[INFO] [stderr]    Compiling k256 v0.13.2
[INFO] [stderr]    Compiling sp-runtime v29.0.0
[INFO] [stderr]    Compiling frame-support-procedural v21.0.0
[INFO] [stderr]    Compiling aquamarine v0.3.3
[INFO] [stderr]    Compiling tt-call v1.0.9
[INFO] [stderr]    Compiling num-integer v0.1.45
[INFO] [stderr]    Compiling bytemuck v1.14.0
[INFO] [stderr]    Compiling matrixmultiply v0.3.8
[INFO] [stderr]    Compiling safe_arch v0.7.1
[INFO] [stderr]    Compiling num-rational v0.4.1
[INFO] [stderr]    Compiling wide v0.7.13
[INFO] [stderr]    Compiling num-complex v0.4.4
[INFO] [stderr]    Compiling docify v0.2.7
[INFO] [stderr]    Compiling approx v0.5.1
[INFO] [stderr]    Compiling rawpointer v0.2.1
[INFO] [stderr]    Compiling nalgebra-macros v0.2.1
[INFO] [stderr]    Compiling frame-election-provider-solution-type v12.0.0
[INFO] [stderr]    Compiling simba v0.8.1
[INFO] [stderr]    Compiling xcm-procedural v5.0.0
[INFO] [stderr]    Compiling derivative v2.2.0
[INFO] [stderr]    Compiling hex-literal v0.4.1
[INFO] [stderr]    Compiling sp-version v27.0.0
[INFO] [stderr]    Compiling sp-inherents v24.0.0
[INFO] [stderr]    Compiling sp-api v24.0.0
[INFO] [stderr]    Compiling sp-staking v24.0.0
[INFO] [stderr]    Compiling sp-genesis-builder v0.5.0
[INFO] [stderr]    Compiling sp-authority-discovery v24.0.0
[INFO] [stderr]    Compiling polkadot-core-primitives v5.0.0
[INFO] [stderr]    Compiling sp-npos-elections v24.0.0
[INFO] [stderr]    Compiling sp-session v25.0.0
[INFO] [stderr]    Compiling polkadot-parachain-primitives v4.0.0
[INFO] [stderr]    Compiling staging-xcm v5.0.0
[INFO] [stderr]    Compiling sp-timestamp v24.0.0
[INFO] [stderr]    Compiling sp-consensus-slots v0.30.0
[INFO] [stderr]    Compiling sp-consensus-babe v0.30.0
[INFO] [stderr]    Compiling polkadot-primitives v5.0.0
[INFO] [stderr]    Compiling nalgebra v0.32.3
[INFO] [stderr]    Compiling polkadot-runtime-metrics v5.0.0
[INFO] [stderr]    Compiling frame-support v26.0.0
[INFO] [stderr]    Compiling linregress v0.5.3
[INFO] [stderr]    Compiling frame-system v26.0.0
[INFO] [stderr]    Compiling pallet-timestamp v25.0.0
[INFO] [stderr]    Compiling pallet-authorship v26.0.0
[INFO] [stderr]    Compiling frame-benchmarking v26.0.0
[INFO] [stderr]    Compiling frame-election-provider-support v26.0.0
[INFO] [stderr]    Compiling pallet-vesting v26.0.0
[INFO] [stderr]    Compiling pallet-balances v26.0.0
[INFO] [stderr]    Compiling pallet-message-queue v29.0.0
[INFO] [stderr]    Compiling pallet-session v26.0.0
[INFO] [stderr]    Compiling staging-xcm-executor v5.0.0
[INFO] [stderr]    Compiling pallet-authority-discovery v26.0.0
[INFO] [stderr]    Compiling pallet-staking v26.0.1
[INFO] [stderr]    Compiling pallet-babe v26.0.0
[INFO] [stderr]    Compiling polkadot-runtime-parachains v5.0.0 (/opt/rustwide/workdir)
[INFO] [stderr]     Finished dev [unoptimized + debuginfo] target(s) in 1m 21s
[INFO] running `Command { std: "docker" "inspect" "e73ff7a8a3aade4bbe1ea690e8cc67be2f9dd1a669129aabf90d6ab9515c25e7", kill_on_drop: false }`
[INFO] running `Command { std: "docker" "rm" "-f" "e73ff7a8a3aade4bbe1ea690e8cc67be2f9dd1a669129aabf90d6ab9515c25e7", kill_on_drop: false }`
[INFO] [stdout] e73ff7a8a3aade4bbe1ea690e8cc67be2f9dd1a669129aabf90d6ab9515c25e7
[INFO] running `Command { std: "docker" "create" "-v" "/var/lib/crater-agent-workspace/builds/worker-0-tc1/target:/opt/rustwide/target:rw,Z" "-v" "/var/lib/crater-agent-workspace/builds/worker-0-tc1/source:/opt/rustwide/workdir:ro,Z" "-v" "/var/lib/crater-agent-workspace/cargo-home:/opt/rustwide/cargo-home:ro,Z" "-v" "/var/lib/crater-agent-workspace/rustup-home:/opt/rustwide/rustup-home:ro,Z" "-e" "SOURCE_DIR=/opt/rustwide/workdir" "-e" "CARGO_TARGET_DIR=/opt/rustwide/target" "-e" "CARGO_INCREMENTAL=0" "-e" "RUST_BACKTRACE=full" "-e" "RUSTFLAGS=--cap-lints=warn" "-e" "RUSTDOCFLAGS=--cap-lints=warn" "-e" "CARGO_HOME=/opt/rustwide/cargo-home" "-e" "RUSTUP_HOME=/opt/rustwide/rustup-home" "-w" "/opt/rustwide/workdir" "-m" "1610612736" "--user" "0:0" "--network" "none" "ghcr.io/rust-lang/crates-build-env/linux@sha256:2788e3201cd34a07e3172128adcd8b3090168a8e3bcc40d7c032b9dda1df7d1c" "/opt/rustwide/cargo-home/bin/cargo" "+1.75.0" "test" "--frozen" "--no-run" "--message-format=json", kill_on_drop: false }`
[INFO] [stdout] 5e83846497c066f4ae9fc8387284fa1b97f44aa44a4027d7497653dd67d3b5fd
[INFO] running `Command { std: "docker" "start" "-a" "5e83846497c066f4ae9fc8387284fa1b97f44aa44a4027d7497653dd67d3b5fd", kill_on_drop: false }`
[INFO] [stderr]    Compiling assert_matches v1.5.0
[INFO] [stderr]    Compiling thousands v0.2.0
[INFO] [stderr]    Compiling polkadot-runtime-parachains v5.0.0 (/opt/rustwide/workdir)
[INFO] [stdout] error[E0432]: unresolved import `keyring`
[INFO] [stdout]   --> src/inclusion/tests.rs:36:5
[INFO] [stdout]    |
[INFO] [stdout] 36 | use keyring::Sr25519Keyring;
[INFO] [stdout]    |     ^^^^^^^ use of undeclared crate or module `keyring`
[INFO] [stdout] 
[INFO] [stdout] 
[INFO] [stdout] error[E0432]: unresolved import `sc_keystore`
[INFO] [stdout]   --> src/inclusion/tests.rs:43:5
[INFO] [stdout]    |
[INFO] [stdout] 43 | use sc_keystore::LocalKeystore;
[INFO] [stdout]    |     ^^^^^^^^^^^ use of undeclared crate or module `sc_keystore`
[INFO] [stdout]    |
[INFO] [stdout] help: there is a crate or module with a similar name
[INFO] [stdout]    |
[INFO] [stdout] 43 | use sp_keystore::LocalKeystore;
[INFO] [stdout]    |     ~~~~~~~~~~~
[INFO] [stdout] 
[INFO] [stdout] 
[INFO] [stdout] error[E0432]: unresolved import `test_helpers`
[INFO] [stdout]   --> src/inclusion/tests.rs:46:5
[INFO] [stdout]    |
[INFO] [stdout] 46 | use test_helpers::{dummy_collator, dummy_collator_signature, dummy_validation_code};
[INFO] [stdout]    |     ^^^^^^^^^^^^ use of undeclared crate or module `test_helpers`
[INFO] [stdout] 
[INFO] [stdout] 
[INFO] [stdout] error[E0432]: unresolved import `keyring`
[INFO] [stdout]   --> src/session_info/tests.rs:27:5
[INFO] [stdout]    |
[INFO] [stdout] 27 | use keyring::Sr25519Keyring;
[INFO] [stdout]    |     ^^^^^^^ use of undeclared crate or module `keyring`
[INFO] [stdout] 
[INFO] [stdout] 
[INFO] [stdout] error[E0432]: unresolved import `keyring`
[INFO] [stdout]   --> src/shared/tests.rs:23:5
[INFO] [stdout]    |
[INFO] [stdout] 23 | use keyring::Sr25519Keyring;
[INFO] [stdout]    |     ^^^^^^^ use of undeclared crate or module `keyring`
[INFO] [stdout] 
[INFO] [stdout] 
[INFO] [stdout] error[E0432]: unresolved import `test_helpers`
[INFO] [stdout]   --> src/shared/tests.rs:25:5
[INFO] [stdout]    |
[INFO] [stdout] 25 | use test_helpers::validator_pubkeys;
[INFO] [stdout]    |     ^^^^^^^^^^^^ use of undeclared crate or module `test_helpers`
[INFO] [stdout] 
[INFO] [stdout] 
[INFO] [stdout] error[E0432]: unresolved import `test_helpers`
[INFO] [stdout]   --> src/initializer/tests.rs:23:5
[INFO] [stdout]    |
[INFO] [stdout] 23 | use test_helpers::dummy_validation_code;
[INFO] [stdout]    |     ^^^^^^^^^^^^ use of undeclared crate or module `test_helpers`
[INFO] [stdout] 
[INFO] [stdout] 
[INFO] [stdout] error[E0432]: unresolved import `keyring`
[INFO] [stdout]    --> src/paras_inherent/tests.rs:965:6
[INFO] [stdout]     |
[INFO] [stdout] 965 |     use keyring::Sr25519Keyring;
[INFO] [stdout]     |         ^^^^^^^ use of undeclared crate or module `keyring`
[INFO] [stdout] 
[INFO] [stdout] 
[INFO] [stdout] error[E0432]: unresolved import `sc_keystore`
[INFO] [stdout]    --> src/paras_inherent/tests.rs:967:6
[INFO] [stdout]     |
[INFO] [stdout] 967 |     use sc_keystore::LocalKeystore;
[INFO] [stdout]     |         ^^^^^^^^^^^ use of undeclared crate or module `sc_keystore`
[INFO] [stdout]     |
[INFO] [stdout] help: there is a crate or module with a similar name
[INFO] [stdout]     |
[INFO] [stdout] 967 |     use sp_keystore::LocalKeystore;
[INFO] [stdout]     |         ~~~~~~~~~~~
[INFO] [stdout] 
[INFO] [stdout] 
[INFO] [stdout] error[E0432]: unresolved import `keyring`
[INFO] [stdout]   --> src/paras/tests.rs:19:5
[INFO] [stdout]    |
[INFO] [stdout] 19 | use keyring::Sr25519Keyring;
[INFO] [stdout]    |     ^^^^^^^ use of undeclared crate or module `keyring`
[INFO] [stdout] 
[INFO] [stdout] 
[INFO] [stdout] error[E0432]: unresolved import `sc_keystore`
[INFO] [stdout]   --> src/paras/tests.rs:21:5
[INFO] [stdout]    |
[INFO] [stdout] 21 | use sc_keystore::LocalKeystore;
[INFO] [stdout]    |     ^^^^^^^^^^^ use of undeclared crate or module `sc_keystore`
[INFO] [stdout]    |
[INFO] [stdout] help: there is a crate or module with a similar name
[INFO] [stdout]    |
[INFO] [stdout] 21 | use sp_keystore::LocalKeystore;
[INFO] [stdout]    |     ~~~~~~~~~~~
[INFO] [stdout] 
[INFO] [stdout] 
[INFO] [stdout] error[E0432]: unresolved import `test_helpers`
[INFO] [stdout]   --> src/paras/tests.rs:24:5
[INFO] [stdout]    |
[INFO] [stdout] 24 | use test_helpers::{dummy_head_data, dummy_validation_code, validator_pubkeys};
[INFO] [stdout]    |     ^^^^^^^^^^^^ use of undeclared crate or module `test_helpers`
[INFO] [stdout] 
[INFO] [stdout] 
[INFO] [stdout] error[E0432]: unresolved import `keyring`
[INFO] [stdout]   --> src/scheduler/tests.rs:20:5
[INFO] [stdout]    |
[INFO] [stdout] 20 | use keyring::Sr25519Keyring;
[INFO] [stdout]    |     ^^^^^^^ use of undeclared crate or module `keyring`
[INFO] [stdout] 
[INFO] [stdout] 
[INFO] [stdout] error[E0432]: unresolved import `frame_support_test`
[INFO] [stdout]   --> src/mock.rs:34:5
[INFO] [stdout]    |
[INFO] [stdout] 34 | use frame_support_test::TestRandomness;
[INFO] [stdout]    |     ^^^^^^^^^^^^^^^^^^ use of undeclared crate or module `frame_support_test`
[INFO] [stdout]    |
[INFO] [stdout] help: there is a crate or module with a similar name
[INFO] [stdout]    |
[INFO] [stdout] 34 | use frame_support::TestRandomness;
[INFO] [stdout]    |     ~~~~~~~~~~~~~
[INFO] [stdout] 
[INFO] [stdout] 
[INFO] [stdout] error[E0433]: failed to resolve: use of undeclared crate or module `keyring`
[INFO] [stdout]    --> src/paras_inherent/tests.rs:988:4
[INFO] [stdout]     |
[INFO] [stdout] 988 |             keyring::Sr25519Keyring::Alice,
[INFO] [stdout]     |             ^^^^^^^ use of undeclared crate or module `keyring`
[INFO] [stdout] 
[INFO] [stdout] 
[INFO] [stdout] error[E0433]: failed to resolve: use of undeclared crate or module `keyring`
[INFO] [stdout]    --> src/paras_inherent/tests.rs:989:4
[INFO] [stdout]     |
[INFO] [stdout] 989 |             keyring::Sr25519Keyring::Bob,
[INFO] [stdout]     |             ^^^^^^^ use of undeclared crate or module `keyring`
[INFO] [stdout] 
[INFO] [stdout] 
[INFO] [stdout] error[E0433]: failed to resolve: use of undeclared crate or module `keyring`
[INFO] [stdout]    --> src/paras_inherent/tests.rs:990:4
[INFO] [stdout]     |
[INFO] [stdout] 990 |             keyring::Sr25519Keyring::Charlie,
[INFO] [stdout]     |             ^^^^^^^ use of undeclared crate or module `keyring`
[INFO] [stdout] 
[INFO] [stdout] 
[INFO] [stdout] error[E0433]: failed to resolve: use of undeclared crate or module `keyring`
[INFO] [stdout]    --> src/paras_inherent/tests.rs:991:4
[INFO] [stdout]     |
[INFO] [stdout] 991 |             keyring::Sr25519Keyring::Dave,
[INFO] [stdout]     |             ^^^^^^^ use of undeclared crate or module `keyring`
[INFO] [stdout] 
[INFO] [stdout] 
[INFO] [stdout] error[E0433]: failed to resolve: use of undeclared crate or module `keyring`
[INFO] [stdout]     --> src/paras_inherent/tests.rs:1230:5
[INFO] [stdout]      |
[INFO] [stdout] 1230 |                 keyring::Sr25519Keyring::Alice,
[INFO] [stdout]      |                 ^^^^^^^ use of undeclared crate or module `keyring`
[INFO] [stdout] 
[INFO] [stdout] 
[INFO] [stdout] error[E0433]: failed to resolve: use of undeclared crate or module `keyring`
[INFO] [stdout]     --> src/paras_inherent/tests.rs:1231:5
[INFO] [stdout]      |
[INFO] [stdout] 1231 |                 keyring::Sr25519Keyring::Bob,
[INFO] [stdout]      |                 ^^^^^^^ use of undeclared crate or module `keyring`
[INFO] [stdout] 
[INFO] [stdout] 
[INFO] [stdout] error[E0433]: failed to resolve: use of undeclared crate or module `keyring`
[INFO] [stdout]     --> src/paras_inherent/tests.rs:1232:5
[INFO] [stdout]      |
[INFO] [stdout] 1232 |                 keyring::Sr25519Keyring::Charlie,
[INFO] [stdout]      |                 ^^^^^^^ use of undeclared crate or module `keyring`
[INFO] [stdout] 
[INFO] [stdout] 
[INFO] [stdout] error[E0433]: failed to resolve: use of undeclared crate or module `keyring`
[INFO] [stdout]     --> src/paras_inherent/tests.rs:1233:5
[INFO] [stdout]      |
[INFO] [stdout] 1233 |                 keyring::Sr25519Keyring::Dave,
[INFO] [stdout]      |                 ^^^^^^^ use of undeclared crate or module `keyring`
[INFO] [stdout] 
[INFO] [stdout] 
[INFO] [stdout] error[E0433]: failed to resolve: use of undeclared crate or module `sp_tracing`
[INFO] [stdout]    --> src/paras_inherent/tests.rs:298:3
[INFO] [stdout]     |
[INFO] [stdout] 298 |         sp_tracing::try_init_simple();
[INFO] [stdout]     |         ^^^^^^^^^^ use of undeclared crate or module `sp_tracing`
[INFO] [stdout]     |
[INFO] [stdout] help: there is a crate or module with a similar name
[INFO] [stdout]     |
[INFO] [stdout] 298 |         sp_staking::try_init_simple();
[INFO] [stdout]     |         ~~~~~~~~~~
[INFO] [stdout] help: consider importing this crate
[INFO] [stdout]     |
[INFO] [stdout] 25  +     use frame_support::__private::sp_tracing;
[INFO] [stdout]     |
[INFO] [stdout] 
[INFO] [stdout] 
[INFO] [stdout] error[E0433]: failed to resolve: use of undeclared crate or module `sp_tracing`
[INFO] [stdout]    --> src/mock.rs:507:2
[INFO] [stdout]     |
[INFO] [stdout] 507 |     sp_tracing::try_init_simple();
[INFO] [stdout]     |     ^^^^^^^^^^ use of undeclared crate or module `sp_tracing`
[INFO] [stdout]     |
[INFO] [stdout] help: there is a crate or module with a similar name
[INFO] [stdout]     |
[INFO] [stdout] 507 |     sp_staking::try_init_simple();
[INFO] [stdout]     |     ~~~~~~~~~~
[INFO] [stdout] help: consider importing one of these items
[INFO] [stdout]     |
[INFO] [stdout] 19  + use crate::mock::sp_api_hidden_includes_construct_runtime::hidden_include::__private::sp_tracing;
[INFO] [stdout]     |
[INFO] [stdout] 19  + use frame_support::__private::sp_tracing;
[INFO] [stdout]     |
[INFO] [stdout] 
[INFO] [stdout] 
[INFO] [stdout] error[E0433]: failed to resolve: use of undeclared crate or module `keyring`
[INFO] [stdout]    --> src/paras_inherent/tests.rs:971:34
[INFO] [stdout]     |
[INFO] [stdout] 971 |     fn validator_pubkeys(val_ids: &[keyring::Sr25519Keyring]) -> Vec<ValidatorId> {
[INFO] [stdout]     |                                     ^^^^^^^ use of undeclared crate or module `keyring`
[INFO] [stdout] 
[INFO] [stdout] 
[INFO] [stdout] error: aborting due to 25 previous errors
[INFO] [stdout] 
[INFO] [stdout] 
[INFO] [stdout] Some errors have detailed explanations: E0432, E0433.
[INFO] [stdout] 
[INFO] [stdout] For more information about an error, try `rustc --explain E0432`.
[INFO] [stdout] 
[INFO] [stderr] error: could not compile `polkadot-runtime-parachains` (lib test) due to 26 previous errors
[INFO] running `Command { std: "docker" "inspect" "5e83846497c066f4ae9fc8387284fa1b97f44aa44a4027d7497653dd67d3b5fd", kill_on_drop: false }`
[INFO] running `Command { std: "docker" "rm" "-f" "5e83846497c066f4ae9fc8387284fa1b97f44aa44a4027d7497653dd67d3b5fd", kill_on_drop: false }`
[INFO] [stdout] 5e83846497c066f4ae9fc8387284fa1b97f44aa44a4027d7497653dd67d3b5fd
[INFO] testing polkadot-runtime-parachains-5.0.0 against beta-2023-12-22 for beta-1.76-1
[INFO] extracting crate polkadot-runtime-parachains 5.0.0 into /workspace/builds/worker-0-tc2/source
[INFO] validating manifest of crates.io crate polkadot-runtime-parachains 5.0.0 on toolchain beta-2023-12-22
[INFO] running `Command { std: CARGO_HOME="/workspace/cargo-home" RUSTUP_HOME="/workspace/rustup-home" "/workspace/cargo-home/bin/cargo" "+beta-2023-12-22" "metadata" "--manifest-path" "Cargo.toml" "--no-deps", kill_on_drop: false }`
[INFO] started tweaking crates.io crate polkadot-runtime-parachains 5.0.0
[INFO] finished tweaking crates.io crate polkadot-runtime-parachains 5.0.0
[INFO] tweaked toml for crates.io crate polkadot-runtime-parachains 5.0.0 written to /workspace/builds/worker-0-tc2/source/Cargo.toml
[INFO] running `Command { std: CARGO_HOME="/workspace/cargo-home" RUSTUP_HOME="/workspace/rustup-home" "/workspace/cargo-home/bin/cargo" "+beta-2023-12-22" "generate-lockfile" "--manifest-path" "Cargo.toml", kill_on_drop: false }`
[INFO] [stderr]     Updating crates.io index
[INFO] running `Command { std: CARGO_HOME="/workspace/cargo-home" RUSTUP_HOME="/workspace/rustup-home" "/workspace/cargo-home/bin/cargo" "+beta-2023-12-22" "fetch" "--manifest-path" "Cargo.toml", kill_on_drop: false }`
[INFO] [stderr]     Blocking waiting for file lock on package cache
[INFO] running `Command { std: "docker" "create" "-v" "/var/lib/crater-agent-workspace/builds/worker-0-tc2/target:/opt/rustwide/target:rw,Z" "-v" "/var/lib/crater-agent-workspace/builds/worker-0-tc2/source:/opt/rustwide/workdir:ro,Z" "-v" "/var/lib/crater-agent-workspace/cargo-home:/opt/rustwide/cargo-home:ro,Z" "-v" "/var/lib/crater-agent-workspace/rustup-home:/opt/rustwide/rustup-home:ro,Z" "-e" "SOURCE_DIR=/opt/rustwide/workdir" "-e" "CARGO_TARGET_DIR=/opt/rustwide/target" "-e" "CARGO_HOME=/opt/rustwide/cargo-home" "-e" "RUSTUP_HOME=/opt/rustwide/rustup-home" "-w" "/opt/rustwide/workdir" "-m" "1610612736" "--user" "0:0" "--network" "none" "ghcr.io/rust-lang/crates-build-env/linux@sha256:2788e3201cd34a07e3172128adcd8b3090168a8e3bcc40d7c032b9dda1df7d1c" "/opt/rustwide/cargo-home/bin/cargo" "+beta-2023-12-22" "metadata" "--no-deps" "--format-version=1", kill_on_drop: false }`
[INFO] [stdout] 5f789d6c0c0ee701b23f2230de28a4eb82da65c0e1dcd53d12ca53d3535837a4
[INFO] running `Command { std: "docker" "start" "-a" "5f789d6c0c0ee701b23f2230de28a4eb82da65c0e1dcd53d12ca53d3535837a4", kill_on_drop: false }`
[INFO] running `Command { std: "docker" "inspect" "5f789d6c0c0ee701b23f2230de28a4eb82da65c0e1dcd53d12ca53d3535837a4", kill_on_drop: false }`
[INFO] running `Command { std: "docker" "rm" "-f" "5f789d6c0c0ee701b23f2230de28a4eb82da65c0e1dcd53d12ca53d3535837a4", kill_on_drop: false }`
[INFO] [stdout] 5f789d6c0c0ee701b23f2230de28a4eb82da65c0e1dcd53d12ca53d3535837a4
[INFO] running `Command { std: "docker" "create" "-v" "/var/lib/crater-agent-workspace/builds/worker-0-tc2/target:/opt/rustwide/target:rw,Z" "-v" "/var/lib/crater-agent-workspace/builds/worker-0-tc2/source:/opt/rustwide/workdir:ro,Z" "-v" "/var/lib/crater-agent-workspace/cargo-home:/opt/rustwide/cargo-home:ro,Z" "-v" "/var/lib/crater-agent-workspace/rustup-home:/opt/rustwide/rustup-home:ro,Z" "-e" "SOURCE_DIR=/opt/rustwide/workdir" "-e" "CARGO_TARGET_DIR=/opt/rustwide/target" "-e" "CARGO_INCREMENTAL=0" "-e" "RUST_BACKTRACE=full" "-e" "RUSTFLAGS=--cap-lints=warn" "-e" "RUSTDOCFLAGS=--cap-lints=warn" "-e" "CARGO_HOME=/opt/rustwide/cargo-home" "-e" "RUSTUP_HOME=/opt/rustwide/rustup-home" "-w" "/opt/rustwide/workdir" "-m" "1610612736" "--user" "0:0" "--network" "none" "ghcr.io/rust-lang/crates-build-env/linux@sha256:2788e3201cd34a07e3172128adcd8b3090168a8e3bcc40d7c032b9dda1df7d1c" "/opt/rustwide/cargo-home/bin/cargo" "+beta-2023-12-22" "build" "--frozen" "--message-format=json", kill_on_drop: false }`
[INFO] [stdout] 97d3e6c15ee58386bc2188b76677bbf90824f5828d35dca1fcd2cef6a5cab3d2
[INFO] running `Command { std: "docker" "start" "-a" "97d3e6c15ee58386bc2188b76677bbf90824f5828d35dca1fcd2cef6a5cab3d2", kill_on_drop: false }`
[INFO] [stderr]    Compiling generic-array v0.14.7
[INFO] [stderr]    Compiling serde v1.0.194
[INFO] [stderr]    Compiling subtle v2.4.1
[INFO] [stderr]    Compiling equivalent v1.0.1
[INFO] [stderr]    Compiling hashbrown v0.14.3
[INFO] [stderr]    Compiling zeroize v1.7.0
[INFO] [stderr]    Compiling const-oid v0.9.6
[INFO] [stderr]    Compiling bitvec v1.0.1
[INFO] [stderr]    Compiling bytes v1.5.0
[INFO] [stderr]    Compiling ahash v0.8.7
[INFO] [stderr]    Compiling derive_more v0.99.17
[INFO] [stderr]    Compiling indexmap v2.1.0
[INFO] [stderr]    Compiling sp-std v12.0.0
[INFO] [stderr]    Compiling digest v0.9.0
[INFO] [stderr]    Compiling hashbrown v0.13.2
[INFO] [stderr]    Compiling crypto-common v0.1.6
[INFO] [stderr]    Compiling block-buffer v0.10.4
[INFO] [stderr]    Compiling digest v0.10.7
[INFO] [stderr]    Compiling smallvec v1.11.2
[INFO] [stderr]    Compiling libsecp256k1-core v0.3.0
[INFO] [stderr]    Compiling serde_json v1.0.111
[INFO] [stderr]    Compiling block-buffer v0.9.0
[INFO] [stderr]    Compiling impl-serde v0.4.0
[INFO] [stderr]    Compiling futures-core v0.3.30
[INFO] [stderr]    Compiling object v0.30.4
[INFO] [stderr]    Compiling futures-sink v0.3.30
[INFO] [stderr]    Compiling sha2 v0.9.9
[INFO] [stderr]    Compiling futures-channel v0.3.30
[INFO] [stderr]    Compiling sha2 v0.10.8
[INFO] [stderr]    Compiling crypto-mac v0.11.1
[INFO] [stderr]    Compiling libsecp256k1-gen-ecmult v0.3.0
[INFO] [stderr]    Compiling libsecp256k1-gen-genmult v0.3.0
[INFO] [stderr]    Compiling crypto-mac v0.8.0
[INFO] [stderr]    Compiling sp-debug-derive v12.0.0
[INFO] [stderr]    Compiling either v1.9.0
[INFO] [stderr]    Compiling hash-db v0.16.0
[INFO] [stderr]    Compiling futures-util v0.3.30
[INFO] [stderr]    Compiling libsecp256k1 v0.7.1
[INFO] [stderr]    Compiling itertools v0.10.5
[INFO] [stderr]    Compiling tracing-subscriber v0.2.25
[INFO] [stderr]    Compiling toml_datetime v0.6.3
[INFO] [stderr]    Compiling serde_spanned v0.6.5
[INFO] [stderr]    Compiling toml_edit v0.19.15
[INFO] [stderr]    Compiling wasmtime-environ v8.0.1
[INFO] [stderr]    Compiling toml_edit v0.20.2
[INFO] [stderr]    Compiling hmac v0.8.1
[INFO] [stderr]    Compiling curve25519-dalek v2.1.3
[INFO] [stderr]    Compiling merlin v2.0.1
[INFO] [stderr]    Compiling proc-macro-crate v1.3.1
[INFO] [stderr]    Compiling proc-macro-crate v2.0.1
[INFO] [stderr]    Compiling wasmtime-runtime v8.0.1
[INFO] [stderr]    Compiling ss58-registry v1.44.0
[INFO] [stderr]    Compiling schnorrkel v0.9.1
[INFO] [stderr]    Compiling futures-executor v0.3.30
[INFO] [stderr]    Compiling hmac-drbg v0.3.0
[INFO] [stderr]    Compiling wasmtime-jit v8.0.1
[INFO] [stderr]    Compiling parking_lot_core v0.9.9
[INFO] [stderr]    Compiling pbkdf2 v0.8.0
[INFO] [stderr]    Compiling hmac v0.11.0
[INFO] [stderr]    Compiling twox-hash v1.6.3
[INFO] [stderr]    Compiling sha3 v0.10.8
[INFO] [stderr]    Compiling scale-info-derive v2.10.0
[INFO] [stderr]    Compiling sp-runtime-interface-proc-macro v15.0.0
[INFO] [stderr]    Compiling parity-scale-codec-derive v3.6.9
[INFO] [stderr]    Compiling wasmtime v8.0.1
[INFO] [stderr]    Compiling curve25519-dalek v3.2.0
[INFO] [stderr]    Compiling bitcoin_hashes v0.11.0
[INFO] [stderr]    Compiling sp-core-hashing v13.0.0
[INFO] [stderr]    Compiling ed25519-zebra v3.1.0
[INFO] [stderr]    Compiling substrate-bip39 v0.4.5
[INFO] [stderr]    Compiling parking_lot v0.12.1
[INFO] [stderr]    Compiling futures v0.3.30
[INFO] [stderr]    Compiling secp256k1 v0.24.3
[INFO] [stderr]    Compiling parity-scale-codec v3.6.9
[INFO] [stderr]    Compiling bip39 v2.0.0
[INFO] [stderr]    Compiling blake2 v0.10.6
[INFO] [stderr]    Compiling secrecy v0.8.0
[INFO] [stderr]    Compiling array-bytes v6.2.2
[INFO] [stderr]    Compiling bs58 v0.5.0
[INFO] [stderr]    Compiling signature v2.2.0
[INFO] [stderr]    Compiling backtrace v0.3.69
[INFO] [stderr]    Compiling scale-info v2.10.0
[INFO] [stderr]    Compiling sp-storage v17.0.0
[INFO] [stderr]    Compiling impl-codec v0.6.0
[INFO] [stderr]    Compiling sp-tracing v14.0.0
[INFO] [stderr]    Compiling sp-wasm-interface v18.0.0
[INFO] [stderr]    Compiling sp-externalities v0.23.0
[INFO] [stderr]    Compiling rustversion v1.0.14
[INFO] [stderr]    Compiling gimli v0.28.1
[INFO] [stderr]    Compiling platforms v3.3.0
[INFO] [stderr]    Compiling miniz_oxide v0.7.1
[INFO] [stderr]    Compiling object v0.32.2
[INFO] [stderr]    Compiling getrandom v0.2.11
[INFO] [stderr]    Compiling curve25519-dalek v4.1.1
[INFO] [stderr]    Compiling primitive-types v0.12.2
[INFO] [stderr]    Compiling bounded-collections v0.1.9
[INFO] [stderr]    Compiling trie-root v0.18.0
[INFO] [stderr]    Compiling trie-db v0.28.0
[INFO] [stderr]    Compiling sp-runtime-interface v22.0.0
[INFO] [stderr]    Compiling memory-db v0.32.0
[INFO] [stderr]    Compiling schnellru v0.2.1
[INFO] [stderr]    Compiling sp-core v26.0.0
[INFO] [stderr]    Compiling curve25519-dalek-derive v0.1.1
[INFO] [stderr]    Compiling nohash-hasher v0.2.0
[INFO] [stderr]    Compiling sp-io v28.0.0
[INFO] [stderr]    Compiling ed25519 v2.2.3
[INFO] [stderr]    Compiling integer-sqrt v0.1.5
[INFO] [stderr]    Compiling sp-arithmetic v21.0.0
[INFO] [stderr]    Compiling addr2line v0.21.0
[INFO] [stderr]    Compiling rand_core v0.6.4
[INFO] [stderr]    Compiling fs-err v2.11.0
[INFO] [stderr]    Compiling rand_chacha v0.3.1
[INFO] [stderr]    Compiling rand v0.8.5
[INFO] [stderr]    Compiling sp-trie v27.0.0
[INFO] [stderr]    Compiling sp-panic-handler v12.0.0
[INFO] [stderr]    Compiling ed25519-dalek v2.1.0
[INFO] [stderr]    Compiling sp-keystore v0.32.0
[INFO] [stderr]    Compiling sp-weights v25.0.0
[INFO] [stderr]    Compiling sp-state-machine v0.33.0
[INFO] [stderr]    Compiling blake2b_simd v1.0.2
[INFO] [stderr]    Compiling byteorder v1.5.0
[INFO] [stderr]    Compiling expander v2.0.0
[INFO] [stderr]    Compiling tiny-keccak v2.0.2
[INFO] [stderr]    Compiling frame-metadata v16.0.0
[INFO] [stderr]    Compiling parity-wasm v0.45.0
[INFO] [stderr]    Compiling sp-version-proc-macro v12.0.0
[INFO] [stderr]    Compiling sp-api-proc-macro v13.0.0
[INFO] [stderr]    Compiling derive-syn-parse v0.1.5
[INFO] [stderr]    Compiling sp-core-hashing-proc-macro v13.0.0
[INFO] [stderr]    Compiling sp-metadata-ir v0.4.0
[INFO] [stderr]    Compiling const-random-macro v0.1.16
[INFO] [stderr]    Compiling der v0.7.8
[INFO] [stderr]    Compiling macro_magic_core_macros v0.5.0
[INFO] [stderr]    Compiling const-random v0.1.17
[INFO] [stderr]    Compiling ff v0.13.0
[INFO] [stderr]    Compiling base16ct v0.2.0
[INFO] [stderr]    Compiling group v0.13.0
[INFO] [stderr]    Compiling hmac v0.12.1
[INFO] [stderr]    Compiling crypto-bigint v0.5.5
[INFO] [stderr]    Compiling same-file v1.0.6
[INFO] [stderr]    Compiling walkdir v2.4.0
[INFO] [stderr]    Compiling rfc6979 v0.4.0
[INFO] [stderr]    Compiling macro_magic_core v0.5.0
[INFO] [stderr]    Compiling toml v0.8.2
[INFO] [stderr]    Compiling frame-support-procedural-tools-derive v10.0.0
[INFO] [stderr]    Compiling macro_magic_macros v0.5.0
[INFO] [stderr]    Compiling sp-application-crypto v28.0.0
[INFO] [stderr]    Compiling sec1 v0.7.3
[INFO] [stderr]    Compiling spki v0.7.3
[INFO] [stderr]    Compiling sp-runtime v29.0.0
[INFO] [stderr]    Compiling include_dir_macros v0.7.3
[INFO] [stderr]    Compiling common-path v1.0.0
[INFO] [stderr]    Compiling elliptic-curve v0.13.8
[INFO] [stderr]    Compiling include_dir v0.7.3
[INFO] [stderr]    Compiling cfg-expr v0.15.6
[INFO] [stderr]    Compiling ecdsa v0.16.9
[INFO] [stderr]    Compiling macro_magic v0.5.0
[INFO] [stderr]    Compiling docify_macros v0.2.7
[INFO] [stderr]    Compiling frame-support-procedural-tools v9.0.0
[INFO] [stderr]    Compiling proc-macro-error v1.0.4
[INFO] [stderr]    Compiling proc-macro-warning v1.0.2
[INFO] [stderr]    Compiling k256 v0.13.2
[INFO] [stderr]    Compiling tt-call v1.0.9
[INFO] [stderr]    Compiling frame-support-procedural v21.0.0
[INFO] [stderr]    Compiling num-integer v0.1.45
[INFO] [stderr]    Compiling aquamarine v0.3.3
[INFO] [stderr]    Compiling bytemuck v1.14.0
[INFO] [stderr]    Compiling safe_arch v0.7.1
[INFO] [stderr]    Compiling num-rational v0.4.1
[INFO] [stderr]    Compiling matrixmultiply v0.3.8
[INFO] [stderr]    Compiling wide v0.7.13
[INFO] [stderr]    Compiling num-complex v0.4.4
[INFO] [stderr]    Compiling approx v0.5.1
[INFO] [stderr]    Compiling rawpointer v0.2.1
[INFO] [stderr]    Compiling nalgebra-macros v0.2.1
[INFO] [stderr]    Compiling docify v0.2.7
[INFO] [stderr]    Compiling frame-election-provider-solution-type v12.0.0
[INFO] [stderr]    Compiling sp-version v27.0.0
[INFO] [stderr]    Compiling sp-inherents v24.0.0
[INFO] [stderr]    Compiling sp-staking v24.0.0
[INFO] [stderr]    Compiling simba v0.8.1
[INFO] [stderr]    Compiling polkadot-core-primitives v5.0.0
[INFO] [stderr]    Compiling sp-npos-elections v24.0.0
[INFO] [stderr]    Compiling polkadot-parachain-primitives v4.0.0
[INFO] [stderr]    Compiling sp-api v24.0.0
[INFO] [stderr]    Compiling xcm-procedural v5.0.0
[INFO] [stderr]    Compiling derivative v2.2.0
[INFO] [stderr]    Compiling sp-genesis-builder v0.5.0
[INFO] [stderr]    Compiling sp-session v25.0.0
[INFO] [stderr]    Compiling sp-authority-discovery v24.0.0
[INFO] [stderr]    Compiling hex-literal v0.4.1
[INFO] [stderr]    Compiling sp-timestamp v24.0.0
[INFO] [stderr]    Compiling sp-consensus-slots v0.30.0
[INFO] [stderr]    Compiling sp-consensus-babe v0.30.0
[INFO] [stderr]    Compiling staging-xcm v5.0.0
[INFO] [stderr]    Compiling polkadot-primitives v5.0.0
[INFO] [stderr]    Compiling polkadot-runtime-metrics v5.0.0
[INFO] [stderr]    Compiling nalgebra v0.32.3
[INFO] [stderr]    Compiling frame-support v26.0.0
[INFO] [stderr]    Compiling linregress v0.5.3
[INFO] [stderr]    Compiling frame-system v26.0.0
[INFO] [stderr]    Compiling pallet-timestamp v25.0.0
[INFO] [stderr]    Compiling pallet-authorship v26.0.0
[INFO] [stderr]    Compiling frame-benchmarking v26.0.0
[INFO] [stderr]    Compiling frame-election-provider-support v26.0.0
[INFO] [stderr]    Compiling pallet-balances v26.0.0
[INFO] [stderr]    Compiling pallet-message-queue v29.0.0
[INFO] [stderr]    Compiling pallet-vesting v26.0.0
[INFO] [stderr]    Compiling pallet-session v26.0.0
[INFO] [stderr]    Compiling staging-xcm-executor v5.0.0
[INFO] [stderr]    Compiling pallet-staking v26.0.1
[INFO] [stderr]    Compiling pallet-babe v26.0.0
[INFO] [stderr]    Compiling pallet-authority-discovery v26.0.0
[INFO] [stderr]    Compiling polkadot-runtime-parachains v5.0.0 (/opt/rustwide/workdir)
[INFO] [stdout] warning: unused implementer of `frame_support::traits::Imbalance` that must be used
[INFO] [stdout]    --> src/assigner_on_demand/mod.rs:340:3
[INFO] [stdout]     |
[INFO] [stdout] 340 |         T::Currency::withdraw(&sender, spot_price, WithdrawReasons::FEE, existence_requirement)?;
[INFO] [stdout]     |         ^^^^^^^^^^^^^^^^^^^^^^^^^^^^^^^^^^^^^^^^^^^^^^^^^^^^^^^^^^^^^^^^^^^^^^^^^^^^^^^^^^^^^^^^
[INFO] [stdout]     |
[INFO] [stdout]     = note: `#[warn(unused_must_use)]` on by default
[INFO] [stdout] 
[INFO] [stdout] 
[INFO] [stdout] warning: 1 warning emitted
[INFO] [stdout] 
[INFO] [stdout] 
[INFO] [stderr]     Finished dev [unoptimized + debuginfo] target(s) in 1m 19s
[INFO] running `Command { std: "docker" "inspect" "97d3e6c15ee58386bc2188b76677bbf90824f5828d35dca1fcd2cef6a5cab3d2", kill_on_drop: false }`
[INFO] running `Command { std: "docker" "rm" "-f" "97d3e6c15ee58386bc2188b76677bbf90824f5828d35dca1fcd2cef6a5cab3d2", kill_on_drop: false }`
[INFO] [stdout] 97d3e6c15ee58386bc2188b76677bbf90824f5828d35dca1fcd2cef6a5cab3d2
[INFO] running `Command { std: "docker" "create" "-v" "/var/lib/crater-agent-workspace/builds/worker-0-tc2/target:/opt/rustwide/target:rw,Z" "-v" "/var/lib/crater-agent-workspace/builds/worker-0-tc2/source:/opt/rustwide/workdir:ro,Z" "-v" "/var/lib/crater-agent-workspace/cargo-home:/opt/rustwide/cargo-home:ro,Z" "-v" "/var/lib/crater-agent-workspace/rustup-home:/opt/rustwide/rustup-home:ro,Z" "-e" "SOURCE_DIR=/opt/rustwide/workdir" "-e" "CARGO_TARGET_DIR=/opt/rustwide/target" "-e" "CARGO_INCREMENTAL=0" "-e" "RUST_BACKTRACE=full" "-e" "RUSTFLAGS=--cap-lints=warn" "-e" "RUSTDOCFLAGS=--cap-lints=warn" "-e" "CARGO_HOME=/opt/rustwide/cargo-home" "-e" "RUSTUP_HOME=/opt/rustwide/rustup-home" "-w" "/opt/rustwide/workdir" "-m" "1610612736" "--user" "0:0" "--network" "none" "ghcr.io/rust-lang/crates-build-env/linux@sha256:2788e3201cd34a07e3172128adcd8b3090168a8e3bcc40d7c032b9dda1df7d1c" "/opt/rustwide/cargo-home/bin/cargo" "+beta-2023-12-22" "test" "--frozen" "--no-run" "--message-format=json", kill_on_drop: false }`
[INFO] [stdout] 325252aa3120ac707db3ecd2fb15590d7ed28219b57cc780872bf8922111b007
[INFO] running `Command { std: "docker" "start" "-a" "325252aa3120ac707db3ecd2fb15590d7ed28219b57cc780872bf8922111b007", kill_on_drop: false }`
[INFO] [stderr]    Compiling assert_matches v1.5.0
[INFO] [stderr]    Compiling thousands v0.2.0
[INFO] [stdout] warning: unused implementer of `frame_support::traits::Imbalance` that must be used
[INFO] [stdout]    --> src/assigner_on_demand/mod.rs:340:3
[INFO] [stdout]     |
[INFO] [stdout] 340 |         T::Currency::withdraw(&sender, spot_price, WithdrawReasons::FEE, existence_requirement)?;
[INFO] [stdout]     |         ^^^^^^^^^^^^^^^^^^^^^^^^^^^^^^^^^^^^^^^^^^^^^^^^^^^^^^^^^^^^^^^^^^^^^^^^^^^^^^^^^^^^^^^^
[INFO] [stdout]     |
[INFO] [stdout]     = note: `#[warn(unused_must_use)]` on by default
[INFO] [stdout] 
[INFO] [stdout] 
[INFO] [stdout] warning: 1 warning emitted
[INFO] [stdout] 
[INFO] [stdout] 
[INFO] [stderr]    Compiling polkadot-runtime-parachains v5.0.0 (/opt/rustwide/workdir)
[INFO] [stdout] error[E0432]: unresolved import `keyring`
[INFO] [stdout]   --> src/inclusion/tests.rs:36:5
[INFO] [stdout]    |
[INFO] [stdout] 36 | use keyring::Sr25519Keyring;
[INFO] [stdout]    |     ^^^^^^^ use of undeclared crate or module `keyring`
[INFO] [stdout] 
[INFO] [stdout] 
[INFO] [stdout] error[E0432]: unresolved import `sc_keystore`
[INFO] [stdout]   --> src/inclusion/tests.rs:43:5
[INFO] [stdout]    |
[INFO] [stdout] 43 | use sc_keystore::LocalKeystore;
[INFO] [stdout]    |     ^^^^^^^^^^^ use of undeclared crate or module `sc_keystore`
[INFO] [stdout]    |
[INFO] [stdout] help: there is a crate or module with a similar name
[INFO] [stdout]    |
[INFO] [stdout] 43 | use sp_keystore::LocalKeystore;
[INFO] [stdout]    |     ~~~~~~~~~~~
[INFO] [stdout] 
[INFO] [stdout] 
[INFO] [stdout] error[E0432]: unresolved import `test_helpers`
[INFO] [stdout]   --> src/inclusion/tests.rs:46:5
[INFO] [stdout]    |
[INFO] [stdout] 46 | use test_helpers::{dummy_collator, dummy_collator_signature, dummy_validation_code};
[INFO] [stdout]    |     ^^^^^^^^^^^^ use of undeclared crate or module `test_helpers`
[INFO] [stdout] 
[INFO] [stdout] 
[INFO] [stdout] error[E0432]: unresolved import `keyring`
[INFO] [stdout]   --> src/session_info/tests.rs:27:5
[INFO] [stdout]    |
[INFO] [stdout] 27 | use keyring::Sr25519Keyring;
[INFO] [stdout]    |     ^^^^^^^ use of undeclared crate or module `keyring`
[INFO] [stdout] 
[INFO] [stdout] 
[INFO] [stdout] error[E0432]: unresolved import `keyring`
[INFO] [stdout]   --> src/shared/tests.rs:23:5
[INFO] [stdout]    |
[INFO] [stdout] 23 | use keyring::Sr25519Keyring;
[INFO] [stdout]    |     ^^^^^^^ use of undeclared crate or module `keyring`
[INFO] [stdout] 
[INFO] [stdout] 
[INFO] [stdout] error[E0432]: unresolved import `test_helpers`
[INFO] [stdout]   --> src/shared/tests.rs:25:5
[INFO] [stdout]    |
[INFO] [stdout] 25 | use test_helpers::validator_pubkeys;
[INFO] [stdout]    |     ^^^^^^^^^^^^ use of undeclared crate or module `test_helpers`
[INFO] [stdout] 
[INFO] [stdout] 
[INFO] [stdout] error[E0432]: unresolved import `test_helpers`
[INFO] [stdout]   --> src/initializer/tests.rs:23:5
[INFO] [stdout]    |
[INFO] [stdout] 23 | use test_helpers::dummy_validation_code;
[INFO] [stdout]    |     ^^^^^^^^^^^^ use of undeclared crate or module `test_helpers`
[INFO] [stdout] 
[INFO] [stdout] 
[INFO] [stdout] error[E0432]: unresolved import `keyring`
[INFO] [stdout]    --> src/paras_inherent/tests.rs:965:6
[INFO] [stdout]     |
[INFO] [stdout] 965 |     use keyring::Sr25519Keyring;
[INFO] [stdout]     |         ^^^^^^^ use of undeclared crate or module `keyring`
[INFO] [stdout] 
[INFO] [stdout] 
[INFO] [stdout] error[E0432]: unresolved import `sc_keystore`
[INFO] [stdout]    --> src/paras_inherent/tests.rs:967:6
[INFO] [stdout]     |
[INFO] [stdout] 967 |     use sc_keystore::LocalKeystore;
[INFO] [stdout]     |         ^^^^^^^^^^^ use of undeclared crate or module `sc_keystore`
[INFO] [stdout]     |
[INFO] [stdout] help: there is a crate or module with a similar name
[INFO] [stdout]     |
[INFO] [stdout] 967 |     use sp_keystore::LocalKeystore;
[INFO] [stdout]     |         ~~~~~~~~~~~
[INFO] [stdout] 
[INFO] [stdout] 
[INFO] [stdout] error[E0432]: unresolved import `keyring`
[INFO] [stdout]   --> src/paras/tests.rs:19:5
[INFO] [stdout]    |
[INFO] [stdout] 19 | use keyring::Sr25519Keyring;
[INFO] [stdout]    |     ^^^^^^^ use of undeclared crate or module `keyring`
[INFO] [stdout] 
[INFO] [stdout] 
[INFO] [stdout] error[E0432]: unresolved import `sc_keystore`
[INFO] [stdout]   --> src/paras/tests.rs:21:5
[INFO] [stdout]    |
[INFO] [stdout] 21 | use sc_keystore::LocalKeystore;
[INFO] [stdout]    |     ^^^^^^^^^^^ use of undeclared crate or module `sc_keystore`
[INFO] [stdout]    |
[INFO] [stdout] help: there is a crate or module with a similar name
[INFO] [stdout]    |
[INFO] [stdout] 21 | use sp_keystore::LocalKeystore;
[INFO] [stdout]    |     ~~~~~~~~~~~
[INFO] [stdout] 
[INFO] [stdout] 
[INFO] [stdout] error[E0432]: unresolved import `test_helpers`
[INFO] [stdout]   --> src/paras/tests.rs:24:5
[INFO] [stdout]    |
[INFO] [stdout] 24 | use test_helpers::{dummy_head_data, dummy_validation_code, validator_pubkeys};
[INFO] [stdout]    |     ^^^^^^^^^^^^ use of undeclared crate or module `test_helpers`
[INFO] [stdout] 
[INFO] [stdout] 
[INFO] [stdout] error[E0432]: unresolved import `keyring`
[INFO] [stdout]   --> src/scheduler/tests.rs:20:5
[INFO] [stdout]    |
[INFO] [stdout] 20 | use keyring::Sr25519Keyring;
[INFO] [stdout]    |     ^^^^^^^ use of undeclared crate or module `keyring`
[INFO] [stdout] 
[INFO] [stdout] 
[INFO] [stdout] error[E0432]: unresolved import `frame_support_test`
[INFO] [stdout]   --> src/mock.rs:34:5
[INFO] [stdout]    |
[INFO] [stdout] 34 | use frame_support_test::TestRandomness;
[INFO] [stdout]    |     ^^^^^^^^^^^^^^^^^^ use of undeclared crate or module `frame_support_test`
[INFO] [stdout]    |
[INFO] [stdout] help: there is a crate or module with a similar name
[INFO] [stdout]    |
[INFO] [stdout] 34 | use frame_support::TestRandomness;
[INFO] [stdout]    |     ~~~~~~~~~~~~~
[INFO] [stdout] 
[INFO] [stdout] 
[INFO] [stdout] error[E0433]: failed to resolve: use of undeclared crate or module `keyring`
[INFO] [stdout]    --> src/paras_inherent/tests.rs:988:4
[INFO] [stdout]     |
[INFO] [stdout] 988 |             keyring::Sr25519Keyring::Alice,
[INFO] [stdout]     |             ^^^^^^^ use of undeclared crate or module `keyring`
[INFO] [stdout] 
[INFO] [stdout] 
[INFO] [stdout] error[E0433]: failed to resolve: use of undeclared crate or module `keyring`
[INFO] [stdout]    --> src/paras_inherent/tests.rs:989:4
[INFO] [stdout]     |
[INFO] [stdout] 989 |             keyring::Sr25519Keyring::Bob,
[INFO] [stdout]     |             ^^^^^^^ use of undeclared crate or module `keyring`
[INFO] [stdout] 
[INFO] [stdout] 
[INFO] [stdout] error[E0433]: failed to resolve: use of undeclared crate or module `keyring`
[INFO] [stdout]    --> src/paras_inherent/tests.rs:990:4
[INFO] [stdout]     |
[INFO] [stdout] 990 |             keyring::Sr25519Keyring::Charlie,
[INFO] [stdout]     |             ^^^^^^^ use of undeclared crate or module `keyring`
[INFO] [stdout] 
[INFO] [stdout] 
[INFO] [stdout] error[E0433]: failed to resolve: use of undeclared crate or module `keyring`
[INFO] [stdout]    --> src/paras_inherent/tests.rs:991:4
[INFO] [stdout]     |
[INFO] [stdout] 991 |             keyring::Sr25519Keyring::Dave,
[INFO] [stdout]     |             ^^^^^^^ use of undeclared crate or module `keyring`
[INFO] [stdout] 
[INFO] [stdout] 
[INFO] [stdout] error[E0433]: failed to resolve: use of undeclared crate or module `keyring`
[INFO] [stdout]     --> src/paras_inherent/tests.rs:1230:5
[INFO] [stdout]      |
[INFO] [stdout] 1230 |                 keyring::Sr25519Keyring::Alice,
[INFO] [stdout]      |                 ^^^^^^^ use of undeclared crate or module `keyring`
[INFO] [stdout] 
[INFO] [stdout] 
[INFO] [stdout] error[E0433]: failed to resolve: use of undeclared crate or module `keyring`
[INFO] [stdout]     --> src/paras_inherent/tests.rs:1231:5
[INFO] [stdout]      |
[INFO] [stdout] 1231 |                 keyring::Sr25519Keyring::Bob,
[INFO] [stdout]      |                 ^^^^^^^ use of undeclared crate or module `keyring`
[INFO] [stdout] 
[INFO] [stdout] 
[INFO] [stdout] error[E0433]: failed to resolve: use of undeclared crate or module `keyring`
[INFO] [stdout]     --> src/paras_inherent/tests.rs:1232:5
[INFO] [stdout]      |
[INFO] [stdout] 1232 |                 keyring::Sr25519Keyring::Charlie,
[INFO] [stdout]      |                 ^^^^^^^ use of undeclared crate or module `keyring`
[INFO] [stdout] 
[INFO] [stdout] 
[INFO] [stdout] error[E0433]: failed to resolve: use of undeclared crate or module `keyring`
[INFO] [stdout]     --> src/paras_inherent/tests.rs:1233:5
[INFO] [stdout]      |
[INFO] [stdout] 1233 |                 keyring::Sr25519Keyring::Dave,
[INFO] [stdout]      |                 ^^^^^^^ use of undeclared crate or module `keyring`
[INFO] [stdout] 
[INFO] [stdout] 
[INFO] [stdout] error[E0433]: failed to resolve: use of undeclared crate or module `sp_tracing`
[INFO] [stdout]    --> src/paras_inherent/tests.rs:298:3
[INFO] [stdout]     |
[INFO] [stdout] 298 |         sp_tracing::try_init_simple();
[INFO] [stdout]     |         ^^^^^^^^^^ use of undeclared crate or module `sp_tracing`
[INFO] [stdout]     |
[INFO] [stdout] help: there is a crate or module with a similar name
[INFO] [stdout]     |
[INFO] [stdout] 298 |         sp_staking::try_init_simple();
[INFO] [stdout]     |         ~~~~~~~~~~
[INFO] [stdout] help: consider importing this crate
[INFO] [stdout]     |
[INFO] [stdout] 25  +     use frame_support::__private::sp_tracing;
[INFO] [stdout]     |
[INFO] [stdout] 
[INFO] [stdout] 
[INFO] [stdout] error[E0433]: failed to resolve: use of undeclared crate or module `sp_tracing`
[INFO] [stdout]    --> src/mock.rs:507:2
[INFO] [stdout]     |
[INFO] [stdout] 507 |     sp_tracing::try_init_simple();
[INFO] [stdout]     |     ^^^^^^^^^^ use of undeclared crate or module `sp_tracing`
[INFO] [stdout]     |
[INFO] [stdout] help: there is a crate or module with a similar name
[INFO] [stdout]     |
[INFO] [stdout] 507 |     sp_staking::try_init_simple();
[INFO] [stdout]     |     ~~~~~~~~~~
[INFO] [stdout] help: consider importing one of these items
[INFO] [stdout]     |
[INFO] [stdout] 19  + use crate::mock::sp_api_hidden_includes_construct_runtime::hidden_include::__private::sp_tracing;
[INFO] [stdout]     |
[INFO] [stdout] 19  + use frame_support::__private::sp_tracing;
[INFO] [stdout]     |
[INFO] [stdout] 
[INFO] [stdout] 
[INFO] [stdout] error[E0433]: failed to resolve: use of undeclared crate or module `keyring`
[INFO] [stdout]    --> src/paras_inherent/tests.rs:971:34
[INFO] [stdout]     |
[INFO] [stdout] 971 |     fn validator_pubkeys(val_ids: &[keyring::Sr25519Keyring]) -> Vec<ValidatorId> {
[INFO] [stdout]     |                                     ^^^^^^^ use of undeclared crate or module `keyring`
[INFO] [stdout] 
[INFO] [stdout] 
[INFO] [stdout] error: aborting due to 25 previous errors
[INFO] [stdout] 
[INFO] [stdout] 
[INFO] [stdout] Some errors have detailed explanations: E0432, E0433.
[INFO] [stdout] 
[INFO] [stdout] For more information about an error, try `rustc --explain E0432`.
[INFO] [stdout] 
[INFO] [stderr] error: could not compile `polkadot-runtime-parachains` (lib test) due to 26 previous errors
[INFO] running `Command { std: "docker" "inspect" "325252aa3120ac707db3ecd2fb15590d7ed28219b57cc780872bf8922111b007", kill_on_drop: false }`
[INFO] running `Command { std: "docker" "rm" "-f" "325252aa3120ac707db3ecd2fb15590d7ed28219b57cc780872bf8922111b007", kill_on_drop: false }`
[INFO] [stdout] 325252aa3120ac707db3ecd2fb15590d7ed28219b57cc780872bf8922111b007
