[INFO] fetching crate poem-proxy 0.2.0...
[INFO] testing poem-proxy-0.2.0 against 1.75.0 for beta-1.76-1
[INFO] extracting crate poem-proxy 0.2.0 into /workspace/builds/worker-5-tc1/source
[INFO] validating manifest of crates.io crate poem-proxy 0.2.0 on toolchain 1.75.0
[INFO] running `Command { std: CARGO_HOME="/workspace/cargo-home" RUSTUP_HOME="/workspace/rustup-home" "/workspace/cargo-home/bin/cargo" "+1.75.0" "metadata" "--manifest-path" "Cargo.toml" "--no-deps", kill_on_drop: false }`
[INFO] started tweaking crates.io crate poem-proxy 0.2.0
[INFO] finished tweaking crates.io crate poem-proxy 0.2.0
[INFO] tweaked toml for crates.io crate poem-proxy 0.2.0 written to /workspace/builds/worker-5-tc1/source/Cargo.toml
[INFO] running `Command { std: CARGO_HOME="/workspace/cargo-home" RUSTUP_HOME="/workspace/rustup-home" "/workspace/cargo-home/bin/cargo" "+1.75.0" "generate-lockfile" "--manifest-path" "Cargo.toml", kill_on_drop: false }`
[INFO] [stderr]     Updating crates.io index
[INFO] running `Command { std: CARGO_HOME="/workspace/cargo-home" RUSTUP_HOME="/workspace/rustup-home" "/workspace/cargo-home/bin/cargo" "+1.75.0" "fetch" "--manifest-path" "Cargo.toml", kill_on_drop: false }`
[INFO] running `Command { std: "docker" "create" "-v" "/var/lib/crater-agent-workspace/builds/worker-5-tc1/target:/opt/rustwide/target:rw,Z" "-v" "/var/lib/crater-agent-workspace/builds/worker-5-tc1/source:/opt/rustwide/workdir:ro,Z" "-v" "/var/lib/crater-agent-workspace/cargo-home:/opt/rustwide/cargo-home:ro,Z" "-v" "/var/lib/crater-agent-workspace/rustup-home:/opt/rustwide/rustup-home:ro,Z" "-e" "SOURCE_DIR=/opt/rustwide/workdir" "-e" "CARGO_TARGET_DIR=/opt/rustwide/target" "-e" "CARGO_HOME=/opt/rustwide/cargo-home" "-e" "RUSTUP_HOME=/opt/rustwide/rustup-home" "-w" "/opt/rustwide/workdir" "-m" "1610612736" "--user" "0:0" "--network" "none" "ghcr.io/rust-lang/crates-build-env/linux@sha256:2788e3201cd34a07e3172128adcd8b3090168a8e3bcc40d7c032b9dda1df7d1c" "/opt/rustwide/cargo-home/bin/cargo" "+1.75.0" "metadata" "--no-deps" "--format-version=1", kill_on_drop: false }`
[INFO] [stdout] ed507964a2a2ac909ee5d2dd5d89fa8a45658c4b9c89216dd9d69d4d2e16b913
[INFO] running `Command { std: "docker" "start" "-a" "ed507964a2a2ac909ee5d2dd5d89fa8a45658c4b9c89216dd9d69d4d2e16b913", kill_on_drop: false }`
[INFO] running `Command { std: "docker" "inspect" "ed507964a2a2ac909ee5d2dd5d89fa8a45658c4b9c89216dd9d69d4d2e16b913", kill_on_drop: false }`
[INFO] running `Command { std: "docker" "rm" "-f" "ed507964a2a2ac909ee5d2dd5d89fa8a45658c4b9c89216dd9d69d4d2e16b913", kill_on_drop: false }`
[INFO] [stdout] ed507964a2a2ac909ee5d2dd5d89fa8a45658c4b9c89216dd9d69d4d2e16b913
[INFO] running `Command { std: "docker" "create" "-v" "/var/lib/crater-agent-workspace/builds/worker-5-tc1/target:/opt/rustwide/target:rw,Z" "-v" "/var/lib/crater-agent-workspace/builds/worker-5-tc1/source:/opt/rustwide/workdir:ro,Z" "-v" "/var/lib/crater-agent-workspace/cargo-home:/opt/rustwide/cargo-home:ro,Z" "-v" "/var/lib/crater-agent-workspace/rustup-home:/opt/rustwide/rustup-home:ro,Z" "-e" "SOURCE_DIR=/opt/rustwide/workdir" "-e" "CARGO_TARGET_DIR=/opt/rustwide/target" "-e" "CARGO_INCREMENTAL=0" "-e" "RUST_BACKTRACE=full" "-e" "RUSTFLAGS=--cap-lints=warn" "-e" "RUSTDOCFLAGS=--cap-lints=warn" "-e" "CARGO_HOME=/opt/rustwide/cargo-home" "-e" "RUSTUP_HOME=/opt/rustwide/rustup-home" "-w" "/opt/rustwide/workdir" "-m" "1610612736" "--user" "0:0" "--network" "none" "ghcr.io/rust-lang/crates-build-env/linux@sha256:2788e3201cd34a07e3172128adcd8b3090168a8e3bcc40d7c032b9dda1df7d1c" "/opt/rustwide/cargo-home/bin/cargo" "+1.75.0" "build" "--frozen" "--message-format=json", kill_on_drop: false }`
[INFO] [stdout] a140760f3e88f27582363562b02031f4ef38105bc91a8e5ff1062892bedd8e70
[INFO] running `Command { std: "docker" "start" "-a" "a140760f3e88f27582363562b02031f4ef38105bc91a8e5ff1062892bedd8e70", kill_on_drop: false }`
[INFO] [stderr]    Compiling libc v0.2.151
[INFO] [stderr]    Compiling version_check v0.9.4
[INFO] [stderr]    Compiling bytes v1.5.0
[INFO] [stderr]    Compiling autocfg v1.1.0
[INFO] [stderr]    Compiling typenum v1.17.0
[INFO] [stderr]    Compiling fnv v1.0.7
[INFO] [stderr]    Compiling syn v2.0.48
[INFO] [stderr]    Compiling pin-project-lite v0.2.13
[INFO] [stderr]    Compiling futures-core v0.3.30
[INFO] [stderr]    Compiling pkg-config v0.3.28
[INFO] [stderr]    Compiling generic-array v0.14.7
[INFO] [stderr]    Compiling http v0.2.11
[INFO] [stderr]    Compiling slab v0.4.9
[INFO] [stderr]    Compiling httparse v1.8.0
[INFO] [stderr]    Compiling vcpkg v0.2.15
[INFO] [stderr]    Compiling hashbrown v0.14.3
[INFO] [stderr]    Compiling equivalent v1.0.1
[INFO] [stderr]    Compiling futures-sink v0.3.30
[INFO] [stderr]    Compiling cc v1.0.83
[INFO] [stderr]    Compiling indexmap v2.1.0
[INFO] [stderr]    Compiling futures-task v0.3.30
[INFO] [stderr]    Compiling cpufeatures v0.2.12
[INFO] [stderr]    Compiling pin-utils v0.1.0
[INFO] [stderr]    Compiling tracing-core v0.1.32
[INFO] [stderr]    Compiling ppv-lite86 v0.2.17
[INFO] [stderr]    Compiling mio v0.8.10
[INFO] [stderr]    Compiling socket2 v0.5.5
[INFO] [stderr]    Compiling getrandom v0.2.11
[INFO] [stderr]    Compiling block-buffer v0.10.4
[INFO] [stderr]    Compiling crypto-common v0.1.6
[INFO] [stderr]    Compiling digest v0.10.7
[INFO] [stderr]    Compiling rand_core v0.6.4
[INFO] [stderr]    Compiling bitflags v2.4.1
[INFO] [stderr]    Compiling url v2.5.0
[INFO] [stderr]    Compiling rand_chacha v0.3.1
[INFO] [stderr]    Compiling openssl v0.10.62
[INFO] [stderr]    Compiling openssl-sys v0.9.98
[INFO] [stderr]    Compiling foreign-types-shared v0.1.1
[INFO] [stderr]    Compiling foreign-types v0.3.2
[INFO] [stderr]    Compiling rand v0.8.5
[INFO] [stderr]    Compiling byteorder v1.5.0
[INFO] [stderr]    Compiling native-tls v0.2.11
[INFO] [stderr]    Compiling httpdate v1.0.3
[INFO] [stderr]    Compiling utf-8 v0.7.6
[INFO] [stderr]    Compiling try-lock v0.2.5
[INFO] [stderr]    Compiling want v0.3.1
[INFO] [stderr]    Compiling sha1 v0.10.6
[INFO] [stderr]    Compiling http-body v0.4.6
[INFO] [stderr]    Compiling lock_api v0.4.11
[INFO] [stderr]    Compiling uncased v0.9.9
[INFO] [stderr]    Compiling futures-channel v0.3.30
[INFO] [stderr]    Compiling toml_datetime v0.6.3
[INFO] [stderr]    Compiling tower-service v0.3.2
[INFO] [stderr]    Compiling winnow v0.5.32
[INFO] [stderr]    Compiling openssl-probe v0.1.5
[INFO] [stderr]    Compiling parking_lot_core v0.9.9
[INFO] [stderr]    Compiling scopeguard v1.2.0
[INFO] [stderr]    Compiling mime v0.3.17
[INFO] [stderr]    Compiling base64 v0.21.5
[INFO] [stderr]    Compiling data-encoding v2.5.0
[INFO] [stderr]    Compiling async-trait v0.1.77
[INFO] [stderr]    Compiling regex-syntax v0.8.2
[INFO] [stderr]    Compiling sha-1 v0.10.1
[INFO] [stderr]    Compiling headers-core v0.2.0
[INFO] [stderr]    Compiling base64 v0.13.1
[INFO] [stderr]    Compiling headers v0.3.9
[INFO] [stderr]    Compiling parking_lot v0.12.1
[INFO] [stderr]    Compiling rfc7239 v0.1.0
[INFO] [stderr]    Compiling nix v0.27.1
[INFO] [stderr]    Compiling encoding_rs v0.8.33
[INFO] [stderr]    Compiling wildmatch v2.3.0
[INFO] [stderr]    Compiling ipnet v2.9.0
[INFO] [stderr]    Compiling toml_edit v0.20.2
[INFO] [stderr]    Compiling regex-automata v0.4.3
[INFO] [stderr]    Compiling tokio-macros v2.2.0
[INFO] [stderr]    Compiling futures-macro v0.3.30
[INFO] [stderr]    Compiling tracing-attributes v0.1.27
[INFO] [stderr]    Compiling thiserror-impl v1.0.56
[INFO] [stderr]    Compiling serde_derive v1.0.194
[INFO] [stderr]    Compiling tokio v1.35.1
[INFO] [stderr]    Compiling futures-util v0.3.30
[INFO] [stderr]    Compiling openssl-macros v0.1.1
[INFO] [stderr]    Compiling thiserror v1.0.56
[INFO] [stderr]    Compiling tungstenite v0.20.1
[INFO] [stderr]    Compiling tracing v0.1.40
[INFO] [stderr]    Compiling proc-macro-crate v2.0.1
[INFO] [stderr]    Compiling regex v1.10.2
[INFO] [stderr]    Compiling poem-derive v1.3.59
[INFO] [stderr]    Compiling tungstenite v0.17.3
[INFO] [stderr]    Compiling tokio-util v0.7.10
[INFO] [stderr]    Compiling tokio-tungstenite v0.20.1
[INFO] [stderr]    Compiling tokio-tungstenite v0.17.2
[INFO] [stderr]    Compiling serde v1.0.194
[INFO] [stderr]    Compiling h2 v0.3.22
[INFO] [stderr]    Compiling tokio-native-tls v0.3.1
[INFO] [stderr]    Compiling hyper v0.14.28
[INFO] [stderr]    Compiling serde_urlencoded v0.7.1
[INFO] [stderr]    Compiling serde_json v1.0.111
[INFO] [stderr]    Compiling hyper-tls v0.5.0
[INFO] [stderr]    Compiling poem v1.3.59
[INFO] [stderr]    Compiling reqwest v0.11.23
[INFO] [stderr]    Compiling poem-proxy v0.2.0 (/opt/rustwide/workdir)
[INFO] [stdout] error[E0277]: the trait bound `tokio_tungstenite::tungstenite::Message: From<poem::web::websocket::Message>` is not satisfied
[INFO] [stdout]    --> src/lib.rs:295:52
[INFO] [stdout]     |
[INFO] [stdout] 295 |                         match serversink.send( msg.into() ).await { 
[INFO] [stdout]     |                                                    ^^^^ the trait `From<poem::web::websocket::Message>` is not implemented for `tokio_tungstenite::tungstenite::Message`
[INFO] [stdout]     |
[INFO] [stdout]     = help: the following other types implement trait `From<T>`:
[INFO] [stdout]               <tokio_tungstenite::tungstenite::Message as From<Vec<u8>>>
[INFO] [stdout]               <tokio_tungstenite::tungstenite::Message as From<String>>
[INFO] [stdout]               <tokio_tungstenite::tungstenite::Message as From<&'s str>>
[INFO] [stdout]               <tokio_tungstenite::tungstenite::Message as From<&'b [u8]>>
[INFO] [stdout]     = note: required for `poem::web::websocket::Message` to implement `Into<tokio_tungstenite::tungstenite::Message>`
[INFO] [stdout] 
[INFO] [stdout] 
[INFO] [stdout] error[E0277]: the trait bound `poem::web::websocket::Message: From<tokio_tungstenite::tungstenite::Message>` is not satisfied
[INFO] [stdout]    --> src/lib.rs:315:52
[INFO] [stdout]     |
[INFO] [stdout] 315 |                         match clientsink.send( msg.into() ).await {
[INFO] [stdout]     |                                                    ^^^^ the trait `From<tokio_tungstenite::tungstenite::Message>` is not implemented for `poem::web::websocket::Message`
[INFO] [stdout]     |
[INFO] [stdout]     = help: the trait `From<tungstenite::protocol::message::Message>` is implemented for `poem::web::websocket::Message`
[INFO] [stdout]     = help: for that trait implementation, expected `tungstenite::protocol::message::Message`, found `tokio_tungstenite::tungstenite::Message`
[INFO] [stdout]     = note: required for `tokio_tungstenite::tungstenite::Message` to implement `Into<poem::web::websocket::Message>`
[INFO] [stdout] 
[INFO] [stdout] 
[INFO] [stdout] error: aborting due to 2 previous errors
[INFO] [stdout] 
[INFO] [stdout] 
[INFO] [stdout] For more information about this error, try `rustc --explain E0277`.
[INFO] [stdout] 
[INFO] [stderr] error: could not compile `poem-proxy` (lib) due to 3 previous errors
[INFO] [stderr] warning: build failed, waiting for other jobs to finish...
[INFO] running `Command { std: "docker" "inspect" "a140760f3e88f27582363562b02031f4ef38105bc91a8e5ff1062892bedd8e70", kill_on_drop: false }`
[INFO] running `Command { std: "docker" "rm" "-f" "a140760f3e88f27582363562b02031f4ef38105bc91a8e5ff1062892bedd8e70", kill_on_drop: false }`
[INFO] [stdout] a140760f3e88f27582363562b02031f4ef38105bc91a8e5ff1062892bedd8e70
[INFO] testing poem-proxy-0.2.0 against beta-2023-12-22 for beta-1.76-1
[INFO] extracting crate poem-proxy 0.2.0 into /workspace/builds/worker-5-tc2/source
[INFO] validating manifest of crates.io crate poem-proxy 0.2.0 on toolchain beta-2023-12-22
[INFO] running `Command { std: CARGO_HOME="/workspace/cargo-home" RUSTUP_HOME="/workspace/rustup-home" "/workspace/cargo-home/bin/cargo" "+beta-2023-12-22" "metadata" "--manifest-path" "Cargo.toml" "--no-deps", kill_on_drop: false }`
[INFO] started tweaking crates.io crate poem-proxy 0.2.0
[INFO] finished tweaking crates.io crate poem-proxy 0.2.0
[INFO] tweaked toml for crates.io crate poem-proxy 0.2.0 written to /workspace/builds/worker-5-tc2/source/Cargo.toml
[INFO] running `Command { std: CARGO_HOME="/workspace/cargo-home" RUSTUP_HOME="/workspace/rustup-home" "/workspace/cargo-home/bin/cargo" "+beta-2023-12-22" "generate-lockfile" "--manifest-path" "Cargo.toml", kill_on_drop: false }`
[INFO] [stderr]     Updating crates.io index
[INFO] running `Command { std: CARGO_HOME="/workspace/cargo-home" RUSTUP_HOME="/workspace/rustup-home" "/workspace/cargo-home/bin/cargo" "+beta-2023-12-22" "fetch" "--manifest-path" "Cargo.toml", kill_on_drop: false }`
[INFO] [stderr]     Blocking waiting for file lock on package cache
[INFO] [stderr]     Blocking waiting for file lock on package cache
[INFO] running `Command { std: "docker" "create" "-v" "/var/lib/crater-agent-workspace/builds/worker-5-tc2/target:/opt/rustwide/target:rw,Z" "-v" "/var/lib/crater-agent-workspace/builds/worker-5-tc2/source:/opt/rustwide/workdir:ro,Z" "-v" "/var/lib/crater-agent-workspace/cargo-home:/opt/rustwide/cargo-home:ro,Z" "-v" "/var/lib/crater-agent-workspace/rustup-home:/opt/rustwide/rustup-home:ro,Z" "-e" "SOURCE_DIR=/opt/rustwide/workdir" "-e" "CARGO_TARGET_DIR=/opt/rustwide/target" "-e" "CARGO_HOME=/opt/rustwide/cargo-home" "-e" "RUSTUP_HOME=/opt/rustwide/rustup-home" "-w" "/opt/rustwide/workdir" "-m" "1610612736" "--user" "0:0" "--network" "none" "ghcr.io/rust-lang/crates-build-env/linux@sha256:2788e3201cd34a07e3172128adcd8b3090168a8e3bcc40d7c032b9dda1df7d1c" "/opt/rustwide/cargo-home/bin/cargo" "+beta-2023-12-22" "metadata" "--no-deps" "--format-version=1", kill_on_drop: false }`
[INFO] [stdout] b2f0855498280db93bbd51c6451cc14257e33ace10cfc3af9e08c00c40f01a71
[INFO] running `Command { std: "docker" "start" "-a" "b2f0855498280db93bbd51c6451cc14257e33ace10cfc3af9e08c00c40f01a71", kill_on_drop: false }`
[INFO] running `Command { std: "docker" "inspect" "b2f0855498280db93bbd51c6451cc14257e33ace10cfc3af9e08c00c40f01a71", kill_on_drop: false }`
[INFO] running `Command { std: "docker" "rm" "-f" "b2f0855498280db93bbd51c6451cc14257e33ace10cfc3af9e08c00c40f01a71", kill_on_drop: false }`
[INFO] [stdout] b2f0855498280db93bbd51c6451cc14257e33ace10cfc3af9e08c00c40f01a71
[INFO] running `Command { std: "docker" "create" "-v" "/var/lib/crater-agent-workspace/builds/worker-5-tc2/target:/opt/rustwide/target:rw,Z" "-v" "/var/lib/crater-agent-workspace/builds/worker-5-tc2/source:/opt/rustwide/workdir:ro,Z" "-v" "/var/lib/crater-agent-workspace/cargo-home:/opt/rustwide/cargo-home:ro,Z" "-v" "/var/lib/crater-agent-workspace/rustup-home:/opt/rustwide/rustup-home:ro,Z" "-e" "SOURCE_DIR=/opt/rustwide/workdir" "-e" "CARGO_TARGET_DIR=/opt/rustwide/target" "-e" "CARGO_INCREMENTAL=0" "-e" "RUST_BACKTRACE=full" "-e" "RUSTFLAGS=--cap-lints=warn" "-e" "RUSTDOCFLAGS=--cap-lints=warn" "-e" "CARGO_HOME=/opt/rustwide/cargo-home" "-e" "RUSTUP_HOME=/opt/rustwide/rustup-home" "-w" "/opt/rustwide/workdir" "-m" "1610612736" "--user" "0:0" "--network" "none" "ghcr.io/rust-lang/crates-build-env/linux@sha256:2788e3201cd34a07e3172128adcd8b3090168a8e3bcc40d7c032b9dda1df7d1c" "/opt/rustwide/cargo-home/bin/cargo" "+beta-2023-12-22" "build" "--frozen" "--message-format=json", kill_on_drop: false }`
[INFO] [stdout] 53bcf15d7f420f3e3f617e8ef0c05749685df676db723da579c84cb888d1096c
[INFO] running `Command { std: "docker" "start" "-a" "53bcf15d7f420f3e3f617e8ef0c05749685df676db723da579c84cb888d1096c", kill_on_drop: false }`
[INFO] [stderr]    Compiling libc v0.2.151
[INFO] [stderr]    Compiling version_check v0.9.4
[INFO] [stderr]    Compiling bytes v1.5.0
[INFO] [stderr]    Compiling autocfg v1.1.0
[INFO] [stderr]    Compiling typenum v1.17.0
[INFO] [stderr]    Compiling fnv v1.0.7
[INFO] [stderr]    Compiling syn v2.0.48
[INFO] [stderr]    Compiling pin-project-lite v0.2.13
[INFO] [stderr]    Compiling vcpkg v0.2.15
[INFO] [stderr]    Compiling generic-array v0.14.7
[INFO] [stderr]    Compiling http v0.2.11
[INFO] [stderr]    Compiling slab v0.4.9
[INFO] [stderr]    Compiling pkg-config v0.3.28
[INFO] [stderr]    Compiling futures-core v0.3.30
[INFO] [stderr]    Compiling httparse v1.8.0
[INFO] [stderr]    Compiling cc v1.0.83
[INFO] [stderr]    Compiling futures-sink v0.3.30
[INFO] [stderr]    Compiling hashbrown v0.14.3
[INFO] [stderr]    Compiling equivalent v1.0.1
[INFO] [stderr]    Compiling futures-task v0.3.30
[INFO] [stderr]    Compiling pin-utils v0.1.0
[INFO] [stderr]    Compiling cpufeatures v0.2.12
[INFO] [stderr]    Compiling tracing-core v0.1.32
[INFO] [stderr]    Compiling bitflags v2.4.1
[INFO] [stderr]    Compiling indexmap v2.1.0
[INFO] [stderr]    Compiling ppv-lite86 v0.2.17
[INFO] [stderr]    Compiling url v2.5.0
[INFO] [stderr]    Compiling mio v0.8.10
[INFO] [stderr]    Compiling socket2 v0.5.5
[INFO] [stderr]    Compiling openssl-sys v0.9.98
[INFO] [stderr]    Compiling crypto-common v0.1.6
[INFO] [stderr]    Compiling block-buffer v0.10.4
[INFO] [stderr]    Compiling getrandom v0.2.11
[INFO] [stderr]    Compiling digest v0.10.7
[INFO] [stderr]    Compiling foreign-types-shared v0.1.1
[INFO] [stderr]    Compiling rand_core v0.6.4
[INFO] [stderr]    Compiling openssl v0.10.62
[INFO] [stderr]    Compiling foreign-types v0.3.2
[INFO] [stderr]    Compiling try-lock v0.2.5
[INFO] [stderr]    Compiling rand_chacha v0.3.1
[INFO] [stderr]    Compiling httpdate v1.0.3
[INFO] [stderr]    Compiling utf-8 v0.7.6
[INFO] [stderr]    Compiling native-tls v0.2.11
[INFO] [stderr]    Compiling byteorder v1.5.0
[INFO] [stderr]    Compiling rand v0.8.5
[INFO] [stderr]    Compiling want v0.3.1
[INFO] [stderr]    Compiling sha1 v0.10.6
[INFO] [stderr]    Compiling http-body v0.4.6
[INFO] [stderr]    Compiling futures-channel v0.3.30
[INFO] [stderr]    Compiling lock_api v0.4.11
[INFO] [stderr]    Compiling uncased v0.9.9
[INFO] [stderr]    Compiling winnow v0.5.32
[INFO] [stderr]    Compiling toml_datetime v0.6.3
[INFO] [stderr]    Compiling parking_lot_core v0.9.9
[INFO] [stderr]    Compiling openssl-probe v0.1.5
[INFO] [stderr]    Compiling tower-service v0.3.2
[INFO] [stderr]    Compiling data-encoding v2.5.0
[INFO] [stderr]    Compiling mime v0.3.17
[INFO] [stderr]    Compiling base64 v0.21.5
[INFO] [stderr]    Compiling scopeguard v1.2.0
[INFO] [stderr]    Compiling regex-syntax v0.8.2
[INFO] [stderr]    Compiling async-trait v0.1.77
[INFO] [stderr]    Compiling sha-1 v0.10.1
[INFO] [stderr]    Compiling headers-core v0.2.0
[INFO] [stderr]    Compiling base64 v0.13.1
[INFO] [stderr]    Compiling headers v0.3.9
[INFO] [stderr]    Compiling rfc7239 v0.1.0
[INFO] [stderr]    Compiling parking_lot v0.12.1
[INFO] [stderr]    Compiling nix v0.27.1
[INFO] [stderr]    Compiling encoding_rs v0.8.33
[INFO] [stderr]    Compiling ipnet v2.9.0
[INFO] [stderr]    Compiling wildmatch v2.3.0
[INFO] [stderr]    Compiling toml_edit v0.20.2
[INFO] [stderr]    Compiling regex-automata v0.4.3
[INFO] [stderr]    Compiling tokio-macros v2.2.0
[INFO] [stderr]    Compiling futures-macro v0.3.30
[INFO] [stderr]    Compiling tracing-attributes v0.1.27
[INFO] [stderr]    Compiling thiserror-impl v1.0.56
[INFO] [stderr]    Compiling tokio v1.35.1
[INFO] [stderr]    Compiling futures-util v0.3.30
[INFO] [stderr]    Compiling openssl-macros v0.1.1
[INFO] [stderr]    Compiling serde_derive v1.0.194
[INFO] [stderr]    Compiling thiserror v1.0.56
[INFO] [stderr]    Compiling tungstenite v0.20.1
[INFO] [stderr]    Compiling tracing v0.1.40
[INFO] [stderr]    Compiling proc-macro-crate v2.0.1
[INFO] [stderr]    Compiling regex v1.10.2
[INFO] [stderr]    Compiling poem-derive v1.3.59
[INFO] [stderr]    Compiling tungstenite v0.17.3
[INFO] [stderr]    Compiling tokio-util v0.7.10
[INFO] [stderr]    Compiling tokio-tungstenite v0.20.1
[INFO] [stderr]    Compiling tokio-tungstenite v0.17.2
[INFO] [stderr]    Compiling h2 v0.3.22
[INFO] [stderr]    Compiling serde v1.0.194
[INFO] [stderr]    Compiling tokio-native-tls v0.3.1
[INFO] [stderr]    Compiling hyper v0.14.28
[INFO] [stderr]    Compiling serde_urlencoded v0.7.1
[INFO] [stderr]    Compiling serde_json v1.0.111
[INFO] [stderr]    Compiling hyper-tls v0.5.0
[INFO] [stderr]    Compiling poem v1.3.59
[INFO] [stderr]    Compiling reqwest v0.11.23
[INFO] [stderr]    Compiling poem-proxy v0.2.0 (/opt/rustwide/workdir)
[INFO] [stdout] error[E0277]: the trait bound `tokio_tungstenite::tungstenite::Message: From<poem::web::websocket::Message>` is not satisfied
[INFO] [stdout]    --> src/lib.rs:295:52
[INFO] [stdout]     |
[INFO] [stdout] 295 |                         match serversink.send( msg.into() ).await { 
[INFO] [stdout]     |                                                    ^^^^ the trait `From<poem::web::websocket::Message>` is not implemented for `tokio_tungstenite::tungstenite::Message`
[INFO] [stdout]     |
[INFO] [stdout]     = help: the following other types implement trait `From<T>`:
[INFO] [stdout]               <tokio_tungstenite::tungstenite::Message as From<Vec<u8>>>
[INFO] [stdout]               <tokio_tungstenite::tungstenite::Message as From<String>>
[INFO] [stdout]               <tokio_tungstenite::tungstenite::Message as From<&'s str>>
[INFO] [stdout]               <tokio_tungstenite::tungstenite::Message as From<&'b [u8]>>
[INFO] [stdout]     = note: required for `poem::web::websocket::Message` to implement `Into<tokio_tungstenite::tungstenite::Message>`
[INFO] [stdout] 
[INFO] [stdout] 
[INFO] [stdout] error[E0277]: the trait bound `poem::web::websocket::Message: From<tokio_tungstenite::tungstenite::Message>` is not satisfied
[INFO] [stdout]    --> src/lib.rs:315:52
[INFO] [stdout]     |
[INFO] [stdout] 315 |                         match clientsink.send( msg.into() ).await {
[INFO] [stdout]     |                                                    ^^^^ the trait `From<tokio_tungstenite::tungstenite::Message>` is not implemented for `poem::web::websocket::Message`
[INFO] [stdout]     |
[INFO] [stdout]     = help: the trait `From<tungstenite::protocol::message::Message>` is implemented for `poem::web::websocket::Message`
[INFO] [stdout]     = help: for that trait implementation, expected `tungstenite::protocol::message::Message`, found `tokio_tungstenite::tungstenite::Message`
[INFO] [stdout]     = note: required for `tokio_tungstenite::tungstenite::Message` to implement `Into<poem::web::websocket::Message>`
[INFO] [stdout] 
[INFO] [stdout] 
[INFO] [stdout] error: aborting due to 2 previous errors
[INFO] [stdout] 
[INFO] [stdout] 
[INFO] [stdout] For more information about this error, try `rustc --explain E0277`.
[INFO] [stdout] 
[INFO] [stderr] error: could not compile `poem-proxy` (lib) due to 3 previous errors
[INFO] [stderr] warning: build failed, waiting for other jobs to finish...
[INFO] running `Command { std: "docker" "inspect" "53bcf15d7f420f3e3f617e8ef0c05749685df676db723da579c84cb888d1096c", kill_on_drop: false }`
[INFO] running `Command { std: "docker" "rm" "-f" "53bcf15d7f420f3e3f617e8ef0c05749685df676db723da579c84cb888d1096c", kill_on_drop: false }`
[INFO] [stdout] 53bcf15d7f420f3e3f617e8ef0c05749685df676db723da579c84cb888d1096c
