[INFO] fetching crate poem-openapi 3.0.6...
[INFO] testing poem-openapi-3.0.6 against 1.75.0 for beta-1.76-1
[INFO] extracting crate poem-openapi 3.0.6 into /workspace/builds/worker-3-tc1/source
[INFO] validating manifest of crates.io crate poem-openapi 3.0.6 on toolchain 1.75.0
[INFO] running `Command { std: CARGO_HOME="/workspace/cargo-home" RUSTUP_HOME="/workspace/rustup-home" "/workspace/cargo-home/bin/cargo" "+1.75.0" "metadata" "--manifest-path" "Cargo.toml" "--no-deps", kill_on_drop: false }`
[INFO] started tweaking crates.io crate poem-openapi 3.0.6
[INFO] finished tweaking crates.io crate poem-openapi 3.0.6
[INFO] tweaked toml for crates.io crate poem-openapi 3.0.6 written to /workspace/builds/worker-3-tc1/source/Cargo.toml
[INFO] running `Command { std: CARGO_HOME="/workspace/cargo-home" RUSTUP_HOME="/workspace/rustup-home" "/workspace/cargo-home/bin/cargo" "+1.75.0" "generate-lockfile" "--manifest-path" "Cargo.toml", kill_on_drop: false }`
[INFO] [stderr]     Updating crates.io index
[INFO] running `Command { std: CARGO_HOME="/workspace/cargo-home" RUSTUP_HOME="/workspace/rustup-home" "/workspace/cargo-home/bin/cargo" "+1.75.0" "fetch" "--manifest-path" "Cargo.toml", kill_on_drop: false }`
[INFO] [stderr]  Downloading crates ...
[INFO] [stderr]   Downloaded futures_codec v0.4.1
[INFO] [stderr]   Downloaded wildmatch v2.3.0
[INFO] [stderr]   Downloaded cookie v0.17.0
[INFO] [stderr]   Downloaded poem-derive v1.3.59
[INFO] [stderr]   Downloaded sse-codec v0.3.2
[INFO] [stderr]   Downloaded rfc7239 v0.1.0
[INFO] [stderr]   Downloaded poem-openapi-derive v3.0.6
[INFO] [stderr]   Downloaded geo-types v0.7.12
[INFO] [stderr]   Downloaded poem v1.3.59
[INFO] [stderr]   Downloaded geojson v0.24.1
[INFO] running `Command { std: "docker" "create" "-v" "/var/lib/crater-agent-workspace/builds/worker-3-tc1/target:/opt/rustwide/target:rw,Z" "-v" "/var/lib/crater-agent-workspace/builds/worker-3-tc1/source:/opt/rustwide/workdir:ro,Z" "-v" "/var/lib/crater-agent-workspace/cargo-home:/opt/rustwide/cargo-home:ro,Z" "-v" "/var/lib/crater-agent-workspace/rustup-home:/opt/rustwide/rustup-home:ro,Z" "-e" "SOURCE_DIR=/opt/rustwide/workdir" "-e" "CARGO_TARGET_DIR=/opt/rustwide/target" "-e" "CARGO_HOME=/opt/rustwide/cargo-home" "-e" "RUSTUP_HOME=/opt/rustwide/rustup-home" "-w" "/opt/rustwide/workdir" "-m" "1610612736" "--user" "0:0" "--network" "none" "ghcr.io/rust-lang/crates-build-env/linux@sha256:2788e3201cd34a07e3172128adcd8b3090168a8e3bcc40d7c032b9dda1df7d1c" "/opt/rustwide/cargo-home/bin/cargo" "+1.75.0" "metadata" "--no-deps" "--format-version=1", kill_on_drop: false }`
[INFO] [stdout] b7a78cc2538b0caf8c99d2d17f1947facaa4530860611701183010d0c65b2ce7
[INFO] running `Command { std: "docker" "start" "-a" "b7a78cc2538b0caf8c99d2d17f1947facaa4530860611701183010d0c65b2ce7", kill_on_drop: false }`
[INFO] running `Command { std: "docker" "inspect" "b7a78cc2538b0caf8c99d2d17f1947facaa4530860611701183010d0c65b2ce7", kill_on_drop: false }`
[INFO] running `Command { std: "docker" "rm" "-f" "b7a78cc2538b0caf8c99d2d17f1947facaa4530860611701183010d0c65b2ce7", kill_on_drop: false }`
[INFO] [stdout] b7a78cc2538b0caf8c99d2d17f1947facaa4530860611701183010d0c65b2ce7
[INFO] running `Command { std: "docker" "create" "-v" "/var/lib/crater-agent-workspace/builds/worker-3-tc1/target:/opt/rustwide/target:rw,Z" "-v" "/var/lib/crater-agent-workspace/builds/worker-3-tc1/source:/opt/rustwide/workdir:ro,Z" "-v" "/var/lib/crater-agent-workspace/cargo-home:/opt/rustwide/cargo-home:ro,Z" "-v" "/var/lib/crater-agent-workspace/rustup-home:/opt/rustwide/rustup-home:ro,Z" "-e" "SOURCE_DIR=/opt/rustwide/workdir" "-e" "CARGO_TARGET_DIR=/opt/rustwide/target" "-e" "CARGO_INCREMENTAL=0" "-e" "RUST_BACKTRACE=full" "-e" "RUSTFLAGS=--cap-lints=warn" "-e" "RUSTDOCFLAGS=--cap-lints=warn" "-e" "CARGO_HOME=/opt/rustwide/cargo-home" "-e" "RUSTUP_HOME=/opt/rustwide/rustup-home" "-w" "/opt/rustwide/workdir" "-m" "1610612736" "--user" "0:0" "--network" "none" "ghcr.io/rust-lang/crates-build-env/linux@sha256:2788e3201cd34a07e3172128adcd8b3090168a8e3bcc40d7c032b9dda1df7d1c" "/opt/rustwide/cargo-home/bin/cargo" "+1.75.0" "build" "--frozen" "--message-format=json", kill_on_drop: false }`
[INFO] [stdout] d64f29ab85cb44be922f4fc1fd444c23ac7afe6ae45c597100015b27731d3ca2
[INFO] running `Command { std: "docker" "start" "-a" "d64f29ab85cb44be922f4fc1fd444c23ac7afe6ae45c597100015b27731d3ca2", kill_on_drop: false }`
[INFO] [stderr]    Compiling libc v0.2.151
[INFO] [stderr]    Compiling typenum v1.17.0
[INFO] [stderr]    Compiling fnv v1.0.7
[INFO] [stderr]    Compiling subtle v2.5.0
[INFO] [stderr]    Compiling cpufeatures v0.2.12
[INFO] [stderr]    Compiling equivalent v1.0.1
[INFO] [stderr]    Compiling hashbrown v0.14.3
[INFO] [stderr]    Compiling futures-core v0.3.30
[INFO] [stderr]    Compiling generic-array v0.14.7
[INFO] [stderr]    Compiling futures-sink v0.3.30
[INFO] [stderr]    Compiling tracing-core v0.1.32
[INFO] [stderr]    Compiling opaque-debug v0.3.0
[INFO] [stderr]    Compiling toml_datetime v0.6.3
[INFO] [stderr]    Compiling syn v2.0.48
[INFO] [stderr]    Compiling httparse v1.8.0
[INFO] [stderr]    Compiling aho-corasick v1.1.2
[INFO] [stderr]    Compiling http v0.2.11
[INFO] [stderr]    Compiling num-traits v0.2.17
[INFO] [stderr]    Compiling uncased v0.9.9
[INFO] [stderr]    Compiling ident_case v1.0.1
[INFO] [stderr]    Compiling percent-encoding v2.3.1
[INFO] [stderr]    Compiling regex-syntax v0.8.2
[INFO] [stderr]    Compiling strsim v0.10.0
[INFO] [stderr]    Compiling time-core v0.1.2
[INFO] [stderr]    Compiling mime v0.3.17
[INFO] [stderr]    Compiling bitflags v2.4.1
[INFO] [stderr]    Compiling rustix v0.38.28
[INFO] [stderr]    Compiling powerfmt v0.2.0
[INFO] [stderr]    Compiling time-macros v0.2.16
[INFO] [stderr]    Compiling deranged v0.3.11
[INFO] [stderr]    Compiling cookie v0.17.0
[INFO] [stderr]    Compiling multer v2.1.0
[INFO] [stderr]    Compiling linux-raw-sys v0.4.12
[INFO] [stderr]    Compiling indexmap v2.1.0
[INFO] [stderr]    Compiling base64 v0.21.5
[INFO] [stderr]    Compiling syn v1.0.109
[INFO] [stderr]    Compiling try-lock v0.2.5
[INFO] [stderr]    Compiling httpdate v1.0.3
[INFO] [stderr]    Compiling want v0.3.1
[INFO] [stderr]    Compiling http-body v0.4.6
[INFO] [stderr]    Compiling headers-core v0.2.0
[INFO] [stderr]    Compiling form_urlencoded v1.2.1
[INFO] [stderr]    Compiling futures-channel v0.3.30
[INFO] [stderr]    Compiling encoding_rs v0.8.33
[INFO] [stderr]    Compiling tower-service v0.3.2
[INFO] [stderr]    Compiling fastrand v2.0.1
[INFO] [stderr]    Compiling spin v0.9.8
[INFO] [stderr]    Compiling unsafe-libyaml v0.2.10
[INFO] [stderr]    Compiling toml_edit v0.20.2
[INFO] [stderr]    Compiling rfc7239 v0.1.0
[INFO] [stderr]    Compiling wildmatch v2.3.0
[INFO] [stderr]    Compiling convert_case v0.4.0
[INFO] [stderr]    Compiling chrono v0.4.31
[INFO] [stderr]    Compiling getrandom v0.2.11
[INFO] [stderr]    Compiling mio v0.8.10
[INFO] [stderr]    Compiling rand_core v0.6.4
[INFO] [stderr]    Compiling socket2 v0.5.5
[INFO] [stderr]    Compiling block-buffer v0.10.4
[INFO] [stderr]    Compiling inout v0.1.3
[INFO] [stderr]    Compiling time v0.3.31
[INFO] [stderr]    Compiling parking_lot_core v0.9.9
[INFO] [stderr]    Compiling crypto-common v0.1.6
[INFO] [stderr]    Compiling regex-automata v0.4.3
[INFO] [stderr]    Compiling rand_chacha v0.3.1
[INFO] [stderr]    Compiling digest v0.10.7
[INFO] [stderr]    Compiling universal-hash v0.5.1
[INFO] [stderr]    Compiling cipher v0.4.4
[INFO] [stderr]    Compiling polyval v0.6.1
[INFO] [stderr]    Compiling hmac v0.12.1
[INFO] [stderr]    Compiling aead v0.5.2
[INFO] [stderr]    Compiling ghash v0.5.0
[INFO] [stderr]    Compiling ctr v0.9.2
[INFO] [stderr]    Compiling aes v0.8.3
[INFO] [stderr]    Compiling hkdf v0.12.4
[INFO] [stderr]    Compiling sha2 v0.10.8
[INFO] [stderr]    Compiling proc-macro-crate v2.0.1
[INFO] [stderr]    Compiling sha1 v0.10.6
[INFO] [stderr]    Compiling rand v0.8.5
[INFO] [stderr]    Compiling tempfile v3.9.0
[INFO] [stderr]    Compiling headers v0.3.9
[INFO] [stderr]    Compiling parking_lot v0.12.1
[INFO] [stderr]    Compiling aes-gcm v0.10.3
[INFO] [stderr]    Compiling nix v0.27.1
[INFO] [stderr]    Compiling darling_core v0.20.3
[INFO] [stderr]    Compiling derive_more v0.99.17
[INFO] [stderr]    Compiling regex v1.10.2
[INFO] [stderr]    Compiling tokio-macros v2.2.0
[INFO] [stderr]    Compiling serde_derive v1.0.194
[INFO] [stderr]    Compiling futures-macro v0.3.30
[INFO] [stderr]    Compiling tracing-attributes v0.1.27
[INFO] [stderr]    Compiling thiserror-impl v1.0.56
[INFO] [stderr]    Compiling poem-derive v1.3.59
[INFO] [stderr]    Compiling async-trait v0.1.77
[INFO] [stderr]    Compiling darling_macro v0.20.3
[INFO] [stderr]    Compiling tokio v1.35.1
[INFO] [stderr]    Compiling futures-util v0.3.30
[INFO] [stderr]    Compiling tracing v0.1.40
[INFO] [stderr]    Compiling thiserror v1.0.56
[INFO] [stderr]    Compiling darling v0.20.3
[INFO] [stderr]    Compiling poem-openapi-derive v3.0.6
[INFO] [stderr]    Compiling serde v1.0.194
[INFO] [stderr]    Compiling tokio-util v0.7.10
[INFO] [stderr]    Compiling tokio-stream v0.1.14
[INFO] [stderr]    Compiling h2 v0.3.22
[INFO] [stderr]    Compiling serde_yaml v0.9.30
[INFO] [stderr]    Compiling serde_urlencoded v0.7.1
[INFO] [stderr]    Compiling serde_json v1.0.111
[INFO] [stderr]    Compiling quick-xml v0.30.0
[INFO] [stderr]    Compiling hyper v0.14.28
[INFO] [stderr]    Compiling poem v1.3.59
[INFO] [stderr]    Compiling poem-openapi v3.0.6 (/opt/rustwide/workdir)
[INFO] [stderr]     Finished dev [unoptimized + debuginfo] target(s) in 16.02s
[INFO] running `Command { std: "docker" "inspect" "d64f29ab85cb44be922f4fc1fd444c23ac7afe6ae45c597100015b27731d3ca2", kill_on_drop: false }`
[INFO] running `Command { std: "docker" "rm" "-f" "d64f29ab85cb44be922f4fc1fd444c23ac7afe6ae45c597100015b27731d3ca2", kill_on_drop: false }`
[INFO] [stdout] d64f29ab85cb44be922f4fc1fd444c23ac7afe6ae45c597100015b27731d3ca2
[INFO] running `Command { std: "docker" "create" "-v" "/var/lib/crater-agent-workspace/builds/worker-3-tc1/target:/opt/rustwide/target:rw,Z" "-v" "/var/lib/crater-agent-workspace/builds/worker-3-tc1/source:/opt/rustwide/workdir:ro,Z" "-v" "/var/lib/crater-agent-workspace/cargo-home:/opt/rustwide/cargo-home:ro,Z" "-v" "/var/lib/crater-agent-workspace/rustup-home:/opt/rustwide/rustup-home:ro,Z" "-e" "SOURCE_DIR=/opt/rustwide/workdir" "-e" "CARGO_TARGET_DIR=/opt/rustwide/target" "-e" "CARGO_INCREMENTAL=0" "-e" "RUST_BACKTRACE=full" "-e" "RUSTFLAGS=--cap-lints=warn" "-e" "RUSTDOCFLAGS=--cap-lints=warn" "-e" "CARGO_HOME=/opt/rustwide/cargo-home" "-e" "RUSTUP_HOME=/opt/rustwide/rustup-home" "-w" "/opt/rustwide/workdir" "-m" "1610612736" "--user" "0:0" "--network" "none" "ghcr.io/rust-lang/crates-build-env/linux@sha256:2788e3201cd34a07e3172128adcd8b3090168a8e3bcc40d7c032b9dda1df7d1c" "/opt/rustwide/cargo-home/bin/cargo" "+1.75.0" "test" "--frozen" "--no-run" "--message-format=json", kill_on_drop: false }`
[INFO] [stdout] 25b7f846df26c46dba839145506c9694f39ae7b267a083703d5bc76e635fea63
[INFO] running `Command { std: "docker" "start" "-a" "25b7f846df26c46dba839145506c9694f39ae7b267a083703d5bc76e635fea63", kill_on_drop: false }`
[INFO] [stderr]    Compiling futures-io v0.3.30
[INFO] [stderr]    Compiling futures-channel v0.3.30
[INFO] [stderr]    Compiling syn v1.0.109
[INFO] [stderr]    Compiling pin-project-internal v0.4.30
[INFO] [stderr]    Compiling num_cpus v1.16.0
[INFO] [stderr]    Compiling bytes v0.5.6
[INFO] [stderr]    Compiling tokio v1.35.1
[INFO] [stderr]    Compiling futures-util v0.3.30
[INFO] [stderr]    Compiling futures-executor v0.3.30
[INFO] [stderr]    Compiling futures v0.3.30
[INFO] [stderr]    Compiling tokio-util v0.7.10
[INFO] [stderr]    Compiling multer v2.1.0
[INFO] [stderr]    Compiling tokio-stream v0.1.14
[INFO] [stderr]    Compiling derive_more v0.99.17
[INFO] [stderr]    Compiling h2 v0.3.22
[INFO] [stderr]    Compiling pin-project v0.4.30
[INFO] [stderr]    Compiling futures_codec v0.4.1
[INFO] [stderr]    Compiling sse-codec v0.3.2
[INFO] [stderr]    Compiling hyper v0.14.28
[INFO] [stderr]    Compiling poem v1.3.59
[INFO] [stderr]    Compiling poem-openapi v3.0.6 (/opt/rustwide/workdir)
[INFO] [stdout] error[E0432]: unresolved import `time`
[INFO] [stdout]  --> tests/object.rs:7:5
[INFO] [stdout]   |
[INFO] [stdout] 7 | use time::OffsetDateTime;
[INFO] [stdout]   |     ^^^^ help: a similar path exists: `tokio::time`
[INFO] [stdout] 
[INFO] [stdout] 
[INFO] [stdout] error: aborting due to previous error
[INFO] [stdout] 
[INFO] [stdout] 
[INFO] [stdout] For more information about this error, try `rustc --explain E0432`.
[INFO] [stdout] 
[INFO] [stderr] error: could not compile `poem-openapi` (test "object") due to 2 previous errors
[INFO] [stderr] warning: build failed, waiting for other jobs to finish...
[INFO] [stderr] error: could not compile `poem-openapi` (lib test)
[INFO] [stderr] 
[INFO] [stderr] Caused by:
[INFO] [stderr]   process didn't exit successfully: `/opt/rustwide/rustup-home/toolchains/1.75.0-x86_64-unknown-linux-gnu/bin/rustc --crate-name poem_openapi --edition=2021 src/lib.rs --error-format=json --json=diagnostic-rendered-ansi,artifacts,future-incompat --emit=dep-info,link -C embed-bitcode=no -C debuginfo=2 --test -C metadata=dfe4a260b522ec98 -C extra-filename=-dfe4a260b522ec98 --out-dir /opt/rustwide/target/debug/deps -L dependency=/opt/rustwide/target/debug/deps --extern base64=/opt/rustwide/target/debug/deps/libbase64-c757f6e1d18850a5.rlib --extern bytes=/opt/rustwide/target/debug/deps/libbytes-0a052f49710012b1.rlib --extern derive_more=/opt/rustwide/target/debug/deps/libderive_more-6c6a31febd269205.so --extern futures_util=/opt/rustwide/target/debug/deps/libfutures_util-71391a7f6e620d88.rlib --extern indexmap=/opt/rustwide/target/debug/deps/libindexmap-8fc97cbaa956011a.rlib --extern mime=/opt/rustwide/target/debug/deps/libmime-7e306270d8ceb372.rlib --extern num_traits=/opt/rustwide/target/debug/deps/libnum_traits-dcf66cbda2c5463d.rlib --extern poem=/opt/rustwide/target/debug/deps/libpoem-1dcb63c8cf3a3a17.rlib --extern poem_openapi_derive=/opt/rustwide/target/debug/deps/libpoem_openapi_derive-cb786154c2db6bbb.so --extern quick_xml=/opt/rustwide/target/debug/deps/libquick_xml-46e7d0a5c932d4d4.rlib --extern regex=/opt/rustwide/target/debug/deps/libregex-3fdc9a8f6eaf81cf.rlib --extern serde=/opt/rustwide/target/debug/deps/libserde-9afbaac62fb45c03.rlib --extern serde_json=/opt/rustwide/target/debug/deps/libserde_json-7dcf044a803804c2.rlib --extern serde_urlencoded=/opt/rustwide/target/debug/deps/libserde_urlencoded-b3415100f611c689.rlib --extern serde_yaml=/opt/rustwide/target/debug/deps/libserde_yaml-90664ebbd3c31238.rlib --extern thiserror=/opt/rustwide/target/debug/deps/libthiserror-d1996b3b5c5b4ac9.rlib --extern tokio=/opt/rustwide/target/debug/deps/libtokio-a58a67d730713c35.rlib --cap-lints=warn` (signal: 9, SIGKILL: kill)
[INFO] [stderr] error: could not compile `poem-openapi` (test "validation")
[INFO] [stderr] 
[INFO] [stderr] Caused by:
[INFO] [stderr]   process didn't exit successfully: `/opt/rustwide/rustup-home/toolchains/1.75.0-x86_64-unknown-linux-gnu/bin/rustc --crate-name validation --edition=2021 tests/validation.rs --error-format=json --json=diagnostic-rendered-ansi,artifacts,future-incompat --emit=dep-info,link -C embed-bitcode=no -C debuginfo=2 --test -C metadata=8ed83ff3d1d27341 -C extra-filename=-8ed83ff3d1d27341 --out-dir /opt/rustwide/target/debug/deps -L dependency=/opt/rustwide/target/debug/deps --extern base64=/opt/rustwide/target/debug/deps/libbase64-c757f6e1d18850a5.rlib --extern bytes=/opt/rustwide/target/debug/deps/libbytes-0a052f49710012b1.rlib --extern derive_more=/opt/rustwide/target/debug/deps/libderive_more-6c6a31febd269205.so --extern futures_util=/opt/rustwide/target/debug/deps/libfutures_util-71391a7f6e620d88.rlib --extern indexmap=/opt/rustwide/target/debug/deps/libindexmap-8fc97cbaa956011a.rlib --extern mime=/opt/rustwide/target/debug/deps/libmime-7e306270d8ceb372.rlib --extern num_traits=/opt/rustwide/target/debug/deps/libnum_traits-dcf66cbda2c5463d.rlib --extern poem=/opt/rustwide/target/debug/deps/libpoem-1dcb63c8cf3a3a17.rlib --extern poem_openapi=/opt/rustwide/target/debug/deps/libpoem_openapi-5e590f1d1c91a0dd.rlib --extern poem_openapi_derive=/opt/rustwide/target/debug/deps/libpoem_openapi_derive-cb786154c2db6bbb.so --extern quick_xml=/opt/rustwide/target/debug/deps/libquick_xml-46e7d0a5c932d4d4.rlib --extern regex=/opt/rustwide/target/debug/deps/libregex-3fdc9a8f6eaf81cf.rlib --extern serde=/opt/rustwide/target/debug/deps/libserde-9afbaac62fb45c03.rlib --extern serde_json=/opt/rustwide/target/debug/deps/libserde_json-7dcf044a803804c2.rlib --extern serde_urlencoded=/opt/rustwide/target/debug/deps/libserde_urlencoded-b3415100f611c689.rlib --extern serde_yaml=/opt/rustwide/target/debug/deps/libserde_yaml-90664ebbd3c31238.rlib --extern thiserror=/opt/rustwide/target/debug/deps/libthiserror-d1996b3b5c5b4ac9.rlib --extern tokio=/opt/rustwide/target/debug/deps/libtokio-a58a67d730713c35.rlib --cap-lints=warn` (signal: 9, SIGKILL: kill)
[INFO] [stderr] error: could not compile `poem-openapi` (test "response")
[INFO] [stderr] 
[INFO] [stderr] Caused by:
[INFO] [stderr]   process didn't exit successfully: `/opt/rustwide/rustup-home/toolchains/1.75.0-x86_64-unknown-linux-gnu/bin/rustc --crate-name response --edition=2021 tests/response.rs --error-format=json --json=diagnostic-rendered-ansi,artifacts,future-incompat --emit=dep-info,link -C embed-bitcode=no -C debuginfo=2 --test -C metadata=6fee1ccc8f3aefba -C extra-filename=-6fee1ccc8f3aefba --out-dir /opt/rustwide/target/debug/deps -L dependency=/opt/rustwide/target/debug/deps --extern base64=/opt/rustwide/target/debug/deps/libbase64-c757f6e1d18850a5.rlib --extern bytes=/opt/rustwide/target/debug/deps/libbytes-0a052f49710012b1.rlib --extern derive_more=/opt/rustwide/target/debug/deps/libderive_more-6c6a31febd269205.so --extern futures_util=/opt/rustwide/target/debug/deps/libfutures_util-71391a7f6e620d88.rlib --extern indexmap=/opt/rustwide/target/debug/deps/libindexmap-8fc97cbaa956011a.rlib --extern mime=/opt/rustwide/target/debug/deps/libmime-7e306270d8ceb372.rlib --extern num_traits=/opt/rustwide/target/debug/deps/libnum_traits-dcf66cbda2c5463d.rlib --extern poem=/opt/rustwide/target/debug/deps/libpoem-1dcb63c8cf3a3a17.rlib --extern poem_openapi=/opt/rustwide/target/debug/deps/libpoem_openapi-5e590f1d1c91a0dd.rlib --extern poem_openapi_derive=/opt/rustwide/target/debug/deps/libpoem_openapi_derive-cb786154c2db6bbb.so --extern quick_xml=/opt/rustwide/target/debug/deps/libquick_xml-46e7d0a5c932d4d4.rlib --extern regex=/opt/rustwide/target/debug/deps/libregex-3fdc9a8f6eaf81cf.rlib --extern serde=/opt/rustwide/target/debug/deps/libserde-9afbaac62fb45c03.rlib --extern serde_json=/opt/rustwide/target/debug/deps/libserde_json-7dcf044a803804c2.rlib --extern serde_urlencoded=/opt/rustwide/target/debug/deps/libserde_urlencoded-b3415100f611c689.rlib --extern serde_yaml=/opt/rustwide/target/debug/deps/libserde_yaml-90664ebbd3c31238.rlib --extern thiserror=/opt/rustwide/target/debug/deps/libthiserror-d1996b3b5c5b4ac9.rlib --extern tokio=/opt/rustwide/target/debug/deps/libtokio-a58a67d730713c35.rlib --cap-lints=warn` (signal: 9, SIGKILL: kill)
[INFO] [stderr] error: could not compile `poem-openapi` (test "api")
[INFO] [stderr] 
[INFO] [stderr] Caused by:
[INFO] [stderr]   process didn't exit successfully: `/opt/rustwide/rustup-home/toolchains/1.75.0-x86_64-unknown-linux-gnu/bin/rustc --crate-name api --edition=2021 tests/api.rs --error-format=json --json=diagnostic-rendered-ansi,artifacts,future-incompat --emit=dep-info,link -C embed-bitcode=no -C debuginfo=2 --test -C metadata=d46d3d6ea9e7677f -C extra-filename=-d46d3d6ea9e7677f --out-dir /opt/rustwide/target/debug/deps -L dependency=/opt/rustwide/target/debug/deps --extern base64=/opt/rustwide/target/debug/deps/libbase64-c757f6e1d18850a5.rlib --extern bytes=/opt/rustwide/target/debug/deps/libbytes-0a052f49710012b1.rlib --extern derive_more=/opt/rustwide/target/debug/deps/libderive_more-6c6a31febd269205.so --extern futures_util=/opt/rustwide/target/debug/deps/libfutures_util-71391a7f6e620d88.rlib --extern indexmap=/opt/rustwide/target/debug/deps/libindexmap-8fc97cbaa956011a.rlib --extern mime=/opt/rustwide/target/debug/deps/libmime-7e306270d8ceb372.rlib --extern num_traits=/opt/rustwide/target/debug/deps/libnum_traits-dcf66cbda2c5463d.rlib --extern poem=/opt/rustwide/target/debug/deps/libpoem-1dcb63c8cf3a3a17.rlib --extern poem_openapi=/opt/rustwide/target/debug/deps/libpoem_openapi-5e590f1d1c91a0dd.rlib --extern poem_openapi_derive=/opt/rustwide/target/debug/deps/libpoem_openapi_derive-cb786154c2db6bbb.so --extern quick_xml=/opt/rustwide/target/debug/deps/libquick_xml-46e7d0a5c932d4d4.rlib --extern regex=/opt/rustwide/target/debug/deps/libregex-3fdc9a8f6eaf81cf.rlib --extern serde=/opt/rustwide/target/debug/deps/libserde-9afbaac62fb45c03.rlib --extern serde_json=/opt/rustwide/target/debug/deps/libserde_json-7dcf044a803804c2.rlib --extern serde_urlencoded=/opt/rustwide/target/debug/deps/libserde_urlencoded-b3415100f611c689.rlib --extern serde_yaml=/opt/rustwide/target/debug/deps/libserde_yaml-90664ebbd3c31238.rlib --extern thiserror=/opt/rustwide/target/debug/deps/libthiserror-d1996b3b5c5b4ac9.rlib --extern tokio=/opt/rustwide/target/debug/deps/libtokio-a58a67d730713c35.rlib --cap-lints=warn` (signal: 9, SIGKILL: kill)
[INFO] [stderr] error: could not compile `poem-openapi` (test "operation_param")
[INFO] [stderr] 
[INFO] [stderr] Caused by:
[INFO] [stderr]   process didn't exit successfully: `/opt/rustwide/rustup-home/toolchains/1.75.0-x86_64-unknown-linux-gnu/bin/rustc --crate-name operation_param --edition=2021 tests/operation_param.rs --error-format=json --json=diagnostic-rendered-ansi,artifacts,future-incompat --emit=dep-info,link -C embed-bitcode=no -C debuginfo=2 --test -C metadata=93305c7b55411551 -C extra-filename=-93305c7b55411551 --out-dir /opt/rustwide/target/debug/deps -L dependency=/opt/rustwide/target/debug/deps --extern base64=/opt/rustwide/target/debug/deps/libbase64-c757f6e1d18850a5.rlib --extern bytes=/opt/rustwide/target/debug/deps/libbytes-0a052f49710012b1.rlib --extern derive_more=/opt/rustwide/target/debug/deps/libderive_more-6c6a31febd269205.so --extern futures_util=/opt/rustwide/target/debug/deps/libfutures_util-71391a7f6e620d88.rlib --extern indexmap=/opt/rustwide/target/debug/deps/libindexmap-8fc97cbaa956011a.rlib --extern mime=/opt/rustwide/target/debug/deps/libmime-7e306270d8ceb372.rlib --extern num_traits=/opt/rustwide/target/debug/deps/libnum_traits-dcf66cbda2c5463d.rlib --extern poem=/opt/rustwide/target/debug/deps/libpoem-1dcb63c8cf3a3a17.rlib --extern poem_openapi=/opt/rustwide/target/debug/deps/libpoem_openapi-5e590f1d1c91a0dd.rlib --extern poem_openapi_derive=/opt/rustwide/target/debug/deps/libpoem_openapi_derive-cb786154c2db6bbb.so --extern quick_xml=/opt/rustwide/target/debug/deps/libquick_xml-46e7d0a5c932d4d4.rlib --extern regex=/opt/rustwide/target/debug/deps/libregex-3fdc9a8f6eaf81cf.rlib --extern serde=/opt/rustwide/target/debug/deps/libserde-9afbaac62fb45c03.rlib --extern serde_json=/opt/rustwide/target/debug/deps/libserde_json-7dcf044a803804c2.rlib --extern serde_urlencoded=/opt/rustwide/target/debug/deps/libserde_urlencoded-b3415100f611c689.rlib --extern serde_yaml=/opt/rustwide/target/debug/deps/libserde_yaml-90664ebbd3c31238.rlib --extern thiserror=/opt/rustwide/target/debug/deps/libthiserror-d1996b3b5c5b4ac9.rlib --extern tokio=/opt/rustwide/target/debug/deps/libtokio-a58a67d730713c35.rlib --cap-lints=warn` (signal: 9, SIGKILL: kill)
[INFO] [stderr] error: could not compile `poem-openapi` (test "security_scheme")
[INFO] [stderr] 
[INFO] [stderr] Caused by:
[INFO] [stderr]   process didn't exit successfully: `/opt/rustwide/rustup-home/toolchains/1.75.0-x86_64-unknown-linux-gnu/bin/rustc --crate-name security_scheme --edition=2021 tests/security_scheme.rs --error-format=json --json=diagnostic-rendered-ansi,artifacts,future-incompat --emit=dep-info,link -C embed-bitcode=no -C debuginfo=2 --test -C metadata=77ed42b4a582943a -C extra-filename=-77ed42b4a582943a --out-dir /opt/rustwide/target/debug/deps -L dependency=/opt/rustwide/target/debug/deps --extern base64=/opt/rustwide/target/debug/deps/libbase64-c757f6e1d18850a5.rlib --extern bytes=/opt/rustwide/target/debug/deps/libbytes-0a052f49710012b1.rlib --extern derive_more=/opt/rustwide/target/debug/deps/libderive_more-6c6a31febd269205.so --extern futures_util=/opt/rustwide/target/debug/deps/libfutures_util-71391a7f6e620d88.rlib --extern indexmap=/opt/rustwide/target/debug/deps/libindexmap-8fc97cbaa956011a.rlib --extern mime=/opt/rustwide/target/debug/deps/libmime-7e306270d8ceb372.rlib --extern num_traits=/opt/rustwide/target/debug/deps/libnum_traits-dcf66cbda2c5463d.rlib --extern poem=/opt/rustwide/target/debug/deps/libpoem-1dcb63c8cf3a3a17.rlib --extern poem_openapi=/opt/rustwide/target/debug/deps/libpoem_openapi-5e590f1d1c91a0dd.rlib --extern poem_openapi_derive=/opt/rustwide/target/debug/deps/libpoem_openapi_derive-cb786154c2db6bbb.so --extern quick_xml=/opt/rustwide/target/debug/deps/libquick_xml-46e7d0a5c932d4d4.rlib --extern regex=/opt/rustwide/target/debug/deps/libregex-3fdc9a8f6eaf81cf.rlib --extern serde=/opt/rustwide/target/debug/deps/libserde-9afbaac62fb45c03.rlib --extern serde_json=/opt/rustwide/target/debug/deps/libserde_json-7dcf044a803804c2.rlib --extern serde_urlencoded=/opt/rustwide/target/debug/deps/libserde_urlencoded-b3415100f611c689.rlib --extern serde_yaml=/opt/rustwide/target/debug/deps/libserde_yaml-90664ebbd3c31238.rlib --extern thiserror=/opt/rustwide/target/debug/deps/libthiserror-d1996b3b5c5b4ac9.rlib --extern tokio=/opt/rustwide/target/debug/deps/libtokio-a58a67d730713c35.rlib --cap-lints=warn` (signal: 9, SIGKILL: kill)
[INFO] [stdout] error: linking with `cc` failed: exit status: 1
[INFO] [stdout]   |
[INFO] [stdout]   = note: LC_ALL="C" PATH="/opt/rustwide/rustup-home/toolchains/1.75.0-x86_64-unknown-linux-gnu/lib/rustlib/x86_64-unknown-linux-gnu/bin:/opt/rustwide/cargo-home/bin:/usr/local/sbin:/usr/local/bin:/usr/sbin:/usr/bin:/sbin:/bin" VSLANG="1033" "cc" "-m64" "/tmp/rustcPYHywM/symbols.o" "/opt/rustwide/target/debug/deps/webhook-2104392049223a77.webhook.daa2a19949bc0a59-cgu.0.rcgu.o" "/opt/rustwide/target/debug/deps/webhook-2104392049223a77.webhook.daa2a19949bc0a59-cgu.1.rcgu.o" "/opt/rustwide/target/debug/deps/webhook-2104392049223a77.webhook.daa2a19949bc0a59-cgu.2.rcgu.o" "/opt/rustwide/target/debug/deps/webhook-2104392049223a77.webhook.daa2a19949bc0a59-cgu.3.rcgu.o" "/opt/rustwide/target/debug/deps/webhook-2104392049223a77.1ifkqeq4r9t16bzz.rcgu.o" "-Wl,--as-needed" "-L" "/opt/rustwide/target/debug/deps" "-L" "/opt/rustwide/rustup-home/toolchains/1.75.0-x86_64-unknown-linux-gnu/lib/rustlib/x86_64-unknown-linux-gnu/lib" "-Wl,-Bstatic" "/opt/rustwide/rustup-home/toolchains/1.75.0-x86_64-unknown-linux-gnu/lib/rustlib/x86_64-unknown-linux-gnu/lib/libtest-3df1bed8075ce1de.rlib" "/opt/rustwide/rustup-home/toolchains/1.75.0-x86_64-unknown-linux-gnu/lib/rustlib/x86_64-unknown-linux-gnu/lib/libgetopts-2076fd86b325cb5d.rlib" "/opt/rustwide/rustup-home/toolchains/1.75.0-x86_64-unknown-linux-gnu/lib/rustlib/x86_64-unknown-linux-gnu/lib/libunicode_width-caa7152ee70c190f.rlib" "/opt/rustwide/rustup-home/toolchains/1.75.0-x86_64-unknown-linux-gnu/lib/rustlib/x86_64-unknown-linux-gnu/lib/librustc_std_workspace_std-04e6425e07f02a3c.rlib" "/opt/rustwide/target/debug/deps/libpoem_openapi-5e590f1d1c91a0dd.rlib" "/opt/rustwide/target/debug/deps/libpoem-1dcb63c8cf3a3a17.rlib" "/opt/rustwide/target/debug/deps/libtempfile-4dca041aec06f7c2.rlib" "/opt/rustwide/target/debug/deps/libfastrand-10bb5c97af1a52e6.rlib" "/opt/rustwide/target/debug/deps/librustix-2285ce4e54243f11.rlib" "/opt/rustwide/target/debug/deps/liblinux_raw_sys-2091734e5f15aeaa.rlib" "/opt/rustwide/target/debug/deps/libcookie-0fe945fdc7bd99b4.rlib" "/opt/rustwide/target/debug/deps/libhkdf-e40f9c621302b043.rlib" "/opt/rustwide/target/debug/deps/libhmac-778c5c785b6e7885.rlib" "/opt/rustwide/target/debug/deps/libsha2-bdb16dd27ca4de29.rlib" "/opt/rustwide/target/debug/deps/libtime-1b5b5a515905c748.rlib" "/opt/rustwide/target/debug/deps/libtime_core-7af5d6eb87ec9652.rlib" "/opt/rustwide/target/debug/deps/libderanged-b91eb2e9a304f3c1.rlib" "/opt/rustwide/target/debug/deps/libpowerfmt-e8908707a005dea9.rlib" "/opt/rustwide/target/debug/deps/libaes_gcm-31352f89d5af1a4e.rlib" "/opt/rustwide/target/debug/deps/libctr-22d3d4b3c7c4e245.rlib" "/opt/rustwide/target/debug/deps/libghash-db4ba15e5bf8cd61.rlib" "/opt/rustwide/target/debug/deps/libpolyval-0c349b423d4fec1e.rlib" "/opt/rustwide/target/debug/deps/libopaque_debug-15273823c1ba1453.rlib" "/opt/rustwide/target/debug/deps/libuniversal_hash-c5572e57d15507cf.rlib" "/opt/rustwide/target/debug/deps/libaes-1a460ce6190787cd.rlib" "/opt/rustwide/target/debug/deps/libcipher-ed63da0f50b0c2cb.rlib" "/opt/rustwide/target/debug/deps/libinout-8dfcf9c599087c3f.rlib" "/opt/rustwide/target/debug/deps/libaead-a6f20e77a6216a02.rlib" "/opt/rustwide/target/debug/deps/librand-6b1751f97fc780d8.rlib" "/opt/rustwide/target/debug/deps/librand_chacha-190d94af5566d2d7.rlib" "/opt/rustwide/target/debug/deps/libppv_lite86-9f808eb911999ef2.rlib" "/opt/rustwide/target/debug/deps/libsse_codec-29ad96c8d9273201.rlib" "/opt/rustwide/target/debug/deps/libfutures_codec-c69451e54755358a.rlib" "/opt/rustwide/target/debug/deps/libpin_project-cc89eea97320c5bb.rlib" "/opt/rustwide/target/debug/deps/libfutures-eff93145a06ee04a.rlib" "/opt/rustwide/target/debug/deps/libfutures_executor-1ea41efcedd8231a.rlib" "/opt/rustwide/target/debug/deps/libbytes-b61f00db724d2015.rlib" "/opt/rustwide/target/debug/deps/libmulter-02e686a817e7c25c.rlib" "/opt/rustwide/target/debug/deps/liblog-4f472032e8cdd371.rlib" "/opt/rustwide/target/debug/deps/libspin-06cf3734cfe77ab1.rlib" "/opt/rustwide/target/debug/deps/libencoding_rs-000c97fafd38c2ed.rlib" "/opt/rustwide/target/debug/deps/libserde_yaml-90664ebbd3c31238.rlib" "/opt/rustwide/target/debug/deps/libunsafe_libyaml-a368febdadade116.rlib" "/opt/rustwide/target/debug/deps/libquick_xml-46e7d0a5c932d4d4.rlib" "/opt/rustwide/target/debug/deps/libserde_urlencoded-b3415100f611c689.rlib" "/opt/rustwide/target/debug/deps/libform_urlencoded-ef5eb70334031c86.rlib" "/opt/rustwide/target/debug/deps/libpercent_encoding-fe0d57427b4d92e0.rlib" "/opt/rustwide/target/debug/deps/libthiserror-d1996b3b5c5b4ac9.rlib" "/opt/rustwide/target/debug/deps/libhyper-13cfaae4a34d20c7.rlib" "/opt/rustwide/target/debug/deps/libhttparse-64f1ffbeda450424.rlib" "/opt/rustwide/target/debug/deps/libh2-864dd8210b9ed7a1.rlib" "/opt/rustwide/target/debug/deps/libindexmap-8fc97cbaa956011a.rlib" "/opt/rustwide/target/debug/deps/libequivalent-daf5c71f5fc642dd.rlib" "/opt/rustwide/target/debug/deps/libhashbrown-3d9e58c92093ae49.rlib" "/opt/rustwide/target/debug/deps/libtower_service-104d6e83d5ce383d.rlib" "/opt/rustwide/target/debug/deps/libhttp_body-3c42bd17f1cfc680.rlib" "/opt/rustwide/target/debug/deps/librfc7239-475f0e73defb7492.rlib" "/opt/rustwide/target/debug/deps/libuncased-fedbc3d99506daa1.rlib" "/opt/rustwide/target/debug/deps/libparking_lot-a753e0f9a35f1d55.rlib" "/opt/rustwide/target/debug/deps/libparking_lot_core-f470c455380c2e9e.rlib" "/opt/rustwide/target/debug/deps/libsmallvec-19f6a51af3f3c214.rlib" "/opt/rustwide/target/debug/deps/liblock_api-2e3cdc36e2d071f0.rlib" "/opt/rustwide/target/debug/deps/libscopeguard-012e5ed929fc2fe6.rlib" "/opt/rustwide/target/debug/deps/libchrono-5b84de902cc79130.rlib" "/opt/rustwide/target/debug/deps/libnum_traits-dcf66cbda2c5463d.rlib" "/opt/rustwide/target/debug/deps/libiana_time_zone-528d9768cce5eb89.rlib" "/opt/rustwide/target/debug/deps/libtokio_util-62806d7f69b39128.rlib" "/opt/rustwide/target/debug/deps/libserde_json-7dcf044a803804c2.rlib" "/opt/rustwide/target/debug/deps/libryu-5f304b1b6393964f.rlib" "/opt/rustwide/target/debug/deps/libserde-9afbaac62fb45c03.rlib" "/opt/rustwide/target/debug/deps/libtracing-71557077113ed844.rlib" "/opt/rustwide/target/debug/deps/libtracing_core-de9779e9c86396c9.rlib" "/opt/rustwide/target/debug/deps/libonce_cell-63be820ac0ed0954.rlib" "/opt/rustwide/target/debug/deps/libregex-3fdc9a8f6eaf81cf.rlib" "/opt/rustwide/target/debug/deps/libregex_automata-7e239e4b359aa58c.rlib" "/opt/rustwide/target/debug/deps/libaho_corasick-c461b2416345444e.rlib" "/opt/rustwide/target/debug/deps/libregex_syntax-e4dd3c3a3cb10e1d.rlib" "/opt/rustwide/target/debug/deps/libwildmatch-8590376a35d3f46e.rlib" "/opt/rustwide/target/debug/deps/libfutures_util-71391a7f6e620d88.rlib" "/opt/rustwide/target/debug/deps/libmemchr-94009dd89ebb9d8d.rlib" "/opt/rustwide/target/debug/deps/libfutures_io-109506ffbf0d1d54.rlib" "/opt/rustwide/target/debug/deps/libslab-6eb39baadbe9101c.rlib" "/opt/rustwide/target/debug/deps/libfutures_channel-a299c85500052389.rlib" "/opt/rustwide/target/debug/deps/libfutures_sink-8957e1e23a8e4733.rlib" "/opt/rustwide/target/debug/deps/libfutures_task-c1403167034c79e1.rlib" "/opt/rustwide/target/debug/deps/libpin_utils-741f7d9d160e4a16.rlib" "/opt/rustwide/target/debug/deps/libfutures_core-9cff0d103c3b3c9e.rlib" "/opt/rustwide/target/debug/deps/libnix-ea445caf8e09468f.rlib" "/opt/rustwide/target/debug/deps/libbitflags-912d270082a3a4ea.rlib" "/opt/rustwide/target/debug/deps/libtokio-a58a67d730713c35.rlib" "/opt/rustwide/target/debug/deps/libnum_cpus-d4708e9618b376f9.rlib" "/opt/rustwide/target/debug/deps/libsocket2-0d88c912de52bbf6.rlib" "/opt/rustwide/target/debug/deps/libmio-8968d6dd6f9690eb.rlib" "/opt/rustwide/target/debug/deps/libpin_project_lite-e0757e0deaa2f8a0.rlib" "/opt/rustwide/target/debug/deps/libheaders-e3d3bf76882bf0d1.rlib" "/opt/rustwide/target/debug/deps/libsha1-8d03bcb38d789f2c.rlib" "/opt/rustwide/target/debug/deps/libcpufeatures-b8d9ed5bb45874e9.rlib" "/opt/rustwide/target/debug/deps/libdigest-f85e3979e51b6048.rlib" "/opt/rustwide/target/debug/deps/libsubtle-add1bb7d312fdc8c.rlib" "/opt/rustwide/target/debug/deps/libblock_buffer-7e9270fb9b7ff635.rlib" "/opt/rustwide/target/debug/deps/libcrypto_common-87e8db6372bded59.rlib" "/opt/rustwide/target/debug/deps/libgeneric_array-18b3188a0c567140.rlib" "/opt/rustwide/target/debug/deps/libtypenum-da95465dc70d2c95.rlib" "/opt/rustwide/target/debug/deps/librand_core-6b5cc83d202a6ca4.rlib" "/opt/rustwide/target/debug/deps/libgetrandom-6f8cebb06b407ea9.rlib" "/opt/rustwide/target/debug/deps/liblibc-4f34ddd04c373408.rlib" "/opt/rustwide/target/debug/deps/libcfg_if-61dc7a6799e72b18.rlib" "/opt/rustwide/target/debug/deps/libmime-7e306270d8ceb372.rlib" "/opt/rustwide/target/debug/deps/libhttpdate-60c45fdec07c28d7.rlib" "/opt/rustwide/target/debug/deps/libheaders_core-51dab886bfda5599.rlib" "/opt/rustwide/target/debug/deps/libhttp-087a4805b82b800b.rlib" "/opt/rustwide/target/debug/deps/libitoa-5f181af53b99b92c.rlib" "/opt/rustwide/target/debug/deps/libfnv-18bf5144d055e772.rlib" "/opt/rustwide/target/debug/deps/libbytes-0a052f49710012b1.rlib" "/opt/rustwide/target/debug/deps/libbase64-c757f6e1d18850a5.rlib" "/opt/rustwide/rustup-home/toolchains/1.75.0-x86_64-unknown-linux-gnu/lib/rustlib/x86_64-unknown-linux-gnu/lib/libstd-90f6ddbf82de36ec.rlib" "/opt/rustwide/rustup-home/toolchains/1.75.0-x86_64-unknown-linux-gnu/lib/rustlib/x86_64-unknown-linux-gnu/lib/libpanic_unwind-480c41e9d4e1f677.rlib" "/opt/rustwide/rustup-home/toolchains/1.75.0-x86_64-unknown-linux-gnu/lib/rustlib/x86_64-unknown-linux-gnu/lib/libobject-db744c0ca03eed1d.rlib" "/opt/rustwide/rustup-home/toolchains/1.75.0-x86_64-unknown-linux-gnu/lib/rustlib/x86_64-unknown-linux-gnu/lib/libmemchr-8ba652dc7d4b285a.rlib" "/opt/rustwide/rustup-home/toolchains/1.75.0-x86_64-unknown-linux-gnu/lib/rustlib/x86_64-unknown-linux-gnu/lib/libaddr2line-d5f4520a9ebc0d58.rlib" "/opt/rustwide/rustup-home/toolchains/1.75.0-x86_64-unknown-linux-gnu/lib/rustlib/x86_64-unknown-linux-gnu/lib/libgimli-4ad84de58f0cb463.rlib" "/opt/rustwide/rustup-home/toolchains/1.75.0-x86_64-unknown-linux-gnu/lib/rustlib/x86_64-unknown-linux-gnu/lib/librustc_demangle-0d10aae2e0f38735.rlib" "/opt/rustwide/rustup-home/toolchains/1.75.0-x86_64-unknown-linux-gnu/lib/rustlib/x86_64-unknown-linux-gnu/lib/libstd_detect-0c17cff739e6745b.rlib" "/opt/rustwide/rustup-home/toolchains/1.75.0-x86_64-unknown-linux-gnu/lib/rustlib/x86_64-unknown-linux-gnu/lib/libhashbrown-b29e17139dde1aa8.rlib" "/opt/rustwide/rustup-home/toolchains/1.75.0-x86_64-unknown-linux-gnu/lib/rustlib/x86_64-unknown-linux-gnu/lib/librustc_std_workspace_alloc-1f975299829cc7bd.rlib" "/opt/rustwide/rustup-home/toolchains/1.75.0-x86_64-unknown-linux-gnu/lib/rustlib/x86_64-unknown-linux-gnu/lib/libminiz_oxide-86bae3bc3079f89b.rlib" "/opt/rustwide/rustup-home/toolchains/1.75.0-x86_64-unknown-linux-gnu/lib/rustlib/x86_64-unknown-linux-gnu/lib/libadler-321b82c30dffdf5f.rlib" "/opt/rustwide/rustup-home/toolchains/1.75.0-x86_64-unknown-linux-gnu/lib/rustlib/x86_64-unknown-linux-gnu/lib/libunwind-3dd8a6810a0bdfef.rlib" "/opt/rustwide/rustup-home/toolchains/1.75.0-x86_64-unknown-linux-gnu/lib/rustlib/x86_64-unknown-linux-gnu/lib/libcfg_if-eb39a61c0c879984.rlib" "/opt/rustwide/rustup-home/toolchains/1.75.0-x86_64-unknown-linux-gnu/lib/rustlib/x86_64-unknown-linux-gnu/lib/liblibc-aa769569f91c3548.rlib" "/opt/rustwide/rustup-home/toolchains/1.75.0-x86_64-unknown-linux-gnu/lib/rustlib/x86_64-unknown-linux-gnu/lib/liballoc-510a192a50a983ed.rlib" "/opt/rustwide/rustup-home/toolchains/1.75.0-x86_64-unknown-linux-gnu/lib/rustlib/x86_64-unknown-linux-gnu/lib/librustc_std_workspace_core-0577018320f99037.rlib" "/opt/rustwide/rustup-home/toolchains/1.75.0-x86_64-unknown-linux-gnu/lib/rustlib/x86_64-unknown-linux-gnu/lib/libcore-193cf992125ccd4c.rlib" "/opt/rustwide/rustup-home/toolchains/1.75.0-x86_64-unknown-linux-gnu/lib/rustlib/x86_64-unknown-linux-gnu/lib/libcompiler_builtins-8e138eaf26ebb4a8.rlib" "-Wl,-Bdynamic" "-lgcc_s" "-lutil" "-lrt" "-lpthread" "-lm" "-ldl" "-lc" "-Wl,--eh-frame-hdr" "-Wl,-z,noexecstack" "-L" "/opt/rustwide/rustup-home/toolchains/1.75.0-x86_64-unknown-linux-gnu/lib/rustlib/x86_64-unknown-linux-gnu/lib" "-o" "/opt/rustwide/target/debug/deps/webhook-2104392049223a77" "-Wl,--gc-sections" "-pie" "-Wl,-z,relro,-z,now" "-nodefaultlibs"
[INFO] [stdout]   = note: collect2: fatal error: ld terminated with signal 9 [Killed]
[INFO] [stdout]           compilation terminated.
[INFO] [stdout]           
[INFO] [stdout] 
[INFO] [stdout] 
[INFO] [stdout] error: aborting due to previous error
[INFO] [stdout] 
[INFO] [stdout] 
[INFO] [stderr] error: could not compile `poem-openapi` (test "webhook") due to 2 previous errors
[INFO] [stdout] error: linking with `cc` failed: exit status: 1
[INFO] [stdout]   |
[INFO] [stdout]   = note: LC_ALL="C" PATH="/opt/rustwide/rustup-home/toolchains/1.75.0-x86_64-unknown-linux-gnu/lib/rustlib/x86_64-unknown-linux-gnu/bin:/opt/rustwide/cargo-home/bin:/usr/local/sbin:/usr/local/bin:/usr/sbin:/usr/bin:/sbin:/bin" VSLANG="1033" "cc" "-m64" "/tmp/rustc13Ua8u/symbols.o" "/opt/rustwide/target/debug/deps/tags-5f5f446962e4c57e.tags.be82ed84a98914a5-cgu.0.rcgu.o" "/opt/rustwide/target/debug/deps/tags-5f5f446962e4c57e.tags.be82ed84a98914a5-cgu.1.rcgu.o" "/opt/rustwide/target/debug/deps/tags-5f5f446962e4c57e.tags.be82ed84a98914a5-cgu.2.rcgu.o" "/opt/rustwide/target/debug/deps/tags-5f5f446962e4c57e.3hg7a0zgjjopv0n7.rcgu.o" "-Wl,--as-needed" "-L" "/opt/rustwide/target/debug/deps" "-L" "/opt/rustwide/rustup-home/toolchains/1.75.0-x86_64-unknown-linux-gnu/lib/rustlib/x86_64-unknown-linux-gnu/lib" "-Wl,-Bstatic" "/opt/rustwide/rustup-home/toolchains/1.75.0-x86_64-unknown-linux-gnu/lib/rustlib/x86_64-unknown-linux-gnu/lib/libtest-3df1bed8075ce1de.rlib" "/opt/rustwide/rustup-home/toolchains/1.75.0-x86_64-unknown-linux-gnu/lib/rustlib/x86_64-unknown-linux-gnu/lib/libgetopts-2076fd86b325cb5d.rlib" "/opt/rustwide/rustup-home/toolchains/1.75.0-x86_64-unknown-linux-gnu/lib/rustlib/x86_64-unknown-linux-gnu/lib/libunicode_width-caa7152ee70c190f.rlib" "/opt/rustwide/rustup-home/toolchains/1.75.0-x86_64-unknown-linux-gnu/lib/rustlib/x86_64-unknown-linux-gnu/lib/librustc_std_workspace_std-04e6425e07f02a3c.rlib" "/opt/rustwide/target/debug/deps/libpoem_openapi-5e590f1d1c91a0dd.rlib" "/opt/rustwide/target/debug/deps/libpoem-1dcb63c8cf3a3a17.rlib" "/opt/rustwide/target/debug/deps/libtempfile-4dca041aec06f7c2.rlib" "/opt/rustwide/target/debug/deps/libfastrand-10bb5c97af1a52e6.rlib" "/opt/rustwide/target/debug/deps/librustix-2285ce4e54243f11.rlib" "/opt/rustwide/target/debug/deps/liblinux_raw_sys-2091734e5f15aeaa.rlib" "/opt/rustwide/target/debug/deps/libcookie-0fe945fdc7bd99b4.rlib" "/opt/rustwide/target/debug/deps/libhkdf-e40f9c621302b043.rlib" "/opt/rustwide/target/debug/deps/libhmac-778c5c785b6e7885.rlib" "/opt/rustwide/target/debug/deps/libsha2-bdb16dd27ca4de29.rlib" "/opt/rustwide/target/debug/deps/libtime-1b5b5a515905c748.rlib" "/opt/rustwide/target/debug/deps/libtime_core-7af5d6eb87ec9652.rlib" "/opt/rustwide/target/debug/deps/libderanged-b91eb2e9a304f3c1.rlib" "/opt/rustwide/target/debug/deps/libpowerfmt-e8908707a005dea9.rlib" "/opt/rustwide/target/debug/deps/libaes_gcm-31352f89d5af1a4e.rlib" "/opt/rustwide/target/debug/deps/libctr-22d3d4b3c7c4e245.rlib" "/opt/rustwide/target/debug/deps/libghash-db4ba15e5bf8cd61.rlib" "/opt/rustwide/target/debug/deps/libpolyval-0c349b423d4fec1e.rlib" "/opt/rustwide/target/debug/deps/libopaque_debug-15273823c1ba1453.rlib" "/opt/rustwide/target/debug/deps/libuniversal_hash-c5572e57d15507cf.rlib" "/opt/rustwide/target/debug/deps/libaes-1a460ce6190787cd.rlib" "/opt/rustwide/target/debug/deps/libcipher-ed63da0f50b0c2cb.rlib" "/opt/rustwide/target/debug/deps/libinout-8dfcf9c599087c3f.rlib" "/opt/rustwide/target/debug/deps/libaead-a6f20e77a6216a02.rlib" "/opt/rustwide/target/debug/deps/librand-6b1751f97fc780d8.rlib" "/opt/rustwide/target/debug/deps/librand_chacha-190d94af5566d2d7.rlib" "/opt/rustwide/target/debug/deps/libppv_lite86-9f808eb911999ef2.rlib" "/opt/rustwide/target/debug/deps/libsse_codec-29ad96c8d9273201.rlib" "/opt/rustwide/target/debug/deps/libfutures_codec-c69451e54755358a.rlib" "/opt/rustwide/target/debug/deps/libpin_project-cc89eea97320c5bb.rlib" "/opt/rustwide/target/debug/deps/libfutures-eff93145a06ee04a.rlib" "/opt/rustwide/target/debug/deps/libfutures_executor-1ea41efcedd8231a.rlib" "/opt/rustwide/target/debug/deps/libbytes-b61f00db724d2015.rlib" "/opt/rustwide/target/debug/deps/libmulter-02e686a817e7c25c.rlib" "/opt/rustwide/target/debug/deps/liblog-4f472032e8cdd371.rlib" "/opt/rustwide/target/debug/deps/libspin-06cf3734cfe77ab1.rlib" "/opt/rustwide/target/debug/deps/libencoding_rs-000c97fafd38c2ed.rlib" "/opt/rustwide/target/debug/deps/libserde_yaml-90664ebbd3c31238.rlib" "/opt/rustwide/target/debug/deps/libunsafe_libyaml-a368febdadade116.rlib" "/opt/rustwide/target/debug/deps/libquick_xml-46e7d0a5c932d4d4.rlib" "/opt/rustwide/target/debug/deps/libserde_urlencoded-b3415100f611c689.rlib" "/opt/rustwide/target/debug/deps/libform_urlencoded-ef5eb70334031c86.rlib" "/opt/rustwide/target/debug/deps/libpercent_encoding-fe0d57427b4d92e0.rlib" "/opt/rustwide/target/debug/deps/libthiserror-d1996b3b5c5b4ac9.rlib" "/opt/rustwide/target/debug/deps/libhyper-13cfaae4a34d20c7.rlib" "/opt/rustwide/target/debug/deps/libhttparse-64f1ffbeda450424.rlib" "/opt/rustwide/target/debug/deps/libh2-864dd8210b9ed7a1.rlib" "/opt/rustwide/target/debug/deps/libindexmap-8fc97cbaa956011a.rlib" "/opt/rustwide/target/debug/deps/libequivalent-daf5c71f5fc642dd.rlib" "/opt/rustwide/target/debug/deps/libhashbrown-3d9e58c92093ae49.rlib" "/opt/rustwide/target/debug/deps/libtower_service-104d6e83d5ce383d.rlib" "/opt/rustwide/target/debug/deps/libhttp_body-3c42bd17f1cfc680.rlib" "/opt/rustwide/target/debug/deps/librfc7239-475f0e73defb7492.rlib" "/opt/rustwide/target/debug/deps/libuncased-fedbc3d99506daa1.rlib" "/opt/rustwide/target/debug/deps/libparking_lot-a753e0f9a35f1d55.rlib" "/opt/rustwide/target/debug/deps/libparking_lot_core-f470c455380c2e9e.rlib" "/opt/rustwide/target/debug/deps/libsmallvec-19f6a51af3f3c214.rlib" "/opt/rustwide/target/debug/deps/liblock_api-2e3cdc36e2d071f0.rlib" "/opt/rustwide/target/debug/deps/libscopeguard-012e5ed929fc2fe6.rlib" "/opt/rustwide/target/debug/deps/libchrono-5b84de902cc79130.rlib" "/opt/rustwide/target/debug/deps/libnum_traits-dcf66cbda2c5463d.rlib" "/opt/rustwide/target/debug/deps/libiana_time_zone-528d9768cce5eb89.rlib" "/opt/rustwide/target/debug/deps/libtokio_util-62806d7f69b39128.rlib" "/opt/rustwide/target/debug/deps/libserde_json-7dcf044a803804c2.rlib" "/opt/rustwide/target/debug/deps/libryu-5f304b1b6393964f.rlib" "/opt/rustwide/target/debug/deps/libserde-9afbaac62fb45c03.rlib" "/opt/rustwide/target/debug/deps/libtracing-71557077113ed844.rlib" "/opt/rustwide/target/debug/deps/libtracing_core-de9779e9c86396c9.rlib" "/opt/rustwide/target/debug/deps/libonce_cell-63be820ac0ed0954.rlib" "/opt/rustwide/target/debug/deps/libregex-3fdc9a8f6eaf81cf.rlib" "/opt/rustwide/target/debug/deps/libregex_automata-7e239e4b359aa58c.rlib" "/opt/rustwide/target/debug/deps/libaho_corasick-c461b2416345444e.rlib" "/opt/rustwide/target/debug/deps/libregex_syntax-e4dd3c3a3cb10e1d.rlib" "/opt/rustwide/target/debug/deps/libwildmatch-8590376a35d3f46e.rlib" "/opt/rustwide/target/debug/deps/libfutures_util-71391a7f6e620d88.rlib" "/opt/rustwide/target/debug/deps/libmemchr-94009dd89ebb9d8d.rlib" "/opt/rustwide/target/debug/deps/libfutures_io-109506ffbf0d1d54.rlib" "/opt/rustwide/target/debug/deps/libslab-6eb39baadbe9101c.rlib" "/opt/rustwide/target/debug/deps/libfutures_channel-a299c85500052389.rlib" "/opt/rustwide/target/debug/deps/libfutures_sink-8957e1e23a8e4733.rlib" "/opt/rustwide/target/debug/deps/libfutures_task-c1403167034c79e1.rlib" "/opt/rustwide/target/debug/deps/libpin_utils-741f7d9d160e4a16.rlib" "/opt/rustwide/target/debug/deps/libfutures_core-9cff0d103c3b3c9e.rlib" "/opt/rustwide/target/debug/deps/libnix-ea445caf8e09468f.rlib" "/opt/rustwide/target/debug/deps/libbitflags-912d270082a3a4ea.rlib" "/opt/rustwide/target/debug/deps/libtokio-a58a67d730713c35.rlib" "/opt/rustwide/target/debug/deps/libnum_cpus-d4708e9618b376f9.rlib" "/opt/rustwide/target/debug/deps/libsocket2-0d88c912de52bbf6.rlib" "/opt/rustwide/target/debug/deps/libmio-8968d6dd6f9690eb.rlib" "/opt/rustwide/target/debug/deps/libpin_project_lite-e0757e0deaa2f8a0.rlib" "/opt/rustwide/target/debug/deps/libheaders-e3d3bf76882bf0d1.rlib" "/opt/rustwide/target/debug/deps/libsha1-8d03bcb38d789f2c.rlib" "/opt/rustwide/target/debug/deps/libcpufeatures-b8d9ed5bb45874e9.rlib" "/opt/rustwide/target/debug/deps/libdigest-f85e3979e51b6048.rlib" "/opt/rustwide/target/debug/deps/libsubtle-add1bb7d312fdc8c.rlib" "/opt/rustwide/target/debug/deps/libblock_buffer-7e9270fb9b7ff635.rlib" "/opt/rustwide/target/debug/deps/libcrypto_common-87e8db6372bded59.rlib" "/opt/rustwide/target/debug/deps/libgeneric_array-18b3188a0c567140.rlib" "/opt/rustwide/target/debug/deps/libtypenum-da95465dc70d2c95.rlib" "/opt/rustwide/target/debug/deps/librand_core-6b5cc83d202a6ca4.rlib" "/opt/rustwide/target/debug/deps/libgetrandom-6f8cebb06b407ea9.rlib" "/opt/rustwide/target/debug/deps/liblibc-4f34ddd04c373408.rlib" "/opt/rustwide/target/debug/deps/libcfg_if-61dc7a6799e72b18.rlib" "/opt/rustwide/target/debug/deps/libmime-7e306270d8ceb372.rlib" "/opt/rustwide/target/debug/deps/libhttpdate-60c45fdec07c28d7.rlib" "/opt/rustwide/target/debug/deps/libheaders_core-51dab886bfda5599.rlib" "/opt/rustwide/target/debug/deps/libhttp-087a4805b82b800b.rlib" "/opt/rustwide/target/debug/deps/libitoa-5f181af53b99b92c.rlib" "/opt/rustwide/target/debug/deps/libfnv-18bf5144d055e772.rlib" "/opt/rustwide/target/debug/deps/libbytes-0a052f49710012b1.rlib" "/opt/rustwide/target/debug/deps/libbase64-c757f6e1d18850a5.rlib" "/opt/rustwide/rustup-home/toolchains/1.75.0-x86_64-unknown-linux-gnu/lib/rustlib/x86_64-unknown-linux-gnu/lib/libstd-90f6ddbf82de36ec.rlib" "/opt/rustwide/rustup-home/toolchains/1.75.0-x86_64-unknown-linux-gnu/lib/rustlib/x86_64-unknown-linux-gnu/lib/libpanic_unwind-480c41e9d4e1f677.rlib" "/opt/rustwide/rustup-home/toolchains/1.75.0-x86_64-unknown-linux-gnu/lib/rustlib/x86_64-unknown-linux-gnu/lib/libobject-db744c0ca03eed1d.rlib" "/opt/rustwide/rustup-home/toolchains/1.75.0-x86_64-unknown-linux-gnu/lib/rustlib/x86_64-unknown-linux-gnu/lib/libmemchr-8ba652dc7d4b285a.rlib" "/opt/rustwide/rustup-home/toolchains/1.75.0-x86_64-unknown-linux-gnu/lib/rustlib/x86_64-unknown-linux-gnu/lib/libaddr2line-d5f4520a9ebc0d58.rlib" "/opt/rustwide/rustup-home/toolchains/1.75.0-x86_64-unknown-linux-gnu/lib/rustlib/x86_64-unknown-linux-gnu/lib/libgimli-4ad84de58f0cb463.rlib" "/opt/rustwide/rustup-home/toolchains/1.75.0-x86_64-unknown-linux-gnu/lib/rustlib/x86_64-unknown-linux-gnu/lib/librustc_demangle-0d10aae2e0f38735.rlib" "/opt/rustwide/rustup-home/toolchains/1.75.0-x86_64-unknown-linux-gnu/lib/rustlib/x86_64-unknown-linux-gnu/lib/libstd_detect-0c17cff739e6745b.rlib" "/opt/rustwide/rustup-home/toolchains/1.75.0-x86_64-unknown-linux-gnu/lib/rustlib/x86_64-unknown-linux-gnu/lib/libhashbrown-b29e17139dde1aa8.rlib" "/opt/rustwide/rustup-home/toolchains/1.75.0-x86_64-unknown-linux-gnu/lib/rustlib/x86_64-unknown-linux-gnu/lib/librustc_std_workspace_alloc-1f975299829cc7bd.rlib" "/opt/rustwide/rustup-home/toolchains/1.75.0-x86_64-unknown-linux-gnu/lib/rustlib/x86_64-unknown-linux-gnu/lib/libminiz_oxide-86bae3bc3079f89b.rlib" "/opt/rustwide/rustup-home/toolchains/1.75.0-x86_64-unknown-linux-gnu/lib/rustlib/x86_64-unknown-linux-gnu/lib/libadler-321b82c30dffdf5f.rlib" "/opt/rustwide/rustup-home/toolchains/1.75.0-x86_64-unknown-linux-gnu/lib/rustlib/x86_64-unknown-linux-gnu/lib/libunwind-3dd8a6810a0bdfef.rlib" "/opt/rustwide/rustup-home/toolchains/1.75.0-x86_64-unknown-linux-gnu/lib/rustlib/x86_64-unknown-linux-gnu/lib/libcfg_if-eb39a61c0c879984.rlib" "/opt/rustwide/rustup-home/toolchains/1.75.0-x86_64-unknown-linux-gnu/lib/rustlib/x86_64-unknown-linux-gnu/lib/liblibc-aa769569f91c3548.rlib" "/opt/rustwide/rustup-home/toolchains/1.75.0-x86_64-unknown-linux-gnu/lib/rustlib/x86_64-unknown-linux-gnu/lib/liballoc-510a192a50a983ed.rlib" "/opt/rustwide/rustup-home/toolchains/1.75.0-x86_64-unknown-linux-gnu/lib/rustlib/x86_64-unknown-linux-gnu/lib/librustc_std_workspace_core-0577018320f99037.rlib" "/opt/rustwide/rustup-home/toolchains/1.75.0-x86_64-unknown-linux-gnu/lib/rustlib/x86_64-unknown-linux-gnu/lib/libcore-193cf992125ccd4c.rlib" "/opt/rustwide/rustup-home/toolchains/1.75.0-x86_64-unknown-linux-gnu/lib/rustlib/x86_64-unknown-linux-gnu/lib/libcompiler_builtins-8e138eaf26ebb4a8.rlib" "-Wl,-Bdynamic" "-lgcc_s" "-lutil" "-lrt" "-lpthread" "-lm" "-ldl" "-lc" "-Wl,--eh-frame-hdr" "-Wl,-z,noexecstack" "-L" "/opt/rustwide/rustup-home/toolchains/1.75.0-x86_64-unknown-linux-gnu/lib/rustlib/x86_64-unknown-linux-gnu/lib" "-o" "/opt/rustwide/target/debug/deps/tags-5f5f446962e4c57e" "-Wl,--gc-sections" "-pie" "-Wl,-z,relro,-z,now" "-nodefaultlibs"
[INFO] [stdout]   = note: collect2: fatal error: ld terminated with signal 9 [Killed]
[INFO] [stdout]           compilation terminated.
[INFO] [stdout]           
[INFO] [stdout] 
[INFO] [stdout] 
[INFO] [stdout] error: aborting due to previous error
[INFO] [stdout] 
[INFO] [stdout] 
[INFO] [stderr] error: could not compile `poem-openapi` (test "tags") due to 2 previous errors
[INFO] [stdout] error: linking with `cc` failed: exit status: 1
[INFO] [stdout]   |
[INFO] [stdout]   = note: LC_ALL="C" PATH="/opt/rustwide/rustup-home/toolchains/1.75.0-x86_64-unknown-linux-gnu/lib/rustlib/x86_64-unknown-linux-gnu/bin:/opt/rustwide/cargo-home/bin:/usr/local/sbin:/usr/local/bin:/usr/sbin:/usr/bin:/sbin:/bin" VSLANG="1033" "cc" "-m64" "/tmp/rustcNzLVju/symbols.o" "/opt/rustwide/target/debug/deps/newtype-7e9f95aefa6da38f.newtype.83c452f9ce11312e-cgu.0.rcgu.o" "/opt/rustwide/target/debug/deps/newtype-7e9f95aefa6da38f.2qzteqptfqmz13x5.rcgu.o" "-Wl,--as-needed" "-L" "/opt/rustwide/target/debug/deps" "-L" "/opt/rustwide/rustup-home/toolchains/1.75.0-x86_64-unknown-linux-gnu/lib/rustlib/x86_64-unknown-linux-gnu/lib" "-Wl,-Bstatic" "/opt/rustwide/rustup-home/toolchains/1.75.0-x86_64-unknown-linux-gnu/lib/rustlib/x86_64-unknown-linux-gnu/lib/libtest-3df1bed8075ce1de.rlib" "/opt/rustwide/rustup-home/toolchains/1.75.0-x86_64-unknown-linux-gnu/lib/rustlib/x86_64-unknown-linux-gnu/lib/libgetopts-2076fd86b325cb5d.rlib" "/opt/rustwide/rustup-home/toolchains/1.75.0-x86_64-unknown-linux-gnu/lib/rustlib/x86_64-unknown-linux-gnu/lib/libunicode_width-caa7152ee70c190f.rlib" "/opt/rustwide/rustup-home/toolchains/1.75.0-x86_64-unknown-linux-gnu/lib/rustlib/x86_64-unknown-linux-gnu/lib/librustc_std_workspace_std-04e6425e07f02a3c.rlib" "/opt/rustwide/target/debug/deps/libpoem_openapi-5e590f1d1c91a0dd.rlib" "/opt/rustwide/target/debug/deps/libpoem-1dcb63c8cf3a3a17.rlib" "/opt/rustwide/target/debug/deps/libtempfile-4dca041aec06f7c2.rlib" "/opt/rustwide/target/debug/deps/libfastrand-10bb5c97af1a52e6.rlib" "/opt/rustwide/target/debug/deps/librustix-2285ce4e54243f11.rlib" "/opt/rustwide/target/debug/deps/liblinux_raw_sys-2091734e5f15aeaa.rlib" "/opt/rustwide/target/debug/deps/libcookie-0fe945fdc7bd99b4.rlib" "/opt/rustwide/target/debug/deps/libhkdf-e40f9c621302b043.rlib" "/opt/rustwide/target/debug/deps/libhmac-778c5c785b6e7885.rlib" "/opt/rustwide/target/debug/deps/libsha2-bdb16dd27ca4de29.rlib" "/opt/rustwide/target/debug/deps/libtime-1b5b5a515905c748.rlib" "/opt/rustwide/target/debug/deps/libtime_core-7af5d6eb87ec9652.rlib" "/opt/rustwide/target/debug/deps/libderanged-b91eb2e9a304f3c1.rlib" "/opt/rustwide/target/debug/deps/libpowerfmt-e8908707a005dea9.rlib" "/opt/rustwide/target/debug/deps/libaes_gcm-31352f89d5af1a4e.rlib" "/opt/rustwide/target/debug/deps/libctr-22d3d4b3c7c4e245.rlib" "/opt/rustwide/target/debug/deps/libghash-db4ba15e5bf8cd61.rlib" "/opt/rustwide/target/debug/deps/libpolyval-0c349b423d4fec1e.rlib" "/opt/rustwide/target/debug/deps/libopaque_debug-15273823c1ba1453.rlib" "/opt/rustwide/target/debug/deps/libuniversal_hash-c5572e57d15507cf.rlib" "/opt/rustwide/target/debug/deps/libaes-1a460ce6190787cd.rlib" "/opt/rustwide/target/debug/deps/libcipher-ed63da0f50b0c2cb.rlib" "/opt/rustwide/target/debug/deps/libinout-8dfcf9c599087c3f.rlib" "/opt/rustwide/target/debug/deps/libaead-a6f20e77a6216a02.rlib" "/opt/rustwide/target/debug/deps/librand-6b1751f97fc780d8.rlib" "/opt/rustwide/target/debug/deps/librand_chacha-190d94af5566d2d7.rlib" "/opt/rustwide/target/debug/deps/libppv_lite86-9f808eb911999ef2.rlib" "/opt/rustwide/target/debug/deps/libsse_codec-29ad96c8d9273201.rlib" "/opt/rustwide/target/debug/deps/libfutures_codec-c69451e54755358a.rlib" "/opt/rustwide/target/debug/deps/libpin_project-cc89eea97320c5bb.rlib" "/opt/rustwide/target/debug/deps/libfutures-eff93145a06ee04a.rlib" "/opt/rustwide/target/debug/deps/libfutures_executor-1ea41efcedd8231a.rlib" "/opt/rustwide/target/debug/deps/libbytes-b61f00db724d2015.rlib" "/opt/rustwide/target/debug/deps/libmulter-02e686a817e7c25c.rlib" "/opt/rustwide/target/debug/deps/liblog-4f472032e8cdd371.rlib" "/opt/rustwide/target/debug/deps/libspin-06cf3734cfe77ab1.rlib" "/opt/rustwide/target/debug/deps/libencoding_rs-000c97fafd38c2ed.rlib" "/opt/rustwide/target/debug/deps/libserde_yaml-90664ebbd3c31238.rlib" "/opt/rustwide/target/debug/deps/libunsafe_libyaml-a368febdadade116.rlib" "/opt/rustwide/target/debug/deps/libquick_xml-46e7d0a5c932d4d4.rlib" "/opt/rustwide/target/debug/deps/libserde_urlencoded-b3415100f611c689.rlib" "/opt/rustwide/target/debug/deps/libform_urlencoded-ef5eb70334031c86.rlib" "/opt/rustwide/target/debug/deps/libpercent_encoding-fe0d57427b4d92e0.rlib" "/opt/rustwide/target/debug/deps/libthiserror-d1996b3b5c5b4ac9.rlib" "/opt/rustwide/target/debug/deps/libhyper-13cfaae4a34d20c7.rlib" "/opt/rustwide/target/debug/deps/libhttparse-64f1ffbeda450424.rlib" "/opt/rustwide/target/debug/deps/libh2-864dd8210b9ed7a1.rlib" "/opt/rustwide/target/debug/deps/libindexmap-8fc97cbaa956011a.rlib" "/opt/rustwide/target/debug/deps/libequivalent-daf5c71f5fc642dd.rlib" "/opt/rustwide/target/debug/deps/libhashbrown-3d9e58c92093ae49.rlib" "/opt/rustwide/target/debug/deps/libtower_service-104d6e83d5ce383d.rlib" "/opt/rustwide/target/debug/deps/libhttp_body-3c42bd17f1cfc680.rlib" "/opt/rustwide/target/debug/deps/librfc7239-475f0e73defb7492.rlib" "/opt/rustwide/target/debug/deps/libuncased-fedbc3d99506daa1.rlib" "/opt/rustwide/target/debug/deps/libparking_lot-a753e0f9a35f1d55.rlib" "/opt/rustwide/target/debug/deps/libparking_lot_core-f470c455380c2e9e.rlib" "/opt/rustwide/target/debug/deps/libsmallvec-19f6a51af3f3c214.rlib" "/opt/rustwide/target/debug/deps/liblock_api-2e3cdc36e2d071f0.rlib" "/opt/rustwide/target/debug/deps/libscopeguard-012e5ed929fc2fe6.rlib" "/opt/rustwide/target/debug/deps/libchrono-5b84de902cc79130.rlib" "/opt/rustwide/target/debug/deps/libnum_traits-dcf66cbda2c5463d.rlib" "/opt/rustwide/target/debug/deps/libiana_time_zone-528d9768cce5eb89.rlib" "/opt/rustwide/target/debug/deps/libtokio_util-62806d7f69b39128.rlib" "/opt/rustwide/target/debug/deps/libserde_json-7dcf044a803804c2.rlib" "/opt/rustwide/target/debug/deps/libryu-5f304b1b6393964f.rlib" "/opt/rustwide/target/debug/deps/libserde-9afbaac62fb45c03.rlib" "/opt/rustwide/target/debug/deps/libtracing-71557077113ed844.rlib" "/opt/rustwide/target/debug/deps/libtracing_core-de9779e9c86396c9.rlib" "/opt/rustwide/target/debug/deps/libonce_cell-63be820ac0ed0954.rlib" "/opt/rustwide/target/debug/deps/libregex-3fdc9a8f6eaf81cf.rlib" "/opt/rustwide/target/debug/deps/libregex_automata-7e239e4b359aa58c.rlib" "/opt/rustwide/target/debug/deps/libaho_corasick-c461b2416345444e.rlib" "/opt/rustwide/target/debug/deps/libregex_syntax-e4dd3c3a3cb10e1d.rlib" "/opt/rustwide/target/debug/deps/libwildmatch-8590376a35d3f46e.rlib" "/opt/rustwide/target/debug/deps/libfutures_util-71391a7f6e620d88.rlib" "/opt/rustwide/target/debug/deps/libmemchr-94009dd89ebb9d8d.rlib" "/opt/rustwide/target/debug/deps/libfutures_io-109506ffbf0d1d54.rlib" "/opt/rustwide/target/debug/deps/libslab-6eb39baadbe9101c.rlib" "/opt/rustwide/target/debug/deps/libfutures_channel-a299c85500052389.rlib" "/opt/rustwide/target/debug/deps/libfutures_sink-8957e1e23a8e4733.rlib" "/opt/rustwide/target/debug/deps/libfutures_task-c1403167034c79e1.rlib" "/opt/rustwide/target/debug/deps/libpin_utils-741f7d9d160e4a16.rlib" "/opt/rustwide/target/debug/deps/libfutures_core-9cff0d103c3b3c9e.rlib" "/opt/rustwide/target/debug/deps/libnix-ea445caf8e09468f.rlib" "/opt/rustwide/target/debug/deps/libbitflags-912d270082a3a4ea.rlib" "/opt/rustwide/target/debug/deps/libtokio-a58a67d730713c35.rlib" "/opt/rustwide/target/debug/deps/libnum_cpus-d4708e9618b376f9.rlib" "/opt/rustwide/target/debug/deps/libsocket2-0d88c912de52bbf6.rlib" "/opt/rustwide/target/debug/deps/libmio-8968d6dd6f9690eb.rlib" "/opt/rustwide/target/debug/deps/libpin_project_lite-e0757e0deaa2f8a0.rlib" "/opt/rustwide/target/debug/deps/libheaders-e3d3bf76882bf0d1.rlib" "/opt/rustwide/target/debug/deps/libsha1-8d03bcb38d789f2c.rlib" "/opt/rustwide/target/debug/deps/libcpufeatures-b8d9ed5bb45874e9.rlib" "/opt/rustwide/target/debug/deps/libdigest-f85e3979e51b6048.rlib" "/opt/rustwide/target/debug/deps/libsubtle-add1bb7d312fdc8c.rlib" "/opt/rustwide/target/debug/deps/libblock_buffer-7e9270fb9b7ff635.rlib" "/opt/rustwide/target/debug/deps/libcrypto_common-87e8db6372bded59.rlib" "/opt/rustwide/target/debug/deps/libgeneric_array-18b3188a0c567140.rlib" "/opt/rustwide/target/debug/deps/libtypenum-da95465dc70d2c95.rlib" "/opt/rustwide/target/debug/deps/librand_core-6b5cc83d202a6ca4.rlib" "/opt/rustwide/target/debug/deps/libgetrandom-6f8cebb06b407ea9.rlib" "/opt/rustwide/target/debug/deps/liblibc-4f34ddd04c373408.rlib" "/opt/rustwide/target/debug/deps/libcfg_if-61dc7a6799e72b18.rlib" "/opt/rustwide/target/debug/deps/libmime-7e306270d8ceb372.rlib" "/opt/rustwide/target/debug/deps/libhttpdate-60c45fdec07c28d7.rlib" "/opt/rustwide/target/debug/deps/libheaders_core-51dab886bfda5599.rlib" "/opt/rustwide/target/debug/deps/libhttp-087a4805b82b800b.rlib" "/opt/rustwide/target/debug/deps/libitoa-5f181af53b99b92c.rlib" "/opt/rustwide/target/debug/deps/libfnv-18bf5144d055e772.rlib" "/opt/rustwide/target/debug/deps/libbytes-0a052f49710012b1.rlib" "/opt/rustwide/target/debug/deps/libbase64-c757f6e1d18850a5.rlib" "/opt/rustwide/rustup-home/toolchains/1.75.0-x86_64-unknown-linux-gnu/lib/rustlib/x86_64-unknown-linux-gnu/lib/libstd-90f6ddbf82de36ec.rlib" "/opt/rustwide/rustup-home/toolchains/1.75.0-x86_64-unknown-linux-gnu/lib/rustlib/x86_64-unknown-linux-gnu/lib/libpanic_unwind-480c41e9d4e1f677.rlib" "/opt/rustwide/rustup-home/toolchains/1.75.0-x86_64-unknown-linux-gnu/lib/rustlib/x86_64-unknown-linux-gnu/lib/libobject-db744c0ca03eed1d.rlib" "/opt/rustwide/rustup-home/toolchains/1.75.0-x86_64-unknown-linux-gnu/lib/rustlib/x86_64-unknown-linux-gnu/lib/libmemchr-8ba652dc7d4b285a.rlib" "/opt/rustwide/rustup-home/toolchains/1.75.0-x86_64-unknown-linux-gnu/lib/rustlib/x86_64-unknown-linux-gnu/lib/libaddr2line-d5f4520a9ebc0d58.rlib" "/opt/rustwide/rustup-home/toolchains/1.75.0-x86_64-unknown-linux-gnu/lib/rustlib/x86_64-unknown-linux-gnu/lib/libgimli-4ad84de58f0cb463.rlib" "/opt/rustwide/rustup-home/toolchains/1.75.0-x86_64-unknown-linux-gnu/lib/rustlib/x86_64-unknown-linux-gnu/lib/librustc_demangle-0d10aae2e0f38735.rlib" "/opt/rustwide/rustup-home/toolchains/1.75.0-x86_64-unknown-linux-gnu/lib/rustlib/x86_64-unknown-linux-gnu/lib/libstd_detect-0c17cff739e6745b.rlib" "/opt/rustwide/rustup-home/toolchains/1.75.0-x86_64-unknown-linux-gnu/lib/rustlib/x86_64-unknown-linux-gnu/lib/libhashbrown-b29e17139dde1aa8.rlib" "/opt/rustwide/rustup-home/toolchains/1.75.0-x86_64-unknown-linux-gnu/lib/rustlib/x86_64-unknown-linux-gnu/lib/librustc_std_workspace_alloc-1f975299829cc7bd.rlib" "/opt/rustwide/rustup-home/toolchains/1.75.0-x86_64-unknown-linux-gnu/lib/rustlib/x86_64-unknown-linux-gnu/lib/libminiz_oxide-86bae3bc3079f89b.rlib" "/opt/rustwide/rustup-home/toolchains/1.75.0-x86_64-unknown-linux-gnu/lib/rustlib/x86_64-unknown-linux-gnu/lib/libadler-321b82c30dffdf5f.rlib" "/opt/rustwide/rustup-home/toolchains/1.75.0-x86_64-unknown-linux-gnu/lib/rustlib/x86_64-unknown-linux-gnu/lib/libunwind-3dd8a6810a0bdfef.rlib" "/opt/rustwide/rustup-home/toolchains/1.75.0-x86_64-unknown-linux-gnu/lib/rustlib/x86_64-unknown-linux-gnu/lib/libcfg_if-eb39a61c0c879984.rlib" "/opt/rustwide/rustup-home/toolchains/1.75.0-x86_64-unknown-linux-gnu/lib/rustlib/x86_64-unknown-linux-gnu/lib/liblibc-aa769569f91c3548.rlib" "/opt/rustwide/rustup-home/toolchains/1.75.0-x86_64-unknown-linux-gnu/lib/rustlib/x86_64-unknown-linux-gnu/lib/liballoc-510a192a50a983ed.rlib" "/opt/rustwide/rustup-home/toolchains/1.75.0-x86_64-unknown-linux-gnu/lib/rustlib/x86_64-unknown-linux-gnu/lib/librustc_std_workspace_core-0577018320f99037.rlib" "/opt/rustwide/rustup-home/toolchains/1.75.0-x86_64-unknown-linux-gnu/lib/rustlib/x86_64-unknown-linux-gnu/lib/libcore-193cf992125ccd4c.rlib" "/opt/rustwide/rustup-home/toolchains/1.75.0-x86_64-unknown-linux-gnu/lib/rustlib/x86_64-unknown-linux-gnu/lib/libcompiler_builtins-8e138eaf26ebb4a8.rlib" "-Wl,-Bdynamic" "-lgcc_s" "-lutil" "-lrt" "-lpthread" "-lm" "-ldl" "-lc" "-Wl,--eh-frame-hdr" "-Wl,-z,noexecstack" "-L" "/opt/rustwide/rustup-home/toolchains/1.75.0-x86_64-unknown-linux-gnu/lib/rustlib/x86_64-unknown-linux-gnu/lib" "-o" "/opt/rustwide/target/debug/deps/newtype-7e9f95aefa6da38f" "-Wl,--gc-sections" "-pie" "-Wl,-z,relro,-z,now" "-nodefaultlibs"
[INFO] [stdout]   = note: collect2: fatal error: ld terminated with signal 9 [Killed]
[INFO] [stdout]           compilation terminated.
[INFO] [stdout]           
[INFO] [stdout] 
[INFO] [stdout] 
[INFO] [stdout] error: aborting due to previous error
[INFO] [stdout] 
[INFO] [stdout] 
[INFO] [stderr] error: could not compile `poem-openapi` (test "newtype") due to 2 previous errors
[INFO] [stdout] error: linking with `cc` failed: exit status: 1
[INFO] [stdout]   |
[INFO] [stdout]   = note: LC_ALL="C" PATH="/opt/rustwide/rustup-home/toolchains/1.75.0-x86_64-unknown-linux-gnu/lib/rustlib/x86_64-unknown-linux-gnu/bin:/opt/rustwide/cargo-home/bin:/usr/local/sbin:/usr/local/bin:/usr/sbin:/usr/bin:/sbin:/bin" VSLANG="1033" "cc" "-m64" "/tmp/rustc8sUQSw/symbols.o" "/opt/rustwide/target/debug/deps/enum-39992a74889a3075.enum.ec96b5f3d4ff0943-cgu.0.rcgu.o" "/opt/rustwide/target/debug/deps/enum-39992a74889a3075.enum.ec96b5f3d4ff0943-cgu.1.rcgu.o" "/opt/rustwide/target/debug/deps/enum-39992a74889a3075.enum.ec96b5f3d4ff0943-cgu.2.rcgu.o" "/opt/rustwide/target/debug/deps/enum-39992a74889a3075.enum.ec96b5f3d4ff0943-cgu.3.rcgu.o" "/opt/rustwide/target/debug/deps/enum-39992a74889a3075.1kb8l1drj5zt1aer.rcgu.o" "-Wl,--as-needed" "-L" "/opt/rustwide/target/debug/deps" "-L" "/opt/rustwide/rustup-home/toolchains/1.75.0-x86_64-unknown-linux-gnu/lib/rustlib/x86_64-unknown-linux-gnu/lib" "-Wl,-Bstatic" "/opt/rustwide/rustup-home/toolchains/1.75.0-x86_64-unknown-linux-gnu/lib/rustlib/x86_64-unknown-linux-gnu/lib/libtest-3df1bed8075ce1de.rlib" "/opt/rustwide/rustup-home/toolchains/1.75.0-x86_64-unknown-linux-gnu/lib/rustlib/x86_64-unknown-linux-gnu/lib/libgetopts-2076fd86b325cb5d.rlib" "/opt/rustwide/rustup-home/toolchains/1.75.0-x86_64-unknown-linux-gnu/lib/rustlib/x86_64-unknown-linux-gnu/lib/libunicode_width-caa7152ee70c190f.rlib" "/opt/rustwide/rustup-home/toolchains/1.75.0-x86_64-unknown-linux-gnu/lib/rustlib/x86_64-unknown-linux-gnu/lib/librustc_std_workspace_std-04e6425e07f02a3c.rlib" "/opt/rustwide/target/debug/deps/libpoem_openapi-5e590f1d1c91a0dd.rlib" "/opt/rustwide/target/debug/deps/libpoem-1dcb63c8cf3a3a17.rlib" "/opt/rustwide/target/debug/deps/libtempfile-4dca041aec06f7c2.rlib" "/opt/rustwide/target/debug/deps/libfastrand-10bb5c97af1a52e6.rlib" "/opt/rustwide/target/debug/deps/librustix-2285ce4e54243f11.rlib" "/opt/rustwide/target/debug/deps/liblinux_raw_sys-2091734e5f15aeaa.rlib" "/opt/rustwide/target/debug/deps/libcookie-0fe945fdc7bd99b4.rlib" "/opt/rustwide/target/debug/deps/libhkdf-e40f9c621302b043.rlib" "/opt/rustwide/target/debug/deps/libhmac-778c5c785b6e7885.rlib" "/opt/rustwide/target/debug/deps/libsha2-bdb16dd27ca4de29.rlib" "/opt/rustwide/target/debug/deps/libtime-1b5b5a515905c748.rlib" "/opt/rustwide/target/debug/deps/libtime_core-7af5d6eb87ec9652.rlib" "/opt/rustwide/target/debug/deps/libderanged-b91eb2e9a304f3c1.rlib" "/opt/rustwide/target/debug/deps/libpowerfmt-e8908707a005dea9.rlib" "/opt/rustwide/target/debug/deps/libaes_gcm-31352f89d5af1a4e.rlib" "/opt/rustwide/target/debug/deps/libctr-22d3d4b3c7c4e245.rlib" "/opt/rustwide/target/debug/deps/libghash-db4ba15e5bf8cd61.rlib" "/opt/rustwide/target/debug/deps/libpolyval-0c349b423d4fec1e.rlib" "/opt/rustwide/target/debug/deps/libopaque_debug-15273823c1ba1453.rlib" "/opt/rustwide/target/debug/deps/libuniversal_hash-c5572e57d15507cf.rlib" "/opt/rustwide/target/debug/deps/libaes-1a460ce6190787cd.rlib" "/opt/rustwide/target/debug/deps/libcipher-ed63da0f50b0c2cb.rlib" "/opt/rustwide/target/debug/deps/libinout-8dfcf9c599087c3f.rlib" "/opt/rustwide/target/debug/deps/libaead-a6f20e77a6216a02.rlib" "/opt/rustwide/target/debug/deps/librand-6b1751f97fc780d8.rlib" "/opt/rustwide/target/debug/deps/librand_chacha-190d94af5566d2d7.rlib" "/opt/rustwide/target/debug/deps/libppv_lite86-9f808eb911999ef2.rlib" "/opt/rustwide/target/debug/deps/libsse_codec-29ad96c8d9273201.rlib" "/opt/rustwide/target/debug/deps/libfutures_codec-c69451e54755358a.rlib" "/opt/rustwide/target/debug/deps/libpin_project-cc89eea97320c5bb.rlib" "/opt/rustwide/target/debug/deps/libfutures-eff93145a06ee04a.rlib" "/opt/rustwide/target/debug/deps/libfutures_executor-1ea41efcedd8231a.rlib" "/opt/rustwide/target/debug/deps/libbytes-b61f00db724d2015.rlib" "/opt/rustwide/target/debug/deps/libmulter-02e686a817e7c25c.rlib" "/opt/rustwide/target/debug/deps/liblog-4f472032e8cdd371.rlib" "/opt/rustwide/target/debug/deps/libspin-06cf3734cfe77ab1.rlib" "/opt/rustwide/target/debug/deps/libencoding_rs-000c97fafd38c2ed.rlib" "/opt/rustwide/target/debug/deps/libserde_yaml-90664ebbd3c31238.rlib" "/opt/rustwide/target/debug/deps/libunsafe_libyaml-a368febdadade116.rlib" "/opt/rustwide/target/debug/deps/libquick_xml-46e7d0a5c932d4d4.rlib" "/opt/rustwide/target/debug/deps/libserde_urlencoded-b3415100f611c689.rlib" "/opt/rustwide/target/debug/deps/libform_urlencoded-ef5eb70334031c86.rlib" "/opt/rustwide/target/debug/deps/libpercent_encoding-fe0d57427b4d92e0.rlib" "/opt/rustwide/target/debug/deps/libthiserror-d1996b3b5c5b4ac9.rlib" "/opt/rustwide/target/debug/deps/libhyper-13cfaae4a34d20c7.rlib" "/opt/rustwide/target/debug/deps/libhttparse-64f1ffbeda450424.rlib" "/opt/rustwide/target/debug/deps/libh2-864dd8210b9ed7a1.rlib" "/opt/rustwide/target/debug/deps/libindexmap-8fc97cbaa956011a.rlib" "/opt/rustwide/target/debug/deps/libequivalent-daf5c71f5fc642dd.rlib" "/opt/rustwide/target/debug/deps/libhashbrown-3d9e58c92093ae49.rlib" "/opt/rustwide/target/debug/deps/libtower_service-104d6e83d5ce383d.rlib" "/opt/rustwide/target/debug/deps/libhttp_body-3c42bd17f1cfc680.rlib" "/opt/rustwide/target/debug/deps/librfc7239-475f0e73defb7492.rlib" "/opt/rustwide/target/debug/deps/libuncased-fedbc3d99506daa1.rlib" "/opt/rustwide/target/debug/deps/libparking_lot-a753e0f9a35f1d55.rlib" "/opt/rustwide/target/debug/deps/libparking_lot_core-f470c455380c2e9e.rlib" "/opt/rustwide/target/debug/deps/libsmallvec-19f6a51af3f3c214.rlib" "/opt/rustwide/target/debug/deps/liblock_api-2e3cdc36e2d071f0.rlib" "/opt/rustwide/target/debug/deps/libscopeguard-012e5ed929fc2fe6.rlib" "/opt/rustwide/target/debug/deps/libchrono-5b84de902cc79130.rlib" "/opt/rustwide/target/debug/deps/libnum_traits-dcf66cbda2c5463d.rlib" "/opt/rustwide/target/debug/deps/libiana_time_zone-528d9768cce5eb89.rlib" "/opt/rustwide/target/debug/deps/libtokio_util-62806d7f69b39128.rlib" "/opt/rustwide/target/debug/deps/libserde_json-7dcf044a803804c2.rlib" "/opt/rustwide/target/debug/deps/libryu-5f304b1b6393964f.rlib" "/opt/rustwide/target/debug/deps/libserde-9afbaac62fb45c03.rlib" "/opt/rustwide/target/debug/deps/libtracing-71557077113ed844.rlib" "/opt/rustwide/target/debug/deps/libtracing_core-de9779e9c86396c9.rlib" "/opt/rustwide/target/debug/deps/libonce_cell-63be820ac0ed0954.rlib" "/opt/rustwide/target/debug/deps/libregex-3fdc9a8f6eaf81cf.rlib" "/opt/rustwide/target/debug/deps/libregex_automata-7e239e4b359aa58c.rlib" "/opt/rustwide/target/debug/deps/libaho_corasick-c461b2416345444e.rlib" "/opt/rustwide/target/debug/deps/libregex_syntax-e4dd3c3a3cb10e1d.rlib" "/opt/rustwide/target/debug/deps/libwildmatch-8590376a35d3f46e.rlib" "/opt/rustwide/target/debug/deps/libfutures_util-71391a7f6e620d88.rlib" "/opt/rustwide/target/debug/deps/libmemchr-94009dd89ebb9d8d.rlib" "/opt/rustwide/target/debug/deps/libfutures_io-109506ffbf0d1d54.rlib" "/opt/rustwide/target/debug/deps/libslab-6eb39baadbe9101c.rlib" "/opt/rustwide/target/debug/deps/libfutures_channel-a299c85500052389.rlib" "/opt/rustwide/target/debug/deps/libfutures_sink-8957e1e23a8e4733.rlib" "/opt/rustwide/target/debug/deps/libfutures_task-c1403167034c79e1.rlib" "/opt/rustwide/target/debug/deps/libpin_utils-741f7d9d160e4a16.rlib" "/opt/rustwide/target/debug/deps/libfutures_core-9cff0d103c3b3c9e.rlib" "/opt/rustwide/target/debug/deps/libnix-ea445caf8e09468f.rlib" "/opt/rustwide/target/debug/deps/libbitflags-912d270082a3a4ea.rlib" "/opt/rustwide/target/debug/deps/libtokio-a58a67d730713c35.rlib" "/opt/rustwide/target/debug/deps/libnum_cpus-d4708e9618b376f9.rlib" "/opt/rustwide/target/debug/deps/libsocket2-0d88c912de52bbf6.rlib" "/opt/rustwide/target/debug/deps/libmio-8968d6dd6f9690eb.rlib" "/opt/rustwide/target/debug/deps/libpin_project_lite-e0757e0deaa2f8a0.rlib" "/opt/rustwide/target/debug/deps/libheaders-e3d3bf76882bf0d1.rlib" "/opt/rustwide/target/debug/deps/libsha1-8d03bcb38d789f2c.rlib" "/opt/rustwide/target/debug/deps/libcpufeatures-b8d9ed5bb45874e9.rlib" "/opt/rustwide/target/debug/deps/libdigest-f85e3979e51b6048.rlib" "/opt/rustwide/target/debug/deps/libsubtle-add1bb7d312fdc8c.rlib" "/opt/rustwide/target/debug/deps/libblock_buffer-7e9270fb9b7ff635.rlib" "/opt/rustwide/target/debug/deps/libcrypto_common-87e8db6372bded59.rlib" "/opt/rustwide/target/debug/deps/libgeneric_array-18b3188a0c567140.rlib" "/opt/rustwide/target/debug/deps/libtypenum-da95465dc70d2c95.rlib" "/opt/rustwide/target/debug/deps/librand_core-6b5cc83d202a6ca4.rlib" "/opt/rustwide/target/debug/deps/libgetrandom-6f8cebb06b407ea9.rlib" "/opt/rustwide/target/debug/deps/liblibc-4f34ddd04c373408.rlib" "/opt/rustwide/target/debug/deps/libcfg_if-61dc7a6799e72b18.rlib" "/opt/rustwide/target/debug/deps/libmime-7e306270d8ceb372.rlib" "/opt/rustwide/target/debug/deps/libhttpdate-60c45fdec07c28d7.rlib" "/opt/rustwide/target/debug/deps/libheaders_core-51dab886bfda5599.rlib" "/opt/rustwide/target/debug/deps/libhttp-087a4805b82b800b.rlib" "/opt/rustwide/target/debug/deps/libitoa-5f181af53b99b92c.rlib" "/opt/rustwide/target/debug/deps/libfnv-18bf5144d055e772.rlib" "/opt/rustwide/target/debug/deps/libbytes-0a052f49710012b1.rlib" "/opt/rustwide/target/debug/deps/libbase64-c757f6e1d18850a5.rlib" "/opt/rustwide/rustup-home/toolchains/1.75.0-x86_64-unknown-linux-gnu/lib/rustlib/x86_64-unknown-linux-gnu/lib/libstd-90f6ddbf82de36ec.rlib" "/opt/rustwide/rustup-home/toolchains/1.75.0-x86_64-unknown-linux-gnu/lib/rustlib/x86_64-unknown-linux-gnu/lib/libpanic_unwind-480c41e9d4e1f677.rlib" "/opt/rustwide/rustup-home/toolchains/1.75.0-x86_64-unknown-linux-gnu/lib/rustlib/x86_64-unknown-linux-gnu/lib/libobject-db744c0ca03eed1d.rlib" "/opt/rustwide/rustup-home/toolchains/1.75.0-x86_64-unknown-linux-gnu/lib/rustlib/x86_64-unknown-linux-gnu/lib/libmemchr-8ba652dc7d4b285a.rlib" "/opt/rustwide/rustup-home/toolchains/1.75.0-x86_64-unknown-linux-gnu/lib/rustlib/x86_64-unknown-linux-gnu/lib/libaddr2line-d5f4520a9ebc0d58.rlib" "/opt/rustwide/rustup-home/toolchains/1.75.0-x86_64-unknown-linux-gnu/lib/rustlib/x86_64-unknown-linux-gnu/lib/libgimli-4ad84de58f0cb463.rlib" "/opt/rustwide/rustup-home/toolchains/1.75.0-x86_64-unknown-linux-gnu/lib/rustlib/x86_64-unknown-linux-gnu/lib/librustc_demangle-0d10aae2e0f38735.rlib" "/opt/rustwide/rustup-home/toolchains/1.75.0-x86_64-unknown-linux-gnu/lib/rustlib/x86_64-unknown-linux-gnu/lib/libstd_detect-0c17cff739e6745b.rlib" "/opt/rustwide/rustup-home/toolchains/1.75.0-x86_64-unknown-linux-gnu/lib/rustlib/x86_64-unknown-linux-gnu/lib/libhashbrown-b29e17139dde1aa8.rlib" "/opt/rustwide/rustup-home/toolchains/1.75.0-x86_64-unknown-linux-gnu/lib/rustlib/x86_64-unknown-linux-gnu/lib/librustc_std_workspace_alloc-1f975299829cc7bd.rlib" "/opt/rustwide/rustup-home/toolchains/1.75.0-x86_64-unknown-linux-gnu/lib/rustlib/x86_64-unknown-linux-gnu/lib/libminiz_oxide-86bae3bc3079f89b.rlib" "/opt/rustwide/rustup-home/toolchains/1.75.0-x86_64-unknown-linux-gnu/lib/rustlib/x86_64-unknown-linux-gnu/lib/libadler-321b82c30dffdf5f.rlib" "/opt/rustwide/rustup-home/toolchains/1.75.0-x86_64-unknown-linux-gnu/lib/rustlib/x86_64-unknown-linux-gnu/lib/libunwind-3dd8a6810a0bdfef.rlib" "/opt/rustwide/rustup-home/toolchains/1.75.0-x86_64-unknown-linux-gnu/lib/rustlib/x86_64-unknown-linux-gnu/lib/libcfg_if-eb39a61c0c879984.rlib" "/opt/rustwide/rustup-home/toolchains/1.75.0-x86_64-unknown-linux-gnu/lib/rustlib/x86_64-unknown-linux-gnu/lib/liblibc-aa769569f91c3548.rlib" "/opt/rustwide/rustup-home/toolchains/1.75.0-x86_64-unknown-linux-gnu/lib/rustlib/x86_64-unknown-linux-gnu/lib/liballoc-510a192a50a983ed.rlib" "/opt/rustwide/rustup-home/toolchains/1.75.0-x86_64-unknown-linux-gnu/lib/rustlib/x86_64-unknown-linux-gnu/lib/librustc_std_workspace_core-0577018320f99037.rlib" "/opt/rustwide/rustup-home/toolchains/1.75.0-x86_64-unknown-linux-gnu/lib/rustlib/x86_64-unknown-linux-gnu/lib/libcore-193cf992125ccd4c.rlib" "/opt/rustwide/rustup-home/toolchains/1.75.0-x86_64-unknown-linux-gnu/lib/rustlib/x86_64-unknown-linux-gnu/lib/libcompiler_builtins-8e138eaf26ebb4a8.rlib" "-Wl,-Bdynamic" "-lgcc_s" "-lutil" "-lrt" "-lpthread" "-lm" "-ldl" "-lc" "-Wl,--eh-frame-hdr" "-Wl,-z,noexecstack" "-L" "/opt/rustwide/rustup-home/toolchains/1.75.0-x86_64-unknown-linux-gnu/lib/rustlib/x86_64-unknown-linux-gnu/lib" "-o" "/opt/rustwide/target/debug/deps/enum-39992a74889a3075" "-Wl,--gc-sections" "-pie" "-Wl,-z,relro,-z,now" "-nodefaultlibs"
[INFO] [stdout]   = note: collect2: fatal error: ld terminated with signal 9 [Killed]
[INFO] [stdout]           compilation terminated.
[INFO] [stdout]           
[INFO] [stdout] 
[INFO] [stdout] 
[INFO] [stdout] error: aborting due to previous error
[INFO] [stdout] 
[INFO] [stdout] 
[INFO] [stderr] error: could not compile `poem-openapi` (test "enum") due to 2 previous errors
[INFO] running `Command { std: "docker" "inspect" "25b7f846df26c46dba839145506c9694f39ae7b267a083703d5bc76e635fea63", kill_on_drop: false }`
[INFO] running `Command { std: "docker" "rm" "-f" "25b7f846df26c46dba839145506c9694f39ae7b267a083703d5bc76e635fea63", kill_on_drop: false }`
[INFO] [stdout] 25b7f846df26c46dba839145506c9694f39ae7b267a083703d5bc76e635fea63
