[INFO] fetching crate podman-api 0.10.0...
[INFO] testing podman-api-0.10.0 against 1.75.0 for beta-1.76-1
[INFO] extracting crate podman-api 0.10.0 into /workspace/builds/worker-3-tc1/source
[INFO] validating manifest of crates.io crate podman-api 0.10.0 on toolchain 1.75.0
[INFO] running `Command { std: CARGO_HOME="/workspace/cargo-home" RUSTUP_HOME="/workspace/rustup-home" "/workspace/cargo-home/bin/cargo" "+1.75.0" "metadata" "--manifest-path" "Cargo.toml" "--no-deps", kill_on_drop: false }`
[INFO] started tweaking crates.io crate podman-api 0.10.0
[INFO] finished tweaking crates.io crate podman-api 0.10.0
[INFO] tweaked toml for crates.io crate podman-api 0.10.0 written to /workspace/builds/worker-3-tc1/source/Cargo.toml
[INFO] running `Command { std: CARGO_HOME="/workspace/cargo-home" RUSTUP_HOME="/workspace/rustup-home" "/workspace/cargo-home/bin/cargo" "+1.75.0" "generate-lockfile" "--manifest-path" "Cargo.toml", kill_on_drop: false }`
[INFO] [stderr]     Updating crates.io index
[INFO] running `Command { std: CARGO_HOME="/workspace/cargo-home" RUSTUP_HOME="/workspace/rustup-home" "/workspace/cargo-home/bin/cargo" "+1.75.0" "fetch" "--manifest-path" "Cargo.toml", kill_on_drop: false }`
[INFO] [stderr]  Downloading crates ...
[INFO] [stderr]   Downloaded tokio-openssl v0.6.4
[INFO] [stderr]   Downloaded containers-api v0.8.0
[INFO] [stderr]   Downloaded podman-api-stubs v0.9.0
[INFO] [stderr]   Downloaded futures_codec v0.4.1
[INFO] running `Command { std: "docker" "create" "-v" "/var/lib/crater-agent-workspace/builds/worker-3-tc1/target:/opt/rustwide/target:rw,Z" "-v" "/var/lib/crater-agent-workspace/builds/worker-3-tc1/source:/opt/rustwide/workdir:ro,Z" "-v" "/var/lib/crater-agent-workspace/cargo-home:/opt/rustwide/cargo-home:ro,Z" "-v" "/var/lib/crater-agent-workspace/rustup-home:/opt/rustwide/rustup-home:ro,Z" "-e" "SOURCE_DIR=/opt/rustwide/workdir" "-e" "CARGO_TARGET_DIR=/opt/rustwide/target" "-e" "CARGO_HOME=/opt/rustwide/cargo-home" "-e" "RUSTUP_HOME=/opt/rustwide/rustup-home" "-w" "/opt/rustwide/workdir" "-m" "1610612736" "--user" "0:0" "--network" "none" "ghcr.io/rust-lang/crates-build-env/linux@sha256:2788e3201cd34a07e3172128adcd8b3090168a8e3bcc40d7c032b9dda1df7d1c" "/opt/rustwide/cargo-home/bin/cargo" "+1.75.0" "metadata" "--no-deps" "--format-version=1", kill_on_drop: false }`
[INFO] [stdout] 8ea8c62fdc2e6343eada9665f611c0cbc75485e808f2546ec8ed78d0c597fe54
[INFO] running `Command { std: "docker" "start" "-a" "8ea8c62fdc2e6343eada9665f611c0cbc75485e808f2546ec8ed78d0c597fe54", kill_on_drop: false }`
[INFO] running `Command { std: "docker" "inspect" "8ea8c62fdc2e6343eada9665f611c0cbc75485e808f2546ec8ed78d0c597fe54", kill_on_drop: false }`
[INFO] running `Command { std: "docker" "rm" "-f" "8ea8c62fdc2e6343eada9665f611c0cbc75485e808f2546ec8ed78d0c597fe54", kill_on_drop: false }`
[INFO] [stdout] 8ea8c62fdc2e6343eada9665f611c0cbc75485e808f2546ec8ed78d0c597fe54
[INFO] running `Command { std: "docker" "create" "-v" "/var/lib/crater-agent-workspace/builds/worker-3-tc1/target:/opt/rustwide/target:rw,Z" "-v" "/var/lib/crater-agent-workspace/builds/worker-3-tc1/source:/opt/rustwide/workdir:ro,Z" "-v" "/var/lib/crater-agent-workspace/cargo-home:/opt/rustwide/cargo-home:ro,Z" "-v" "/var/lib/crater-agent-workspace/rustup-home:/opt/rustwide/rustup-home:ro,Z" "-e" "SOURCE_DIR=/opt/rustwide/workdir" "-e" "CARGO_TARGET_DIR=/opt/rustwide/target" "-e" "CARGO_INCREMENTAL=0" "-e" "RUST_BACKTRACE=full" "-e" "RUSTFLAGS=--cap-lints=warn" "-e" "RUSTDOCFLAGS=--cap-lints=warn" "-e" "CARGO_HOME=/opt/rustwide/cargo-home" "-e" "RUSTUP_HOME=/opt/rustwide/rustup-home" "-w" "/opt/rustwide/workdir" "-m" "1610612736" "--user" "0:0" "--network" "none" "ghcr.io/rust-lang/crates-build-env/linux@sha256:2788e3201cd34a07e3172128adcd8b3090168a8e3bcc40d7c032b9dda1df7d1c" "/opt/rustwide/cargo-home/bin/cargo" "+1.75.0" "build" "--frozen" "--message-format=json", kill_on_drop: false }`
[INFO] [stdout] 9078459c359bf6f86660dce2cf6af8f623abe71ac1219bd68900142ef662ccb6
[INFO] running `Command { std: "docker" "start" "-a" "9078459c359bf6f86660dce2cf6af8f623abe71ac1219bd68900142ef662ccb6", kill_on_drop: false }`
[INFO] [stderr]    Compiling libc v0.2.151
[INFO] [stderr]    Compiling httparse v1.8.0
[INFO] [stderr]    Compiling futures-channel v0.3.30
[INFO] [stderr]    Compiling syn v1.0.109
[INFO] [stderr]    Compiling fnv v1.0.7
[INFO] [stderr]    Compiling rustix v0.38.28
[INFO] [stderr]    Compiling tracing-core v0.1.32
[INFO] [stderr]    Compiling linux-raw-sys v0.4.12
[INFO] [stderr]    Compiling pin-project-internal v0.4.30
[INFO] [stderr]    Compiling try-lock v0.2.5
[INFO] [stderr]    Compiling syn v2.0.48
[INFO] [stderr]    Compiling tower-service v0.3.2
[INFO] [stderr]    Compiling httpdate v1.0.3
[INFO] [stderr]    Compiling paste v1.0.14
[INFO] [stderr]    Compiling miniz_oxide v0.7.1
[INFO] [stderr]    Compiling bytes v0.5.6
[INFO] [stderr]    Compiling http v0.2.11
[INFO] [stderr]    Compiling want v0.3.1
[INFO] [stderr]    Compiling mime v0.3.17
[INFO] [stderr]    Compiling byteorder v1.5.0
[INFO] [stderr]    Compiling tracing v0.1.40
[INFO] [stderr]    Compiling flate2 v1.0.28
[INFO] [stderr]    Compiling http-body v0.4.6
[INFO] [stderr]    Compiling mio v0.8.10
[INFO] [stderr]    Compiling socket2 v0.5.5
[INFO] [stderr]    Compiling num_cpus v1.16.0
[INFO] [stderr]    Compiling filetime v0.2.23
[INFO] [stderr]    Compiling tokio v1.35.1
[INFO] [stderr]    Compiling xattr v1.2.0
[INFO] [stderr]    Compiling tar v0.4.40
[INFO] [stderr]    Compiling futures-macro v0.3.30
[INFO] [stderr]    Compiling serde_derive v1.0.194
[INFO] [stderr]    Compiling pin-project-internal v1.1.3
[INFO] [stderr]    Compiling thiserror-impl v1.0.56
[INFO] [stderr]    Compiling futures-util v0.3.30
[INFO] [stderr]    Compiling thiserror v1.0.56
[INFO] [stderr]    Compiling pin-project v1.1.3
[INFO] [stderr]    Compiling pin-project v0.4.30
[INFO] [stderr]    Compiling serde v1.0.194
[INFO] [stderr]    Compiling hyper v0.14.28
[INFO] [stderr]    Compiling futures-executor v0.3.30
[INFO] [stderr]    Compiling futures v0.3.30
[INFO] [stderr]    Compiling futures_codec v0.4.1
[INFO] [stderr]    Compiling serde_json v1.0.111
[INFO] [stderr]    Compiling chrono v0.4.31
[INFO] [stderr]    Compiling hyperlocal v0.8.0
[INFO] [stderr]    Compiling podman-api-stubs v0.9.0
[INFO] [stderr]    Compiling containers-api v0.8.0
[INFO] [stderr]    Compiling podman-api v0.10.0 (/opt/rustwide/workdir)
[INFO] [stderr]     Finished dev [unoptimized + debuginfo] target(s) in 19.33s
[INFO] running `Command { std: "docker" "inspect" "9078459c359bf6f86660dce2cf6af8f623abe71ac1219bd68900142ef662ccb6", kill_on_drop: false }`
[INFO] running `Command { std: "docker" "rm" "-f" "9078459c359bf6f86660dce2cf6af8f623abe71ac1219bd68900142ef662ccb6", kill_on_drop: false }`
[INFO] [stdout] 9078459c359bf6f86660dce2cf6af8f623abe71ac1219bd68900142ef662ccb6
[INFO] running `Command { std: "docker" "create" "-v" "/var/lib/crater-agent-workspace/builds/worker-3-tc1/target:/opt/rustwide/target:rw,Z" "-v" "/var/lib/crater-agent-workspace/builds/worker-3-tc1/source:/opt/rustwide/workdir:ro,Z" "-v" "/var/lib/crater-agent-workspace/cargo-home:/opt/rustwide/cargo-home:ro,Z" "-v" "/var/lib/crater-agent-workspace/rustup-home:/opt/rustwide/rustup-home:ro,Z" "-e" "SOURCE_DIR=/opt/rustwide/workdir" "-e" "CARGO_TARGET_DIR=/opt/rustwide/target" "-e" "CARGO_INCREMENTAL=0" "-e" "RUST_BACKTRACE=full" "-e" "RUSTFLAGS=--cap-lints=warn" "-e" "RUSTDOCFLAGS=--cap-lints=warn" "-e" "CARGO_HOME=/opt/rustwide/cargo-home" "-e" "RUSTUP_HOME=/opt/rustwide/rustup-home" "-w" "/opt/rustwide/workdir" "-m" "1610612736" "--user" "0:0" "--network" "none" "ghcr.io/rust-lang/crates-build-env/linux@sha256:2788e3201cd34a07e3172128adcd8b3090168a8e3bcc40d7c032b9dda1df7d1c" "/opt/rustwide/cargo-home/bin/cargo" "+1.75.0" "test" "--frozen" "--no-run" "--message-format=json", kill_on_drop: false }`
[INFO] [stdout] 5c6a3b73396ee467522dc4fd4f9e665c25f8abbbb267acdd8bebf5695fbcff9a
[INFO] running `Command { std: "docker" "start" "-a" "5c6a3b73396ee467522dc4fd4f9e665c25f8abbbb267acdd8bebf5695fbcff9a", kill_on_drop: false }`
[INFO] [stderr]    Compiling tokio-macros v2.2.0
[INFO] [stderr]    Compiling filetime v0.2.23
[INFO] [stderr]    Compiling memoffset v0.6.5
[INFO] [stderr]    Compiling rand v0.4.6
[INFO] [stderr]    Compiling atty v0.2.14
[INFO] [stderr]    Compiling diff v0.1.13
[INFO] [stderr]    Compiling gethostname v0.2.3
[INFO] [stderr]    Compiling env_logger v0.8.4
[INFO] [stderr]    Compiling tar v0.4.40
[INFO] [stderr]    Compiling pretty_assertions v0.7.2
[INFO] [stderr]    Compiling nix v0.25.1
[INFO] [stderr]    Compiling tempdir v0.3.7
[INFO] [stderr]    Compiling tokio v1.35.1
[INFO] [stderr]    Compiling hyper v0.14.28
[INFO] [stderr]    Compiling hyperlocal v0.8.0
[INFO] [stderr]    Compiling containers-api v0.8.0
[INFO] [stderr]    Compiling podman-api v0.10.0 (/opt/rustwide/workdir)
[INFO] [stdout] warning: unused import: `TryStreamExt`
[INFO] [stdout]  --> tests/common.rs:6:35
[INFO] [stdout]   |
[INFO] [stdout] 6 | pub use futures_util::{StreamExt, TryStreamExt};
[INFO] [stdout]   |                                   ^^^^^^^^^^^^
[INFO] [stdout]   |
[INFO] [stdout]   = note: `#[warn(unused_imports)]` on by default
[INFO] [stdout] 
[INFO] [stdout] 
[INFO] [stdout] warning: unused imports: `conn`, `models`
[INFO] [stdout]  --> tests/common.rs:7:27
[INFO] [stdout]   |
[INFO] [stdout] 7 | pub use podman_api::{api, conn, models, opts, Podman};
[INFO] [stdout]   |                           ^^^^  ^^^^^^
[INFO] [stdout] 
[INFO] [stdout] 
[INFO] [stdout] warning: unused import: `TryStreamExt`
[INFO] [stdout]  --> tests/common.rs:6:35
[INFO] [stdout]   |
[INFO] [stdout] 6 | pub use futures_util::{StreamExt, TryStreamExt};
[INFO] [stdout]   |                                   ^^^^^^^^^^^^
[INFO] [stdout]   |
[INFO] [stdout]   = note: `#[warn(unused_imports)]` on by default
[INFO] [stdout] 
[INFO] [stdout] 
[INFO] [stdout] warning: unused import: `TryStreamExt`
[INFO] [stdout]  --> tests/common.rs:6:35
[INFO] [stdout]   |
[INFO] [stdout] 6 | pub use futures_util::{StreamExt, TryStreamExt};
[INFO] [stdout]   |                                   ^^^^^^^^^^^^
[INFO] [stdout]   |
[INFO] [stdout]   = note: `#[warn(unused_imports)]` on by default
[INFO] [stdout] 
[INFO] [stdout] 
[INFO] [stdout] warning: unused imports: `conn`, `models`
[INFO] [stdout]  --> tests/common.rs:7:27
[INFO] [stdout]   |
[INFO] [stdout] 7 | pub use podman_api::{api, conn, models, opts, Podman};
[INFO] [stdout]   |                           ^^^^  ^^^^^^
[INFO] [stdout] 
[INFO] [stdout] 
[INFO] [stdout] warning: unused import: `TryStreamExt`
[INFO] [stdout]  --> tests/common.rs:6:35
[INFO] [stdout]   |
[INFO] [stdout] 6 | pub use futures_util::{StreamExt, TryStreamExt};
[INFO] [stdout]   |                                   ^^^^^^^^^^^^
[INFO] [stdout]   |
[INFO] [stdout]   = note: `#[warn(unused_imports)]` on by default
[INFO] [stdout] 
[INFO] [stdout] 
[INFO] [stdout] warning: unused imports: `conn`, `models`
[INFO] [stdout]  --> tests/common.rs:7:27
[INFO] [stdout]   |
[INFO] [stdout] 7 | pub use podman_api::{api, conn, models, opts, Podman};
[INFO] [stdout]   |                           ^^^^  ^^^^^^
[INFO] [stdout] 
[INFO] [stdout] 
[INFO] [stdout] warning: unused import: `TryStreamExt`
[INFO] [stdout]  --> tests/common.rs:6:35
[INFO] [stdout]   |
[INFO] [stdout] 6 | pub use futures_util::{StreamExt, TryStreamExt};
[INFO] [stdout]   |                                   ^^^^^^^^^^^^
[INFO] [stdout]   |
[INFO] [stdout]   = note: `#[warn(unused_imports)]` on by default
[INFO] [stdout] 
[INFO] [stdout] 
[INFO] [stdout] warning: unused imports: `conn`, `models`
[INFO] [stdout]  --> tests/common.rs:7:27
[INFO] [stdout]   |
[INFO] [stdout] 7 | pub use podman_api::{api, conn, models, opts, Podman};
[INFO] [stdout]   |                           ^^^^  ^^^^^^
[INFO] [stdout] 
[INFO] [stdout] 
[INFO] [stdout] warning: unused import: `TryStreamExt`
[INFO] [stdout]  --> tests/common.rs:6:35
[INFO] [stdout]   |
[INFO] [stdout] 6 | pub use futures_util::{StreamExt, TryStreamExt};
[INFO] [stdout]   |                                   ^^^^^^^^^^^^
[INFO] [stdout]   |
[INFO] [stdout]   = note: `#[warn(unused_imports)]` on by default
[INFO] [stdout] 
[INFO] [stdout] 
[INFO] [stdout] warning: unused imports: `conn`, `models`
[INFO] [stdout]  --> tests/common.rs:7:27
[INFO] [stdout]   |
[INFO] [stdout] 7 | pub use podman_api::{api, conn, models, opts, Podman};
[INFO] [stdout]   |                           ^^^^  ^^^^^^
[INFO] [stdout] 
[INFO] [stdout] 
[INFO] [stdout] warning: unused import: `conn`
[INFO] [stdout]  --> tests/common.rs:7:27
[INFO] [stdout]   |
[INFO] [stdout] 7 | pub use podman_api::{api, conn, models, opts, Podman};
[INFO] [stdout]   |                           ^^^^
[INFO] [stdout]   |
[INFO] [stdout]   = note: `#[warn(unused_imports)]` on by default
[INFO] [stdout] 
[INFO] [stdout] 
[INFO] [stdout] warning: unused import: `models`
[INFO] [stdout]  --> tests/common.rs:7:33
[INFO] [stdout]   |
[INFO] [stdout] 7 | pub use podman_api::{api, conn, models, opts, Podman};
[INFO] [stdout]   |                                 ^^^^^^
[INFO] [stdout]   |
[INFO] [stdout]   = note: `#[warn(unused_imports)]` on by default
[INFO] [stdout] 
[INFO] [stdout] 
[INFO] [stderr] error: could not compile `podman-api` (test "container_tests"); 1 warning emitted
[INFO] [stderr] 
[INFO] [stderr] Caused by:
[INFO] [stderr]   process didn't exit successfully: `/opt/rustwide/rustup-home/toolchains/1.75.0-x86_64-unknown-linux-gnu/bin/rustc --crate-name container_tests --edition=2021 tests/container_tests.rs --error-format=json --json=diagnostic-rendered-ansi,artifacts,future-incompat --emit=dep-info,link -C embed-bitcode=no -C debuginfo=2 --test --cfg 'feature="chrono"' --cfg 'feature="default"' -C metadata=5ef91f495c70dfc8 -C extra-filename=-5ef91f495c70dfc8 --out-dir /opt/rustwide/target/debug/deps -L dependency=/opt/rustwide/target/debug/deps --extern base64=/opt/rustwide/target/debug/deps/libbase64-b09bba5046b087ce.rlib --extern byteorder=/opt/rustwide/target/debug/deps/libbyteorder-e9468b374a0c0c11.rlib --extern bytes=/opt/rustwide/target/debug/deps/libbytes-0a052f49710012b1.rlib --extern chrono=/opt/rustwide/target/debug/deps/libchrono-2b81ca840dcff331.rlib --extern containers_api=/opt/rustwide/target/debug/deps/libcontainers_api-7a781e2c9c47cc9c.rlib --extern env_logger=/opt/rustwide/target/debug/deps/libenv_logger-b1250fe96e76f872.rlib --extern flate2=/opt/rustwide/target/debug/deps/libflate2-1347a47922d98cc4.rlib --extern futures_util=/opt/rustwide/target/debug/deps/libfutures_util-d02bce228f9774e4.rlib --extern futures_codec=/opt/rustwide/target/debug/deps/libfutures_codec-7ba8ea251eec9cd0.rlib --extern gethostname=/opt/rustwide/target/debug/deps/libgethostname-19c1c58e5dcfe8c8.rlib --extern log=/opt/rustwide/target/debug/deps/liblog-e491f2c1d0b13538.rlib --extern nix=/opt/rustwide/target/debug/deps/libnix-61e1800718663f7d.rlib --extern paste=/opt/rustwide/target/debug/deps/libpaste-5d8b8ccb77a64e55.so --extern podman_api=/opt/rustwide/target/debug/deps/libpodman_api-42068efe5aa50d9a.rlib --extern podman_api_stubs=/opt/rustwide/target/debug/deps/libpodman_api_stubs-79efebc082b3105d.rlib --extern pretty_assertions=/opt/rustwide/target/debug/deps/libpretty_assertions-a257444b4278cc12.rlib --extern serde=/opt/rustwide/target/debug/deps/libserde-4243fd887ab9c7e6.rlib --extern serde_json=/opt/rustwide/target/debug/deps/libserde_json-b8c63570e4c5f99d.rlib --extern tar=/opt/rustwide/target/debug/deps/libtar-e115833eb686f710.rlib --extern tempdir=/opt/rustwide/target/debug/deps/libtempdir-063dbdd072abdcd4.rlib --extern thiserror=/opt/rustwide/target/debug/deps/libthiserror-5438ccd7463bcf75.rlib --extern tokio=/opt/rustwide/target/debug/deps/libtokio-82486beaf9cf1e09.rlib --extern url=/opt/rustwide/target/debug/deps/liburl-e2bbdc8176814ab9.rlib --cap-lints=warn` (signal: 9, SIGKILL: kill)
[INFO] [stderr] warning: build failed, waiting for other jobs to finish...
[INFO] [stderr] error: could not compile `podman-api` (test "pod_tests"); 2 warnings emitted
[INFO] [stderr] 
[INFO] [stderr] Caused by:
[INFO] [stderr]   process didn't exit successfully: `/opt/rustwide/rustup-home/toolchains/1.75.0-x86_64-unknown-linux-gnu/bin/rustc --crate-name pod_tests --edition=2021 tests/pod_tests.rs --error-format=json --json=diagnostic-rendered-ansi,artifacts,future-incompat --emit=dep-info,link -C embed-bitcode=no -C debuginfo=2 --test --cfg 'feature="chrono"' --cfg 'feature="default"' -C metadata=41099e25f995e19c -C extra-filename=-41099e25f995e19c --out-dir /opt/rustwide/target/debug/deps -L dependency=/opt/rustwide/target/debug/deps --extern base64=/opt/rustwide/target/debug/deps/libbase64-b09bba5046b087ce.rlib --extern byteorder=/opt/rustwide/target/debug/deps/libbyteorder-e9468b374a0c0c11.rlib --extern bytes=/opt/rustwide/target/debug/deps/libbytes-0a052f49710012b1.rlib --extern chrono=/opt/rustwide/target/debug/deps/libchrono-2b81ca840dcff331.rlib --extern containers_api=/opt/rustwide/target/debug/deps/libcontainers_api-7a781e2c9c47cc9c.rlib --extern env_logger=/opt/rustwide/target/debug/deps/libenv_logger-b1250fe96e76f872.rlib --extern flate2=/opt/rustwide/target/debug/deps/libflate2-1347a47922d98cc4.rlib --extern futures_util=/opt/rustwide/target/debug/deps/libfutures_util-d02bce228f9774e4.rlib --extern futures_codec=/opt/rustwide/target/debug/deps/libfutures_codec-7ba8ea251eec9cd0.rlib --extern gethostname=/opt/rustwide/target/debug/deps/libgethostname-19c1c58e5dcfe8c8.rlib --extern log=/opt/rustwide/target/debug/deps/liblog-e491f2c1d0b13538.rlib --extern nix=/opt/rustwide/target/debug/deps/libnix-61e1800718663f7d.rlib --extern paste=/opt/rustwide/target/debug/deps/libpaste-5d8b8ccb77a64e55.so --extern podman_api=/opt/rustwide/target/debug/deps/libpodman_api-42068efe5aa50d9a.rlib --extern podman_api_stubs=/opt/rustwide/target/debug/deps/libpodman_api_stubs-79efebc082b3105d.rlib --extern pretty_assertions=/opt/rustwide/target/debug/deps/libpretty_assertions-a257444b4278cc12.rlib --extern serde=/opt/rustwide/target/debug/deps/libserde-4243fd887ab9c7e6.rlib --extern serde_json=/opt/rustwide/target/debug/deps/libserde_json-b8c63570e4c5f99d.rlib --extern tar=/opt/rustwide/target/debug/deps/libtar-e115833eb686f710.rlib --extern tempdir=/opt/rustwide/target/debug/deps/libtempdir-063dbdd072abdcd4.rlib --extern thiserror=/opt/rustwide/target/debug/deps/libthiserror-5438ccd7463bcf75.rlib --extern tokio=/opt/rustwide/target/debug/deps/libtokio-82486beaf9cf1e09.rlib --extern url=/opt/rustwide/target/debug/deps/liburl-e2bbdc8176814ab9.rlib --cap-lints=warn` (signal: 9, SIGKILL: kill)
[INFO] [stdout] error: linking with `cc` failed: exit status: 1
[INFO] [stdout]   |
[INFO] [stdout]   = note: LC_ALL="C" PATH="/opt/rustwide/rustup-home/toolchains/1.75.0-x86_64-unknown-linux-gnu/lib/rustlib/x86_64-unknown-linux-gnu/bin:/opt/rustwide/cargo-home/bin:/usr/local/sbin:/usr/local/bin:/usr/sbin:/usr/bin:/sbin:/bin" VSLANG="1033" "cc" "-m64" "/tmp/rustcK0s9gl/symbols.o" "/opt/rustwide/target/debug/deps/podman_tests-d48f2d549b781650.podman_tests.c0e89c999f859ad3-cgu.00.rcgu.o" "/opt/rustwide/target/debug/deps/podman_tests-d48f2d549b781650.podman_tests.c0e89c999f859ad3-cgu.01.rcgu.o" "/opt/rustwide/target/debug/deps/podman_tests-d48f2d549b781650.podman_tests.c0e89c999f859ad3-cgu.02.rcgu.o" "/opt/rustwide/target/debug/deps/podman_tests-d48f2d549b781650.podman_tests.c0e89c999f859ad3-cgu.03.rcgu.o" "/opt/rustwide/target/debug/deps/podman_tests-d48f2d549b781650.podman_tests.c0e89c999f859ad3-cgu.04.rcgu.o" "/opt/rustwide/target/debug/deps/podman_tests-d48f2d549b781650.podman_tests.c0e89c999f859ad3-cgu.05.rcgu.o" "/opt/rustwide/target/debug/deps/podman_tests-d48f2d549b781650.podman_tests.c0e89c999f859ad3-cgu.06.rcgu.o" "/opt/rustwide/target/debug/deps/podman_tests-d48f2d549b781650.podman_tests.c0e89c999f859ad3-cgu.07.rcgu.o" "/opt/rustwide/target/debug/deps/podman_tests-d48f2d549b781650.podman_tests.c0e89c999f859ad3-cgu.08.rcgu.o" "/opt/rustwide/target/debug/deps/podman_tests-d48f2d549b781650.podman_tests.c0e89c999f859ad3-cgu.09.rcgu.o" "/opt/rustwide/target/debug/deps/podman_tests-d48f2d549b781650.podman_tests.c0e89c999f859ad3-cgu.10.rcgu.o" "/opt/rustwide/target/debug/deps/podman_tests-d48f2d549b781650.podman_tests.c0e89c999f859ad3-cgu.11.rcgu.o" "/opt/rustwide/target/debug/deps/podman_tests-d48f2d549b781650.podman_tests.c0e89c999f859ad3-cgu.12.rcgu.o" "/opt/rustwide/target/debug/deps/podman_tests-d48f2d549b781650.podman_tests.c0e89c999f859ad3-cgu.13.rcgu.o" "/opt/rustwide/target/debug/deps/podman_tests-d48f2d549b781650.podman_tests.c0e89c999f859ad3-cgu.14.rcgu.o" "/opt/rustwide/target/debug/deps/podman_tests-d48f2d549b781650.podman_tests.c0e89c999f859ad3-cgu.15.rcgu.o" "/opt/rustwide/target/debug/deps/podman_tests-d48f2d549b781650.1zlecfixtn5tuce6.rcgu.o" "-Wl,--as-needed" "-L" "/opt/rustwide/target/debug/deps" "-L" "/opt/rustwide/rustup-home/toolchains/1.75.0-x86_64-unknown-linux-gnu/lib/rustlib/x86_64-unknown-linux-gnu/lib" "-Wl,-Bstatic" "/opt/rustwide/target/debug/deps/libgethostname-19c1c58e5dcfe8c8.rlib" "/opt/rustwide/target/debug/deps/libnix-61e1800718663f7d.rlib" "/opt/rustwide/target/debug/deps/libmemoffset-c7b1b1cc44d01308.rlib" "/opt/rustwide/target/debug/deps/libbitflags-b7cee2ca4fb438d0.rlib" "/opt/rustwide/target/debug/deps/libenv_logger-b1250fe96e76f872.rlib" "/opt/rustwide/target/debug/deps/libatty-29ccef1f558deb97.rlib" "/opt/rustwide/target/debug/deps/libtermcolor-6dec0f4bbbe42dd1.rlib" "/opt/rustwide/target/debug/deps/libhumantime-e2a10e0b2bfa2002.rlib" "/opt/rustwide/target/debug/deps/libregex-b41547a324934d35.rlib" "/opt/rustwide/target/debug/deps/libregex_automata-41b935b8a0326771.rlib" "/opt/rustwide/target/debug/deps/libaho_corasick-c461b2416345444e.rlib" "/opt/rustwide/target/debug/deps/libregex_syntax-ec727727d9e652fd.rlib" "/opt/rustwide/rustup-home/toolchains/1.75.0-x86_64-unknown-linux-gnu/lib/rustlib/x86_64-unknown-linux-gnu/lib/libtest-3df1bed8075ce1de.rlib" "/opt/rustwide/rustup-home/toolchains/1.75.0-x86_64-unknown-linux-gnu/lib/rustlib/x86_64-unknown-linux-gnu/lib/libgetopts-2076fd86b325cb5d.rlib" "/opt/rustwide/rustup-home/toolchains/1.75.0-x86_64-unknown-linux-gnu/lib/rustlib/x86_64-unknown-linux-gnu/lib/libunicode_width-caa7152ee70c190f.rlib" "/opt/rustwide/rustup-home/toolchains/1.75.0-x86_64-unknown-linux-gnu/lib/rustlib/x86_64-unknown-linux-gnu/lib/librustc_std_workspace_std-04e6425e07f02a3c.rlib" "/opt/rustwide/target/debug/deps/libtempdir-063dbdd072abdcd4.rlib" "/opt/rustwide/target/debug/deps/libremove_dir_all-8b88a3ed6f308927.rlib" "/opt/rustwide/target/debug/deps/librand-ecd8ee92bfb8e148.rlib" "/opt/rustwide/target/debug/deps/libpodman_api-42068efe5aa50d9a.rlib" "/opt/rustwide/target/debug/deps/libbase64-b09bba5046b087ce.rlib" "/opt/rustwide/target/debug/deps/libfutures_codec-7ba8ea251eec9cd0.rlib" "/opt/rustwide/target/debug/deps/libpin_project-e8337ffaf8930651.rlib" "/opt/rustwide/target/debug/deps/libfutures-e570364625db2a60.rlib" "/opt/rustwide/target/debug/deps/libfutures_executor-c9b50b2f159f993d.rlib" "/opt/rustwide/target/debug/deps/libbytes-b61f00db724d2015.rlib" "/opt/rustwide/target/debug/deps/libpodman_api_stubs-79efebc082b3105d.rlib" "/opt/rustwide/target/debug/deps/libcontainers_api-7a781e2c9c47cc9c.rlib" "/opt/rustwide/target/debug/deps/libmime-7e306270d8ceb372.rlib" "/opt/rustwide/target/debug/deps/libtar-e115833eb686f710.rlib" "/opt/rustwide/target/debug/deps/libxattr-c9a5337ab29f3bec.rlib" "/opt/rustwide/target/debug/deps/librustix-b7e20a746a4a27d4.rlib" "/opt/rustwide/target/debug/deps/libbitflags-912d270082a3a4ea.rlib" "/opt/rustwide/target/debug/deps/liblinux_raw_sys-303f7f3176ea1d18.rlib" "/opt/rustwide/target/debug/deps/libfiletime-d95cce41dea7042b.rlib" "/opt/rustwide/target/debug/deps/libflate2-1347a47922d98cc4.rlib" "/opt/rustwide/target/debug/deps/libminiz_oxide-f272f5814aa49507.rlib" "/opt/rustwide/target/debug/deps/libadler-c8f2240c56a0abca.rlib" "/opt/rustwide/target/debug/deps/libcrc32fast-664446237529ebff.rlib" "/opt/rustwide/target/debug/deps/libcfg_if-61dc7a6799e72b18.rlib" "/opt/rustwide/target/debug/deps/libchrono-2b81ca840dcff331.rlib" "/opt/rustwide/target/debug/deps/libnum_traits-fbf3e4065138c85e.rlib" "/opt/rustwide/target/debug/deps/libiana_time_zone-528d9768cce5eb89.rlib" "/opt/rustwide/target/debug/deps/libthiserror-5438ccd7463bcf75.rlib" "/opt/rustwide/target/debug/deps/libserde_json-b8c63570e4c5f99d.rlib" "/opt/rustwide/target/debug/deps/libryu-5f304b1b6393964f.rlib" "/opt/rustwide/target/debug/deps/liburl-e2bbdc8176814ab9.rlib" "/opt/rustwide/target/debug/deps/libidna-be495c60b826cafb.rlib" "/opt/rustwide/target/debug/deps/libunicode_normalization-e04a0b39935fba30.rlib" "/opt/rustwide/target/debug/deps/libtinyvec-cf6c9f6b792a5507.rlib" "/opt/rustwide/target/debug/deps/libtinyvec_macros-b1cb7f53f58c9f87.rlib" "/opt/rustwide/target/debug/deps/libunicode_bidi-091e6a375aa15ffb.rlib" "/opt/rustwide/target/debug/deps/libform_urlencoded-ef5eb70334031c86.rlib" "/opt/rustwide/target/debug/deps/libpercent_encoding-fe0d57427b4d92e0.rlib" "/opt/rustwide/target/debug/deps/libhyperlocal-a0c41c79f666c24c.rlib" "/opt/rustwide/target/debug/deps/libhex-05644b5497b79c5b.rlib" "/opt/rustwide/target/debug/deps/libpin_project-b9839f3ef3d9aaa4.rlib" "/opt/rustwide/target/debug/deps/libserde-4243fd887ab9c7e6.rlib" "/opt/rustwide/target/debug/deps/liblog-e491f2c1d0b13538.rlib" "/opt/rustwide/target/debug/deps/libhyper-f1bdea60a1c36633.rlib" "/opt/rustwide/target/debug/deps/libwant-0be28e71d2a5cee8.rlib" "/opt/rustwide/target/debug/deps/libtry_lock-ba0ec0947155aa20.rlib" "/opt/rustwide/target/debug/deps/libhttparse-64f1ffbeda450424.rlib" "/opt/rustwide/target/debug/deps/libtower_service-104d6e83d5ce383d.rlib" "/opt/rustwide/target/debug/deps/libtracing-53b1b32365aca46d.rlib" "/opt/rustwide/target/debug/deps/libtracing_core-de9779e9c86396c9.rlib" "/opt/rustwide/target/debug/deps/libonce_cell-63be820ac0ed0954.rlib" "/opt/rustwide/target/debug/deps/libhttp_body-3c42bd17f1cfc680.rlib" "/opt/rustwide/target/debug/deps/libtokio-82486beaf9cf1e09.rlib" "/opt/rustwide/target/debug/deps/libnum_cpus-d4708e9618b376f9.rlib" "/opt/rustwide/target/debug/deps/libsocket2-0d88c912de52bbf6.rlib" "/opt/rustwide/target/debug/deps/libmio-8968d6dd6f9690eb.rlib" "/opt/rustwide/target/debug/deps/liblibc-4f34ddd04c373408.rlib" "/opt/rustwide/target/debug/deps/libhttpdate-60c45fdec07c28d7.rlib" "/opt/rustwide/target/debug/deps/libhttp-087a4805b82b800b.rlib" "/opt/rustwide/target/debug/deps/libitoa-5f181af53b99b92c.rlib" "/opt/rustwide/target/debug/deps/libfnv-18bf5144d055e772.rlib" "/opt/rustwide/target/debug/deps/libbytes-0a052f49710012b1.rlib" "/opt/rustwide/target/debug/deps/libfutures_util-d02bce228f9774e4.rlib" "/opt/rustwide/target/debug/deps/libmemchr-94009dd89ebb9d8d.rlib" "/opt/rustwide/target/debug/deps/libfutures_io-06ca5b85b7f1c406.rlib" "/opt/rustwide/target/debug/deps/libslab-6eb39baadbe9101c.rlib" "/opt/rustwide/target/debug/deps/libfutures_channel-344dce8baedabfb2.rlib" "/opt/rustwide/target/debug/deps/libpin_project_lite-e0757e0deaa2f8a0.rlib" "/opt/rustwide/target/debug/deps/libfutures_sink-50fc48ec23ff5f80.rlib" "/opt/rustwide/target/debug/deps/libfutures_task-c1403167034c79e1.rlib" "/opt/rustwide/target/debug/deps/libpin_utils-741f7d9d160e4a16.rlib" "/opt/rustwide/target/debug/deps/libfutures_core-408247f29faf1ec8.rlib" "/opt/rustwide/rustup-home/toolchains/1.75.0-x86_64-unknown-linux-gnu/lib/rustlib/x86_64-unknown-linux-gnu/lib/libstd-90f6ddbf82de36ec.rlib" "/opt/rustwide/rustup-home/toolchains/1.75.0-x86_64-unknown-linux-gnu/lib/rustlib/x86_64-unknown-linux-gnu/lib/libpanic_unwind-480c41e9d4e1f677.rlib" "/opt/rustwide/rustup-home/toolchains/1.75.0-x86_64-unknown-linux-gnu/lib/rustlib/x86_64-unknown-linux-gnu/lib/libobject-db744c0ca03eed1d.rlib" "/opt/rustwide/rustup-home/toolchains/1.75.0-x86_64-unknown-linux-gnu/lib/rustlib/x86_64-unknown-linux-gnu/lib/libmemchr-8ba652dc7d4b285a.rlib" "/opt/rustwide/rustup-home/toolchains/1.75.0-x86_64-unknown-linux-gnu/lib/rustlib/x86_64-unknown-linux-gnu/lib/libaddr2line-d5f4520a9ebc0d58.rlib" "/opt/rustwide/rustup-home/toolchains/1.75.0-x86_64-unknown-linux-gnu/lib/rustlib/x86_64-unknown-linux-gnu/lib/libgimli-4ad84de58f0cb463.rlib" "/opt/rustwide/rustup-home/toolchains/1.75.0-x86_64-unknown-linux-gnu/lib/rustlib/x86_64-unknown-linux-gnu/lib/librustc_demangle-0d10aae2e0f38735.rlib" "/opt/rustwide/rustup-home/toolchains/1.75.0-x86_64-unknown-linux-gnu/lib/rustlib/x86_64-unknown-linux-gnu/lib/libstd_detect-0c17cff739e6745b.rlib" "/opt/rustwide/rustup-home/toolchains/1.75.0-x86_64-unknown-linux-gnu/lib/rustlib/x86_64-unknown-linux-gnu/lib/libhashbrown-b29e17139dde1aa8.rlib" "/opt/rustwide/rustup-home/toolchains/1.75.0-x86_64-unknown-linux-gnu/lib/rustlib/x86_64-unknown-linux-gnu/lib/librustc_std_workspace_alloc-1f975299829cc7bd.rlib" "/opt/rustwide/rustup-home/toolchains/1.75.0-x86_64-unknown-linux-gnu/lib/rustlib/x86_64-unknown-linux-gnu/lib/libminiz_oxide-86bae3bc3079f89b.rlib" "/opt/rustwide/rustup-home/toolchains/1.75.0-x86_64-unknown-linux-gnu/lib/rustlib/x86_64-unknown-linux-gnu/lib/libadler-321b82c30dffdf5f.rlib" "/opt/rustwide/rustup-home/toolchains/1.75.0-x86_64-unknown-linux-gnu/lib/rustlib/x86_64-unknown-linux-gnu/lib/libunwind-3dd8a6810a0bdfef.rlib" "/opt/rustwide/rustup-home/toolchains/1.75.0-x86_64-unknown-linux-gnu/lib/rustlib/x86_64-unknown-linux-gnu/lib/libcfg_if-eb39a61c0c879984.rlib" "/opt/rustwide/rustup-home/toolchains/1.75.0-x86_64-unknown-linux-gnu/lib/rustlib/x86_64-unknown-linux-gnu/lib/liblibc-aa769569f91c3548.rlib" "/opt/rustwide/rustup-home/toolchains/1.75.0-x86_64-unknown-linux-gnu/lib/rustlib/x86_64-unknown-linux-gnu/lib/liballoc-510a192a50a983ed.rlib" "/opt/rustwide/rustup-home/toolchains/1.75.0-x86_64-unknown-linux-gnu/lib/rustlib/x86_64-unknown-linux-gnu/lib/librustc_std_workspace_core-0577018320f99037.rlib" "/opt/rustwide/rustup-home/toolchains/1.75.0-x86_64-unknown-linux-gnu/lib/rustlib/x86_64-unknown-linux-gnu/lib/libcore-193cf992125ccd4c.rlib" "/opt/rustwide/rustup-home/toolchains/1.75.0-x86_64-unknown-linux-gnu/lib/rustlib/x86_64-unknown-linux-gnu/lib/libcompiler_builtins-8e138eaf26ebb4a8.rlib" "-Wl,-Bdynamic" "-lgcc_s" "-lutil" "-lrt" "-lpthread" "-lm" "-ldl" "-lc" "-Wl,--eh-frame-hdr" "-Wl,-z,noexecstack" "-L" "/opt/rustwide/rustup-home/toolchains/1.75.0-x86_64-unknown-linux-gnu/lib/rustlib/x86_64-unknown-linux-gnu/lib" "-o" "/opt/rustwide/target/debug/deps/podman_tests-d48f2d549b781650" "-Wl,--gc-sections" "-pie" "-Wl,-z,relro,-z,now" "-nodefaultlibs"
[INFO] [stdout]   = note: collect2: fatal error: ld terminated with signal 9 [Killed]
[INFO] [stdout]           compilation terminated.
[INFO] [stdout]           
[INFO] [stdout] 
[INFO] [stdout] 
[INFO] [stdout] error: aborting due to previous error; 2 warnings emitted
[INFO] [stdout] 
[INFO] [stdout] 
[INFO] [stderr] error: could not compile `podman-api` (test "podman_tests") due to 2 previous errors; 2 warnings emitted
[INFO] [stdout] error: linking with `cc` failed: exit status: 1
[INFO] [stdout]   |
[INFO] [stdout]   = note: LC_ALL="C" PATH="/opt/rustwide/rustup-home/toolchains/1.75.0-x86_64-unknown-linux-gnu/lib/rustlib/x86_64-unknown-linux-gnu/bin:/opt/rustwide/cargo-home/bin:/usr/local/sbin:/usr/local/bin:/usr/sbin:/usr/bin:/sbin:/bin" VSLANG="1033" "cc" "-m64" "/tmp/rustcpLbTFI/symbols.o" "/opt/rustwide/target/debug/deps/image_tests-8e2b8d1aa0be0670.image_tests.acd1aec3b45aa6ce-cgu.00.rcgu.o" "/opt/rustwide/target/debug/deps/image_tests-8e2b8d1aa0be0670.image_tests.acd1aec3b45aa6ce-cgu.01.rcgu.o" "/opt/rustwide/target/debug/deps/image_tests-8e2b8d1aa0be0670.image_tests.acd1aec3b45aa6ce-cgu.02.rcgu.o" "/opt/rustwide/target/debug/deps/image_tests-8e2b8d1aa0be0670.image_tests.acd1aec3b45aa6ce-cgu.03.rcgu.o" "/opt/rustwide/target/debug/deps/image_tests-8e2b8d1aa0be0670.image_tests.acd1aec3b45aa6ce-cgu.04.rcgu.o" "/opt/rustwide/target/debug/deps/image_tests-8e2b8d1aa0be0670.image_tests.acd1aec3b45aa6ce-cgu.05.rcgu.o" "/opt/rustwide/target/debug/deps/image_tests-8e2b8d1aa0be0670.image_tests.acd1aec3b45aa6ce-cgu.06.rcgu.o" "/opt/rustwide/target/debug/deps/image_tests-8e2b8d1aa0be0670.image_tests.acd1aec3b45aa6ce-cgu.07.rcgu.o" "/opt/rustwide/target/debug/deps/image_tests-8e2b8d1aa0be0670.image_tests.acd1aec3b45aa6ce-cgu.08.rcgu.o" "/opt/rustwide/target/debug/deps/image_tests-8e2b8d1aa0be0670.image_tests.acd1aec3b45aa6ce-cgu.09.rcgu.o" "/opt/rustwide/target/debug/deps/image_tests-8e2b8d1aa0be0670.image_tests.acd1aec3b45aa6ce-cgu.10.rcgu.o" "/opt/rustwide/target/debug/deps/image_tests-8e2b8d1aa0be0670.image_tests.acd1aec3b45aa6ce-cgu.11.rcgu.o" "/opt/rustwide/target/debug/deps/image_tests-8e2b8d1aa0be0670.image_tests.acd1aec3b45aa6ce-cgu.12.rcgu.o" "/opt/rustwide/target/debug/deps/image_tests-8e2b8d1aa0be0670.image_tests.acd1aec3b45aa6ce-cgu.13.rcgu.o" "/opt/rustwide/target/debug/deps/image_tests-8e2b8d1aa0be0670.image_tests.acd1aec3b45aa6ce-cgu.14.rcgu.o" "/opt/rustwide/target/debug/deps/image_tests-8e2b8d1aa0be0670.image_tests.acd1aec3b45aa6ce-cgu.15.rcgu.o" "/opt/rustwide/target/debug/deps/image_tests-8e2b8d1aa0be0670.1ogj8zwsfe2z3vb.rcgu.o" "-Wl,--as-needed" "-L" "/opt/rustwide/target/debug/deps" "-L" "/opt/rustwide/rustup-home/toolchains/1.75.0-x86_64-unknown-linux-gnu/lib/rustlib/x86_64-unknown-linux-gnu/lib" "-Wl,-Bstatic" "/opt/rustwide/target/debug/deps/libnix-61e1800718663f7d.rlib" "/opt/rustwide/target/debug/deps/libmemoffset-c7b1b1cc44d01308.rlib" "/opt/rustwide/target/debug/deps/libbitflags-b7cee2ca4fb438d0.rlib" "/opt/rustwide/target/debug/deps/libenv_logger-b1250fe96e76f872.rlib" "/opt/rustwide/target/debug/deps/libatty-29ccef1f558deb97.rlib" "/opt/rustwide/target/debug/deps/libtermcolor-6dec0f4bbbe42dd1.rlib" "/opt/rustwide/target/debug/deps/libhumantime-e2a10e0b2bfa2002.rlib" "/opt/rustwide/target/debug/deps/libregex-b41547a324934d35.rlib" "/opt/rustwide/target/debug/deps/libregex_automata-41b935b8a0326771.rlib" "/opt/rustwide/target/debug/deps/libaho_corasick-c461b2416345444e.rlib" "/opt/rustwide/target/debug/deps/libregex_syntax-ec727727d9e652fd.rlib" "/opt/rustwide/rustup-home/toolchains/1.75.0-x86_64-unknown-linux-gnu/lib/rustlib/x86_64-unknown-linux-gnu/lib/libtest-3df1bed8075ce1de.rlib" "/opt/rustwide/rustup-home/toolchains/1.75.0-x86_64-unknown-linux-gnu/lib/rustlib/x86_64-unknown-linux-gnu/lib/libgetopts-2076fd86b325cb5d.rlib" "/opt/rustwide/rustup-home/toolchains/1.75.0-x86_64-unknown-linux-gnu/lib/rustlib/x86_64-unknown-linux-gnu/lib/libunicode_width-caa7152ee70c190f.rlib" "/opt/rustwide/rustup-home/toolchains/1.75.0-x86_64-unknown-linux-gnu/lib/rustlib/x86_64-unknown-linux-gnu/lib/librustc_std_workspace_std-04e6425e07f02a3c.rlib" "/opt/rustwide/target/debug/deps/libtempdir-063dbdd072abdcd4.rlib" "/opt/rustwide/target/debug/deps/libremove_dir_all-8b88a3ed6f308927.rlib" "/opt/rustwide/target/debug/deps/librand-ecd8ee92bfb8e148.rlib" "/opt/rustwide/target/debug/deps/libpodman_api-42068efe5aa50d9a.rlib" "/opt/rustwide/target/debug/deps/libbase64-b09bba5046b087ce.rlib" "/opt/rustwide/target/debug/deps/libfutures_codec-7ba8ea251eec9cd0.rlib" "/opt/rustwide/target/debug/deps/libpin_project-e8337ffaf8930651.rlib" "/opt/rustwide/target/debug/deps/libfutures-e570364625db2a60.rlib" "/opt/rustwide/target/debug/deps/libfutures_executor-c9b50b2f159f993d.rlib" "/opt/rustwide/target/debug/deps/libbytes-b61f00db724d2015.rlib" "/opt/rustwide/target/debug/deps/libpodman_api_stubs-79efebc082b3105d.rlib" "/opt/rustwide/target/debug/deps/libcontainers_api-7a781e2c9c47cc9c.rlib" "/opt/rustwide/target/debug/deps/libmime-7e306270d8ceb372.rlib" "/opt/rustwide/target/debug/deps/libtar-e115833eb686f710.rlib" "/opt/rustwide/target/debug/deps/libxattr-c9a5337ab29f3bec.rlib" "/opt/rustwide/target/debug/deps/librustix-b7e20a746a4a27d4.rlib" "/opt/rustwide/target/debug/deps/libbitflags-912d270082a3a4ea.rlib" "/opt/rustwide/target/debug/deps/liblinux_raw_sys-303f7f3176ea1d18.rlib" "/opt/rustwide/target/debug/deps/libfiletime-d95cce41dea7042b.rlib" "/opt/rustwide/target/debug/deps/libflate2-1347a47922d98cc4.rlib" "/opt/rustwide/target/debug/deps/libminiz_oxide-f272f5814aa49507.rlib" "/opt/rustwide/target/debug/deps/libadler-c8f2240c56a0abca.rlib" "/opt/rustwide/target/debug/deps/libcrc32fast-664446237529ebff.rlib" "/opt/rustwide/target/debug/deps/libcfg_if-61dc7a6799e72b18.rlib" "/opt/rustwide/target/debug/deps/libchrono-2b81ca840dcff331.rlib" "/opt/rustwide/target/debug/deps/libnum_traits-fbf3e4065138c85e.rlib" "/opt/rustwide/target/debug/deps/libiana_time_zone-528d9768cce5eb89.rlib" "/opt/rustwide/target/debug/deps/libthiserror-5438ccd7463bcf75.rlib" "/opt/rustwide/target/debug/deps/libserde_json-b8c63570e4c5f99d.rlib" "/opt/rustwide/target/debug/deps/libryu-5f304b1b6393964f.rlib" "/opt/rustwide/target/debug/deps/liburl-e2bbdc8176814ab9.rlib" "/opt/rustwide/target/debug/deps/libidna-be495c60b826cafb.rlib" "/opt/rustwide/target/debug/deps/libunicode_normalization-e04a0b39935fba30.rlib" "/opt/rustwide/target/debug/deps/libtinyvec-cf6c9f6b792a5507.rlib" "/opt/rustwide/target/debug/deps/libtinyvec_macros-b1cb7f53f58c9f87.rlib" "/opt/rustwide/target/debug/deps/libunicode_bidi-091e6a375aa15ffb.rlib" "/opt/rustwide/target/debug/deps/libform_urlencoded-ef5eb70334031c86.rlib" "/opt/rustwide/target/debug/deps/libpercent_encoding-fe0d57427b4d92e0.rlib" "/opt/rustwide/target/debug/deps/libhyperlocal-a0c41c79f666c24c.rlib" "/opt/rustwide/target/debug/deps/libhex-05644b5497b79c5b.rlib" "/opt/rustwide/target/debug/deps/libpin_project-b9839f3ef3d9aaa4.rlib" "/opt/rustwide/target/debug/deps/libserde-4243fd887ab9c7e6.rlib" "/opt/rustwide/target/debug/deps/liblog-e491f2c1d0b13538.rlib" "/opt/rustwide/target/debug/deps/libhyper-f1bdea60a1c36633.rlib" "/opt/rustwide/target/debug/deps/libwant-0be28e71d2a5cee8.rlib" "/opt/rustwide/target/debug/deps/libtry_lock-ba0ec0947155aa20.rlib" "/opt/rustwide/target/debug/deps/libhttparse-64f1ffbeda450424.rlib" "/opt/rustwide/target/debug/deps/libtower_service-104d6e83d5ce383d.rlib" "/opt/rustwide/target/debug/deps/libtracing-53b1b32365aca46d.rlib" "/opt/rustwide/target/debug/deps/libtracing_core-de9779e9c86396c9.rlib" "/opt/rustwide/target/debug/deps/libonce_cell-63be820ac0ed0954.rlib" "/opt/rustwide/target/debug/deps/libhttp_body-3c42bd17f1cfc680.rlib" "/opt/rustwide/target/debug/deps/libtokio-82486beaf9cf1e09.rlib" "/opt/rustwide/target/debug/deps/libnum_cpus-d4708e9618b376f9.rlib" "/opt/rustwide/target/debug/deps/libsocket2-0d88c912de52bbf6.rlib" "/opt/rustwide/target/debug/deps/libmio-8968d6dd6f9690eb.rlib" "/opt/rustwide/target/debug/deps/liblibc-4f34ddd04c373408.rlib" "/opt/rustwide/target/debug/deps/libhttpdate-60c45fdec07c28d7.rlib" "/opt/rustwide/target/debug/deps/libhttp-087a4805b82b800b.rlib" "/opt/rustwide/target/debug/deps/libitoa-5f181af53b99b92c.rlib" "/opt/rustwide/target/debug/deps/libfnv-18bf5144d055e772.rlib" "/opt/rustwide/target/debug/deps/libbytes-0a052f49710012b1.rlib" "/opt/rustwide/target/debug/deps/libfutures_util-d02bce228f9774e4.rlib" "/opt/rustwide/target/debug/deps/libmemchr-94009dd89ebb9d8d.rlib" "/opt/rustwide/target/debug/deps/libfutures_io-06ca5b85b7f1c406.rlib" "/opt/rustwide/target/debug/deps/libslab-6eb39baadbe9101c.rlib" "/opt/rustwide/target/debug/deps/libfutures_channel-344dce8baedabfb2.rlib" "/opt/rustwide/target/debug/deps/libpin_project_lite-e0757e0deaa2f8a0.rlib" "/opt/rustwide/target/debug/deps/libfutures_sink-50fc48ec23ff5f80.rlib" "/opt/rustwide/target/debug/deps/libfutures_task-c1403167034c79e1.rlib" "/opt/rustwide/target/debug/deps/libpin_utils-741f7d9d160e4a16.rlib" "/opt/rustwide/target/debug/deps/libfutures_core-408247f29faf1ec8.rlib" "/opt/rustwide/rustup-home/toolchains/1.75.0-x86_64-unknown-linux-gnu/lib/rustlib/x86_64-unknown-linux-gnu/lib/libstd-90f6ddbf82de36ec.rlib" "/opt/rustwide/rustup-home/toolchains/1.75.0-x86_64-unknown-linux-gnu/lib/rustlib/x86_64-unknown-linux-gnu/lib/libpanic_unwind-480c41e9d4e1f677.rlib" "/opt/rustwide/rustup-home/toolchains/1.75.0-x86_64-unknown-linux-gnu/lib/rustlib/x86_64-unknown-linux-gnu/lib/libobject-db744c0ca03eed1d.rlib" "/opt/rustwide/rustup-home/toolchains/1.75.0-x86_64-unknown-linux-gnu/lib/rustlib/x86_64-unknown-linux-gnu/lib/libmemchr-8ba652dc7d4b285a.rlib" "/opt/rustwide/rustup-home/toolchains/1.75.0-x86_64-unknown-linux-gnu/lib/rustlib/x86_64-unknown-linux-gnu/lib/libaddr2line-d5f4520a9ebc0d58.rlib" "/opt/rustwide/rustup-home/toolchains/1.75.0-x86_64-unknown-linux-gnu/lib/rustlib/x86_64-unknown-linux-gnu/lib/libgimli-4ad84de58f0cb463.rlib" "/opt/rustwide/rustup-home/toolchains/1.75.0-x86_64-unknown-linux-gnu/lib/rustlib/x86_64-unknown-linux-gnu/lib/librustc_demangle-0d10aae2e0f38735.rlib" "/opt/rustwide/rustup-home/toolchains/1.75.0-x86_64-unknown-linux-gnu/lib/rustlib/x86_64-unknown-linux-gnu/lib/libstd_detect-0c17cff739e6745b.rlib" "/opt/rustwide/rustup-home/toolchains/1.75.0-x86_64-unknown-linux-gnu/lib/rustlib/x86_64-unknown-linux-gnu/lib/libhashbrown-b29e17139dde1aa8.rlib" "/opt/rustwide/rustup-home/toolchains/1.75.0-x86_64-unknown-linux-gnu/lib/rustlib/x86_64-unknown-linux-gnu/lib/librustc_std_workspace_alloc-1f975299829cc7bd.rlib" "/opt/rustwide/rustup-home/toolchains/1.75.0-x86_64-unknown-linux-gnu/lib/rustlib/x86_64-unknown-linux-gnu/lib/libminiz_oxide-86bae3bc3079f89b.rlib" "/opt/rustwide/rustup-home/toolchains/1.75.0-x86_64-unknown-linux-gnu/lib/rustlib/x86_64-unknown-linux-gnu/lib/libadler-321b82c30dffdf5f.rlib" "/opt/rustwide/rustup-home/toolchains/1.75.0-x86_64-unknown-linux-gnu/lib/rustlib/x86_64-unknown-linux-gnu/lib/libunwind-3dd8a6810a0bdfef.rlib" "/opt/rustwide/rustup-home/toolchains/1.75.0-x86_64-unknown-linux-gnu/lib/rustlib/x86_64-unknown-linux-gnu/lib/libcfg_if-eb39a61c0c879984.rlib" "/opt/rustwide/rustup-home/toolchains/1.75.0-x86_64-unknown-linux-gnu/lib/rustlib/x86_64-unknown-linux-gnu/lib/liblibc-aa769569f91c3548.rlib" "/opt/rustwide/rustup-home/toolchains/1.75.0-x86_64-unknown-linux-gnu/lib/rustlib/x86_64-unknown-linux-gnu/lib/liballoc-510a192a50a983ed.rlib" "/opt/rustwide/rustup-home/toolchains/1.75.0-x86_64-unknown-linux-gnu/lib/rustlib/x86_64-unknown-linux-gnu/lib/librustc_std_workspace_core-0577018320f99037.rlib" "/opt/rustwide/rustup-home/toolchains/1.75.0-x86_64-unknown-linux-gnu/lib/rustlib/x86_64-unknown-linux-gnu/lib/libcore-193cf992125ccd4c.rlib" "/opt/rustwide/rustup-home/toolchains/1.75.0-x86_64-unknown-linux-gnu/lib/rustlib/x86_64-unknown-linux-gnu/lib/libcompiler_builtins-8e138eaf26ebb4a8.rlib" "-Wl,-Bdynamic" "-lgcc_s" "-lutil" "-lrt" "-lpthread" "-lm" "-ldl" "-lc" "-Wl,--eh-frame-hdr" "-Wl,-z,noexecstack" "-L" "/opt/rustwide/rustup-home/toolchains/1.75.0-x86_64-unknown-linux-gnu/lib/rustlib/x86_64-unknown-linux-gnu/lib" "-o" "/opt/rustwide/target/debug/deps/image_tests-8e2b8d1aa0be0670" "-Wl,--gc-sections" "-pie" "-Wl,-z,relro,-z,now" "-nodefaultlibs"
[INFO] [stdout]   = note: collect2: fatal error: ld terminated with signal 9 [Killed]
[INFO] [stdout]           compilation terminated.
[INFO] [stdout]           
[INFO] [stdout] 
[INFO] [stdout] 
[INFO] [stdout] error: aborting due to previous error; 1 warning emitted
[INFO] [stdout] 
[INFO] [stdout] 
[INFO] [stderr] error: could not compile `podman-api` (test "image_tests") due to 2 previous errors; 1 warning emitted
[INFO] [stdout] error: linking with `cc` failed: exit status: 1
[INFO] [stdout]   |
[INFO] [stdout]   = note: LC_ALL="C" PATH="/opt/rustwide/rustup-home/toolchains/1.75.0-x86_64-unknown-linux-gnu/lib/rustlib/x86_64-unknown-linux-gnu/bin:/opt/rustwide/cargo-home/bin:/usr/local/sbin:/usr/local/bin:/usr/sbin:/usr/bin:/sbin:/bin" VSLANG="1033" "cc" "-m64" "/tmp/rustcewZE4o/symbols.o" "/opt/rustwide/target/debug/deps/network_tests-74fb662c5a566161.network_tests.63d23507eba31d98-cgu.00.rcgu.o" "/opt/rustwide/target/debug/deps/network_tests-74fb662c5a566161.network_tests.63d23507eba31d98-cgu.01.rcgu.o" "/opt/rustwide/target/debug/deps/network_tests-74fb662c5a566161.network_tests.63d23507eba31d98-cgu.02.rcgu.o" "/opt/rustwide/target/debug/deps/network_tests-74fb662c5a566161.network_tests.63d23507eba31d98-cgu.03.rcgu.o" "/opt/rustwide/target/debug/deps/network_tests-74fb662c5a566161.network_tests.63d23507eba31d98-cgu.04.rcgu.o" "/opt/rustwide/target/debug/deps/network_tests-74fb662c5a566161.network_tests.63d23507eba31d98-cgu.05.rcgu.o" "/opt/rustwide/target/debug/deps/network_tests-74fb662c5a566161.network_tests.63d23507eba31d98-cgu.06.rcgu.o" "/opt/rustwide/target/debug/deps/network_tests-74fb662c5a566161.network_tests.63d23507eba31d98-cgu.07.rcgu.o" "/opt/rustwide/target/debug/deps/network_tests-74fb662c5a566161.network_tests.63d23507eba31d98-cgu.08.rcgu.o" "/opt/rustwide/target/debug/deps/network_tests-74fb662c5a566161.network_tests.63d23507eba31d98-cgu.09.rcgu.o" "/opt/rustwide/target/debug/deps/network_tests-74fb662c5a566161.network_tests.63d23507eba31d98-cgu.10.rcgu.o" "/opt/rustwide/target/debug/deps/network_tests-74fb662c5a566161.network_tests.63d23507eba31d98-cgu.11.rcgu.o" "/opt/rustwide/target/debug/deps/network_tests-74fb662c5a566161.network_tests.63d23507eba31d98-cgu.12.rcgu.o" "/opt/rustwide/target/debug/deps/network_tests-74fb662c5a566161.network_tests.63d23507eba31d98-cgu.13.rcgu.o" "/opt/rustwide/target/debug/deps/network_tests-74fb662c5a566161.network_tests.63d23507eba31d98-cgu.14.rcgu.o" "/opt/rustwide/target/debug/deps/network_tests-74fb662c5a566161.network_tests.63d23507eba31d98-cgu.15.rcgu.o" "/opt/rustwide/target/debug/deps/network_tests-74fb662c5a566161.196gfxhotgpfx1pc.rcgu.o" "-Wl,--as-needed" "-L" "/opt/rustwide/target/debug/deps" "-L" "/opt/rustwide/rustup-home/toolchains/1.75.0-x86_64-unknown-linux-gnu/lib/rustlib/x86_64-unknown-linux-gnu/lib" "-Wl,-Bstatic" "/opt/rustwide/target/debug/deps/libnix-61e1800718663f7d.rlib" "/opt/rustwide/target/debug/deps/libmemoffset-c7b1b1cc44d01308.rlib" "/opt/rustwide/target/debug/deps/libbitflags-b7cee2ca4fb438d0.rlib" "/opt/rustwide/target/debug/deps/libenv_logger-b1250fe96e76f872.rlib" "/opt/rustwide/target/debug/deps/libatty-29ccef1f558deb97.rlib" "/opt/rustwide/target/debug/deps/libtermcolor-6dec0f4bbbe42dd1.rlib" "/opt/rustwide/target/debug/deps/libhumantime-e2a10e0b2bfa2002.rlib" "/opt/rustwide/target/debug/deps/libregex-b41547a324934d35.rlib" "/opt/rustwide/target/debug/deps/libregex_automata-41b935b8a0326771.rlib" "/opt/rustwide/target/debug/deps/libaho_corasick-c461b2416345444e.rlib" "/opt/rustwide/target/debug/deps/libregex_syntax-ec727727d9e652fd.rlib" "/opt/rustwide/rustup-home/toolchains/1.75.0-x86_64-unknown-linux-gnu/lib/rustlib/x86_64-unknown-linux-gnu/lib/libtest-3df1bed8075ce1de.rlib" "/opt/rustwide/rustup-home/toolchains/1.75.0-x86_64-unknown-linux-gnu/lib/rustlib/x86_64-unknown-linux-gnu/lib/libgetopts-2076fd86b325cb5d.rlib" "/opt/rustwide/rustup-home/toolchains/1.75.0-x86_64-unknown-linux-gnu/lib/rustlib/x86_64-unknown-linux-gnu/lib/libunicode_width-caa7152ee70c190f.rlib" "/opt/rustwide/rustup-home/toolchains/1.75.0-x86_64-unknown-linux-gnu/lib/rustlib/x86_64-unknown-linux-gnu/lib/librustc_std_workspace_std-04e6425e07f02a3c.rlib" "/opt/rustwide/target/debug/deps/libtempdir-063dbdd072abdcd4.rlib" "/opt/rustwide/target/debug/deps/libremove_dir_all-8b88a3ed6f308927.rlib" "/opt/rustwide/target/debug/deps/librand-ecd8ee92bfb8e148.rlib" "/opt/rustwide/target/debug/deps/libpodman_api-42068efe5aa50d9a.rlib" "/opt/rustwide/target/debug/deps/libbase64-b09bba5046b087ce.rlib" "/opt/rustwide/target/debug/deps/libfutures_codec-7ba8ea251eec9cd0.rlib" "/opt/rustwide/target/debug/deps/libpin_project-e8337ffaf8930651.rlib" "/opt/rustwide/target/debug/deps/libfutures-e570364625db2a60.rlib" "/opt/rustwide/target/debug/deps/libfutures_executor-c9b50b2f159f993d.rlib" "/opt/rustwide/target/debug/deps/libbytes-b61f00db724d2015.rlib" "/opt/rustwide/target/debug/deps/libpodman_api_stubs-79efebc082b3105d.rlib" "/opt/rustwide/target/debug/deps/libcontainers_api-7a781e2c9c47cc9c.rlib" "/opt/rustwide/target/debug/deps/libmime-7e306270d8ceb372.rlib" "/opt/rustwide/target/debug/deps/libtar-e115833eb686f710.rlib" "/opt/rustwide/target/debug/deps/libxattr-c9a5337ab29f3bec.rlib" "/opt/rustwide/target/debug/deps/librustix-b7e20a746a4a27d4.rlib" "/opt/rustwide/target/debug/deps/libbitflags-912d270082a3a4ea.rlib" "/opt/rustwide/target/debug/deps/liblinux_raw_sys-303f7f3176ea1d18.rlib" "/opt/rustwide/target/debug/deps/libfiletime-d95cce41dea7042b.rlib" "/opt/rustwide/target/debug/deps/libflate2-1347a47922d98cc4.rlib" "/opt/rustwide/target/debug/deps/libminiz_oxide-f272f5814aa49507.rlib" "/opt/rustwide/target/debug/deps/libadler-c8f2240c56a0abca.rlib" "/opt/rustwide/target/debug/deps/libcrc32fast-664446237529ebff.rlib" "/opt/rustwide/target/debug/deps/libcfg_if-61dc7a6799e72b18.rlib" "/opt/rustwide/target/debug/deps/libchrono-2b81ca840dcff331.rlib" "/opt/rustwide/target/debug/deps/libnum_traits-fbf3e4065138c85e.rlib" "/opt/rustwide/target/debug/deps/libiana_time_zone-528d9768cce5eb89.rlib" "/opt/rustwide/target/debug/deps/libthiserror-5438ccd7463bcf75.rlib" "/opt/rustwide/target/debug/deps/libserde_json-b8c63570e4c5f99d.rlib" "/opt/rustwide/target/debug/deps/libryu-5f304b1b6393964f.rlib" "/opt/rustwide/target/debug/deps/liburl-e2bbdc8176814ab9.rlib" "/opt/rustwide/target/debug/deps/libidna-be495c60b826cafb.rlib" "/opt/rustwide/target/debug/deps/libunicode_normalization-e04a0b39935fba30.rlib" "/opt/rustwide/target/debug/deps/libtinyvec-cf6c9f6b792a5507.rlib" "/opt/rustwide/target/debug/deps/libtinyvec_macros-b1cb7f53f58c9f87.rlib" "/opt/rustwide/target/debug/deps/libunicode_bidi-091e6a375aa15ffb.rlib" "/opt/rustwide/target/debug/deps/libform_urlencoded-ef5eb70334031c86.rlib" "/opt/rustwide/target/debug/deps/libpercent_encoding-fe0d57427b4d92e0.rlib" "/opt/rustwide/target/debug/deps/libhyperlocal-a0c41c79f666c24c.rlib" "/opt/rustwide/target/debug/deps/libhex-05644b5497b79c5b.rlib" "/opt/rustwide/target/debug/deps/libpin_project-b9839f3ef3d9aaa4.rlib" "/opt/rustwide/target/debug/deps/libserde-4243fd887ab9c7e6.rlib" "/opt/rustwide/target/debug/deps/liblog-e491f2c1d0b13538.rlib" "/opt/rustwide/target/debug/deps/libhyper-f1bdea60a1c36633.rlib" "/opt/rustwide/target/debug/deps/libwant-0be28e71d2a5cee8.rlib" "/opt/rustwide/target/debug/deps/libtry_lock-ba0ec0947155aa20.rlib" "/opt/rustwide/target/debug/deps/libhttparse-64f1ffbeda450424.rlib" "/opt/rustwide/target/debug/deps/libtower_service-104d6e83d5ce383d.rlib" "/opt/rustwide/target/debug/deps/libtracing-53b1b32365aca46d.rlib" "/opt/rustwide/target/debug/deps/libtracing_core-de9779e9c86396c9.rlib" "/opt/rustwide/target/debug/deps/libonce_cell-63be820ac0ed0954.rlib" "/opt/rustwide/target/debug/deps/libhttp_body-3c42bd17f1cfc680.rlib" "/opt/rustwide/target/debug/deps/libtokio-82486beaf9cf1e09.rlib" "/opt/rustwide/target/debug/deps/libnum_cpus-d4708e9618b376f9.rlib" "/opt/rustwide/target/debug/deps/libsocket2-0d88c912de52bbf6.rlib" "/opt/rustwide/target/debug/deps/libmio-8968d6dd6f9690eb.rlib" "/opt/rustwide/target/debug/deps/liblibc-4f34ddd04c373408.rlib" "/opt/rustwide/target/debug/deps/libhttpdate-60c45fdec07c28d7.rlib" "/opt/rustwide/target/debug/deps/libhttp-087a4805b82b800b.rlib" "/opt/rustwide/target/debug/deps/libitoa-5f181af53b99b92c.rlib" "/opt/rustwide/target/debug/deps/libfnv-18bf5144d055e772.rlib" "/opt/rustwide/target/debug/deps/libbytes-0a052f49710012b1.rlib" "/opt/rustwide/target/debug/deps/libfutures_util-d02bce228f9774e4.rlib" "/opt/rustwide/target/debug/deps/libmemchr-94009dd89ebb9d8d.rlib" "/opt/rustwide/target/debug/deps/libfutures_io-06ca5b85b7f1c406.rlib" "/opt/rustwide/target/debug/deps/libslab-6eb39baadbe9101c.rlib" "/opt/rustwide/target/debug/deps/libfutures_channel-344dce8baedabfb2.rlib" "/opt/rustwide/target/debug/deps/libpin_project_lite-e0757e0deaa2f8a0.rlib" "/opt/rustwide/target/debug/deps/libfutures_sink-50fc48ec23ff5f80.rlib" "/opt/rustwide/target/debug/deps/libfutures_task-c1403167034c79e1.rlib" "/opt/rustwide/target/debug/deps/libpin_utils-741f7d9d160e4a16.rlib" "/opt/rustwide/target/debug/deps/libfutures_core-408247f29faf1ec8.rlib" "/opt/rustwide/rustup-home/toolchains/1.75.0-x86_64-unknown-linux-gnu/lib/rustlib/x86_64-unknown-linux-gnu/lib/libstd-90f6ddbf82de36ec.rlib" "/opt/rustwide/rustup-home/toolchains/1.75.0-x86_64-unknown-linux-gnu/lib/rustlib/x86_64-unknown-linux-gnu/lib/libpanic_unwind-480c41e9d4e1f677.rlib" "/opt/rustwide/rustup-home/toolchains/1.75.0-x86_64-unknown-linux-gnu/lib/rustlib/x86_64-unknown-linux-gnu/lib/libobject-db744c0ca03eed1d.rlib" "/opt/rustwide/rustup-home/toolchains/1.75.0-x86_64-unknown-linux-gnu/lib/rustlib/x86_64-unknown-linux-gnu/lib/libmemchr-8ba652dc7d4b285a.rlib" "/opt/rustwide/rustup-home/toolchains/1.75.0-x86_64-unknown-linux-gnu/lib/rustlib/x86_64-unknown-linux-gnu/lib/libaddr2line-d5f4520a9ebc0d58.rlib" "/opt/rustwide/rustup-home/toolchains/1.75.0-x86_64-unknown-linux-gnu/lib/rustlib/x86_64-unknown-linux-gnu/lib/libgimli-4ad84de58f0cb463.rlib" "/opt/rustwide/rustup-home/toolchains/1.75.0-x86_64-unknown-linux-gnu/lib/rustlib/x86_64-unknown-linux-gnu/lib/librustc_demangle-0d10aae2e0f38735.rlib" "/opt/rustwide/rustup-home/toolchains/1.75.0-x86_64-unknown-linux-gnu/lib/rustlib/x86_64-unknown-linux-gnu/lib/libstd_detect-0c17cff739e6745b.rlib" "/opt/rustwide/rustup-home/toolchains/1.75.0-x86_64-unknown-linux-gnu/lib/rustlib/x86_64-unknown-linux-gnu/lib/libhashbrown-b29e17139dde1aa8.rlib" "/opt/rustwide/rustup-home/toolchains/1.75.0-x86_64-unknown-linux-gnu/lib/rustlib/x86_64-unknown-linux-gnu/lib/librustc_std_workspace_alloc-1f975299829cc7bd.rlib" "/opt/rustwide/rustup-home/toolchains/1.75.0-x86_64-unknown-linux-gnu/lib/rustlib/x86_64-unknown-linux-gnu/lib/libminiz_oxide-86bae3bc3079f89b.rlib" "/opt/rustwide/rustup-home/toolchains/1.75.0-x86_64-unknown-linux-gnu/lib/rustlib/x86_64-unknown-linux-gnu/lib/libadler-321b82c30dffdf5f.rlib" "/opt/rustwide/rustup-home/toolchains/1.75.0-x86_64-unknown-linux-gnu/lib/rustlib/x86_64-unknown-linux-gnu/lib/libunwind-3dd8a6810a0bdfef.rlib" "/opt/rustwide/rustup-home/toolchains/1.75.0-x86_64-unknown-linux-gnu/lib/rustlib/x86_64-unknown-linux-gnu/lib/libcfg_if-eb39a61c0c879984.rlib" "/opt/rustwide/rustup-home/toolchains/1.75.0-x86_64-unknown-linux-gnu/lib/rustlib/x86_64-unknown-linux-gnu/lib/liblibc-aa769569f91c3548.rlib" "/opt/rustwide/rustup-home/toolchains/1.75.0-x86_64-unknown-linux-gnu/lib/rustlib/x86_64-unknown-linux-gnu/lib/liballoc-510a192a50a983ed.rlib" "/opt/rustwide/rustup-home/toolchains/1.75.0-x86_64-unknown-linux-gnu/lib/rustlib/x86_64-unknown-linux-gnu/lib/librustc_std_workspace_core-0577018320f99037.rlib" "/opt/rustwide/rustup-home/toolchains/1.75.0-x86_64-unknown-linux-gnu/lib/rustlib/x86_64-unknown-linux-gnu/lib/libcore-193cf992125ccd4c.rlib" "/opt/rustwide/rustup-home/toolchains/1.75.0-x86_64-unknown-linux-gnu/lib/rustlib/x86_64-unknown-linux-gnu/lib/libcompiler_builtins-8e138eaf26ebb4a8.rlib" "-Wl,-Bdynamic" "-lgcc_s" "-lutil" "-lrt" "-lpthread" "-lm" "-ldl" "-lc" "-Wl,--eh-frame-hdr" "-Wl,-z,noexecstack" "-L" "/opt/rustwide/rustup-home/toolchains/1.75.0-x86_64-unknown-linux-gnu/lib/rustlib/x86_64-unknown-linux-gnu/lib" "-o" "/opt/rustwide/target/debug/deps/network_tests-74fb662c5a566161" "-Wl,--gc-sections" "-pie" "-Wl,-z,relro,-z,now" "-nodefaultlibs"
[INFO] [stdout]   = note: collect2: fatal error: ld terminated with signal 9 [Killed]
[INFO] [stdout]           compilation terminated.
[INFO] [stdout]           
[INFO] [stdout] 
[INFO] [stdout] 
[INFO] [stdout] error: aborting due to previous error; 2 warnings emitted
[INFO] [stdout] 
[INFO] [stdout] 
[INFO] [stderr] error: could not compile `podman-api` (test "network_tests") due to 2 previous errors; 2 warnings emitted
[INFO] [stdout] warning: 1 warning emitted
[INFO] [stdout] 
[INFO] [stdout] 
[INFO] [stdout] warning: 2 warnings emitted
[INFO] [stdout] 
[INFO] [stdout] 
[INFO] [stdout] warning: 2 warnings emitted
[INFO] [stdout] 
[INFO] [stdout] 
[INFO] running `Command { std: "docker" "inspect" "5c6a3b73396ee467522dc4fd4f9e665c25f8abbbb267acdd8bebf5695fbcff9a", kill_on_drop: false }`
[INFO] running `Command { std: "docker" "rm" "-f" "5c6a3b73396ee467522dc4fd4f9e665c25f8abbbb267acdd8bebf5695fbcff9a", kill_on_drop: false }`
[INFO] [stdout] 5c6a3b73396ee467522dc4fd4f9e665c25f8abbbb267acdd8bebf5695fbcff9a
