[INFO] fetching crate png-framing 0.5.0...
[INFO] testing png-framing-0.5.0 against 1.75.0 for beta-1.76-1
[INFO] extracting crate png-framing 0.5.0 into /workspace/builds/worker-3-tc1/source
[INFO] validating manifest of crates.io crate png-framing 0.5.0 on toolchain 1.75.0
[INFO] running `Command { std: CARGO_HOME="/workspace/cargo-home" RUSTUP_HOME="/workspace/rustup-home" "/workspace/cargo-home/bin/cargo" "+1.75.0" "metadata" "--manifest-path" "Cargo.toml" "--no-deps", kill_on_drop: false }`
[INFO] started tweaking crates.io crate png-framing 0.5.0
[INFO] finished tweaking crates.io crate png-framing 0.5.0
[INFO] tweaked toml for crates.io crate png-framing 0.5.0 written to /workspace/builds/worker-3-tc1/source/Cargo.toml
[INFO] running `Command { std: CARGO_HOME="/workspace/cargo-home" RUSTUP_HOME="/workspace/rustup-home" "/workspace/cargo-home/bin/cargo" "+1.75.0" "generate-lockfile" "--manifest-path" "Cargo.toml", kill_on_drop: false }`
[INFO] [stderr]     Updating crates.io index
[INFO] running `Command { std: CARGO_HOME="/workspace/cargo-home" RUSTUP_HOME="/workspace/rustup-home" "/workspace/cargo-home/bin/cargo" "+1.75.0" "fetch" "--manifest-path" "Cargo.toml", kill_on_drop: false }`
[INFO] [stderr]  Downloading crates ...
[INFO] [stderr]   Downloaded framing v0.6.0
[INFO] [stderr]   Downloaded rayon v0.8.2
[INFO] [stderr]   Downloaded c_vec v1.3.3
[INFO] [stderr]   Downloaded clamp v0.1.0
[INFO] [stderr]   Downloaded lodepng v1.2.2
[INFO] running `Command { std: "docker" "create" "-v" "/var/lib/crater-agent-workspace/builds/worker-3-tc1/target:/opt/rustwide/target:rw,Z" "-v" "/var/lib/crater-agent-workspace/builds/worker-3-tc1/source:/opt/rustwide/workdir:ro,Z" "-v" "/var/lib/crater-agent-workspace/cargo-home:/opt/rustwide/cargo-home:ro,Z" "-v" "/var/lib/crater-agent-workspace/rustup-home:/opt/rustwide/rustup-home:ro,Z" "-e" "SOURCE_DIR=/opt/rustwide/workdir" "-e" "CARGO_TARGET_DIR=/opt/rustwide/target" "-e" "CARGO_HOME=/opt/rustwide/cargo-home" "-e" "RUSTUP_HOME=/opt/rustwide/rustup-home" "-w" "/opt/rustwide/workdir" "-m" "1610612736" "--user" "0:0" "--network" "none" "ghcr.io/rust-lang/crates-build-env/linux@sha256:2788e3201cd34a07e3172128adcd8b3090168a8e3bcc40d7c032b9dda1df7d1c" "/opt/rustwide/cargo-home/bin/cargo" "+1.75.0" "metadata" "--no-deps" "--format-version=1", kill_on_drop: false }`
[INFO] [stdout] 4cd5b40611561f9484b52b03d0357dc17b95268b807e5f32ffd22e5af933f290
[INFO] running `Command { std: "docker" "start" "-a" "4cd5b40611561f9484b52b03d0357dc17b95268b807e5f32ffd22e5af933f290", kill_on_drop: false }`
[INFO] running `Command { std: "docker" "inspect" "4cd5b40611561f9484b52b03d0357dc17b95268b807e5f32ffd22e5af933f290", kill_on_drop: false }`
[INFO] running `Command { std: "docker" "rm" "-f" "4cd5b40611561f9484b52b03d0357dc17b95268b807e5f32ffd22e5af933f290", kill_on_drop: false }`
[INFO] [stdout] 4cd5b40611561f9484b52b03d0357dc17b95268b807e5f32ffd22e5af933f290
[INFO] running `Command { std: "docker" "create" "-v" "/var/lib/crater-agent-workspace/builds/worker-3-tc1/target:/opt/rustwide/target:rw,Z" "-v" "/var/lib/crater-agent-workspace/builds/worker-3-tc1/source:/opt/rustwide/workdir:ro,Z" "-v" "/var/lib/crater-agent-workspace/cargo-home:/opt/rustwide/cargo-home:ro,Z" "-v" "/var/lib/crater-agent-workspace/rustup-home:/opt/rustwide/rustup-home:ro,Z" "-e" "SOURCE_DIR=/opt/rustwide/workdir" "-e" "CARGO_TARGET_DIR=/opt/rustwide/target" "-e" "CARGO_INCREMENTAL=0" "-e" "RUST_BACKTRACE=full" "-e" "RUSTFLAGS=--cap-lints=warn" "-e" "RUSTDOCFLAGS=--cap-lints=warn" "-e" "CARGO_HOME=/opt/rustwide/cargo-home" "-e" "RUSTUP_HOME=/opt/rustwide/rustup-home" "-w" "/opt/rustwide/workdir" "-m" "1610612736" "--user" "0:0" "--network" "none" "ghcr.io/rust-lang/crates-build-env/linux@sha256:2788e3201cd34a07e3172128adcd8b3090168a8e3bcc40d7c032b9dda1df7d1c" "/opt/rustwide/cargo-home/bin/cargo" "+1.75.0" "build" "--frozen" "--message-format=json", kill_on_drop: false }`
[INFO] [stdout] 8c63399ffb1292a016009317a2fb45a7445a02f5356220ae9de51a47315885dd
[INFO] running `Command { std: "docker" "start" "-a" "8c63399ffb1292a016009317a2fb45a7445a02f5356220ae9de51a47315885dd", kill_on_drop: false }`
[INFO] [stderr]    Compiling crossbeam-utils v0.8.18
[INFO] [stderr]    Compiling cfg-if v1.0.0
[INFO] [stderr]    Compiling libc v0.2.151
[INFO] [stderr]    Compiling rayon-core v1.12.0
[INFO] [stderr]    Compiling bytemuck v1.14.0
[INFO] [stderr]    Compiling c_vec v1.3.3
[INFO] [stderr]    Compiling clamp v0.1.0
[INFO] [stderr]    Compiling rgb v0.8.37
[INFO] [stderr]    Compiling crossbeam-epoch v0.9.17
[INFO] [stderr]    Compiling crossbeam-deque v0.8.4
[INFO] [stderr]    Compiling cc v1.0.83
[INFO] [stderr]    Compiling rayon v0.8.2
[INFO] [stderr]    Compiling lodepng v1.2.2
[INFO] [stderr]    Compiling framing v0.6.0
[INFO] [stdout] error[E0554]: `#![feature]` may not be used on the stable release channel
[INFO] [stdout]  --> /opt/rustwide/cargo-home/registry/src/index.crates.io-6f17d22bba15001f/framing-0.6.0/src/lib.rs:1:1
[INFO] [stdout]   |
[INFO] [stdout] 1 | #![feature(conservative_impl_trait)]
[INFO] [stdout]   | ^^^^^^^^^^^^^^^^^^^^^^^^^^^^^^^^^^^^ help: remove the attribute
[INFO] [stdout]   |
[INFO] [stdout]   = help: the feature `conservative_impl_trait` has been stable since `1.26.0` and no longer requires an attribute to enable
[INFO] [stdout] 
[INFO] [stdout] 
[INFO] [stdout] error[E0700]: hidden type for `impl Iterator<Item = (usize, usize, <T as Image>::Pixel)> + ExactSizeIterator` captures lifetime that does not appear in bounds
[INFO] [stdout]   --> /opt/rustwide/cargo-home/registry/src/index.crates.io-6f17d22bba15001f/framing-0.6.0/src/transforms/iter.rs:10:5
[INFO] [stdout]    |
[INFO] [stdout] 5  |   pub fn iter<'a, T: Image>(frame: &'a T)
[INFO] [stdout]    |               -- hidden type `std::iter::Map<std::ops::Range<usize>, {closure@/opt/rustwide/cargo-home/registry/src/index.crates.io-6f17d22bba15001f/framing-0.6.0/src/transforms/iter.rs:10:20: 10:28}>` captures the lifetime `'a` as defined here
[INFO] [stdout] 6  |       -> impl Iterator<Item = (usize, usize, T::Pixel)> + ExactSizeIterator
[INFO] [stdout]    |          ------------------------------------------------------------------ opaque type defined here
[INFO] [stdout] ...
[INFO] [stdout] 10 | /     (0..w * h).map(move |i| unsafe {
[INFO] [stdout] 11 | |         let (x, y) = (i % w, i / w);
[INFO] [stdout] 12 | |         (x, y, frame.pixel(i % w, i / w))
[INFO] [stdout] 13 | |     })
[INFO] [stdout]    | |______^
[INFO] [stdout]    |
[INFO] [stdout] help: to declare that `impl Iterator<Item = (usize, usize, <T as Image>::Pixel)> + ExactSizeIterator` captures `'a`, you can add an explicit `'a` lifetime bound
[INFO] [stdout]    |
[INFO] [stdout] 6  |     -> impl Iterator<Item = (usize, usize, T::Pixel)> + ExactSizeIterator + 'a
[INFO] [stdout]    |                                                                           ++++
[INFO] [stdout] 
[INFO] [stdout] 
[INFO] [stdout] error[E0700]: hidden type for `impl rayon::iter::ParallelIterator<Item = (usize, usize, <T as Image>::Pixel)>` captures lifetime that does not appear in bounds
[INFO] [stdout]   --> /opt/rustwide/cargo-home/registry/src/index.crates.io-6f17d22bba15001f/framing-0.6.0/src/transforms/iter.rs:25:5
[INFO] [stdout]    |
[INFO] [stdout] 17 |   pub fn par_iter<'a, T>(frame: &'a T)
[INFO] [stdout]    |                   -- hidden type `rayon::iter::Map<rayon::range::Iter<usize>, {closure@/opt/rustwide/cargo-home/registry/src/index.crates.io-6f17d22bba15001f/framing-0.6.0/src/transforms/iter.rs:25:36: 25:44}>` captures the lifetime `'a` as defined here
[INFO] [stdout] 18 |       -> impl ParallelIterator<Item = (usize, usize, T::Pixel)>
[INFO] [stdout]    |          ------------------------------------------------------ opaque type defined here
[INFO] [stdout] ...
[INFO] [stdout] 25 | /     (0..w * h).into_par_iter().map(move |i| unsafe {
[INFO] [stdout] 26 | |         let (x, y) = (i % w, i / w);
[INFO] [stdout] 27 | |         (x, y, frame.pixel(i % w, i / w))
[INFO] [stdout] 28 | |     })
[INFO] [stdout]    | |______^
[INFO] [stdout]    |
[INFO] [stdout] help: to declare that `impl rayon::iter::ParallelIterator<Item = (usize, usize, <T as Image>::Pixel)>` captures `'a`, you can add an explicit `'a` lifetime bound
[INFO] [stdout]    |
[INFO] [stdout] 18 |     -> impl ParallelIterator<Item = (usize, usize, T::Pixel)> + 'a
[INFO] [stdout]    |                                                               ++++
[INFO] [stdout] 
[INFO] [stdout] 
[INFO] [stdout] error: aborting due to 3 previous errors
[INFO] [stdout] 
[INFO] [stdout] 
[INFO] [stdout] Some errors have detailed explanations: E0554, E0700.
[INFO] [stdout] 
[INFO] [stdout] For more information about an error, try `rustc --explain E0554`.
[INFO] [stdout] 
[INFO] [stderr] error: could not compile `framing` (lib) due to 4 previous errors
[INFO] [stderr] warning: build failed, waiting for other jobs to finish...
[INFO] running `Command { std: "docker" "inspect" "8c63399ffb1292a016009317a2fb45a7445a02f5356220ae9de51a47315885dd", kill_on_drop: false }`
[INFO] running `Command { std: "docker" "rm" "-f" "8c63399ffb1292a016009317a2fb45a7445a02f5356220ae9de51a47315885dd", kill_on_drop: false }`
[INFO] [stdout] 8c63399ffb1292a016009317a2fb45a7445a02f5356220ae9de51a47315885dd
[INFO] testing png-framing-0.5.0 against beta-2023-12-22 for beta-1.76-1
[INFO] extracting crate png-framing 0.5.0 into /workspace/builds/worker-3-tc2/source
[INFO] validating manifest of crates.io crate png-framing 0.5.0 on toolchain beta-2023-12-22
[INFO] running `Command { std: CARGO_HOME="/workspace/cargo-home" RUSTUP_HOME="/workspace/rustup-home" "/workspace/cargo-home/bin/cargo" "+beta-2023-12-22" "metadata" "--manifest-path" "Cargo.toml" "--no-deps", kill_on_drop: false }`
[INFO] started tweaking crates.io crate png-framing 0.5.0
[INFO] finished tweaking crates.io crate png-framing 0.5.0
[INFO] tweaked toml for crates.io crate png-framing 0.5.0 written to /workspace/builds/worker-3-tc2/source/Cargo.toml
[INFO] running `Command { std: CARGO_HOME="/workspace/cargo-home" RUSTUP_HOME="/workspace/rustup-home" "/workspace/cargo-home/bin/cargo" "+beta-2023-12-22" "generate-lockfile" "--manifest-path" "Cargo.toml", kill_on_drop: false }`
[INFO] [stderr]     Updating crates.io index
[INFO] running `Command { std: CARGO_HOME="/workspace/cargo-home" RUSTUP_HOME="/workspace/rustup-home" "/workspace/cargo-home/bin/cargo" "+beta-2023-12-22" "fetch" "--manifest-path" "Cargo.toml", kill_on_drop: false }`
[INFO] running `Command { std: "docker" "create" "-v" "/var/lib/crater-agent-workspace/builds/worker-3-tc2/target:/opt/rustwide/target:rw,Z" "-v" "/var/lib/crater-agent-workspace/builds/worker-3-tc2/source:/opt/rustwide/workdir:ro,Z" "-v" "/var/lib/crater-agent-workspace/cargo-home:/opt/rustwide/cargo-home:ro,Z" "-v" "/var/lib/crater-agent-workspace/rustup-home:/opt/rustwide/rustup-home:ro,Z" "-e" "SOURCE_DIR=/opt/rustwide/workdir" "-e" "CARGO_TARGET_DIR=/opt/rustwide/target" "-e" "CARGO_HOME=/opt/rustwide/cargo-home" "-e" "RUSTUP_HOME=/opt/rustwide/rustup-home" "-w" "/opt/rustwide/workdir" "-m" "1610612736" "--user" "0:0" "--network" "none" "ghcr.io/rust-lang/crates-build-env/linux@sha256:2788e3201cd34a07e3172128adcd8b3090168a8e3bcc40d7c032b9dda1df7d1c" "/opt/rustwide/cargo-home/bin/cargo" "+beta-2023-12-22" "metadata" "--no-deps" "--format-version=1", kill_on_drop: false }`
[INFO] [stdout] 56ffaa9b06d96d83ccc1ea9b8a8c8df2c6e7e6699a03e2c126c0aef908c70224
[INFO] running `Command { std: "docker" "start" "-a" "56ffaa9b06d96d83ccc1ea9b8a8c8df2c6e7e6699a03e2c126c0aef908c70224", kill_on_drop: false }`
[INFO] running `Command { std: "docker" "inspect" "56ffaa9b06d96d83ccc1ea9b8a8c8df2c6e7e6699a03e2c126c0aef908c70224", kill_on_drop: false }`
[INFO] running `Command { std: "docker" "rm" "-f" "56ffaa9b06d96d83ccc1ea9b8a8c8df2c6e7e6699a03e2c126c0aef908c70224", kill_on_drop: false }`
[INFO] [stdout] 56ffaa9b06d96d83ccc1ea9b8a8c8df2c6e7e6699a03e2c126c0aef908c70224
[INFO] running `Command { std: "docker" "create" "-v" "/var/lib/crater-agent-workspace/builds/worker-3-tc2/target:/opt/rustwide/target:rw,Z" "-v" "/var/lib/crater-agent-workspace/builds/worker-3-tc2/source:/opt/rustwide/workdir:ro,Z" "-v" "/var/lib/crater-agent-workspace/cargo-home:/opt/rustwide/cargo-home:ro,Z" "-v" "/var/lib/crater-agent-workspace/rustup-home:/opt/rustwide/rustup-home:ro,Z" "-e" "SOURCE_DIR=/opt/rustwide/workdir" "-e" "CARGO_TARGET_DIR=/opt/rustwide/target" "-e" "CARGO_INCREMENTAL=0" "-e" "RUST_BACKTRACE=full" "-e" "RUSTFLAGS=--cap-lints=warn" "-e" "RUSTDOCFLAGS=--cap-lints=warn" "-e" "CARGO_HOME=/opt/rustwide/cargo-home" "-e" "RUSTUP_HOME=/opt/rustwide/rustup-home" "-w" "/opt/rustwide/workdir" "-m" "1610612736" "--user" "0:0" "--network" "none" "ghcr.io/rust-lang/crates-build-env/linux@sha256:2788e3201cd34a07e3172128adcd8b3090168a8e3bcc40d7c032b9dda1df7d1c" "/opt/rustwide/cargo-home/bin/cargo" "+beta-2023-12-22" "build" "--frozen" "--message-format=json", kill_on_drop: false }`
[INFO] [stdout] 632b394e72e7d15a489375249504976391cc7008b8f2f037461183eaaeb937db
[INFO] running `Command { std: "docker" "start" "-a" "632b394e72e7d15a489375249504976391cc7008b8f2f037461183eaaeb937db", kill_on_drop: false }`
[INFO] [stderr]    Compiling crossbeam-utils v0.8.18
[INFO] [stderr]    Compiling libc v0.2.151
[INFO] [stderr]    Compiling cfg-if v1.0.0
[INFO] [stderr]    Compiling rayon-core v1.12.0
[INFO] [stderr]    Compiling bytemuck v1.14.0
[INFO] [stderr]    Compiling c_vec v1.3.3
[INFO] [stderr]    Compiling clamp v0.1.0
[INFO] [stderr]    Compiling rgb v0.8.37
[INFO] [stderr]    Compiling crossbeam-epoch v0.9.17
[INFO] [stderr]    Compiling crossbeam-deque v0.8.4
[INFO] [stderr]    Compiling cc v1.0.83
[INFO] [stderr]    Compiling rayon v0.8.2
[INFO] [stderr]    Compiling lodepng v1.2.2
[INFO] [stderr]    Compiling framing v0.6.0
[INFO] [stdout] error[E0554]: `#![feature]` may not be used on the beta release channel
[INFO] [stdout]  --> /opt/rustwide/cargo-home/registry/src/index.crates.io-6f17d22bba15001f/framing-0.6.0/src/lib.rs:1:1
[INFO] [stdout]   |
[INFO] [stdout] 1 | #![feature(conservative_impl_trait)]
[INFO] [stdout]   | ^^^^^^^^^^^^^^^^^^^^^^^^^^^^^^^^^^^^ help: remove the attribute
[INFO] [stdout]   |
[INFO] [stdout]   = help: the feature `conservative_impl_trait` has been stable since `1.26.0` and no longer requires an attribute to enable
[INFO] [stdout] 
[INFO] [stdout] 
[INFO] [stdout] error[E0700]: hidden type for `impl Iterator<Item = (usize, usize, <T as Image>::Pixel)> + ExactSizeIterator` captures lifetime that does not appear in bounds
[INFO] [stdout]   --> /opt/rustwide/cargo-home/registry/src/index.crates.io-6f17d22bba15001f/framing-0.6.0/src/transforms/iter.rs:10:5
[INFO] [stdout]    |
[INFO] [stdout] 5  |   pub fn iter<'a, T: Image>(frame: &'a T)
[INFO] [stdout]    |               -- hidden type `std::iter::Map<std::ops::Range<usize>, {closure@/opt/rustwide/cargo-home/registry/src/index.crates.io-6f17d22bba15001f/framing-0.6.0/src/transforms/iter.rs:10:20: 10:28}>` captures the lifetime `'a` as defined here
[INFO] [stdout] 6  |       -> impl Iterator<Item = (usize, usize, T::Pixel)> + ExactSizeIterator
[INFO] [stdout]    |          ------------------------------------------------------------------ opaque type defined here
[INFO] [stdout] ...
[INFO] [stdout] 10 | /     (0..w * h).map(move |i| unsafe {
[INFO] [stdout] 11 | |         let (x, y) = (i % w, i / w);
[INFO] [stdout] 12 | |         (x, y, frame.pixel(i % w, i / w))
[INFO] [stdout] 13 | |     })
[INFO] [stdout]    | |______^
[INFO] [stdout]    |
[INFO] [stdout] help: to declare that `impl Iterator<Item = (usize, usize, <T as Image>::Pixel)> + ExactSizeIterator` captures `'a`, you can add an explicit `'a` lifetime bound
[INFO] [stdout]    |
[INFO] [stdout] 6  |     -> impl Iterator<Item = (usize, usize, T::Pixel)> + ExactSizeIterator + 'a
[INFO] [stdout]    |                                                                           ++++
[INFO] [stdout] 
[INFO] [stdout] 
[INFO] [stdout] error[E0700]: hidden type for `impl rayon::iter::ParallelIterator<Item = (usize, usize, <T as Image>::Pixel)>` captures lifetime that does not appear in bounds
[INFO] [stdout]   --> /opt/rustwide/cargo-home/registry/src/index.crates.io-6f17d22bba15001f/framing-0.6.0/src/transforms/iter.rs:25:5
[INFO] [stdout]    |
[INFO] [stdout] 17 |   pub fn par_iter<'a, T>(frame: &'a T)
[INFO] [stdout]    |                   -- hidden type `rayon::iter::Map<rayon::range::Iter<usize>, {closure@/opt/rustwide/cargo-home/registry/src/index.crates.io-6f17d22bba15001f/framing-0.6.0/src/transforms/iter.rs:25:36: 25:44}>` captures the lifetime `'a` as defined here
[INFO] [stdout] 18 |       -> impl ParallelIterator<Item = (usize, usize, T::Pixel)>
[INFO] [stdout]    |          ------------------------------------------------------ opaque type defined here
[INFO] [stdout] ...
[INFO] [stdout] 25 | /     (0..w * h).into_par_iter().map(move |i| unsafe {
[INFO] [stdout] 26 | |         let (x, y) = (i % w, i / w);
[INFO] [stdout] 27 | |         (x, y, frame.pixel(i % w, i / w))
[INFO] [stdout] 28 | |     })
[INFO] [stdout]    | |______^
[INFO] [stdout]    |
[INFO] [stdout] help: to declare that `impl rayon::iter::ParallelIterator<Item = (usize, usize, <T as Image>::Pixel)>` captures `'a`, you can add an explicit `'a` lifetime bound
[INFO] [stdout]    |
[INFO] [stdout] 18 |     -> impl ParallelIterator<Item = (usize, usize, T::Pixel)> + 'a
[INFO] [stdout]    |                                                               ++++
[INFO] [stdout] 
[INFO] [stdout] 
[INFO] [stdout] error: aborting due to 3 previous errors
[INFO] [stdout] 
[INFO] [stdout] 
[INFO] [stdout] Some errors have detailed explanations: E0554, E0700.
[INFO] [stdout] 
[INFO] [stdout] For more information about an error, try `rustc --explain E0554`.
[INFO] [stdout] 
[INFO] [stderr] error: could not compile `framing` (lib) due to 4 previous errors
[INFO] [stderr] warning: build failed, waiting for other jobs to finish...
[INFO] running `Command { std: "docker" "inspect" "632b394e72e7d15a489375249504976391cc7008b8f2f037461183eaaeb937db", kill_on_drop: false }`
[INFO] running `Command { std: "docker" "rm" "-f" "632b394e72e7d15a489375249504976391cc7008b8f2f037461183eaaeb937db", kill_on_drop: false }`
[INFO] [stdout] 632b394e72e7d15a489375249504976391cc7008b8f2f037461183eaaeb937db
