[INFO] fetching crate plow_ontology 0.2.2...
[INFO] testing plow_ontology-0.2.2 against 1.75.0 for beta-1.76-1
[INFO] extracting crate plow_ontology 0.2.2 into /workspace/builds/worker-2-tc1/source
[INFO] validating manifest of crates.io crate plow_ontology 0.2.2 on toolchain 1.75.0
[INFO] running `Command { std: CARGO_HOME="/workspace/cargo-home" RUSTUP_HOME="/workspace/rustup-home" "/workspace/cargo-home/bin/cargo" "+1.75.0" "metadata" "--manifest-path" "Cargo.toml" "--no-deps", kill_on_drop: false }`
[INFO] started tweaking crates.io crate plow_ontology 0.2.2
[INFO] finished tweaking crates.io crate plow_ontology 0.2.2
[INFO] tweaked toml for crates.io crate plow_ontology 0.2.2 written to /workspace/builds/worker-2-tc1/source/Cargo.toml
[INFO] running `Command { std: CARGO_HOME="/workspace/cargo-home" RUSTUP_HOME="/workspace/rustup-home" "/workspace/cargo-home/bin/cargo" "+1.75.0" "generate-lockfile" "--manifest-path" "Cargo.toml", kill_on_drop: false }`
[INFO] [stderr]     Updating crates.io index
[INFO] running `Command { std: CARGO_HOME="/workspace/cargo-home" RUSTUP_HOME="/workspace/rustup-home" "/workspace/cargo-home/bin/cargo" "+1.75.0" "fetch" "--manifest-path" "Cargo.toml", kill_on_drop: false }`
[INFO] [stderr]  Downloading crates ...
[INFO] [stderr]   Downloaded owning_ref v0.3.3
[INFO] [stderr]   Downloaded plow_ontology v0.2.2
[INFO] [stderr]   Downloaded blob-uuid v0.5.0
[INFO] [stderr]   Downloaded parking_lot v0.4.8
[INFO] [stderr]   Downloaded chashmap v2.2.2
[INFO] [stderr]   Downloaded harriet v0.3.1
[INFO] [stderr]   Downloaded unique_id v0.1.5
[INFO] [stderr]   Downloaded plow_package_management v0.3.4
[INFO] [stderr]   Downloaded field33_rdftk_names_temporary_fork v0.1.9
[INFO] [stderr]   Downloaded field33_rdftk_core_temporary_fork v0.3.1
[INFO] [stderr]   Downloaded psl v2.1.13
[INFO] [stderr]   Downloaded darc v0.0.1
[INFO] [stderr]   Downloaded field33_rdftk_iri_temporary_fork v0.1.9
[INFO] [stderr]   Downloaded addr v0.15.6
[INFO] [stderr]   Downloaded pubgrub v0.2.1
[INFO] [stderr]   Downloaded oxiri v0.2.2
[INFO] [stderr]   Downloaded plow_linter v0.2.9
[INFO] [stderr]   Downloaded plow_graphify v0.2.3
[INFO] [stderr]   Downloaded rustrict v0.5.14
[INFO] [stderr]   Downloaded spdx v0.9.0
[INFO] running `Command { std: "docker" "create" "-v" "/var/lib/crater-agent-workspace/builds/worker-2-tc1/target:/opt/rustwide/target:rw,Z" "-v" "/var/lib/crater-agent-workspace/builds/worker-2-tc1/source:/opt/rustwide/workdir:ro,Z" "-v" "/var/lib/crater-agent-workspace/cargo-home:/opt/rustwide/cargo-home:ro,Z" "-v" "/var/lib/crater-agent-workspace/rustup-home:/opt/rustwide/rustup-home:ro,Z" "-e" "SOURCE_DIR=/opt/rustwide/workdir" "-e" "CARGO_TARGET_DIR=/opt/rustwide/target" "-e" "CARGO_HOME=/opt/rustwide/cargo-home" "-e" "RUSTUP_HOME=/opt/rustwide/rustup-home" "-w" "/opt/rustwide/workdir" "-m" "1610612736" "--user" "0:0" "--network" "none" "ghcr.io/rust-lang/crates-build-env/linux@sha256:2788e3201cd34a07e3172128adcd8b3090168a8e3bcc40d7c032b9dda1df7d1c" "/opt/rustwide/cargo-home/bin/cargo" "+1.75.0" "metadata" "--no-deps" "--format-version=1", kill_on_drop: false }`
[INFO] [stdout] 67ce1decad83e7150a25861a1df60c6d79eec3706d4d567d7a1402ca31790a46
[INFO] running `Command { std: "docker" "start" "-a" "67ce1decad83e7150a25861a1df60c6d79eec3706d4d567d7a1402ca31790a46", kill_on_drop: false }`
[INFO] running `Command { std: "docker" "inspect" "67ce1decad83e7150a25861a1df60c6d79eec3706d4d567d7a1402ca31790a46", kill_on_drop: false }`
[INFO] running `Command { std: "docker" "rm" "-f" "67ce1decad83e7150a25861a1df60c6d79eec3706d4d567d7a1402ca31790a46", kill_on_drop: false }`
[INFO] [stdout] 67ce1decad83e7150a25861a1df60c6d79eec3706d4d567d7a1402ca31790a46
[INFO] running `Command { std: "docker" "create" "-v" "/var/lib/crater-agent-workspace/builds/worker-2-tc1/target:/opt/rustwide/target:rw,Z" "-v" "/var/lib/crater-agent-workspace/builds/worker-2-tc1/source:/opt/rustwide/workdir:ro,Z" "-v" "/var/lib/crater-agent-workspace/cargo-home:/opt/rustwide/cargo-home:ro,Z" "-v" "/var/lib/crater-agent-workspace/rustup-home:/opt/rustwide/rustup-home:ro,Z" "-e" "SOURCE_DIR=/opt/rustwide/workdir" "-e" "CARGO_TARGET_DIR=/opt/rustwide/target" "-e" "CARGO_INCREMENTAL=0" "-e" "RUST_BACKTRACE=full" "-e" "RUSTFLAGS=--cap-lints=warn" "-e" "RUSTDOCFLAGS=--cap-lints=warn" "-e" "CARGO_HOME=/opt/rustwide/cargo-home" "-e" "RUSTUP_HOME=/opt/rustwide/rustup-home" "-w" "/opt/rustwide/workdir" "-m" "1610612736" "--user" "0:0" "--network" "none" "ghcr.io/rust-lang/crates-build-env/linux@sha256:2788e3201cd34a07e3172128adcd8b3090168a8e3bcc40d7c032b9dda1df7d1c" "/opt/rustwide/cargo-home/bin/cargo" "+1.75.0" "build" "--frozen" "--message-format=json", kill_on_drop: false }`
[INFO] [stdout] 3dce96aa12f35f3f2efcff67dc2b5e734eabd032e327151e31ce845e1bdb47a9
[INFO] running `Command { std: "docker" "start" "-a" "3dce96aa12f35f3f2efcff67dc2b5e734eabd032e327151e31ce845e1bdb47a9", kill_on_drop: false }`
[INFO] [stderr]    Compiling gimli v0.28.1
[INFO] [stderr]    Compiling base64 v0.13.1
[INFO] [stderr]    Compiling ucd-trie v0.1.6
[INFO] [stderr]    Compiling object v0.32.2
[INFO] [stderr]    Compiling miniz_oxide v0.7.1
[INFO] [stderr]    Compiling error-chain v0.12.4
[INFO] [stderr]    Compiling num-traits v0.2.17
[INFO] [stderr]    Compiling anyhow v1.0.79
[INFO] [stderr]    Compiling jobserver v0.1.27
[INFO] [stderr]    Compiling minimal-lexical v0.2.1
[INFO] [stderr]    Compiling uuid v1.6.1
[INFO] [stderr]    Compiling syn v2.0.48
[INFO] [stderr]    Compiling serde v1.0.194
[INFO] [stderr]    Compiling cookie-factory v0.3.2
[INFO] [stderr]    Compiling snowflake v1.3.0
[INFO] [stderr]    Compiling rand v0.7.3
[INFO] [stderr]    Compiling oxiri v0.2.2
[INFO] [stderr]    Compiling nom v7.1.3
[INFO] [stderr]    Compiling blob-uuid v0.5.0
[INFO] [stderr]    Compiling bimap v0.6.3
[INFO] [stderr]    Compiling cc v1.0.83
[INFO] [stderr]    Compiling unique_id v0.1.5
[INFO] [stderr]    Compiling uuid v0.8.1
[INFO] [stderr]    Compiling backtrace v0.3.69
[INFO] [stderr]    Compiling chrono v0.4.31
[INFO] [stderr]    Compiling addr2line v0.21.0
[INFO] [stderr]    Compiling thiserror-impl v1.0.56
[INFO] [stderr]    Compiling serde_derive v1.0.194
[INFO] [stderr]    Compiling field33_rdftk_iri_temporary_fork v0.1.9
[INFO] [stderr]    Compiling harriet v0.3.1
[INFO] [stderr]    Compiling field33_rdftk_names_temporary_fork v0.1.9
[INFO] [stderr]    Compiling thiserror v1.0.56
[INFO] [stderr]    Compiling pest v2.7.6
[INFO] [stderr]    Compiling pest_meta v2.7.6
[INFO] [stderr]    Compiling pest_generator v2.7.6
[INFO] [stderr]    Compiling pest_derive v2.7.6
[INFO] [stderr]    Compiling field33_rdftk_core_temporary_fork v0.3.1
[INFO] [stderr]    Compiling plow_graphify v0.2.3
[INFO] [stderr]    Compiling serde_json v1.0.111
[INFO] [stderr]    Compiling plow_ontology v0.2.2 (/opt/rustwide/workdir)
[INFO] [stderr]     Finished dev [unoptimized + debuginfo] target(s) in 11.62s
[INFO] running `Command { std: "docker" "inspect" "3dce96aa12f35f3f2efcff67dc2b5e734eabd032e327151e31ce845e1bdb47a9", kill_on_drop: false }`
[INFO] running `Command { std: "docker" "rm" "-f" "3dce96aa12f35f3f2efcff67dc2b5e734eabd032e327151e31ce845e1bdb47a9", kill_on_drop: false }`
[INFO] [stdout] 3dce96aa12f35f3f2efcff67dc2b5e734eabd032e327151e31ce845e1bdb47a9
[INFO] running `Command { std: "docker" "create" "-v" "/var/lib/crater-agent-workspace/builds/worker-2-tc1/target:/opt/rustwide/target:rw,Z" "-v" "/var/lib/crater-agent-workspace/builds/worker-2-tc1/source:/opt/rustwide/workdir:ro,Z" "-v" "/var/lib/crater-agent-workspace/cargo-home:/opt/rustwide/cargo-home:ro,Z" "-v" "/var/lib/crater-agent-workspace/rustup-home:/opt/rustwide/rustup-home:ro,Z" "-e" "SOURCE_DIR=/opt/rustwide/workdir" "-e" "CARGO_TARGET_DIR=/opt/rustwide/target" "-e" "CARGO_INCREMENTAL=0" "-e" "RUST_BACKTRACE=full" "-e" "RUSTFLAGS=--cap-lints=warn" "-e" "RUSTDOCFLAGS=--cap-lints=warn" "-e" "CARGO_HOME=/opt/rustwide/cargo-home" "-e" "RUSTUP_HOME=/opt/rustwide/rustup-home" "-w" "/opt/rustwide/workdir" "-m" "1610612736" "--user" "0:0" "--network" "none" "ghcr.io/rust-lang/crates-build-env/linux@sha256:2788e3201cd34a07e3172128adcd8b3090168a8e3bcc40d7c032b9dda1df7d1c" "/opt/rustwide/cargo-home/bin/cargo" "+1.75.0" "test" "--frozen" "--no-run" "--message-format=json", kill_on_drop: false }`
[INFO] [stdout] 3b9a8d423dfef6d22f0377bde07880c0442af6e08512ff3723db2b73555c3f14
[INFO] running `Command { std: "docker" "start" "-a" "3b9a8d423dfef6d22f0377bde07880c0442af6e08512ff3723db2b73555c3f14", kill_on_drop: false }`
[INFO] [stderr]    Compiling pkg-config v0.3.28
[INFO] [stderr]    Compiling maybe-uninit v2.0.0
[INFO] [stderr]    Compiling crossbeam-utils v0.8.18
[INFO] [stderr]    Compiling rand v0.4.6
[INFO] [stderr]    Compiling proc-macro-error-attr v1.0.4
[INFO] [stderr]    Compiling syn v1.0.109
[INFO] [stderr]    Compiling proc-macro-error v1.0.4
[INFO] [stderr]    Compiling camino v1.1.6
[INFO] [stderr]    Compiling stable_deref_trait v1.2.0
[INFO] [stderr]    Compiling semver v1.0.21
[INFO] [stderr]    Compiling dirs-sys v0.3.7
[INFO] [stderr]    Compiling itertools v0.10.5
[INFO] [stderr]    Compiling psl-types v2.0.11
[INFO] [stderr]    Compiling pubgrub v0.2.1
[INFO] [stderr]    Compiling plow_ontology v0.2.2
[INFO] [stderr]    Compiling toml v0.5.11
[INFO] [stderr]    Compiling owning_ref v0.3.3
[INFO] [stderr]    Compiling psl v2.1.13
[INFO] [stderr]    Compiling dirs v4.0.0
[INFO] [stderr]    Compiling itertools v0.9.0
[INFO] [stderr]    Compiling fallible-iterator v0.2.0
[INFO] [stderr]    Compiling finl_unicode v1.2.0
[INFO] [stderr]    Compiling smallvec v0.6.14
[INFO] [stderr]    Compiling remove_dir_all v0.5.3
[INFO] [stderr]    Compiling glob v0.3.1
[INFO] [stderr]    Compiling spdx v0.9.0
[INFO] [stderr]    Compiling email_address v0.2.4
[INFO] [stderr]    Compiling darc v0.0.1
[INFO] [stderr]    Compiling libz-sys v1.1.12
[INFO] [stderr]    Compiling openssl-sys v0.9.98
[INFO] [stderr]    Compiling libssh2-sys v0.2.23
[INFO] [stderr]    Compiling libgit2-sys v0.13.5+1.4.5
[INFO] [stderr]    Compiling crossbeam-epoch v0.9.17
[INFO] [stderr]    Compiling parking_lot_core v0.2.14
[INFO] [stderr]    Compiling tempdir v0.3.7
[INFO] [stderr]    Compiling crossbeam-deque v0.8.4
[INFO] [stderr]    Compiling parking_lot v0.4.8
[INFO] [stderr]    Compiling rustrict v0.5.14
[INFO] [stderr]    Compiling rayon-core v1.12.0
[INFO] [stderr]    Compiling chashmap v2.2.2
[INFO] [stderr]    Compiling rayon v1.8.0
[INFO] [stderr]    Compiling aquamarine v0.1.12
[INFO] [stderr]    Compiling addr v0.15.6
[INFO] [stderr]    Compiling git2 v0.14.4
[INFO] [stderr]    Compiling plow_package_management v0.3.4
[INFO] [stdout] error[E0308]: mismatched types
[INFO] [stdout]   --> /opt/rustwide/cargo-home/registry/src/index.crates.io-6f17d22bba15001f/plow_package_management-0.3.4/src/edit.rs:34:25
[INFO] [stdout]    |
[INFO] [stdout] 34 | /                         Whitespace {
[INFO] [stdout] 35 | |                             whitespace: "".into(),
[INFO] [stdout] 36 | |                         },
[INFO] [stdout]    | |_________________________^ expected `Option<Whitespace<'_>>`, found `Whitespace<'_>`
[INFO] [stdout]    |
[INFO] [stdout]    = note: expected enum `std::option::Option<Whitespace<'_>>`
[INFO] [stdout]             found struct `Whitespace<'_>`
[INFO] [stdout] help: try wrapping the expression in `Some`
[INFO] [stdout]    |
[INFO] [stdout] 34 ~                         Some(Whitespace {
[INFO] [stdout] 35 |                             whitespace: "".into(),
[INFO] [stdout] 36 ~                         }),
[INFO] [stdout]    |
[INFO] [stdout] 
[INFO] [stdout] 
[INFO] [stdout] error[E0308]: mismatched types
[INFO] [stdout]   --> /opt/rustwide/cargo-home/registry/src/index.crates.io-6f17d22bba15001f/plow_package_management-0.3.4/src/edit.rs:56:25
[INFO] [stdout]    |
[INFO] [stdout] 56 | /                         Whitespace {
[INFO] [stdout] 57 | |                             whitespace: "".into(),
[INFO] [stdout] 58 | |                         },
[INFO] [stdout]    | |_________________________^ expected `Option<Whitespace<'_>>`, found `Whitespace<'_>`
[INFO] [stdout]    |
[INFO] [stdout]    = note: expected enum `std::option::Option<Whitespace<'_>>`
[INFO] [stdout]             found struct `Whitespace<'_>`
[INFO] [stdout] help: try wrapping the expression in `Some`
[INFO] [stdout]    |
[INFO] [stdout] 56 ~                         Some(Whitespace {
[INFO] [stdout] 57 |                             whitespace: "".into(),
[INFO] [stdout] 58 ~                         }),
[INFO] [stdout]    |
[INFO] [stdout] 
[INFO] [stdout] 
[INFO] [stdout] error: aborting due to 2 previous errors
[INFO] [stdout] 
[INFO] [stdout] 
[INFO] [stdout] For more information about this error, try `rustc --explain E0308`.
[INFO] [stdout] 
[INFO] [stderr] error: could not compile `plow_package_management` (lib) due to 3 previous errors
[INFO] [stderr] warning: build failed, waiting for other jobs to finish...
[INFO] running `Command { std: "docker" "inspect" "3b9a8d423dfef6d22f0377bde07880c0442af6e08512ff3723db2b73555c3f14", kill_on_drop: false }`
[INFO] running `Command { std: "docker" "rm" "-f" "3b9a8d423dfef6d22f0377bde07880c0442af6e08512ff3723db2b73555c3f14", kill_on_drop: false }`
[INFO] [stdout] 3b9a8d423dfef6d22f0377bde07880c0442af6e08512ff3723db2b73555c3f14
[INFO] testing plow_ontology-0.2.2 against beta-2023-12-22 for beta-1.76-1
[INFO] extracting crate plow_ontology 0.2.2 into /workspace/builds/worker-2-tc2/source
[INFO] validating manifest of crates.io crate plow_ontology 0.2.2 on toolchain beta-2023-12-22
[INFO] running `Command { std: CARGO_HOME="/workspace/cargo-home" RUSTUP_HOME="/workspace/rustup-home" "/workspace/cargo-home/bin/cargo" "+beta-2023-12-22" "metadata" "--manifest-path" "Cargo.toml" "--no-deps", kill_on_drop: false }`
[INFO] started tweaking crates.io crate plow_ontology 0.2.2
[INFO] finished tweaking crates.io crate plow_ontology 0.2.2
[INFO] tweaked toml for crates.io crate plow_ontology 0.2.2 written to /workspace/builds/worker-2-tc2/source/Cargo.toml
[INFO] running `Command { std: CARGO_HOME="/workspace/cargo-home" RUSTUP_HOME="/workspace/rustup-home" "/workspace/cargo-home/bin/cargo" "+beta-2023-12-22" "generate-lockfile" "--manifest-path" "Cargo.toml", kill_on_drop: false }`
[INFO] [stderr]     Updating crates.io index
[INFO] running `Command { std: CARGO_HOME="/workspace/cargo-home" RUSTUP_HOME="/workspace/rustup-home" "/workspace/cargo-home/bin/cargo" "+beta-2023-12-22" "fetch" "--manifest-path" "Cargo.toml", kill_on_drop: false }`
[INFO] running `Command { std: "docker" "create" "-v" "/var/lib/crater-agent-workspace/builds/worker-2-tc2/target:/opt/rustwide/target:rw,Z" "-v" "/var/lib/crater-agent-workspace/builds/worker-2-tc2/source:/opt/rustwide/workdir:ro,Z" "-v" "/var/lib/crater-agent-workspace/cargo-home:/opt/rustwide/cargo-home:ro,Z" "-v" "/var/lib/crater-agent-workspace/rustup-home:/opt/rustwide/rustup-home:ro,Z" "-e" "SOURCE_DIR=/opt/rustwide/workdir" "-e" "CARGO_TARGET_DIR=/opt/rustwide/target" "-e" "CARGO_HOME=/opt/rustwide/cargo-home" "-e" "RUSTUP_HOME=/opt/rustwide/rustup-home" "-w" "/opt/rustwide/workdir" "-m" "1610612736" "--user" "0:0" "--network" "none" "ghcr.io/rust-lang/crates-build-env/linux@sha256:2788e3201cd34a07e3172128adcd8b3090168a8e3bcc40d7c032b9dda1df7d1c" "/opt/rustwide/cargo-home/bin/cargo" "+beta-2023-12-22" "metadata" "--no-deps" "--format-version=1", kill_on_drop: false }`
[INFO] [stdout] d09537934378d405c23a972275816965a1848cda578b1f578cb8fbc2b2323300
[INFO] running `Command { std: "docker" "start" "-a" "d09537934378d405c23a972275816965a1848cda578b1f578cb8fbc2b2323300", kill_on_drop: false }`
[INFO] running `Command { std: "docker" "inspect" "d09537934378d405c23a972275816965a1848cda578b1f578cb8fbc2b2323300", kill_on_drop: false }`
[INFO] running `Command { std: "docker" "rm" "-f" "d09537934378d405c23a972275816965a1848cda578b1f578cb8fbc2b2323300", kill_on_drop: false }`
[INFO] [stdout] d09537934378d405c23a972275816965a1848cda578b1f578cb8fbc2b2323300
[INFO] running `Command { std: "docker" "create" "-v" "/var/lib/crater-agent-workspace/builds/worker-2-tc2/target:/opt/rustwide/target:rw,Z" "-v" "/var/lib/crater-agent-workspace/builds/worker-2-tc2/source:/opt/rustwide/workdir:ro,Z" "-v" "/var/lib/crater-agent-workspace/cargo-home:/opt/rustwide/cargo-home:ro,Z" "-v" "/var/lib/crater-agent-workspace/rustup-home:/opt/rustwide/rustup-home:ro,Z" "-e" "SOURCE_DIR=/opt/rustwide/workdir" "-e" "CARGO_TARGET_DIR=/opt/rustwide/target" "-e" "CARGO_INCREMENTAL=0" "-e" "RUST_BACKTRACE=full" "-e" "RUSTFLAGS=--cap-lints=warn" "-e" "RUSTDOCFLAGS=--cap-lints=warn" "-e" "CARGO_HOME=/opt/rustwide/cargo-home" "-e" "RUSTUP_HOME=/opt/rustwide/rustup-home" "-w" "/opt/rustwide/workdir" "-m" "1610612736" "--user" "0:0" "--network" "none" "ghcr.io/rust-lang/crates-build-env/linux@sha256:2788e3201cd34a07e3172128adcd8b3090168a8e3bcc40d7c032b9dda1df7d1c" "/opt/rustwide/cargo-home/bin/cargo" "+beta-2023-12-22" "build" "--frozen" "--message-format=json", kill_on_drop: false }`
[INFO] [stdout] 68c8523895edbe252a847d8254b1cd74115131cb8b82382a32983e25cc293410
[INFO] running `Command { std: "docker" "start" "-a" "68c8523895edbe252a847d8254b1cd74115131cb8b82382a32983e25cc293410", kill_on_drop: false }`
[INFO] [stderr]    Compiling base64 v0.13.1
[INFO] [stderr]    Compiling ucd-trie v0.1.6
[INFO] [stderr]    Compiling error-chain v0.12.4
[INFO] [stderr]    Compiling num-traits v0.2.17
[INFO] [stderr]    Compiling anyhow v1.0.79
[INFO] [stderr]    Compiling jobserver v0.1.27
[INFO] [stderr]    Compiling minimal-lexical v0.2.1
[INFO] [stderr]    Compiling uuid v1.6.1
[INFO] [stderr]    Compiling serde v1.0.194
[INFO] [stderr]    Compiling snowflake v1.3.0
[INFO] [stderr]    Compiling oxiri v0.2.2
[INFO] [stderr]    Compiling cookie-factory v0.3.2
[INFO] [stderr]    Compiling syn v2.0.48
[INFO] [stderr]    Compiling bimap v0.6.3
[INFO] [stderr]    Compiling rand v0.7.3
[INFO] [stderr]    Compiling nom v7.1.3
[INFO] [stderr]    Compiling cc v1.0.83
[INFO] [stderr]    Compiling blob-uuid v0.5.0
[INFO] [stderr]    Compiling unique_id v0.1.5
[INFO] [stderr]    Compiling uuid v0.8.1
[INFO] [stderr]    Compiling backtrace v0.3.69
[INFO] [stderr]    Compiling chrono v0.4.31
[INFO] [stderr]    Compiling field33_rdftk_iri_temporary_fork v0.1.9
[INFO] [stderr]    Compiling harriet v0.3.1
[INFO] [stderr]    Compiling field33_rdftk_names_temporary_fork v0.1.9
[INFO] [stderr]    Compiling thiserror-impl v1.0.56
[INFO] [stderr]    Compiling serde_derive v1.0.194
[INFO] [stderr]    Compiling thiserror v1.0.56
[INFO] [stderr]    Compiling pest v2.7.6
[INFO] [stderr]    Compiling pest_meta v2.7.6
[INFO] [stderr]    Compiling pest_generator v2.7.6
[INFO] [stderr]    Compiling pest_derive v2.7.6
[INFO] [stderr]    Compiling field33_rdftk_core_temporary_fork v0.3.1
[INFO] [stderr]    Compiling serde_json v1.0.111
[INFO] [stderr]    Compiling plow_graphify v0.2.3
[INFO] [stderr]    Compiling plow_ontology v0.2.2 (/opt/rustwide/workdir)
[INFO] [stderr]     Finished dev [unoptimized + debuginfo] target(s) in 10.28s
[INFO] running `Command { std: "docker" "inspect" "68c8523895edbe252a847d8254b1cd74115131cb8b82382a32983e25cc293410", kill_on_drop: false }`
[INFO] running `Command { std: "docker" "rm" "-f" "68c8523895edbe252a847d8254b1cd74115131cb8b82382a32983e25cc293410", kill_on_drop: false }`
[INFO] [stdout] 68c8523895edbe252a847d8254b1cd74115131cb8b82382a32983e25cc293410
[INFO] running `Command { std: "docker" "create" "-v" "/var/lib/crater-agent-workspace/builds/worker-2-tc2/target:/opt/rustwide/target:rw,Z" "-v" "/var/lib/crater-agent-workspace/builds/worker-2-tc2/source:/opt/rustwide/workdir:ro,Z" "-v" "/var/lib/crater-agent-workspace/cargo-home:/opt/rustwide/cargo-home:ro,Z" "-v" "/var/lib/crater-agent-workspace/rustup-home:/opt/rustwide/rustup-home:ro,Z" "-e" "SOURCE_DIR=/opt/rustwide/workdir" "-e" "CARGO_TARGET_DIR=/opt/rustwide/target" "-e" "CARGO_INCREMENTAL=0" "-e" "RUST_BACKTRACE=full" "-e" "RUSTFLAGS=--cap-lints=warn" "-e" "RUSTDOCFLAGS=--cap-lints=warn" "-e" "CARGO_HOME=/opt/rustwide/cargo-home" "-e" "RUSTUP_HOME=/opt/rustwide/rustup-home" "-w" "/opt/rustwide/workdir" "-m" "1610612736" "--user" "0:0" "--network" "none" "ghcr.io/rust-lang/crates-build-env/linux@sha256:2788e3201cd34a07e3172128adcd8b3090168a8e3bcc40d7c032b9dda1df7d1c" "/opt/rustwide/cargo-home/bin/cargo" "+beta-2023-12-22" "test" "--frozen" "--no-run" "--message-format=json", kill_on_drop: false }`
[INFO] [stdout] d47ca95506ca6fb0b059b5036e6b58f2d85157e5cbb9f5b9e61e419efe0c5dd1
[INFO] running `Command { std: "docker" "start" "-a" "d47ca95506ca6fb0b059b5036e6b58f2d85157e5cbb9f5b9e61e419efe0c5dd1", kill_on_drop: false }`
[INFO] [stderr]    Compiling pkg-config v0.3.28
[INFO] [stderr]    Compiling maybe-uninit v2.0.0
[INFO] [stderr]    Compiling crossbeam-utils v0.8.18
[INFO] [stderr]    Compiling rand v0.4.6
[INFO] [stderr]    Compiling syn v1.0.109
[INFO] [stderr]    Compiling camino v1.1.6
[INFO] [stderr]    Compiling stable_deref_trait v1.2.0
[INFO] [stderr]    Compiling semver v1.0.21
[INFO] [stderr]    Compiling dirs-sys v0.3.7
[INFO] [stderr]    Compiling itertools v0.10.5
[INFO] [stderr]    Compiling psl-types v2.0.11
[INFO] [stderr]    Compiling pubgrub v0.2.1
[INFO] [stderr]    Compiling toml v0.5.11
[INFO] [stderr]    Compiling itertools v0.9.0
[INFO] [stderr]    Compiling plow_ontology v0.2.2
[INFO] [stderr]    Compiling glob v0.3.1
[INFO] [stderr]    Compiling owning_ref v0.3.3
[INFO] [stderr]    Compiling psl v2.1.13
[INFO] [stderr]    Compiling fallible-iterator v0.2.0
[INFO] [stderr]    Compiling finl_unicode v1.2.0
[INFO] [stderr]    Compiling smallvec v0.6.14
[INFO] [stderr]    Compiling dirs v4.0.0
[INFO] [stderr]    Compiling remove_dir_all v0.5.3
[INFO] [stderr]    Compiling spdx v0.9.0
[INFO] [stderr]    Compiling email_address v0.2.4
[INFO] [stderr]    Compiling darc v0.0.1
[INFO] [stderr]    Compiling parking_lot_core v0.2.14
[INFO] [stderr]    Compiling tempdir v0.3.7
[INFO] [stderr]    Compiling crossbeam-epoch v0.9.17
[INFO] [stderr]    Compiling libz-sys v1.1.12
[INFO] [stderr]    Compiling openssl-sys v0.9.98
[INFO] [stderr]    Compiling libssh2-sys v0.2.23
[INFO] [stderr]    Compiling libgit2-sys v0.13.5+1.4.5
[INFO] [stderr]    Compiling parking_lot v0.4.8
[INFO] [stderr]    Compiling crossbeam-deque v0.8.4
[INFO] [stderr]    Compiling chashmap v2.2.2
[INFO] [stderr]    Compiling rayon-core v1.12.0
[INFO] [stderr]    Compiling rustrict v0.5.14
[INFO] [stderr]    Compiling rayon v1.8.0
[INFO] [stderr]    Compiling proc-macro-error v1.0.4
[INFO] [stderr]    Compiling aquamarine v0.1.12
[INFO] [stderr]    Compiling addr v0.15.6
[INFO] [stderr]    Compiling git2 v0.14.4
[INFO] [stderr]    Compiling plow_package_management v0.3.4
[INFO] [stdout] error[E0308]: mismatched types
[INFO] [stdout]   --> /opt/rustwide/cargo-home/registry/src/index.crates.io-6f17d22bba15001f/plow_package_management-0.3.4/src/edit.rs:34:25
[INFO] [stdout]    |
[INFO] [stdout] 34 | /                         Whitespace {
[INFO] [stdout] 35 | |                             whitespace: "".into(),
[INFO] [stdout] 36 | |                         },
[INFO] [stdout]    | |_________________________^ expected `Option<Whitespace<'_>>`, found `Whitespace<'_>`
[INFO] [stdout]    |
[INFO] [stdout]    = note: expected enum `std::option::Option<Whitespace<'_>>`
[INFO] [stdout]             found struct `Whitespace<'_>`
[INFO] [stdout] help: try wrapping the expression in `Some`
[INFO] [stdout]    |
[INFO] [stdout] 34 ~                         Some(Whitespace {
[INFO] [stdout] 35 |                             whitespace: "".into(),
[INFO] [stdout] 36 ~                         }),
[INFO] [stdout]    |
[INFO] [stdout] 
[INFO] [stdout] 
[INFO] [stdout] error[E0308]: mismatched types
[INFO] [stdout]   --> /opt/rustwide/cargo-home/registry/src/index.crates.io-6f17d22bba15001f/plow_package_management-0.3.4/src/edit.rs:56:25
[INFO] [stdout]    |
[INFO] [stdout] 56 | /                         Whitespace {
[INFO] [stdout] 57 | |                             whitespace: "".into(),
[INFO] [stdout] 58 | |                         },
[INFO] [stdout]    | |_________________________^ expected `Option<Whitespace<'_>>`, found `Whitespace<'_>`
[INFO] [stdout]    |
[INFO] [stdout]    = note: expected enum `std::option::Option<Whitespace<'_>>`
[INFO] [stdout]             found struct `Whitespace<'_>`
[INFO] [stdout] help: try wrapping the expression in `Some`
[INFO] [stdout]    |
[INFO] [stdout] 56 ~                         Some(Whitespace {
[INFO] [stdout] 57 |                             whitespace: "".into(),
[INFO] [stdout] 58 ~                         }),
[INFO] [stdout]    |
[INFO] [stdout] 
[INFO] [stdout] 
[INFO] [stdout] error: aborting due to 2 previous errors
[INFO] [stdout] 
[INFO] [stdout] 
[INFO] [stdout] For more information about this error, try `rustc --explain E0308`.
[INFO] [stdout] 
[INFO] [stderr] error: could not compile `plow_package_management` (lib) due to 3 previous errors
[INFO] [stderr] warning: build failed, waiting for other jobs to finish...
[INFO] running `Command { std: "docker" "inspect" "d47ca95506ca6fb0b059b5036e6b58f2d85157e5cbb9f5b9e61e419efe0c5dd1", kill_on_drop: false }`
[INFO] running `Command { std: "docker" "rm" "-f" "d47ca95506ca6fb0b059b5036e6b58f2d85157e5cbb9f5b9e61e419efe0c5dd1", kill_on_drop: false }`
[INFO] [stdout] d47ca95506ca6fb0b059b5036e6b58f2d85157e5cbb9f5b9e61e419efe0c5dd1
