[INFO] fetching crate plotters-svg 0.3.5...
[INFO] testing plotters-svg-0.3.5 against 1.75.0 for beta-1.76-1
[INFO] extracting crate plotters-svg 0.3.5 into /workspace/builds/worker-6-tc1/source
[INFO] validating manifest of crates.io crate plotters-svg 0.3.5 on toolchain 1.75.0
[INFO] running `Command { std: CARGO_HOME="/workspace/cargo-home" RUSTUP_HOME="/workspace/rustup-home" "/workspace/cargo-home/bin/cargo" "+1.75.0" "metadata" "--manifest-path" "Cargo.toml" "--no-deps", kill_on_drop: false }`
[INFO] started tweaking crates.io crate plotters-svg 0.3.5
[INFO] finished tweaking crates.io crate plotters-svg 0.3.5
[INFO] tweaked toml for crates.io crate plotters-svg 0.3.5 written to /workspace/builds/worker-6-tc1/source/Cargo.toml
[INFO] running `Command { std: CARGO_HOME="/workspace/cargo-home" RUSTUP_HOME="/workspace/rustup-home" "/workspace/cargo-home/bin/cargo" "+1.75.0" "generate-lockfile" "--manifest-path" "Cargo.toml", kill_on_drop: false }`
[INFO] [stderr]     Blocking waiting for file lock on package cache
[INFO] [stderr]     Updating crates.io index
[INFO] running `Command { std: CARGO_HOME="/workspace/cargo-home" RUSTUP_HOME="/workspace/rustup-home" "/workspace/cargo-home/bin/cargo" "+1.75.0" "fetch" "--manifest-path" "Cargo.toml", kill_on_drop: false }`
[INFO] [stderr]     Blocking waiting for file lock on package cache
[INFO] running `Command { std: "docker" "create" "-v" "/var/lib/crater-agent-workspace/builds/worker-6-tc1/target:/opt/rustwide/target:rw,Z" "-v" "/var/lib/crater-agent-workspace/builds/worker-6-tc1/source:/opt/rustwide/workdir:ro,Z" "-v" "/var/lib/crater-agent-workspace/cargo-home:/opt/rustwide/cargo-home:ro,Z" "-v" "/var/lib/crater-agent-workspace/rustup-home:/opt/rustwide/rustup-home:ro,Z" "-e" "SOURCE_DIR=/opt/rustwide/workdir" "-e" "CARGO_TARGET_DIR=/opt/rustwide/target" "-e" "CARGO_HOME=/opt/rustwide/cargo-home" "-e" "RUSTUP_HOME=/opt/rustwide/rustup-home" "-w" "/opt/rustwide/workdir" "-m" "1610612736" "--user" "0:0" "--network" "none" "ghcr.io/rust-lang/crates-build-env/linux@sha256:2788e3201cd34a07e3172128adcd8b3090168a8e3bcc40d7c032b9dda1df7d1c" "/opt/rustwide/cargo-home/bin/cargo" "+1.75.0" "metadata" "--no-deps" "--format-version=1", kill_on_drop: false }`
[INFO] [stdout] 565b4712890d2a05ccbf7576c6c71cd0ee7f24745144df4afc2aada69fca6a42
[INFO] running `Command { std: "docker" "start" "-a" "565b4712890d2a05ccbf7576c6c71cd0ee7f24745144df4afc2aada69fca6a42", kill_on_drop: false }`
[INFO] running `Command { std: "docker" "inspect" "565b4712890d2a05ccbf7576c6c71cd0ee7f24745144df4afc2aada69fca6a42", kill_on_drop: false }`
[INFO] running `Command { std: "docker" "rm" "-f" "565b4712890d2a05ccbf7576c6c71cd0ee7f24745144df4afc2aada69fca6a42", kill_on_drop: false }`
[INFO] [stdout] 565b4712890d2a05ccbf7576c6c71cd0ee7f24745144df4afc2aada69fca6a42
[INFO] running `Command { std: "docker" "create" "-v" "/var/lib/crater-agent-workspace/builds/worker-6-tc1/target:/opt/rustwide/target:rw,Z" "-v" "/var/lib/crater-agent-workspace/builds/worker-6-tc1/source:/opt/rustwide/workdir:ro,Z" "-v" "/var/lib/crater-agent-workspace/cargo-home:/opt/rustwide/cargo-home:ro,Z" "-v" "/var/lib/crater-agent-workspace/rustup-home:/opt/rustwide/rustup-home:ro,Z" "-e" "SOURCE_DIR=/opt/rustwide/workdir" "-e" "CARGO_TARGET_DIR=/opt/rustwide/target" "-e" "CARGO_INCREMENTAL=0" "-e" "RUST_BACKTRACE=full" "-e" "RUSTFLAGS=--cap-lints=warn" "-e" "RUSTDOCFLAGS=--cap-lints=warn" "-e" "CARGO_HOME=/opt/rustwide/cargo-home" "-e" "RUSTUP_HOME=/opt/rustwide/rustup-home" "-w" "/opt/rustwide/workdir" "-m" "1610612736" "--user" "0:0" "--network" "none" "ghcr.io/rust-lang/crates-build-env/linux@sha256:2788e3201cd34a07e3172128adcd8b3090168a8e3bcc40d7c032b9dda1df7d1c" "/opt/rustwide/cargo-home/bin/cargo" "+1.75.0" "build" "--frozen" "--message-format=json", kill_on_drop: false }`
[INFO] [stdout] 79cee86afa67e2aa935e2859381bc27bb2fcb168070e338e1c34c559f495c759
[INFO] running `Command { std: "docker" "start" "-a" "79cee86afa67e2aa935e2859381bc27bb2fcb168070e338e1c34c559f495c759", kill_on_drop: false }`
[INFO] [stderr]    Compiling plotters-svg v0.3.5 (/opt/rustwide/workdir)
[INFO] [stderr]     Finished dev [unoptimized + debuginfo] target(s) in 0.15s
[INFO] running `Command { std: "docker" "inspect" "79cee86afa67e2aa935e2859381bc27bb2fcb168070e338e1c34c559f495c759", kill_on_drop: false }`
[INFO] running `Command { std: "docker" "rm" "-f" "79cee86afa67e2aa935e2859381bc27bb2fcb168070e338e1c34c559f495c759", kill_on_drop: false }`
[INFO] [stdout] 79cee86afa67e2aa935e2859381bc27bb2fcb168070e338e1c34c559f495c759
[INFO] running `Command { std: "docker" "create" "-v" "/var/lib/crater-agent-workspace/builds/worker-6-tc1/target:/opt/rustwide/target:rw,Z" "-v" "/var/lib/crater-agent-workspace/builds/worker-6-tc1/source:/opt/rustwide/workdir:ro,Z" "-v" "/var/lib/crater-agent-workspace/cargo-home:/opt/rustwide/cargo-home:ro,Z" "-v" "/var/lib/crater-agent-workspace/rustup-home:/opt/rustwide/rustup-home:ro,Z" "-e" "SOURCE_DIR=/opt/rustwide/workdir" "-e" "CARGO_TARGET_DIR=/opt/rustwide/target" "-e" "CARGO_INCREMENTAL=0" "-e" "RUST_BACKTRACE=full" "-e" "RUSTFLAGS=--cap-lints=warn" "-e" "RUSTDOCFLAGS=--cap-lints=warn" "-e" "CARGO_HOME=/opt/rustwide/cargo-home" "-e" "RUSTUP_HOME=/opt/rustwide/rustup-home" "-w" "/opt/rustwide/workdir" "-m" "1610612736" "--user" "0:0" "--network" "none" "ghcr.io/rust-lang/crates-build-env/linux@sha256:2788e3201cd34a07e3172128adcd8b3090168a8e3bcc40d7c032b9dda1df7d1c" "/opt/rustwide/cargo-home/bin/cargo" "+1.75.0" "test" "--frozen" "--no-run" "--message-format=json", kill_on_drop: false }`
[INFO] [stdout] dd6d00bb4ee50aca84309cea266418d15e6ec6e8562c94f784c9f6fa994d478f
[INFO] running `Command { std: "docker" "start" "-a" "dd6d00bb4ee50aca84309cea266418d15e6ec6e8562c94f784c9f6fa994d478f", kill_on_drop: false }`
[INFO] [stderr]    Compiling plotters-svg v0.3.5 (/opt/rustwide/workdir)
[INFO] [stdout] error[E0433]: failed to resolve: use of undeclared crate or module `plotters`
[INFO] [stdout]    --> src/svg.rs:582:9
[INFO] [stdout]     |
[INFO] [stdout] 582 |     use plotters::element::Circle;
[INFO] [stdout]     |         ^^^^^^^^ use of undeclared crate or module `plotters`
[INFO] [stdout] 
[INFO] [stdout] 
[INFO] [stdout] error[E0433]: failed to resolve: use of undeclared crate or module `plotters`
[INFO] [stdout]    --> src/svg.rs:583:9
[INFO] [stdout]     |
[INFO] [stdout] 583 |     use plotters::prelude::{
[INFO] [stdout]     |         ^^^^^^^^ use of undeclared crate or module `plotters`
[INFO] [stdout] 
[INFO] [stdout] 
[INFO] [stdout] error[E0433]: failed to resolve: use of undeclared crate or module `plotters`
[INFO] [stdout]    --> src/svg.rs:587:9
[INFO] [stdout]     |
[INFO] [stdout] 587 |     use plotters::style::text_anchor::{HPos, Pos, VPos};
[INFO] [stdout]     |         ^^^^^^^^ use of undeclared crate or module `plotters`
[INFO] [stdout] 
[INFO] [stdout] 
[INFO] [stdout] error[E0599]: no method named `into_drawing_area` found for struct `svg::SVGBackend` in the current scope
[INFO] [stdout]    --> src/svg.rs:608:74
[INFO] [stdout]     |
[INFO] [stdout] 76  | pub struct SVGBackend<'a> {
[INFO] [stdout]     | ------------------------- method `into_drawing_area` not found for this struct
[INFO] [stdout] ...
[INFO] [stdout] 608 |             let root = SVGBackend::with_string(&mut content, (500, 500)).into_drawing_area();
[INFO] [stdout]     |                                                                          ^^^^^^^^^^^^^^^^^ method not found in `SVGBackend<'_>`
[INFO] [stdout] 
[INFO] [stdout] 
[INFO] [stdout] error[E0599]: no method named `into_font` found for tuple `(&'static str, {integer})` in the current scope
[INFO] [stdout]    --> src/svg.rs:644:60
[INFO] [stdout]     |
[INFO] [stdout] 644 |             let style = TextStyle::from(("sans-serif", 20).into_font())
[INFO] [stdout]     |                                                            ^^^^^^^^^ method not found in `(&str, {integer})`
[INFO] [stdout] 
[INFO] [stdout] 
[INFO] [stdout] error[E0599]: no method named `into_drawing_area` found for struct `svg::SVGBackend` in the current scope
[INFO] [stdout]    --> src/svg.rs:676:75
[INFO] [stdout]     |
[INFO] [stdout] 76  | pub struct SVGBackend<'a> {
[INFO] [stdout]     | ------------------------- method `into_drawing_area` not found for this struct
[INFO] [stdout] ...
[INFO] [stdout] 676 |             let root = SVGBackend::with_string(&mut content, (1500, 800)).into_drawing_area();
[INFO] [stdout]     |                                                                           ^^^^^^^^^^^^^^^^^ method not found in `SVGBackend<'_>`
[INFO] [stdout] 
[INFO] [stdout] 
[INFO] [stdout] error[E0599]: no method named `into_font` found for tuple `(&'static str, {integer})` in the current scope
[INFO] [stdout]    --> src/svg.rs:678:59
[INFO] [stdout]     |
[INFO] [stdout] 678 |                 .titled("Image Title", ("sans-serif", 60).into_font())
[INFO] [stdout]     |                                                           ^^^^^^^^^ method not found in `(&str, {integer})`
[INFO] [stdout] 
[INFO] [stdout] 
[INFO] [stdout] error[E0599]: no method named `into_font` found for tuple `(&'static str, {integer})` in the current scope
[INFO] [stdout]    --> src/svg.rs:713:76
[INFO] [stdout]     |
[INFO] [stdout] 713 | ...                   let style = TextStyle::from(("sans-serif", 20).into_font())
[INFO] [stdout]     |                                                                      ^^^^^^^^^ method not found in `(&str, {integer})`
[INFO] [stdout] 
[INFO] [stdout] 
[INFO] [stdout] error[E0599]: no method named `into_drawing_area` found for struct `svg::SVGBackend` in the current scope
[INFO] [stdout]    --> src/svg.rs:739:18
[INFO] [stdout]     |
[INFO] [stdout] 76  |   pub struct SVGBackend<'a> {
[INFO] [stdout]     |   ------------------------- method `into_drawing_area` not found for this struct
[INFO] [stdout] ...
[INFO] [stdout] 738 |               let root = SVGBackend::with_string(&mut content, (width as u32, height as u32))
[INFO] [stdout]     |  ________________________-
[INFO] [stdout] 739 | |                 .into_drawing_area();
[INFO] [stdout]     | |                 -^^^^^^^^^^^^^^^^^ method not found in `SVGBackend<'_>`
[INFO] [stdout]     | |_________________|
[INFO] [stdout]     | 
[INFO] [stdout] 
[INFO] [stdout] 
[INFO] [stdout] error[E0599]: no method named `into_font` found for tuple `(&'static str, {integer})` in the current scope
[INFO] [stdout]    --> src/svg.rs:741:60
[INFO] [stdout]     |
[INFO] [stdout] 741 |             let style = TextStyle::from(("sans-serif", 20).into_font())
[INFO] [stdout]     |                                                            ^^^^^^^^^ method not found in `(&str, {integer})`
[INFO] [stdout] 
[INFO] [stdout] 
[INFO] [stdout] error[E0599]: no method named `into_drawing_area` found for struct `svg::SVGBackend` in the current scope
[INFO] [stdout]    --> src/svg.rs:768:79
[INFO] [stdout]     |
[INFO] [stdout] 76  | pub struct SVGBackend<'a> {
[INFO] [stdout]     | ------------------------- method `into_drawing_area` not found for this struct
[INFO] [stdout] ...
[INFO] [stdout] 768 |             let root = SVGBackend::with_string(&mut content, (width, height)).into_drawing_area();
[INFO] [stdout]     |                                                                               ^^^^^^^^^^^^^^^^^ method not found in `SVGBackend<'_>`
[INFO] [stdout] 
[INFO] [stdout] 
[INFO] [stdout] error[E0599]: no method named `into_drawing_area` found for struct `svg::SVGBackend` in the current scope
[INFO] [stdout]    --> src/svg.rs:827:18
[INFO] [stdout]     |
[INFO] [stdout] 76  |   pub struct SVGBackend<'a> {
[INFO] [stdout]     |   ------------------------- method `into_drawing_area` not found for this struct
[INFO] [stdout] ...
[INFO] [stdout] 826 |               let root = SVGBackend::with_string(&mut content, (width as u32, height as u32))
[INFO] [stdout]     |  ________________________-
[INFO] [stdout] 827 | |                 .into_drawing_area();
[INFO] [stdout]     | |                 -^^^^^^^^^^^^^^^^^ method not found in `SVGBackend<'_>`
[INFO] [stdout]     | |_________________|
[INFO] [stdout]     | 
[INFO] [stdout] 
[INFO] [stdout] 
[INFO] [stdout] error: aborting due to 12 previous errors
[INFO] [stdout] 
[INFO] [stdout] 
[INFO] [stdout] Some errors have detailed explanations: E0433, E0599.
[INFO] [stdout] 
[INFO] [stdout] For more information about an error, try `rustc --explain E0433`.
[INFO] [stdout] 
[INFO] [stderr] error: could not compile `plotters-svg` (lib test) due to 13 previous errors
[INFO] running `Command { std: "docker" "inspect" "dd6d00bb4ee50aca84309cea266418d15e6ec6e8562c94f784c9f6fa994d478f", kill_on_drop: false }`
[INFO] running `Command { std: "docker" "rm" "-f" "dd6d00bb4ee50aca84309cea266418d15e6ec6e8562c94f784c9f6fa994d478f", kill_on_drop: false }`
[INFO] [stdout] dd6d00bb4ee50aca84309cea266418d15e6ec6e8562c94f784c9f6fa994d478f
[INFO] testing plotters-svg-0.3.5 against beta-2023-12-22 for beta-1.76-1
[INFO] extracting crate plotters-svg 0.3.5 into /workspace/builds/worker-6-tc2/source
[INFO] validating manifest of crates.io crate plotters-svg 0.3.5 on toolchain beta-2023-12-22
[INFO] running `Command { std: CARGO_HOME="/workspace/cargo-home" RUSTUP_HOME="/workspace/rustup-home" "/workspace/cargo-home/bin/cargo" "+beta-2023-12-22" "metadata" "--manifest-path" "Cargo.toml" "--no-deps", kill_on_drop: false }`
[INFO] started tweaking crates.io crate plotters-svg 0.3.5
[INFO] finished tweaking crates.io crate plotters-svg 0.3.5
[INFO] tweaked toml for crates.io crate plotters-svg 0.3.5 written to /workspace/builds/worker-6-tc2/source/Cargo.toml
[INFO] running `Command { std: CARGO_HOME="/workspace/cargo-home" RUSTUP_HOME="/workspace/rustup-home" "/workspace/cargo-home/bin/cargo" "+beta-2023-12-22" "generate-lockfile" "--manifest-path" "Cargo.toml", kill_on_drop: false }`
[INFO] [stderr]     Updating crates.io index
[INFO] running `Command { std: CARGO_HOME="/workspace/cargo-home" RUSTUP_HOME="/workspace/rustup-home" "/workspace/cargo-home/bin/cargo" "+beta-2023-12-22" "fetch" "--manifest-path" "Cargo.toml", kill_on_drop: false }`
[INFO] running `Command { std: "docker" "create" "-v" "/var/lib/crater-agent-workspace/builds/worker-6-tc2/target:/opt/rustwide/target:rw,Z" "-v" "/var/lib/crater-agent-workspace/builds/worker-6-tc2/source:/opt/rustwide/workdir:ro,Z" "-v" "/var/lib/crater-agent-workspace/cargo-home:/opt/rustwide/cargo-home:ro,Z" "-v" "/var/lib/crater-agent-workspace/rustup-home:/opt/rustwide/rustup-home:ro,Z" "-e" "SOURCE_DIR=/opt/rustwide/workdir" "-e" "CARGO_TARGET_DIR=/opt/rustwide/target" "-e" "CARGO_HOME=/opt/rustwide/cargo-home" "-e" "RUSTUP_HOME=/opt/rustwide/rustup-home" "-w" "/opt/rustwide/workdir" "-m" "1610612736" "--user" "0:0" "--network" "none" "ghcr.io/rust-lang/crates-build-env/linux@sha256:2788e3201cd34a07e3172128adcd8b3090168a8e3bcc40d7c032b9dda1df7d1c" "/opt/rustwide/cargo-home/bin/cargo" "+beta-2023-12-22" "metadata" "--no-deps" "--format-version=1", kill_on_drop: false }`
[INFO] [stdout] a372fd4ffc203d5e3e73c59da5882424ca52e1f757d4f736f8b08ba855703091
[INFO] running `Command { std: "docker" "start" "-a" "a372fd4ffc203d5e3e73c59da5882424ca52e1f757d4f736f8b08ba855703091", kill_on_drop: false }`
[INFO] running `Command { std: "docker" "inspect" "a372fd4ffc203d5e3e73c59da5882424ca52e1f757d4f736f8b08ba855703091", kill_on_drop: false }`
[INFO] running `Command { std: "docker" "rm" "-f" "a372fd4ffc203d5e3e73c59da5882424ca52e1f757d4f736f8b08ba855703091", kill_on_drop: false }`
[INFO] [stdout] a372fd4ffc203d5e3e73c59da5882424ca52e1f757d4f736f8b08ba855703091
[INFO] running `Command { std: "docker" "create" "-v" "/var/lib/crater-agent-workspace/builds/worker-6-tc2/target:/opt/rustwide/target:rw,Z" "-v" "/var/lib/crater-agent-workspace/builds/worker-6-tc2/source:/opt/rustwide/workdir:ro,Z" "-v" "/var/lib/crater-agent-workspace/cargo-home:/opt/rustwide/cargo-home:ro,Z" "-v" "/var/lib/crater-agent-workspace/rustup-home:/opt/rustwide/rustup-home:ro,Z" "-e" "SOURCE_DIR=/opt/rustwide/workdir" "-e" "CARGO_TARGET_DIR=/opt/rustwide/target" "-e" "CARGO_INCREMENTAL=0" "-e" "RUST_BACKTRACE=full" "-e" "RUSTFLAGS=--cap-lints=warn" "-e" "RUSTDOCFLAGS=--cap-lints=warn" "-e" "CARGO_HOME=/opt/rustwide/cargo-home" "-e" "RUSTUP_HOME=/opt/rustwide/rustup-home" "-w" "/opt/rustwide/workdir" "-m" "1610612736" "--user" "0:0" "--network" "none" "ghcr.io/rust-lang/crates-build-env/linux@sha256:2788e3201cd34a07e3172128adcd8b3090168a8e3bcc40d7c032b9dda1df7d1c" "/opt/rustwide/cargo-home/bin/cargo" "+beta-2023-12-22" "build" "--frozen" "--message-format=json", kill_on_drop: false }`
[INFO] [stdout] e771cd85f2fa89cc92259e9bbb49288547a70ed9b525bbe3b1232ad03a6998a7
[INFO] running `Command { std: "docker" "start" "-a" "e771cd85f2fa89cc92259e9bbb49288547a70ed9b525bbe3b1232ad03a6998a7", kill_on_drop: false }`
[INFO] [stderr]    Compiling plotters-svg v0.3.5 (/opt/rustwide/workdir)
[INFO] [stderr]     Finished dev [unoptimized + debuginfo] target(s) in 0.26s
[INFO] running `Command { std: "docker" "inspect" "e771cd85f2fa89cc92259e9bbb49288547a70ed9b525bbe3b1232ad03a6998a7", kill_on_drop: false }`
[INFO] running `Command { std: "docker" "rm" "-f" "e771cd85f2fa89cc92259e9bbb49288547a70ed9b525bbe3b1232ad03a6998a7", kill_on_drop: false }`
[INFO] [stdout] e771cd85f2fa89cc92259e9bbb49288547a70ed9b525bbe3b1232ad03a6998a7
[INFO] running `Command { std: "docker" "create" "-v" "/var/lib/crater-agent-workspace/builds/worker-6-tc2/target:/opt/rustwide/target:rw,Z" "-v" "/var/lib/crater-agent-workspace/builds/worker-6-tc2/source:/opt/rustwide/workdir:ro,Z" "-v" "/var/lib/crater-agent-workspace/cargo-home:/opt/rustwide/cargo-home:ro,Z" "-v" "/var/lib/crater-agent-workspace/rustup-home:/opt/rustwide/rustup-home:ro,Z" "-e" "SOURCE_DIR=/opt/rustwide/workdir" "-e" "CARGO_TARGET_DIR=/opt/rustwide/target" "-e" "CARGO_INCREMENTAL=0" "-e" "RUST_BACKTRACE=full" "-e" "RUSTFLAGS=--cap-lints=warn" "-e" "RUSTDOCFLAGS=--cap-lints=warn" "-e" "CARGO_HOME=/opt/rustwide/cargo-home" "-e" "RUSTUP_HOME=/opt/rustwide/rustup-home" "-w" "/opt/rustwide/workdir" "-m" "1610612736" "--user" "0:0" "--network" "none" "ghcr.io/rust-lang/crates-build-env/linux@sha256:2788e3201cd34a07e3172128adcd8b3090168a8e3bcc40d7c032b9dda1df7d1c" "/opt/rustwide/cargo-home/bin/cargo" "+beta-2023-12-22" "test" "--frozen" "--no-run" "--message-format=json", kill_on_drop: false }`
[INFO] [stdout] cee391a72a75511613596b74af77fecc1cf8eae0d80f01555aae85cb4fe29aec
[INFO] running `Command { std: "docker" "start" "-a" "cee391a72a75511613596b74af77fecc1cf8eae0d80f01555aae85cb4fe29aec", kill_on_drop: false }`
[INFO] [stderr]    Compiling plotters-svg v0.3.5 (/opt/rustwide/workdir)
[INFO] [stdout] error[E0433]: failed to resolve: use of undeclared crate or module `plotters`
[INFO] [stdout]    --> src/svg.rs:582:9
[INFO] [stdout]     |
[INFO] [stdout] 582 |     use plotters::element::Circle;
[INFO] [stdout]     |         ^^^^^^^^ use of undeclared crate or module `plotters`
[INFO] [stdout] 
[INFO] [stdout] 
[INFO] [stdout] error[E0433]: failed to resolve: use of undeclared crate or module `plotters`
[INFO] [stdout]    --> src/svg.rs:583:9
[INFO] [stdout]     |
[INFO] [stdout] 583 |     use plotters::prelude::{
[INFO] [stdout]     |         ^^^^^^^^ use of undeclared crate or module `plotters`
[INFO] [stdout] 
[INFO] [stdout] 
[INFO] [stdout] error[E0433]: failed to resolve: use of undeclared crate or module `plotters`
[INFO] [stdout]    --> src/svg.rs:587:9
[INFO] [stdout]     |
[INFO] [stdout] 587 |     use plotters::style::text_anchor::{HPos, Pos, VPos};
[INFO] [stdout]     |         ^^^^^^^^ use of undeclared crate or module `plotters`
[INFO] [stdout] 
[INFO] [stdout] 
[INFO] [stdout] error[E0599]: no method named `into_drawing_area` found for struct `svg::SVGBackend` in the current scope
[INFO] [stdout]    --> src/svg.rs:608:74
[INFO] [stdout]     |
[INFO] [stdout] 76  | pub struct SVGBackend<'a> {
[INFO] [stdout]     | ------------------------- method `into_drawing_area` not found for this struct
[INFO] [stdout] ...
[INFO] [stdout] 608 |             let root = SVGBackend::with_string(&mut content, (500, 500)).into_drawing_area();
[INFO] [stdout]     |                                                                          ^^^^^^^^^^^^^^^^^ method not found in `SVGBackend<'_>`
[INFO] [stdout] 
[INFO] [stdout] 
[INFO] [stdout] error[E0599]: no method named `into_font` found for tuple `(&'static str, {integer})` in the current scope
[INFO] [stdout]    --> src/svg.rs:644:60
[INFO] [stdout]     |
[INFO] [stdout] 644 |             let style = TextStyle::from(("sans-serif", 20).into_font())
[INFO] [stdout]     |                                                            ^^^^^^^^^ method not found in `(&str, {integer})`
[INFO] [stdout] 
[INFO] [stdout] 
[INFO] [stdout] error[E0599]: no method named `into_drawing_area` found for struct `svg::SVGBackend` in the current scope
[INFO] [stdout]    --> src/svg.rs:676:75
[INFO] [stdout]     |
[INFO] [stdout] 76  | pub struct SVGBackend<'a> {
[INFO] [stdout]     | ------------------------- method `into_drawing_area` not found for this struct
[INFO] [stdout] ...
[INFO] [stdout] 676 |             let root = SVGBackend::with_string(&mut content, (1500, 800)).into_drawing_area();
[INFO] [stdout]     |                                                                           ^^^^^^^^^^^^^^^^^ method not found in `SVGBackend<'_>`
[INFO] [stdout] 
[INFO] [stdout] 
[INFO] [stdout] error[E0599]: no method named `into_font` found for tuple `(&'static str, {integer})` in the current scope
[INFO] [stdout]    --> src/svg.rs:678:59
[INFO] [stdout]     |
[INFO] [stdout] 678 |                 .titled("Image Title", ("sans-serif", 60).into_font())
[INFO] [stdout]     |                                                           ^^^^^^^^^ method not found in `(&str, {integer})`
[INFO] [stdout] 
[INFO] [stdout] 
[INFO] [stdout] error[E0599]: no method named `into_font` found for tuple `(&'static str, {integer})` in the current scope
[INFO] [stdout]    --> src/svg.rs:713:76
[INFO] [stdout]     |
[INFO] [stdout] 713 | ...                   let style = TextStyle::from(("sans-serif", 20).into_font())
[INFO] [stdout]     |                                                                      ^^^^^^^^^ method not found in `(&str, {integer})`
[INFO] [stdout] 
[INFO] [stdout] 
[INFO] [stdout] error[E0599]: no method named `into_drawing_area` found for struct `svg::SVGBackend` in the current scope
[INFO] [stdout]    --> src/svg.rs:739:18
[INFO] [stdout]     |
[INFO] [stdout] 76  |   pub struct SVGBackend<'a> {
[INFO] [stdout]     |   ------------------------- method `into_drawing_area` not found for this struct
[INFO] [stdout] ...
[INFO] [stdout] 738 |               let root = SVGBackend::with_string(&mut content, (width as u32, height as u32))
[INFO] [stdout]     |  ________________________-
[INFO] [stdout] 739 | |                 .into_drawing_area();
[INFO] [stdout]     | |                 -^^^^^^^^^^^^^^^^^ method not found in `SVGBackend<'_>`
[INFO] [stdout]     | |_________________|
[INFO] [stdout]     | 
[INFO] [stdout] 
[INFO] [stdout] 
[INFO] [stdout] error[E0599]: no method named `into_font` found for tuple `(&'static str, {integer})` in the current scope
[INFO] [stdout]    --> src/svg.rs:741:60
[INFO] [stdout]     |
[INFO] [stdout] 741 |             let style = TextStyle::from(("sans-serif", 20).into_font())
[INFO] [stdout]     |                                                            ^^^^^^^^^ method not found in `(&str, {integer})`
[INFO] [stdout] 
[INFO] [stdout] 
[INFO] [stdout] error[E0599]: no method named `into_drawing_area` found for struct `svg::SVGBackend` in the current scope
[INFO] [stdout]    --> src/svg.rs:768:79
[INFO] [stdout]     |
[INFO] [stdout] 76  | pub struct SVGBackend<'a> {
[INFO] [stdout]     | ------------------------- method `into_drawing_area` not found for this struct
[INFO] [stdout] ...
[INFO] [stdout] 768 |             let root = SVGBackend::with_string(&mut content, (width, height)).into_drawing_area();
[INFO] [stdout]     |                                                                               ^^^^^^^^^^^^^^^^^ method not found in `SVGBackend<'_>`
[INFO] [stdout] 
[INFO] [stdout] 
[INFO] [stdout] error[E0599]: no method named `into_drawing_area` found for struct `svg::SVGBackend` in the current scope
[INFO] [stdout]    --> src/svg.rs:827:18
[INFO] [stdout]     |
[INFO] [stdout] 76  |   pub struct SVGBackend<'a> {
[INFO] [stdout]     |   ------------------------- method `into_drawing_area` not found for this struct
[INFO] [stdout] ...
[INFO] [stdout] 826 |               let root = SVGBackend::with_string(&mut content, (width as u32, height as u32))
[INFO] [stdout]     |  ________________________-
[INFO] [stdout] 827 | |                 .into_drawing_area();
[INFO] [stdout]     | |                 -^^^^^^^^^^^^^^^^^ method not found in `SVGBackend<'_>`
[INFO] [stdout]     | |_________________|
[INFO] [stdout]     | 
[INFO] [stdout] 
[INFO] [stdout] 
[INFO] [stdout] error: aborting due to 12 previous errors
[INFO] [stdout] 
[INFO] [stdout] 
[INFO] [stdout] Some errors have detailed explanations: E0433, E0599.
[INFO] [stdout] 
[INFO] [stdout] For more information about an error, try `rustc --explain E0433`.
[INFO] [stdout] 
[INFO] [stderr] error: could not compile `plotters-svg` (lib test) due to 13 previous errors
[INFO] running `Command { std: "docker" "inspect" "cee391a72a75511613596b74af77fecc1cf8eae0d80f01555aae85cb4fe29aec", kill_on_drop: false }`
[INFO] running `Command { std: "docker" "rm" "-f" "cee391a72a75511613596b74af77fecc1cf8eae0d80f01555aae85cb4fe29aec", kill_on_drop: false }`
[INFO] [stdout] cee391a72a75511613596b74af77fecc1cf8eae0d80f01555aae85cb4fe29aec
