[INFO] fetching crate plotters-bitmap 0.3.3...
[INFO] testing plotters-bitmap-0.3.3 against 1.75.0 for beta-1.76-1
[INFO] extracting crate plotters-bitmap 0.3.3 into /workspace/builds/worker-6-tc1/source
[INFO] validating manifest of crates.io crate plotters-bitmap 0.3.3 on toolchain 1.75.0
[INFO] running `Command { std: CARGO_HOME="/workspace/cargo-home" RUSTUP_HOME="/workspace/rustup-home" "/workspace/cargo-home/bin/cargo" "+1.75.0" "metadata" "--manifest-path" "Cargo.toml" "--no-deps", kill_on_drop: false }`
[INFO] started tweaking crates.io crate plotters-bitmap 0.3.3
[INFO] finished tweaking crates.io crate plotters-bitmap 0.3.3
[INFO] tweaked toml for crates.io crate plotters-bitmap 0.3.3 written to /workspace/builds/worker-6-tc1/source/Cargo.toml
[INFO] running `Command { std: CARGO_HOME="/workspace/cargo-home" RUSTUP_HOME="/workspace/rustup-home" "/workspace/cargo-home/bin/cargo" "+1.75.0" "generate-lockfile" "--manifest-path" "Cargo.toml", kill_on_drop: false }`
[INFO] [stderr]     Updating crates.io index
[INFO] running `Command { std: CARGO_HOME="/workspace/cargo-home" RUSTUP_HOME="/workspace/rustup-home" "/workspace/cargo-home/bin/cargo" "+1.75.0" "fetch" "--manifest-path" "Cargo.toml", kill_on_drop: false }`
[INFO] running `Command { std: "docker" "create" "-v" "/var/lib/crater-agent-workspace/builds/worker-6-tc1/target:/opt/rustwide/target:rw,Z" "-v" "/var/lib/crater-agent-workspace/builds/worker-6-tc1/source:/opt/rustwide/workdir:ro,Z" "-v" "/var/lib/crater-agent-workspace/cargo-home:/opt/rustwide/cargo-home:ro,Z" "-v" "/var/lib/crater-agent-workspace/rustup-home:/opt/rustwide/rustup-home:ro,Z" "-e" "SOURCE_DIR=/opt/rustwide/workdir" "-e" "CARGO_TARGET_DIR=/opt/rustwide/target" "-e" "CARGO_HOME=/opt/rustwide/cargo-home" "-e" "RUSTUP_HOME=/opt/rustwide/rustup-home" "-w" "/opt/rustwide/workdir" "-m" "1610612736" "--user" "0:0" "--network" "none" "ghcr.io/rust-lang/crates-build-env/linux@sha256:2788e3201cd34a07e3172128adcd8b3090168a8e3bcc40d7c032b9dda1df7d1c" "/opt/rustwide/cargo-home/bin/cargo" "+1.75.0" "metadata" "--no-deps" "--format-version=1", kill_on_drop: false }`
[INFO] [stdout] 96646b4f8afeb5a18caacf5ea7b4fcd372b6f6aedc28481e807d0b4242fbf28a
[INFO] running `Command { std: "docker" "start" "-a" "96646b4f8afeb5a18caacf5ea7b4fcd372b6f6aedc28481e807d0b4242fbf28a", kill_on_drop: false }`
[INFO] running `Command { std: "docker" "inspect" "96646b4f8afeb5a18caacf5ea7b4fcd372b6f6aedc28481e807d0b4242fbf28a", kill_on_drop: false }`
[INFO] running `Command { std: "docker" "rm" "-f" "96646b4f8afeb5a18caacf5ea7b4fcd372b6f6aedc28481e807d0b4242fbf28a", kill_on_drop: false }`
[INFO] [stdout] 96646b4f8afeb5a18caacf5ea7b4fcd372b6f6aedc28481e807d0b4242fbf28a
[INFO] running `Command { std: "docker" "create" "-v" "/var/lib/crater-agent-workspace/builds/worker-6-tc1/target:/opt/rustwide/target:rw,Z" "-v" "/var/lib/crater-agent-workspace/builds/worker-6-tc1/source:/opt/rustwide/workdir:ro,Z" "-v" "/var/lib/crater-agent-workspace/cargo-home:/opt/rustwide/cargo-home:ro,Z" "-v" "/var/lib/crater-agent-workspace/rustup-home:/opt/rustwide/rustup-home:ro,Z" "-e" "SOURCE_DIR=/opt/rustwide/workdir" "-e" "CARGO_TARGET_DIR=/opt/rustwide/target" "-e" "CARGO_INCREMENTAL=0" "-e" "RUST_BACKTRACE=full" "-e" "RUSTFLAGS=--cap-lints=warn" "-e" "RUSTDOCFLAGS=--cap-lints=warn" "-e" "CARGO_HOME=/opt/rustwide/cargo-home" "-e" "RUSTUP_HOME=/opt/rustwide/rustup-home" "-w" "/opt/rustwide/workdir" "-m" "1610612736" "--user" "0:0" "--network" "none" "ghcr.io/rust-lang/crates-build-env/linux@sha256:2788e3201cd34a07e3172128adcd8b3090168a8e3bcc40d7c032b9dda1df7d1c" "/opt/rustwide/cargo-home/bin/cargo" "+1.75.0" "build" "--frozen" "--message-format=json", kill_on_drop: false }`
[INFO] [stdout] c7afc2b429fec8f5e39b1187115e9e6cc42f92b889f89650061ca4f98c5f87f7
[INFO] running `Command { std: "docker" "start" "-a" "c7afc2b429fec8f5e39b1187115e9e6cc42f92b889f89650061ca4f98c5f87f7", kill_on_drop: false }`
[INFO] [stderr]    Compiling num-traits v0.2.17
[INFO] [stderr]    Compiling simd-adler32 v0.3.7
[INFO] [stderr]    Compiling num-integer v0.1.45
[INFO] [stderr]    Compiling num-rational v0.4.1
[INFO] [stderr]    Compiling color_quant v1.1.0
[INFO] [stderr]    Compiling byteorder v1.5.0
[INFO] [stderr]    Compiling jpeg-decoder v0.3.0
[INFO] [stderr]    Compiling weezl v0.1.7
[INFO] [stderr]    Compiling bytemuck v1.14.0
[INFO] [stderr]    Compiling plotters-backend v0.3.5
[INFO] [stderr]    Compiling miniz_oxide v0.7.1
[INFO] [stderr]    Compiling fdeflate v0.3.3
[INFO] [stderr]    Compiling gif v0.12.0
[INFO] [stderr]    Compiling flate2 v1.0.28
[INFO] [stderr]    Compiling png v0.17.10
[INFO] [stderr]    Compiling image v0.24.7
[INFO] [stderr]    Compiling plotters-bitmap v0.3.3 (/opt/rustwide/workdir)
[INFO] [stderr]     Finished dev [unoptimized + debuginfo] target(s) in 3.48s
[INFO] running `Command { std: "docker" "inspect" "c7afc2b429fec8f5e39b1187115e9e6cc42f92b889f89650061ca4f98c5f87f7", kill_on_drop: false }`
[INFO] running `Command { std: "docker" "rm" "-f" "c7afc2b429fec8f5e39b1187115e9e6cc42f92b889f89650061ca4f98c5f87f7", kill_on_drop: false }`
[INFO] [stdout] c7afc2b429fec8f5e39b1187115e9e6cc42f92b889f89650061ca4f98c5f87f7
[INFO] running `Command { std: "docker" "create" "-v" "/var/lib/crater-agent-workspace/builds/worker-6-tc1/target:/opt/rustwide/target:rw,Z" "-v" "/var/lib/crater-agent-workspace/builds/worker-6-tc1/source:/opt/rustwide/workdir:ro,Z" "-v" "/var/lib/crater-agent-workspace/cargo-home:/opt/rustwide/cargo-home:ro,Z" "-v" "/var/lib/crater-agent-workspace/rustup-home:/opt/rustwide/rustup-home:ro,Z" "-e" "SOURCE_DIR=/opt/rustwide/workdir" "-e" "CARGO_TARGET_DIR=/opt/rustwide/target" "-e" "CARGO_INCREMENTAL=0" "-e" "RUST_BACKTRACE=full" "-e" "RUSTFLAGS=--cap-lints=warn" "-e" "RUSTDOCFLAGS=--cap-lints=warn" "-e" "CARGO_HOME=/opt/rustwide/cargo-home" "-e" "RUSTUP_HOME=/opt/rustwide/rustup-home" "-w" "/opt/rustwide/workdir" "-m" "1610612736" "--user" "0:0" "--network" "none" "ghcr.io/rust-lang/crates-build-env/linux@sha256:2788e3201cd34a07e3172128adcd8b3090168a8e3bcc40d7c032b9dda1df7d1c" "/opt/rustwide/cargo-home/bin/cargo" "+1.75.0" "test" "--frozen" "--no-run" "--message-format=json", kill_on_drop: false }`
[INFO] [stdout] 1ef1bfd1cfbe8e1ca5629ab8df0046d2f97fa732442664453302f02d5fafd4e9
[INFO] running `Command { std: "docker" "start" "-a" "1ef1bfd1cfbe8e1ca5629ab8df0046d2f97fa732442664453302f02d5fafd4e9", kill_on_drop: false }`
[INFO] [stderr]    Compiling crossbeam-utils v0.8.18
[INFO] [stderr]    Compiling indexmap v1.9.3
[INFO] [stderr]    Compiling either v1.9.0
[INFO] [stderr]    Compiling rayon-core v1.12.0
[INFO] [stderr]    Compiling libc v0.2.151
[INFO] [stderr]    Compiling half v1.8.2
[INFO] [stderr]    Compiling regex-syntax v0.8.2
[INFO] [stderr]    Compiling os_str_bytes v6.6.1
[INFO] [stderr]    Compiling hashbrown v0.12.3
[INFO] [stderr]    Compiling ciborium-io v0.2.1
[INFO] [stderr]    Compiling plotters-svg v0.3.5
[INFO] [stderr]    Compiling syn v2.0.48
[INFO] [stderr]    Compiling same-file v1.0.6
[INFO] [stderr]    Compiling cast v0.3.0
[INFO] [stderr]    Compiling textwrap v0.16.0
[INFO] [stderr]    Compiling oorandom v11.1.3
[INFO] [stderr]    Compiling anes v0.1.6
[INFO] [stderr]    Compiling walkdir v2.4.0
[INFO] [stderr]    Compiling itertools v0.10.5
[INFO] [stderr]    Compiling plotters v0.3.5
[INFO] [stderr]    Compiling clap_lex v0.2.4
[INFO] [stderr]    Compiling ciborium-ll v0.2.1
[INFO] [stderr]    Compiling crossbeam-epoch v0.9.17
[INFO] [stderr]    Compiling atty v0.2.14
[INFO] [stderr]    Compiling crossbeam-deque v0.8.4
[INFO] [stderr]    Compiling clap v3.2.25
[INFO] [stderr]    Compiling regex-automata v0.4.3
[INFO] [stderr]    Compiling rayon v1.8.0
[INFO] [stderr]    Compiling criterion-plot v0.5.0
[INFO] [stderr]    Compiling regex v1.10.2
[INFO] [stderr]    Compiling serde_derive v1.0.194
[INFO] [stderr]    Compiling serde v1.0.194
[INFO] [stderr]    Compiling serde_json v1.0.111
[INFO] [stderr]    Compiling ciborium v0.2.1
[INFO] [stderr]    Compiling tinytemplate v1.2.1
[INFO] [stderr]    Compiling criterion v0.4.0
[INFO] [stderr]    Compiling plotters-bitmap v0.3.3 (/opt/rustwide/workdir)
[INFO] [stdout] error[E0433]: failed to resolve: use of undeclared crate or module `plotters`
[INFO] [stdout]    --> src/bitmap/test.rs:395:9
[INFO] [stdout]     |
[INFO] [stdout] 395 |     use plotters::prelude::*;
[INFO] [stdout]     |         ^^^^^^^^ use of undeclared crate or module `plotters`
[INFO] [stdout] 
[INFO] [stdout] 
[INFO] [stdout] error[E0433]: failed to resolve: use of undeclared crate or module `plotters`
[INFO] [stdout]  --> src/bitmap/test.rs:5:9
[INFO] [stdout]   |
[INFO] [stdout] 5 |     use plotters::prelude::*;
[INFO] [stdout]   |         ^^^^^^^^ use of undeclared crate or module `plotters`
[INFO] [stdout] 
[INFO] [stdout] 
[INFO] [stdout] error[E0433]: failed to resolve: use of undeclared crate or module `plotters`
[INFO] [stdout]   --> src/bitmap/test.rs:34:9
[INFO] [stdout]    |
[INFO] [stdout] 34 |     use plotters::prelude::*;
[INFO] [stdout]    |         ^^^^^^^^ use of undeclared crate or module `plotters`
[INFO] [stdout] 
[INFO] [stdout] 
[INFO] [stdout] error[E0433]: failed to resolve: use of undeclared crate or module `plotters`
[INFO] [stdout]   --> src/bitmap/test.rs:81:9
[INFO] [stdout]    |
[INFO] [stdout] 81 |     use plotters::prelude::*;
[INFO] [stdout]    |         ^^^^^^^^ use of undeclared crate or module `plotters`
[INFO] [stdout] 
[INFO] [stdout] 
[INFO] [stdout] error[E0433]: failed to resolve: use of undeclared crate or module `plotters`
[INFO] [stdout]    --> src/bitmap/test.rs:113:9
[INFO] [stdout]     |
[INFO] [stdout] 113 |     use plotters::prelude::*;
[INFO] [stdout]     |         ^^^^^^^^ use of undeclared crate or module `plotters`
[INFO] [stdout] 
[INFO] [stdout] 
[INFO] [stdout] error[E0433]: failed to resolve: use of undeclared crate or module `plotters`
[INFO] [stdout]    --> src/bitmap/test.rs:137:9
[INFO] [stdout]     |
[INFO] [stdout] 137 |     use plotters::prelude::*;
[INFO] [stdout]     |         ^^^^^^^^ use of undeclared crate or module `plotters`
[INFO] [stdout] 
[INFO] [stdout] 
[INFO] [stdout] error[E0433]: failed to resolve: use of undeclared crate or module `plotters`
[INFO] [stdout]    --> src/bitmap/test.rs:163:9
[INFO] [stdout]     |
[INFO] [stdout] 163 |     use plotters::prelude::*;
[INFO] [stdout]     |         ^^^^^^^^ use of undeclared crate or module `plotters`
[INFO] [stdout] 
[INFO] [stdout] 
[INFO] [stdout] error[E0433]: failed to resolve: use of undeclared crate or module `plotters`
[INFO] [stdout]    --> src/bitmap/test.rs:179:9
[INFO] [stdout]     |
[INFO] [stdout] 179 |     use plotters::prelude::*;
[INFO] [stdout]     |         ^^^^^^^^ use of undeclared crate or module `plotters`
[INFO] [stdout] 
[INFO] [stdout] 
[INFO] [stdout] error[E0433]: failed to resolve: use of undeclared crate or module `plotters`
[INFO] [stdout]    --> src/bitmap/test.rs:205:9
[INFO] [stdout]     |
[INFO] [stdout] 205 |     use plotters::prelude::*;
[INFO] [stdout]     |         ^^^^^^^^ use of undeclared crate or module `plotters`
[INFO] [stdout] 
[INFO] [stdout] 
[INFO] [stdout] error[E0433]: failed to resolve: use of undeclared crate or module `plotters`
[INFO] [stdout]    --> src/bitmap/test.rs:244:9
[INFO] [stdout]     |
[INFO] [stdout] 244 |     use plotters::prelude::{Color, RGBColor, BLACK, BLUE, GREEN, RED, WHITE, YELLOW};
[INFO] [stdout]     |         ^^^^^^^^ use of undeclared crate or module `plotters`
[INFO] [stdout] 
[INFO] [stdout] 
[INFO] [stdout] error[E0433]: failed to resolve: use of undeclared crate or module `plotters`
[INFO] [stdout]    --> src/bitmap/test.rs:336:9
[INFO] [stdout]     |
[INFO] [stdout] 336 |     use plotters::prelude::*;
[INFO] [stdout]     |         ^^^^^^^^ use of undeclared crate or module `plotters`
[INFO] [stdout] 
[INFO] [stdout] 
[INFO] [stdout] error[E0433]: failed to resolve: use of undeclared crate or module `plotters`
[INFO] [stdout]    --> src/bitmap/test.rs:358:9
[INFO] [stdout]     |
[INFO] [stdout] 358 |     use plotters::prelude::*;
[INFO] [stdout]     |         ^^^^^^^^ use of undeclared crate or module `plotters`
[INFO] [stdout] 
[INFO] [stdout] 
[INFO] [stdout] error[E0433]: failed to resolve: use of undeclared crate or module `plotters`
[INFO] [stdout]    --> src/bitmap/test.rs:396:9
[INFO] [stdout]     |
[INFO] [stdout] 396 |     use plotters::style::text_anchor::{HPos, Pos, VPos};
[INFO] [stdout]     |         ^^^^^^^^ use of undeclared crate or module `plotters`
[INFO] [stdout] 
[INFO] [stdout] 
[INFO] [stdout] error[E0432]: unresolved imports `plotters::style::text_anchor::HPos`, `plotters::style::text_anchor::Pos`, `plotters::style::text_anchor::VPos`
[INFO] [stdout]    --> src/bitmap/test.rs:396:40
[INFO] [stdout]     |
[INFO] [stdout] 396 |     use plotters::style::text_anchor::{HPos, Pos, VPos};
[INFO] [stdout]     |                                        ^^^^  ^^^  ^^^^
[INFO] [stdout] 
[INFO] [stdout] 
[INFO] [stdout] error[E0425]: cannot find value `WHITE` in this scope
[INFO] [stdout]   --> src/bitmap/test.rs:13:20
[INFO] [stdout]    |
[INFO] [stdout] 13 |         area.fill(&WHITE).unwrap();
[INFO] [stdout]    |                    ^^^^^ not found in this scope
[INFO] [stdout] 
[INFO] [stdout] 
[INFO] [stdout] error[E0425]: cannot find value `RED` in this scope
[INFO] [stdout]   --> src/bitmap/test.rs:14:61
[INFO] [stdout]    |
[INFO] [stdout] 14 |         area.draw(&PathElement::new(vec![(0, 0), (10, 10)], RED.filled()))
[INFO] [stdout]    |                                                             ^^^ not found in this scope
[INFO] [stdout] 
[INFO] [stdout] 
[INFO] [stdout] error[E0425]: cannot find value `RED` in this scope
[INFO] [stdout]   --> src/bitmap/test.rs:41:54
[INFO] [stdout]    |
[INFO] [stdout] 41 |         area.draw(&Rectangle::new([(0, 0), (5, 10)], RED.filled()))
[INFO] [stdout]    |                                                      ^^^ not found in this scope
[INFO] [stdout] 
[INFO] [stdout] 
[INFO] [stdout] error[E0425]: cannot find value `RED` in this scope
[INFO] [stdout]   --> src/bitmap/test.rs:62:54
[INFO] [stdout]    |
[INFO] [stdout] 62 |         area.draw(&Rectangle::new([(0, 0), (10, 5)], RED.filled()))
[INFO] [stdout]    |                                                      ^^^ not found in this scope
[INFO] [stdout] 
[INFO] [stdout] 
[INFO] [stdout] error[E0425]: cannot find value `RED` in this scope
[INFO] [stdout]    --> src/bitmap/test.rs:119:72
[INFO] [stdout]     |
[INFO] [stdout] 119 |         for (sub_backend, color) in back.split(&[5]).into_iter().zip([&RED, &GREEN].iter()) {
[INFO] [stdout]     |                                                                        ^^^ not found in this scope
[INFO] [stdout] 
[INFO] [stdout] 
[INFO] [stdout] error[E0425]: cannot find value `GREEN` in this scope
[INFO] [stdout]    --> src/bitmap/test.rs:119:78
[INFO] [stdout]     |
[INFO] [stdout] 119 |         for (sub_backend, color) in back.split(&[5]).into_iter().zip([&RED, &GREEN].iter()) {
[INFO] [stdout]     |                                                                              ^^^^^ not found in this scope
[INFO] [stdout] 
[INFO] [stdout] 
[INFO] [stdout] error[E0425]: cannot find value `RED` in this scope
[INFO] [stdout]    --> src/bitmap/test.rs:143:49
[INFO] [stdout]     |
[INFO] [stdout] 143 |         back.draw_line((1100, 0), (1100, 999), &RED.to_rgba())
[INFO] [stdout]     |                                                 ^^^ not found in this scope
[INFO] [stdout] 
[INFO] [stdout] 
[INFO] [stdout] error[E0425]: cannot find value `RED` in this scope
[INFO] [stdout]    --> src/bitmap/test.rs:145:49
[INFO] [stdout]     |
[INFO] [stdout] 145 |         back.draw_line((0, 1100), (999, 1100), &RED.to_rgba())
[INFO] [stdout]     |                                                 ^^^ not found in this scope
[INFO] [stdout] 
[INFO] [stdout] 
[INFO] [stdout] error[E0425]: cannot find value `RED` in this scope
[INFO] [stdout]    --> src/bitmap/test.rs:147:49
[INFO] [stdout]     |
[INFO] [stdout] 147 |         back.draw_rect((1100, 0), (1100, 999), &RED.to_rgba(), true)
[INFO] [stdout]     |                                                 ^^^ not found in this scope
[INFO] [stdout] 
[INFO] [stdout] 
[INFO] [stdout] error[E0425]: cannot find value `RED` in this scope
[INFO] [stdout]    --> src/bitmap/test.rs:169:41
[INFO] [stdout]     |
[INFO] [stdout] 169 |         back.draw_rect((0, 0), (0, 0), &RED.to_rgba(), true)
[INFO] [stdout]     |                                         ^^^ not found in this scope
[INFO] [stdout] 
[INFO] [stdout] 
[INFO] [stdout] error[E0425]: cannot find value `WHITE` in this scope
[INFO] [stdout]    --> src/bitmap/test.rs:185:55
[INFO] [stdout]     |
[INFO] [stdout] 185 |         back.draw_line((-1000, -1000), (2000, 2000), &WHITE.to_rgba())
[INFO] [stdout]     |                                                       ^^^^^ not found in this scope
[INFO] [stdout] 
[INFO] [stdout] 
[INFO] [stdout] error[E0425]: cannot find value `WHITE` in this scope
[INFO] [stdout]    --> src/bitmap/test.rs:188:52
[INFO] [stdout]     |
[INFO] [stdout] 188 |         back.draw_line((999, -1000), (999, 2000), &WHITE.to_rgba())
[INFO] [stdout]     |                                                    ^^^^^ not found in this scope
[INFO] [stdout] 
[INFO] [stdout] 
[INFO] [stdout] error[E0425]: cannot find value `RED` in this scope
[INFO] [stdout]    --> src/bitmap/test.rs:208:24
[INFO] [stdout]     |
[INFO] [stdout] 208 |     for fill_color in [RED, GREEN, BLUE].iter() {
[INFO] [stdout]     |                        ^^^ not found in this scope
[INFO] [stdout] 
[INFO] [stdout] 
[INFO] [stdout] error[E0425]: cannot find value `GREEN` in this scope
[INFO] [stdout]    --> src/bitmap/test.rs:208:29
[INFO] [stdout]     |
[INFO] [stdout] 208 |     for fill_color in [RED, GREEN, BLUE].iter() {
[INFO] [stdout]     |                             ^^^^^ not found in this scope
[INFO] [stdout] 
[INFO] [stdout] 
[INFO] [stdout] error[E0425]: cannot find value `BLUE` in this scope
[INFO] [stdout]    --> src/bitmap/test.rs:208:36
[INFO] [stdout]     |
[INFO] [stdout] 208 |     for fill_color in [RED, GREEN, BLUE].iter() {
[INFO] [stdout]     |                                    ^^^^ not found in this scope
[INFO] [stdout] 
[INFO] [stdout] 
[INFO] [stdout] error[E0425]: cannot find value `WHITE` in this scope
[INFO] [stdout]    --> src/bitmap/test.rs:214:51
[INFO] [stdout]     |
[INFO] [stdout] 214 |             back.draw_rect((0, 0), (1000, 1000), &WHITE.mix(0.1), true)
[INFO] [stdout]     |                                                   ^^^^^ not found in this scope
[INFO] [stdout] 
[INFO] [stdout] 
[INFO] [stdout] error[E0425]: cannot find value `WHITE` in this scope
[INFO] [stdout]    --> src/bitmap/test.rs:341:48
[INFO] [stdout]     |
[INFO] [stdout] 341 |         back.draw_line((500, 0), (500, 1000), &WHITE.filled().stroke_width(5))
[INFO] [stdout]     |                                                ^^^^^ not found in this scope
[INFO] [stdout] 
[INFO] [stdout] 
[INFO] [stdout] error[E0425]: cannot find value `WHITE` in this scope
[INFO] [stdout]    --> src/bitmap/test.rs:420:24
[INFO] [stdout]     |
[INFO] [stdout] 420 |             root.fill(&WHITE).unwrap();
[INFO] [stdout]     |                        ^^^^^ not found in this scope
[INFO] [stdout] 
[INFO] [stdout] 
[INFO] [stdout] error[E0425]: cannot find value `WHITE` in this scope
[INFO] [stdout]    --> src/bitmap/test.rs:453:24
[INFO] [stdout]     |
[INFO] [stdout] 453 |             root.fill(&WHITE).unwrap();
[INFO] [stdout]     |                        ^^^^^ not found in this scope
[INFO] [stdout] 
[INFO] [stdout] 
[INFO] [stdout] error[E0433]: failed to resolve: use of undeclared type `FontTransform`
[INFO] [stdout]    --> src/bitmap/test.rs:476:17
[INFO] [stdout]     |
[INFO] [stdout] 476 |                 FontTransform::None,
[INFO] [stdout]     |                 ^^^^^^^^^^^^^ use of undeclared type `FontTransform`
[INFO] [stdout]     |
[INFO] [stdout] help: consider importing this enum
[INFO] [stdout]     |
[INFO] [stdout] 393 +     use plotters_backend::FontTransform;
[INFO] [stdout]     |
[INFO] [stdout] 
[INFO] [stdout] 
[INFO] [stdout] error[E0433]: failed to resolve: use of undeclared type `FontTransform`
[INFO] [stdout]    --> src/bitmap/test.rs:477:17
[INFO] [stdout]     |
[INFO] [stdout] 477 |                 FontTransform::Rotate90,
[INFO] [stdout]     |                 ^^^^^^^^^^^^^ use of undeclared type `FontTransform`
[INFO] [stdout]     |
[INFO] [stdout] help: consider importing this enum
[INFO] [stdout]     |
[INFO] [stdout] 393 +     use plotters_backend::FontTransform;
[INFO] [stdout]     |
[INFO] [stdout] 
[INFO] [stdout] 
[INFO] [stdout] error[E0433]: failed to resolve: use of undeclared type `FontTransform`
[INFO] [stdout]    --> src/bitmap/test.rs:478:17
[INFO] [stdout]     |
[INFO] [stdout] 478 |                 FontTransform::Rotate180,
[INFO] [stdout]     |                 ^^^^^^^^^^^^^ use of undeclared type `FontTransform`
[INFO] [stdout]     |
[INFO] [stdout] help: consider importing this enum
[INFO] [stdout]     |
[INFO] [stdout] 393 +     use plotters_backend::FontTransform;
[INFO] [stdout]     |
[INFO] [stdout] 
[INFO] [stdout] 
[INFO] [stdout] error[E0433]: failed to resolve: use of undeclared type `FontTransform`
[INFO] [stdout]    --> src/bitmap/test.rs:479:17
[INFO] [stdout]     |
[INFO] [stdout] 479 |                 FontTransform::Rotate270,
[INFO] [stdout]     |                 ^^^^^^^^^^^^^ use of undeclared type `FontTransform`
[INFO] [stdout]     |
[INFO] [stdout] help: consider importing this enum
[INFO] [stdout]     |
[INFO] [stdout] 393 +     use plotters_backend::FontTransform;
[INFO] [stdout]     |
[INFO] [stdout] 
[INFO] [stdout] 
[INFO] [stdout] error[E0425]: cannot find value `BLACK` in this scope
[INFO] [stdout]    --> src/bitmap/test.rs:489:64
[INFO] [stdout]     |
[INFO] [stdout] 489 | ...                   root.draw(&Circle::new((x, y), 3, &BLACK.mix(0.5))).unwrap();
[INFO] [stdout]     |                                                          ^^^^^ not found in this scope
[INFO] [stdout] 
[INFO] [stdout] 
[INFO] [stdout] error[E0425]: cannot find value `WHITE` in this scope
[INFO] [stdout]    --> src/bitmap/test.rs:512:24
[INFO] [stdout]     |
[INFO] [stdout] 512 |             root.fill(&WHITE).unwrap();
[INFO] [stdout]     |                        ^^^^^ not found in this scope
[INFO] [stdout] 
[INFO] [stdout] 
[INFO] [stdout] error[E0425]: cannot find value `WHITE` in this scope
[INFO] [stdout]    --> src/bitmap/test.rs:541:24
[INFO] [stdout]     |
[INFO] [stdout] 541 |             root.fill(&WHITE).unwrap();
[INFO] [stdout]     |                        ^^^^^ not found in this scope
[INFO] [stdout] 
[INFO] [stdout] 
[INFO] [stdout] error[E0425]: cannot find value `RED` in this scope
[INFO] [stdout]    --> src/bitmap/test.rs:557:71
[INFO] [stdout]     |
[INFO] [stdout] 557 |                 .draw_series(std::iter::once(Circle::new((5, 15), 5, &RED)))
[INFO] [stdout]     |                                                                       ^^^ not found in this scope
[INFO] [stdout] 
[INFO] [stdout] 
[INFO] [stdout] error[E0425]: cannot find value `RED` in this scope
[INFO] [stdout]    --> src/bitmap/test.rs:560:57
[INFO] [stdout]     |
[INFO] [stdout] 560 |                 .legend(|(x, y)| Circle::new((x, y), 3, RED.filled()));
[INFO] [stdout]     |                                                         ^^^ not found in this scope
[INFO] [stdout] 
[INFO] [stdout] 
[INFO] [stdout] error[E0425]: cannot find value `BLUE` in this scope
[INFO] [stdout]    --> src/bitmap/test.rs:563:72
[INFO] [stdout]     |
[INFO] [stdout] 563 |                 .draw_series(std::iter::once(Circle::new((5, 15), 10, &BLUE)))
[INFO] [stdout]     |                                                                        ^^^^ not found in this scope
[INFO] [stdout] 
[INFO] [stdout] 
[INFO] [stdout] error[E0425]: cannot find value `BLUE` in this scope
[INFO] [stdout]    --> src/bitmap/test.rs:566:57
[INFO] [stdout]     |
[INFO] [stdout] 566 |                 .legend(|(x, y)| Circle::new((x, y), 3, BLUE.filled()));
[INFO] [stdout]     |                                                         ^^^^ not found in this scope
[INFO] [stdout] 
[INFO] [stdout] 
[INFO] [stdout] error[E0425]: cannot find value `BLACK` in this scope
[INFO] [stdout]    --> src/bitmap/test.rs:584:36
[INFO] [stdout]     |
[INFO] [stdout] 584 |                     .border_style(&BLACK.mix(0.5))
[INFO] [stdout]     |                                    ^^^^^ not found in this scope
[INFO] [stdout] 
[INFO] [stdout] 
[INFO] [stdout] error[E0425]: cannot find value `WHITE` in this scope
[INFO] [stdout]    --> src/bitmap/test.rs:600:24
[INFO] [stdout]     |
[INFO] [stdout] 600 |             root.fill(&WHITE).unwrap();
[INFO] [stdout]     |                        ^^^^^ not found in this scope
[INFO] [stdout] 
[INFO] [stdout] 
[INFO] [stdout] error[E0425]: cannot find value `BLACK` in this scope
[INFO] [stdout]    --> src/bitmap/test.rs:603:52
[INFO] [stdout]     |
[INFO] [stdout] 603 |                 root.draw_pixel((50 + i, 50 + i), &BLACK.mix(alpha))
[INFO] [stdout]     |                                                    ^^^^^ not found in this scope
[INFO] [stdout] 
[INFO] [stdout] 
[INFO] [stdout] error[E0599]: no method named `into_drawing_area` found for struct `bitmap::BitMapBackend` in the current scope
[INFO] [stdout]    --> src/bitmap/test.rs:12:25
[INFO] [stdout]     |
[INFO] [stdout] 12  |         let area = back.into_drawing_area();
[INFO] [stdout]     |                         ^^^^^^^^^^^^^^^^^ method not found in `BitMapBackend<'_>`
[INFO] [stdout]     |
[INFO] [stdout]    ::: src/bitmap.rs:33:1
[INFO] [stdout]     |
[INFO] [stdout] 33  | pub struct BitMapBackend<'a, P: PixelFormat = RGBPixel> {
[INFO] [stdout]     | ------------------------------------------------------- method `into_drawing_area` not found for this struct
[INFO] [stdout]     |
[INFO] [stdout]    ::: /opt/rustwide/cargo-home/registry/src/index.crates.io-6f17d22bba15001f/plotters-0.3.5/src/drawing/area.rs:180:8
[INFO] [stdout]     |
[INFO] [stdout] 180 |     fn into_drawing_area(self) -> DrawingArea<Self, Shift>;
[INFO] [stdout]     |        ----------------- the method is available for `bitmap::BitMapBackend<'_>` here
[INFO] [stdout]     |
[INFO] [stdout]     = help: items from traits can only be used if the trait is in scope
[INFO] [stdout] help: the following trait is implemented but not in scope; perhaps add a `use` for it:
[INFO] [stdout]     |
[INFO] [stdout] 1   + use plotters::drawing::IntoDrawingArea;
[INFO] [stdout]     |
[INFO] [stdout] 
[INFO] [stdout] 
[INFO] [stdout] error[E0433]: failed to resolve: use of undeclared type `PathElement`
[INFO] [stdout]   --> src/bitmap/test.rs:14:20
[INFO] [stdout]    |
[INFO] [stdout] 14 |         area.draw(&PathElement::new(vec![(0, 0), (10, 10)], RED.filled()))
[INFO] [stdout]    |                    ^^^^^^^^^^^ use of undeclared type `PathElement`
[INFO] [stdout] 
[INFO] [stdout] 
[INFO] [stdout] error[E0599]: no method named `into_drawing_area` found for struct `bitmap::BitMapBackend` in the current scope
[INFO] [stdout]    --> src/bitmap/test.rs:40:25
[INFO] [stdout]     |
[INFO] [stdout] 40  |         let area = back.into_drawing_area();
[INFO] [stdout]     |                         ^^^^^^^^^^^^^^^^^ method not found in `BitMapBackend<'_>`
[INFO] [stdout]     |
[INFO] [stdout]    ::: src/bitmap.rs:33:1
[INFO] [stdout]     |
[INFO] [stdout] 33  | pub struct BitMapBackend<'a, P: PixelFormat = RGBPixel> {
[INFO] [stdout]     | ------------------------------------------------------- method `into_drawing_area` not found for this struct
[INFO] [stdout]     |
[INFO] [stdout]    ::: /opt/rustwide/cargo-home/registry/src/index.crates.io-6f17d22bba15001f/plotters-0.3.5/src/drawing/area.rs:180:8
[INFO] [stdout]     |
[INFO] [stdout] 180 |     fn into_drawing_area(self) -> DrawingArea<Self, Shift>;
[INFO] [stdout]     |        ----------------- the method is available for `bitmap::BitMapBackend<'_>` here
[INFO] [stdout]     |
[INFO] [stdout]     = help: items from traits can only be used if the trait is in scope
[INFO] [stdout] help: the following trait is implemented but not in scope; perhaps add a `use` for it:
[INFO] [stdout]     |
[INFO] [stdout] 1   + use plotters::drawing::IntoDrawingArea;
[INFO] [stdout]     |
[INFO] [stdout] 
[INFO] [stdout] 
[INFO] [stdout] error[E0433]: failed to resolve: use of undeclared type `Rectangle`
[INFO] [stdout]   --> src/bitmap/test.rs:41:20
[INFO] [stdout]    |
[INFO] [stdout] 41 |         area.draw(&Rectangle::new([(0, 0), (5, 10)], RED.filled()))
[INFO] [stdout]    |                    ^^^^^^^^^ use of undeclared type `Rectangle`
[INFO] [stdout] 
[INFO] [stdout] 
[INFO] [stdout] error[E0599]: no method named `into_drawing_area` found for struct `bitmap::BitMapBackend` in the current scope
[INFO] [stdout]    --> src/bitmap/test.rs:61:25
[INFO] [stdout]     |
[INFO] [stdout] 61  |         let area = back.into_drawing_area();
[INFO] [stdout]     |                         ^^^^^^^^^^^^^^^^^ method not found in `BitMapBackend<'_>`
[INFO] [stdout]     |
[INFO] [stdout]    ::: src/bitmap.rs:33:1
[INFO] [stdout]     |
[INFO] [stdout] 33  | pub struct BitMapBackend<'a, P: PixelFormat = RGBPixel> {
[INFO] [stdout]     | ------------------------------------------------------- method `into_drawing_area` not found for this struct
[INFO] [stdout]     |
[INFO] [stdout]    ::: /opt/rustwide/cargo-home/registry/src/index.crates.io-6f17d22bba15001f/plotters-0.3.5/src/drawing/area.rs:180:8
[INFO] [stdout]     |
[INFO] [stdout] 180 |     fn into_drawing_area(self) -> DrawingArea<Self, Shift>;
[INFO] [stdout]     |        ----------------- the method is available for `bitmap::BitMapBackend<'_>` here
[INFO] [stdout]     |
[INFO] [stdout]     = help: items from traits can only be used if the trait is in scope
[INFO] [stdout] help: the following trait is implemented but not in scope; perhaps add a `use` for it:
[INFO] [stdout]     |
[INFO] [stdout] 1   + use plotters::drawing::IntoDrawingArea;
[INFO] [stdout]     |
[INFO] [stdout] 
[INFO] [stdout] 
[INFO] [stdout] error[E0433]: failed to resolve: use of undeclared type `Rectangle`
[INFO] [stdout]   --> src/bitmap/test.rs:62:20
[INFO] [stdout]    |
[INFO] [stdout] 62 |         area.draw(&Rectangle::new([(0, 0), (10, 5)], RED.filled()))
[INFO] [stdout]    |                    ^^^^^^^^^ use of undeclared type `Rectangle`
[INFO] [stdout] 
[INFO] [stdout] 
[INFO] [stdout] error[E0599]: no method named `into_drawing_area` found for struct `bitmap::BitMapBackend` in the current scope
[INFO] [stdout]    --> src/bitmap/test.rs:87:25
[INFO] [stdout]     |
[INFO] [stdout] 87  |         let area = back.into_drawing_area();
[INFO] [stdout]     |                         ^^^^^^^^^^^^^^^^^ method not found in `BitMapBackend<'_>`
[INFO] [stdout]     |
[INFO] [stdout]    ::: src/bitmap.rs:33:1
[INFO] [stdout]     |
[INFO] [stdout] 33  | pub struct BitMapBackend<'a, P: PixelFormat = RGBPixel> {
[INFO] [stdout]     | ------------------------------------------------------- method `into_drawing_area` not found for this struct
[INFO] [stdout]     |
[INFO] [stdout]    ::: /opt/rustwide/cargo-home/registry/src/index.crates.io-6f17d22bba15001f/plotters-0.3.5/src/drawing/area.rs:180:8
[INFO] [stdout]     |
[INFO] [stdout] 180 |     fn into_drawing_area(self) -> DrawingArea<Self, Shift>;
[INFO] [stdout]     |        ----------------- the method is available for `bitmap::BitMapBackend<'_>` here
[INFO] [stdout]     |
[INFO] [stdout]     = help: items from traits can only be used if the trait is in scope
[INFO] [stdout] help: the following trait is implemented but not in scope; perhaps add a `use` for it:
[INFO] [stdout]     |
[INFO] [stdout] 1   + use plotters::drawing::IntoDrawingArea;
[INFO] [stdout]     |
[INFO] [stdout] 
[INFO] [stdout] 
[INFO] [stdout] error[E0433]: failed to resolve: use of undeclared type `Rectangle`
[INFO] [stdout]   --> src/bitmap/test.rs:88:20
[INFO] [stdout]    |
[INFO] [stdout] 88 |         area.draw(&Rectangle::new(
[INFO] [stdout]    |                    ^^^^^^^^^ use of undeclared type `Rectangle`
[INFO] [stdout] 
[INFO] [stdout] 
[INFO] [stdout] error[E0425]: cannot find function, tuple struct or tuple variant `RGBColor` in this scope
[INFO] [stdout]   --> src/bitmap/test.rs:90:13
[INFO] [stdout]    |
[INFO] [stdout] 90 |             RGBColor(0, 100, 200).mix(0.2).filled(),
[INFO] [stdout]    |             ^^^^^^^^ not found in this scope
[INFO] [stdout] 
[INFO] [stdout] 
[INFO] [stdout] error[E0599]: no method named `into_drawing_area` found for struct `bitmap::BitMapBackend` in the current scope
[INFO] [stdout]    --> src/bitmap/test.rs:419:81
[INFO] [stdout]     |
[INFO] [stdout] 419 |             let root = BitMapBackend::with_buffer(&mut buffer, (width, height)).into_drawing_area();
[INFO] [stdout]     |                                                                                 ^^^^^^^^^^^^^^^^^ method not found in `BitMapBackend<'_>`
[INFO] [stdout]     |
[INFO] [stdout]    ::: src/bitmap.rs:33:1
[INFO] [stdout]     |
[INFO] [stdout] 33  | pub struct BitMapBackend<'a, P: PixelFormat = RGBPixel> {
[INFO] [stdout]     | ------------------------------------------------------- method `into_drawing_area` not found for this struct
[INFO] [stdout]     |
[INFO] [stdout]    ::: /opt/rustwide/cargo-home/registry/src/index.crates.io-6f17d22bba15001f/plotters-0.3.5/src/drawing/area.rs:180:8
[INFO] [stdout]     |
[INFO] [stdout] 180 |     fn into_drawing_area(self) -> DrawingArea<Self, Shift>;
[INFO] [stdout]     |        ----------------- the method is available for `bitmap::BitMapBackend<'_>` here
[INFO] [stdout]     |
[INFO] [stdout]     = help: items from traits can only be used if the trait is in scope
[INFO] [stdout] help: the following trait is implemented but not in scope; perhaps add a `use` for it:
[INFO] [stdout]     |
[INFO] [stdout] 393 +     use plotters::drawing::IntoDrawingArea;
[INFO] [stdout]     |
[INFO] [stdout] 
[INFO] [stdout] 
[INFO] [stdout] error[E0433]: failed to resolve: use of undeclared type `ChartBuilder`
[INFO] [stdout]    --> src/bitmap/test.rs:422:29
[INFO] [stdout]     |
[INFO] [stdout] 422 |             let mut chart = ChartBuilder::on(&root)
[INFO] [stdout]     |                             ^^^^^^^^^^^^ use of undeclared type `ChartBuilder`
[INFO] [stdout] 
[INFO] [stdout] 
[INFO] [stdout] error[E0599]: no method named `into_drawing_area` found for struct `bitmap::BitMapBackend` in the current scope
[INFO] [stdout]    --> src/bitmap/test.rs:452:81
[INFO] [stdout]     |
[INFO] [stdout] 452 |             let root = BitMapBackend::with_buffer(&mut buffer, (width, height)).into_drawing_area();
[INFO] [stdout]     |                                                                                 ^^^^^^^^^^^^^^^^^ method not found in `BitMapBackend<'_>`
[INFO] [stdout]     |
[INFO] [stdout]    ::: src/bitmap.rs:33:1
[INFO] [stdout]     |
[INFO] [stdout] 33  | pub struct BitMapBackend<'a, P: PixelFormat = RGBPixel> {
[INFO] [stdout]     | ------------------------------------------------------- method `into_drawing_area` not found for this struct
[INFO] [stdout]     |
[INFO] [stdout]    ::: /opt/rustwide/cargo-home/registry/src/index.crates.io-6f17d22bba15001f/plotters-0.3.5/src/drawing/area.rs:180:8
[INFO] [stdout]     |
[INFO] [stdout] 180 |     fn into_drawing_area(self) -> DrawingArea<Self, Shift>;
[INFO] [stdout]     |        ----------------- the method is available for `bitmap::BitMapBackend<'_>` here
[INFO] [stdout]     |
[INFO] [stdout]     = help: items from traits can only be used if the trait is in scope
[INFO] [stdout] help: the following trait is implemented but not in scope; perhaps add a `use` for it:
[INFO] [stdout]     |
[INFO] [stdout] 393 +     use plotters::drawing::IntoDrawingArea;
[INFO] [stdout]     |
[INFO] [stdout] 
[INFO] [stdout] 
[INFO] [stdout] error[E0599]: no method named `into_font` found for tuple `(&'static str, {integer})` in the current scope
[INFO] [stdout]    --> src/bitmap/test.rs:455:59
[INFO] [stdout]     |
[INFO] [stdout] 455 |                 .titled("Image Title", ("sans-serif", 60).into_font())
[INFO] [stdout]     |                                                           ^^^^^^^^^ method not found in `(&str, {integer})`
[INFO] [stdout]     |
[INFO] [stdout]    ::: /opt/rustwide/cargo-home/registry/src/index.crates.io-6f17d22bba15001f/plotters-0.3.5/src/style/font/font_desc.rs:213:8
[INFO] [stdout]     |
[INFO] [stdout] 213 |     fn into_font(self) -> FontDesc<'a>;
[INFO] [stdout]     |        --------- the method is available for `(&'static str, {integer})` here
[INFO] [stdout]     |
[INFO] [stdout]     = help: items from traits can only be used if the trait is in scope
[INFO] [stdout] help: the following trait is implemented but not in scope; perhaps add a `use` for it:
[INFO] [stdout]     |
[INFO] [stdout] 393 +     use plotters::style::IntoFont;
[INFO] [stdout]     |
[INFO] [stdout] 
[INFO] [stdout] 
[INFO] [stdout] error[E0433]: failed to resolve: use of undeclared type `ChartBuilder`
[INFO] [stdout]    --> src/bitmap/test.rs:458:29
[INFO] [stdout]     |
[INFO] [stdout] 458 |             let mut chart = ChartBuilder::on(&root)
[INFO] [stdout]     |                             ^^^^^^^^^^^^ use of undeclared type `ChartBuilder`
[INFO] [stdout] 
[INFO] [stdout] 
[INFO] [stdout] error[E0433]: failed to resolve: use of undeclared type `Circle`
[INFO] [stdout]    --> src/bitmap/test.rs:489:40
[INFO] [stdout]     |
[INFO] [stdout] 489 | ...                   root.draw(&Circle::new((x, y), 3, &BLACK.mix(0.5))).unwrap();
[INFO] [stdout]     |                                  ^^^^^^ use of undeclared type `Circle`
[INFO] [stdout] 
[INFO] [stdout] 
[INFO] [stdout] error[E0433]: failed to resolve: use of undeclared type `TextStyle`
[INFO] [stdout]    --> src/bitmap/test.rs:490:41
[INFO] [stdout]     |
[INFO] [stdout] 490 | ...                   let style = TextStyle::from(("sans-serif", 20).into_font())
[INFO] [stdout]     |                                   ^^^^^^^^^ use of undeclared type `TextStyle`
[INFO] [stdout] 
[INFO] [stdout] 
[INFO] [stdout] error[E0599]: no method named `into_font` found for tuple `(&'static str, {integer})` in the current scope
[INFO] [stdout]    --> src/bitmap/test.rs:490:76
[INFO] [stdout]     |
[INFO] [stdout] 490 | ...                   let style = TextStyle::from(("sans-serif", 20).into_font())
[INFO] [stdout]     |                                                                      ^^^^^^^^^ method not found in `(&str, {integer})`
[INFO] [stdout]     |
[INFO] [stdout]    ::: /opt/rustwide/cargo-home/registry/src/index.crates.io-6f17d22bba15001f/plotters-0.3.5/src/style/font/font_desc.rs:213:8
[INFO] [stdout]     |
[INFO] [stdout] 213 |     fn into_font(self) -> FontDesc<'a>;
[INFO] [stdout]     |        --------- the method is available for `(&'static str, {integer})` here
[INFO] [stdout]     |
[INFO] [stdout]     = help: items from traits can only be used if the trait is in scope
[INFO] [stdout] help: the following trait is implemented but not in scope; perhaps add a `use` for it:
[INFO] [stdout]     |
[INFO] [stdout] 393 +     use plotters::style::IntoFont;
[INFO] [stdout]     |
[INFO] [stdout] 
[INFO] [stdout] 
[INFO] [stdout] error[E0599]: no method named `into_drawing_area` found for struct `bitmap::BitMapBackend` in the current scope
[INFO] [stdout]    --> src/bitmap/test.rs:511:18
[INFO] [stdout]     |
[INFO] [stdout] 510 |               let root = BitMapBackend::with_buffer(&mut buffer, (width as u32, height as u32))
[INFO] [stdout]     |  ________________________-
[INFO] [stdout] 511 | |                 .into_drawing_area();
[INFO] [stdout]     | |                 -^^^^^^^^^^^^^^^^^ method not found in `BitMapBackend<'_>`
[INFO] [stdout]     | |_________________|
[INFO] [stdout]     | 
[INFO] [stdout]     |
[INFO] [stdout]    ::: src/bitmap.rs:33:1
[INFO] [stdout]     |
[INFO] [stdout] 33  |   pub struct BitMapBackend<'a, P: PixelFormat = RGBPixel> {
[INFO] [stdout]     |   ------------------------------------------------------- method `into_drawing_area` not found for this struct
[INFO] [stdout]     |
[INFO] [stdout]    ::: /opt/rustwide/cargo-home/registry/src/index.crates.io-6f17d22bba15001f/plotters-0.3.5/src/drawing/area.rs:180:8
[INFO] [stdout]     |
[INFO] [stdout] 180 |       fn into_drawing_area(self) -> DrawingArea<Self, Shift>;
[INFO] [stdout]     |          ----------------- the method is available for `bitmap::BitMapBackend<'_>` here
[INFO] [stdout]     |
[INFO] [stdout]     = help: items from traits can only be used if the trait is in scope
[INFO] [stdout] help: the following trait is implemented but not in scope; perhaps add a `use` for it:
[INFO] [stdout]     |
[INFO] [stdout] 393 +     use plotters::drawing::IntoDrawingArea;
[INFO] [stdout]     |
[INFO] [stdout] 
[INFO] [stdout] 
[INFO] [stdout] error[E0433]: failed to resolve: use of undeclared type `TextStyle`
[INFO] [stdout]    --> src/bitmap/test.rs:514:25
[INFO] [stdout]     |
[INFO] [stdout] 514 |             let style = TextStyle::from(("sans-serif", 20).into_font())
[INFO] [stdout]     |                         ^^^^^^^^^ use of undeclared type `TextStyle`
[INFO] [stdout] 
[INFO] [stdout] 
[INFO] [stdout] error[E0599]: no method named `into_font` found for tuple `(&'static str, {integer})` in the current scope
[INFO] [stdout]    --> src/bitmap/test.rs:514:60
[INFO] [stdout]     |
[INFO] [stdout] 514 |             let style = TextStyle::from(("sans-serif", 20).into_font())
[INFO] [stdout]     |                                                            ^^^^^^^^^ method not found in `(&str, {integer})`
[INFO] [stdout]     |
[INFO] [stdout]    ::: /opt/rustwide/cargo-home/registry/src/index.crates.io-6f17d22bba15001f/plotters-0.3.5/src/style/font/font_desc.rs:213:8
[INFO] [stdout]     |
[INFO] [stdout] 213 |     fn into_font(self) -> FontDesc<'a>;
[INFO] [stdout]     |        --------- the method is available for `(&'static str, {integer})` here
[INFO] [stdout]     |
[INFO] [stdout]     = help: items from traits can only be used if the trait is in scope
[INFO] [stdout] help: the following trait is implemented but not in scope; perhaps add a `use` for it:
[INFO] [stdout]     |
[INFO] [stdout] 393 +     use plotters::style::IntoFont;
[INFO] [stdout]     |
[INFO] [stdout] 
[INFO] [stdout] 
[INFO] [stdout] error[E0599]: no method named `into_drawing_area` found for struct `bitmap::BitMapBackend` in the current scope
[INFO] [stdout]    --> src/bitmap/test.rs:540:81
[INFO] [stdout]     |
[INFO] [stdout] 540 |             let root = BitMapBackend::with_buffer(&mut buffer, (width, height)).into_drawing_area();
[INFO] [stdout]     |                                                                                 ^^^^^^^^^^^^^^^^^ method not found in `BitMapBackend<'_>`
[INFO] [stdout]     |
[INFO] [stdout]    ::: src/bitmap.rs:33:1
[INFO] [stdout]     |
[INFO] [stdout] 33  | pub struct BitMapBackend<'a, P: PixelFormat = RGBPixel> {
[INFO] [stdout]     | ------------------------------------------------------- method `into_drawing_area` not found for this struct
[INFO] [stdout]     |
[INFO] [stdout]    ::: /opt/rustwide/cargo-home/registry/src/index.crates.io-6f17d22bba15001f/plotters-0.3.5/src/drawing/area.rs:180:8
[INFO] [stdout]     |
[INFO] [stdout] 180 |     fn into_drawing_area(self) -> DrawingArea<Self, Shift>;
[INFO] [stdout]     |        ----------------- the method is available for `bitmap::BitMapBackend<'_>` here
[INFO] [stdout]     |
[INFO] [stdout]     = help: items from traits can only be used if the trait is in scope
[INFO] [stdout] help: the following trait is implemented but not in scope; perhaps add a `use` for it:
[INFO] [stdout]     |
[INFO] [stdout] 393 +     use plotters::drawing::IntoDrawingArea;
[INFO] [stdout]     |
[INFO] [stdout] 
[INFO] [stdout] 
[INFO] [stdout] error[E0433]: failed to resolve: use of undeclared type `ChartBuilder`
[INFO] [stdout]    --> src/bitmap/test.rs:543:29
[INFO] [stdout]     |
[INFO] [stdout] 543 |             let mut chart = ChartBuilder::on(&root)
[INFO] [stdout]     |                             ^^^^^^^^^^^^ use of undeclared type `ChartBuilder`
[INFO] [stdout] 
[INFO] [stdout] 
[INFO] [stdout] error[E0433]: failed to resolve: use of undeclared type `Circle`
[INFO] [stdout]    --> src/bitmap/test.rs:557:46
[INFO] [stdout]     |
[INFO] [stdout] 557 |                 .draw_series(std::iter::once(Circle::new((5, 15), 5, &RED)))
[INFO] [stdout]     |                                              ^^^^^^ use of undeclared type `Circle`
[INFO] [stdout] 
[INFO] [stdout] 
[INFO] [stdout] error[E0433]: failed to resolve: use of undeclared type `Circle`
[INFO] [stdout]    --> src/bitmap/test.rs:560:34
[INFO] [stdout]     |
[INFO] [stdout] 560 |                 .legend(|(x, y)| Circle::new((x, y), 3, RED.filled()));
[INFO] [stdout]     |                                  ^^^^^^ use of undeclared type `Circle`
[INFO] [stdout] 
[INFO] [stdout] 
[INFO] [stdout] error[E0433]: failed to resolve: use of undeclared type `Circle`
[INFO] [stdout]    --> src/bitmap/test.rs:563:46
[INFO] [stdout]     |
[INFO] [stdout] 563 |                 .draw_series(std::iter::once(Circle::new((5, 15), 10, &BLUE)))
[INFO] [stdout]     |                                              ^^^^^^ use of undeclared type `Circle`
[INFO] [stdout] 
[INFO] [stdout] 
[INFO] [stdout] error[E0433]: failed to resolve: use of undeclared type `Circle`
[INFO] [stdout]    --> src/bitmap/test.rs:566:34
[INFO] [stdout]     |
[INFO] [stdout] 566 |                 .legend(|(x, y)| Circle::new((x, y), 3, BLUE.filled()));
[INFO] [stdout]     |                                  ^^^^^^ use of undeclared type `Circle`
[INFO] [stdout] 
[INFO] [stdout] 
[INFO] [stdout] error[E0433]: failed to resolve: use of undeclared type `SeriesLabelPosition`
[INFO] [stdout]    --> src/bitmap/test.rs:569:17
[INFO] [stdout]     |
[INFO] [stdout] 569 |                 SeriesLabelPosition::UpperLeft,
[INFO] [stdout]     |                 ^^^^^^^^^^^^^^^^^^^ use of undeclared type `SeriesLabelPosition`
[INFO] [stdout] 
[INFO] [stdout] 
[INFO] [stdout] error[E0433]: failed to resolve: use of undeclared type `SeriesLabelPosition`
[INFO] [stdout]    --> src/bitmap/test.rs:570:17
[INFO] [stdout]     |
[INFO] [stdout] 570 |                 SeriesLabelPosition::MiddleLeft,
[INFO] [stdout]     |                 ^^^^^^^^^^^^^^^^^^^ use of undeclared type `SeriesLabelPosition`
[INFO] [stdout] 
[INFO] [stdout] 
[INFO] [stdout] error[E0433]: failed to resolve: use of undeclared type `SeriesLabelPosition`
[INFO] [stdout]    --> src/bitmap/test.rs:571:17
[INFO] [stdout]     |
[INFO] [stdout] 571 |                 SeriesLabelPosition::LowerLeft,
[INFO] [stdout]     |                 ^^^^^^^^^^^^^^^^^^^ use of undeclared type `SeriesLabelPosition`
[INFO] [stdout] 
[INFO] [stdout] 
[INFO] [stdout] error[E0433]: failed to resolve: use of undeclared type `SeriesLabelPosition`
[INFO] [stdout]    --> src/bitmap/test.rs:572:17
[INFO] [stdout]     |
[INFO] [stdout] 572 |                 SeriesLabelPosition::UpperMiddle,
[INFO] [stdout]     |                 ^^^^^^^^^^^^^^^^^^^ use of undeclared type `SeriesLabelPosition`
[INFO] [stdout] 
[INFO] [stdout] 
[INFO] [stdout] error[E0433]: failed to resolve: use of undeclared type `SeriesLabelPosition`
[INFO] [stdout]    --> src/bitmap/test.rs:573:17
[INFO] [stdout]     |
[INFO] [stdout] 573 |                 SeriesLabelPosition::MiddleMiddle,
[INFO] [stdout]     |                 ^^^^^^^^^^^^^^^^^^^ use of undeclared type `SeriesLabelPosition`
[INFO] [stdout] 
[INFO] [stdout] 
[INFO] [stdout] error[E0433]: failed to resolve: use of undeclared type `SeriesLabelPosition`
[INFO] [stdout]    --> src/bitmap/test.rs:574:17
[INFO] [stdout]     |
[INFO] [stdout] 574 |                 SeriesLabelPosition::LowerMiddle,
[INFO] [stdout]     |                 ^^^^^^^^^^^^^^^^^^^ use of undeclared type `SeriesLabelPosition`
[INFO] [stdout] 
[INFO] [stdout] 
[INFO] [stdout] error[E0433]: failed to resolve: use of undeclared type `SeriesLabelPosition`
[INFO] [stdout]    --> src/bitmap/test.rs:575:17
[INFO] [stdout]     |
[INFO] [stdout] 575 |                 SeriesLabelPosition::UpperRight,
[INFO] [stdout]     |                 ^^^^^^^^^^^^^^^^^^^ use of undeclared type `SeriesLabelPosition`
[INFO] [stdout] 
[INFO] [stdout] 
[INFO] [stdout] error[E0433]: failed to resolve: use of undeclared type `SeriesLabelPosition`
[INFO] [stdout]    --> src/bitmap/test.rs:576:17
[INFO] [stdout]     |
[INFO] [stdout] 576 |                 SeriesLabelPosition::MiddleRight,
[INFO] [stdout]     |                 ^^^^^^^^^^^^^^^^^^^ use of undeclared type `SeriesLabelPosition`
[INFO] [stdout] 
[INFO] [stdout] 
[INFO] [stdout] error[E0433]: failed to resolve: use of undeclared type `SeriesLabelPosition`
[INFO] [stdout]    --> src/bitmap/test.rs:577:17
[INFO] [stdout]     |
[INFO] [stdout] 577 |                 SeriesLabelPosition::LowerRight,
[INFO] [stdout]     |                 ^^^^^^^^^^^^^^^^^^^ use of undeclared type `SeriesLabelPosition`
[INFO] [stdout] 
[INFO] [stdout] 
[INFO] [stdout] error[E0433]: failed to resolve: use of undeclared type `SeriesLabelPosition`
[INFO] [stdout]    --> src/bitmap/test.rs:578:17
[INFO] [stdout]     |
[INFO] [stdout] 578 |                 SeriesLabelPosition::Coordinate(70, 70),
[INFO] [stdout]     |                 ^^^^^^^^^^^^^^^^^^^ use of undeclared type `SeriesLabelPosition`
[INFO] [stdout] 
[INFO] [stdout] 
[INFO] [stdout] error[E0599]: no method named `into_drawing_area` found for struct `bitmap::BitMapBackend` in the current scope
[INFO] [stdout]    --> src/bitmap/test.rs:599:18
[INFO] [stdout]     |
[INFO] [stdout] 598 |               let root = BitMapBackend::with_buffer(&mut buffer, (width as u32, height as u32))
[INFO] [stdout]     |  ________________________-
[INFO] [stdout] 599 | |                 .into_drawing_area();
[INFO] [stdout]     | |                 -^^^^^^^^^^^^^^^^^ method not found in `BitMapBackend<'_>`
[INFO] [stdout]     | |_________________|
[INFO] [stdout]     | 
[INFO] [stdout]     |
[INFO] [stdout]    ::: src/bitmap.rs:33:1
[INFO] [stdout]     |
[INFO] [stdout] 33  |   pub struct BitMapBackend<'a, P: PixelFormat = RGBPixel> {
[INFO] [stdout]     |   ------------------------------------------------------- method `into_drawing_area` not found for this struct
[INFO] [stdout]     |
[INFO] [stdout]    ::: /opt/rustwide/cargo-home/registry/src/index.crates.io-6f17d22bba15001f/plotters-0.3.5/src/drawing/area.rs:180:8
[INFO] [stdout]     |
[INFO] [stdout] 180 |       fn into_drawing_area(self) -> DrawingArea<Self, Shift>;
[INFO] [stdout]     |          ----------------- the method is available for `bitmap::BitMapBackend<'_>` here
[INFO] [stdout]     |
[INFO] [stdout]     = help: items from traits can only be used if the trait is in scope
[INFO] [stdout] help: the following trait is implemented but not in scope; perhaps add a `use` for it:
[INFO] [stdout]     |
[INFO] [stdout] 393 +     use plotters::drawing::IntoDrawingArea;
[INFO] [stdout]     |
[INFO] [stdout] 
[INFO] [stdout] 
[INFO] [stdout] error: aborting due to 84 previous errors
[INFO] [stdout] 
[INFO] [stdout] 
[INFO] [stdout] Some errors have detailed explanations: E0425, E0432, E0433, E0599.
[INFO] [stdout] 
[INFO] [stdout] For more information about an error, try `rustc --explain E0425`.
[INFO] [stdout] 
[INFO] [stderr] error: could not compile `plotters-bitmap` (lib test) due to 85 previous errors
[INFO] running `Command { std: "docker" "inspect" "1ef1bfd1cfbe8e1ca5629ab8df0046d2f97fa732442664453302f02d5fafd4e9", kill_on_drop: false }`
[INFO] running `Command { std: "docker" "rm" "-f" "1ef1bfd1cfbe8e1ca5629ab8df0046d2f97fa732442664453302f02d5fafd4e9", kill_on_drop: false }`
[INFO] [stdout] 1ef1bfd1cfbe8e1ca5629ab8df0046d2f97fa732442664453302f02d5fafd4e9
[INFO] testing plotters-bitmap-0.3.3 against beta-2023-12-22 for beta-1.76-1
[INFO] extracting crate plotters-bitmap 0.3.3 into /workspace/builds/worker-6-tc2/source
[INFO] validating manifest of crates.io crate plotters-bitmap 0.3.3 on toolchain beta-2023-12-22
[INFO] running `Command { std: CARGO_HOME="/workspace/cargo-home" RUSTUP_HOME="/workspace/rustup-home" "/workspace/cargo-home/bin/cargo" "+beta-2023-12-22" "metadata" "--manifest-path" "Cargo.toml" "--no-deps", kill_on_drop: false }`
[INFO] started tweaking crates.io crate plotters-bitmap 0.3.3
[INFO] finished tweaking crates.io crate plotters-bitmap 0.3.3
[INFO] tweaked toml for crates.io crate plotters-bitmap 0.3.3 written to /workspace/builds/worker-6-tc2/source/Cargo.toml
[INFO] running `Command { std: CARGO_HOME="/workspace/cargo-home" RUSTUP_HOME="/workspace/rustup-home" "/workspace/cargo-home/bin/cargo" "+beta-2023-12-22" "generate-lockfile" "--manifest-path" "Cargo.toml", kill_on_drop: false }`
[INFO] [stderr]     Updating crates.io index
[INFO] running `Command { std: CARGO_HOME="/workspace/cargo-home" RUSTUP_HOME="/workspace/rustup-home" "/workspace/cargo-home/bin/cargo" "+beta-2023-12-22" "fetch" "--manifest-path" "Cargo.toml", kill_on_drop: false }`
[INFO] [stderr]     Blocking waiting for file lock on package cache
[INFO] running `Command { std: "docker" "create" "-v" "/var/lib/crater-agent-workspace/builds/worker-6-tc2/target:/opt/rustwide/target:rw,Z" "-v" "/var/lib/crater-agent-workspace/builds/worker-6-tc2/source:/opt/rustwide/workdir:ro,Z" "-v" "/var/lib/crater-agent-workspace/cargo-home:/opt/rustwide/cargo-home:ro,Z" "-v" "/var/lib/crater-agent-workspace/rustup-home:/opt/rustwide/rustup-home:ro,Z" "-e" "SOURCE_DIR=/opt/rustwide/workdir" "-e" "CARGO_TARGET_DIR=/opt/rustwide/target" "-e" "CARGO_HOME=/opt/rustwide/cargo-home" "-e" "RUSTUP_HOME=/opt/rustwide/rustup-home" "-w" "/opt/rustwide/workdir" "-m" "1610612736" "--user" "0:0" "--network" "none" "ghcr.io/rust-lang/crates-build-env/linux@sha256:2788e3201cd34a07e3172128adcd8b3090168a8e3bcc40d7c032b9dda1df7d1c" "/opt/rustwide/cargo-home/bin/cargo" "+beta-2023-12-22" "metadata" "--no-deps" "--format-version=1", kill_on_drop: false }`
[INFO] [stdout] ebb505d2ed0a217b6ab7a86597bfae5e9ef77031a504c8eeaada93375c2b3eb8
[INFO] running `Command { std: "docker" "start" "-a" "ebb505d2ed0a217b6ab7a86597bfae5e9ef77031a504c8eeaada93375c2b3eb8", kill_on_drop: false }`
[INFO] running `Command { std: "docker" "inspect" "ebb505d2ed0a217b6ab7a86597bfae5e9ef77031a504c8eeaada93375c2b3eb8", kill_on_drop: false }`
[INFO] running `Command { std: "docker" "rm" "-f" "ebb505d2ed0a217b6ab7a86597bfae5e9ef77031a504c8eeaada93375c2b3eb8", kill_on_drop: false }`
[INFO] [stdout] ebb505d2ed0a217b6ab7a86597bfae5e9ef77031a504c8eeaada93375c2b3eb8
[INFO] running `Command { std: "docker" "create" "-v" "/var/lib/crater-agent-workspace/builds/worker-6-tc2/target:/opt/rustwide/target:rw,Z" "-v" "/var/lib/crater-agent-workspace/builds/worker-6-tc2/source:/opt/rustwide/workdir:ro,Z" "-v" "/var/lib/crater-agent-workspace/cargo-home:/opt/rustwide/cargo-home:ro,Z" "-v" "/var/lib/crater-agent-workspace/rustup-home:/opt/rustwide/rustup-home:ro,Z" "-e" "SOURCE_DIR=/opt/rustwide/workdir" "-e" "CARGO_TARGET_DIR=/opt/rustwide/target" "-e" "CARGO_INCREMENTAL=0" "-e" "RUST_BACKTRACE=full" "-e" "RUSTFLAGS=--cap-lints=warn" "-e" "RUSTDOCFLAGS=--cap-lints=warn" "-e" "CARGO_HOME=/opt/rustwide/cargo-home" "-e" "RUSTUP_HOME=/opt/rustwide/rustup-home" "-w" "/opt/rustwide/workdir" "-m" "1610612736" "--user" "0:0" "--network" "none" "ghcr.io/rust-lang/crates-build-env/linux@sha256:2788e3201cd34a07e3172128adcd8b3090168a8e3bcc40d7c032b9dda1df7d1c" "/opt/rustwide/cargo-home/bin/cargo" "+beta-2023-12-22" "build" "--frozen" "--message-format=json", kill_on_drop: false }`
[INFO] [stdout] 31af4a15c59fb7f0ed3b37f39376c8de53122e032c03bb3073b2577b9aa26410
[INFO] running `Command { std: "docker" "start" "-a" "31af4a15c59fb7f0ed3b37f39376c8de53122e032c03bb3073b2577b9aa26410", kill_on_drop: false }`
[INFO] [stderr]    Compiling num-traits v0.2.17
[INFO] [stderr]    Compiling simd-adler32 v0.3.7
[INFO] [stderr]    Compiling num-integer v0.1.45
[INFO] [stderr]    Compiling num-rational v0.4.1
[INFO] [stderr]    Compiling color_quant v1.1.0
[INFO] [stderr]    Compiling bytemuck v1.14.0
[INFO] [stderr]    Compiling weezl v0.1.7
[INFO] [stderr]    Compiling jpeg-decoder v0.3.0
[INFO] [stderr]    Compiling byteorder v1.5.0
[INFO] [stderr]    Compiling plotters-backend v0.3.5
[INFO] [stderr]    Compiling miniz_oxide v0.7.1
[INFO] [stderr]    Compiling fdeflate v0.3.3
[INFO] [stderr]    Compiling gif v0.12.0
[INFO] [stderr]    Compiling flate2 v1.0.28
[INFO] [stderr]    Compiling png v0.17.10
[INFO] [stderr]    Compiling image v0.24.7
[INFO] [stderr]    Compiling plotters-bitmap v0.3.3 (/opt/rustwide/workdir)
[INFO] [stderr]     Finished dev [unoptimized + debuginfo] target(s) in 7.80s
[INFO] running `Command { std: "docker" "inspect" "31af4a15c59fb7f0ed3b37f39376c8de53122e032c03bb3073b2577b9aa26410", kill_on_drop: false }`
[INFO] running `Command { std: "docker" "rm" "-f" "31af4a15c59fb7f0ed3b37f39376c8de53122e032c03bb3073b2577b9aa26410", kill_on_drop: false }`
[INFO] [stdout] 31af4a15c59fb7f0ed3b37f39376c8de53122e032c03bb3073b2577b9aa26410
[INFO] running `Command { std: "docker" "create" "-v" "/var/lib/crater-agent-workspace/builds/worker-6-tc2/target:/opt/rustwide/target:rw,Z" "-v" "/var/lib/crater-agent-workspace/builds/worker-6-tc2/source:/opt/rustwide/workdir:ro,Z" "-v" "/var/lib/crater-agent-workspace/cargo-home:/opt/rustwide/cargo-home:ro,Z" "-v" "/var/lib/crater-agent-workspace/rustup-home:/opt/rustwide/rustup-home:ro,Z" "-e" "SOURCE_DIR=/opt/rustwide/workdir" "-e" "CARGO_TARGET_DIR=/opt/rustwide/target" "-e" "CARGO_INCREMENTAL=0" "-e" "RUST_BACKTRACE=full" "-e" "RUSTFLAGS=--cap-lints=warn" "-e" "RUSTDOCFLAGS=--cap-lints=warn" "-e" "CARGO_HOME=/opt/rustwide/cargo-home" "-e" "RUSTUP_HOME=/opt/rustwide/rustup-home" "-w" "/opt/rustwide/workdir" "-m" "1610612736" "--user" "0:0" "--network" "none" "ghcr.io/rust-lang/crates-build-env/linux@sha256:2788e3201cd34a07e3172128adcd8b3090168a8e3bcc40d7c032b9dda1df7d1c" "/opt/rustwide/cargo-home/bin/cargo" "+beta-2023-12-22" "test" "--frozen" "--no-run" "--message-format=json", kill_on_drop: false }`
[INFO] [stdout] 10067cc6720cade5b9854157ba6fe58dfc75830fc5f53b7cba37db44ff9b0767
[INFO] running `Command { std: "docker" "start" "-a" "10067cc6720cade5b9854157ba6fe58dfc75830fc5f53b7cba37db44ff9b0767", kill_on_drop: false }`
[INFO] [stderr]    Compiling crossbeam-utils v0.8.18
[INFO] [stderr]    Compiling indexmap v1.9.3
[INFO] [stderr]    Compiling either v1.9.0
[INFO] [stderr]    Compiling rayon-core v1.12.0
[INFO] [stderr]    Compiling hashbrown v0.12.3
[INFO] [stderr]    Compiling libc v0.2.151
[INFO] [stderr]    Compiling os_str_bytes v6.6.1
[INFO] [stderr]    Compiling half v1.8.2
[INFO] [stderr]    Compiling ciborium-io v0.2.1
[INFO] [stderr]    Compiling regex-syntax v0.8.2
[INFO] [stderr]    Compiling plotters-svg v0.3.5
[INFO] [stderr]    Compiling syn v2.0.48
[INFO] [stderr]    Compiling same-file v1.0.6
[INFO] [stderr]    Compiling textwrap v0.16.0
[INFO] [stderr]    Compiling cast v0.3.0
[INFO] [stderr]    Compiling anes v0.1.6
[INFO] [stderr]    Compiling oorandom v11.1.3
[INFO] [stderr]    Compiling walkdir v2.4.0
[INFO] [stderr]    Compiling itertools v0.10.5
[INFO] [stderr]    Compiling plotters v0.3.5
[INFO] [stderr]    Compiling clap_lex v0.2.4
[INFO] [stderr]    Compiling ciborium-ll v0.2.1
[INFO] [stderr]    Compiling crossbeam-epoch v0.9.17
[INFO] [stderr]    Compiling atty v0.2.14
[INFO] [stderr]    Compiling clap v3.2.25
[INFO] [stderr]    Compiling crossbeam-deque v0.8.4
[INFO] [stderr]    Compiling regex-automata v0.4.3
[INFO] [stderr]    Compiling criterion-plot v0.5.0
[INFO] [stderr]    Compiling rayon v1.8.0
[INFO] [stderr]    Compiling regex v1.10.2
[INFO] [stderr]    Compiling serde_derive v1.0.194
[INFO] [stderr]    Compiling serde v1.0.194
[INFO] [stderr]    Compiling serde_json v1.0.111
[INFO] [stderr]    Compiling ciborium v0.2.1
[INFO] [stderr]    Compiling tinytemplate v1.2.1
[INFO] [stderr]    Compiling criterion v0.4.0
[INFO] [stderr]    Compiling plotters-bitmap v0.3.3 (/opt/rustwide/workdir)
[INFO] [stdout] error[E0433]: failed to resolve: use of undeclared crate or module `plotters`
[INFO] [stdout]    --> src/bitmap/test.rs:395:9
[INFO] [stdout]     |
[INFO] [stdout] 395 |     use plotters::prelude::*;
[INFO] [stdout]     |         ^^^^^^^^ use of undeclared crate or module `plotters`
[INFO] [stdout] 
[INFO] [stdout] 
[INFO] [stdout] error[E0433]: failed to resolve: use of undeclared crate or module `plotters`
[INFO] [stdout]  --> src/bitmap/test.rs:5:9
[INFO] [stdout]   |
[INFO] [stdout] 5 |     use plotters::prelude::*;
[INFO] [stdout]   |         ^^^^^^^^ use of undeclared crate or module `plotters`
[INFO] [stdout] 
[INFO] [stdout] 
[INFO] [stdout] error[E0433]: failed to resolve: use of undeclared crate or module `plotters`
[INFO] [stdout]   --> src/bitmap/test.rs:34:9
[INFO] [stdout]    |
[INFO] [stdout] 34 |     use plotters::prelude::*;
[INFO] [stdout]    |         ^^^^^^^^ use of undeclared crate or module `plotters`
[INFO] [stdout] 
[INFO] [stdout] 
[INFO] [stdout] error[E0433]: failed to resolve: use of undeclared crate or module `plotters`
[INFO] [stdout]   --> src/bitmap/test.rs:81:9
[INFO] [stdout]    |
[INFO] [stdout] 81 |     use plotters::prelude::*;
[INFO] [stdout]    |         ^^^^^^^^ use of undeclared crate or module `plotters`
[INFO] [stdout] 
[INFO] [stdout] 
[INFO] [stdout] error[E0433]: failed to resolve: use of undeclared crate or module `plotters`
[INFO] [stdout]    --> src/bitmap/test.rs:113:9
[INFO] [stdout]     |
[INFO] [stdout] 113 |     use plotters::prelude::*;
[INFO] [stdout]     |         ^^^^^^^^ use of undeclared crate or module `plotters`
[INFO] [stdout] 
[INFO] [stdout] 
[INFO] [stdout] error[E0433]: failed to resolve: use of undeclared crate or module `plotters`
[INFO] [stdout]    --> src/bitmap/test.rs:137:9
[INFO] [stdout]     |
[INFO] [stdout] 137 |     use plotters::prelude::*;
[INFO] [stdout]     |         ^^^^^^^^ use of undeclared crate or module `plotters`
[INFO] [stdout] 
[INFO] [stdout] 
[INFO] [stdout] error[E0433]: failed to resolve: use of undeclared crate or module `plotters`
[INFO] [stdout]    --> src/bitmap/test.rs:163:9
[INFO] [stdout]     |
[INFO] [stdout] 163 |     use plotters::prelude::*;
[INFO] [stdout]     |         ^^^^^^^^ use of undeclared crate or module `plotters`
[INFO] [stdout] 
[INFO] [stdout] 
[INFO] [stdout] error[E0433]: failed to resolve: use of undeclared crate or module `plotters`
[INFO] [stdout]    --> src/bitmap/test.rs:179:9
[INFO] [stdout]     |
[INFO] [stdout] 179 |     use plotters::prelude::*;
[INFO] [stdout]     |         ^^^^^^^^ use of undeclared crate or module `plotters`
[INFO] [stdout] 
[INFO] [stdout] 
[INFO] [stdout] error[E0433]: failed to resolve: use of undeclared crate or module `plotters`
[INFO] [stdout]    --> src/bitmap/test.rs:205:9
[INFO] [stdout]     |
[INFO] [stdout] 205 |     use plotters::prelude::*;
[INFO] [stdout]     |         ^^^^^^^^ use of undeclared crate or module `plotters`
[INFO] [stdout] 
[INFO] [stdout] 
[INFO] [stdout] error[E0433]: failed to resolve: use of undeclared crate or module `plotters`
[INFO] [stdout]    --> src/bitmap/test.rs:244:9
[INFO] [stdout]     |
[INFO] [stdout] 244 |     use plotters::prelude::{Color, RGBColor, BLACK, BLUE, GREEN, RED, WHITE, YELLOW};
[INFO] [stdout]     |         ^^^^^^^^ use of undeclared crate or module `plotters`
[INFO] [stdout] 
[INFO] [stdout] 
[INFO] [stdout] error[E0433]: failed to resolve: use of undeclared crate or module `plotters`
[INFO] [stdout]    --> src/bitmap/test.rs:336:9
[INFO] [stdout]     |
[INFO] [stdout] 336 |     use plotters::prelude::*;
[INFO] [stdout]     |         ^^^^^^^^ use of undeclared crate or module `plotters`
[INFO] [stdout] 
[INFO] [stdout] 
[INFO] [stdout] error[E0433]: failed to resolve: use of undeclared crate or module `plotters`
[INFO] [stdout]    --> src/bitmap/test.rs:358:9
[INFO] [stdout]     |
[INFO] [stdout] 358 |     use plotters::prelude::*;
[INFO] [stdout]     |         ^^^^^^^^ use of undeclared crate or module `plotters`
[INFO] [stdout] 
[INFO] [stdout] 
[INFO] [stdout] error[E0433]: failed to resolve: use of undeclared crate or module `plotters`
[INFO] [stdout]    --> src/bitmap/test.rs:396:9
[INFO] [stdout]     |
[INFO] [stdout] 396 |     use plotters::style::text_anchor::{HPos, Pos, VPos};
[INFO] [stdout]     |         ^^^^^^^^ use of undeclared crate or module `plotters`
[INFO] [stdout] 
[INFO] [stdout] 
[INFO] [stdout] error[E0432]: unresolved imports `plotters::style::text_anchor::HPos`, `plotters::style::text_anchor::Pos`, `plotters::style::text_anchor::VPos`
[INFO] [stdout]    --> src/bitmap/test.rs:396:40
[INFO] [stdout]     |
[INFO] [stdout] 396 |     use plotters::style::text_anchor::{HPos, Pos, VPos};
[INFO] [stdout]     |                                        ^^^^  ^^^  ^^^^
[INFO] [stdout] 
[INFO] [stdout] 
[INFO] [stdout] error[E0425]: cannot find value `WHITE` in this scope
[INFO] [stdout]   --> src/bitmap/test.rs:13:20
[INFO] [stdout]    |
[INFO] [stdout] 13 |         area.fill(&WHITE).unwrap();
[INFO] [stdout]    |                    ^^^^^ not found in this scope
[INFO] [stdout] 
[INFO] [stdout] 
[INFO] [stdout] error[E0425]: cannot find value `RED` in this scope
[INFO] [stdout]   --> src/bitmap/test.rs:14:61
[INFO] [stdout]    |
[INFO] [stdout] 14 |         area.draw(&PathElement::new(vec![(0, 0), (10, 10)], RED.filled()))
[INFO] [stdout]    |                                                             ^^^ not found in this scope
[INFO] [stdout] 
[INFO] [stdout] 
[INFO] [stdout] error[E0425]: cannot find value `RED` in this scope
[INFO] [stdout]   --> src/bitmap/test.rs:41:54
[INFO] [stdout]    |
[INFO] [stdout] 41 |         area.draw(&Rectangle::new([(0, 0), (5, 10)], RED.filled()))
[INFO] [stdout]    |                                                      ^^^ not found in this scope
[INFO] [stdout] 
[INFO] [stdout] 
[INFO] [stdout] error[E0425]: cannot find value `RED` in this scope
[INFO] [stdout]   --> src/bitmap/test.rs:62:54
[INFO] [stdout]    |
[INFO] [stdout] 62 |         area.draw(&Rectangle::new([(0, 0), (10, 5)], RED.filled()))
[INFO] [stdout]    |                                                      ^^^ not found in this scope
[INFO] [stdout] 
[INFO] [stdout] 
[INFO] [stdout] error[E0425]: cannot find value `RED` in this scope
[INFO] [stdout]    --> src/bitmap/test.rs:119:72
[INFO] [stdout]     |
[INFO] [stdout] 119 |         for (sub_backend, color) in back.split(&[5]).into_iter().zip([&RED, &GREEN].iter()) {
[INFO] [stdout]     |                                                                        ^^^ not found in this scope
[INFO] [stdout] 
[INFO] [stdout] 
[INFO] [stdout] error[E0425]: cannot find value `GREEN` in this scope
[INFO] [stdout]    --> src/bitmap/test.rs:119:78
[INFO] [stdout]     |
[INFO] [stdout] 119 |         for (sub_backend, color) in back.split(&[5]).into_iter().zip([&RED, &GREEN].iter()) {
[INFO] [stdout]     |                                                                              ^^^^^ not found in this scope
[INFO] [stdout] 
[INFO] [stdout] 
[INFO] [stdout] error[E0425]: cannot find value `RED` in this scope
[INFO] [stdout]    --> src/bitmap/test.rs:143:49
[INFO] [stdout]     |
[INFO] [stdout] 143 |         back.draw_line((1100, 0), (1100, 999), &RED.to_rgba())
[INFO] [stdout]     |                                                 ^^^ not found in this scope
[INFO] [stdout] 
[INFO] [stdout] 
[INFO] [stdout] error[E0425]: cannot find value `RED` in this scope
[INFO] [stdout]    --> src/bitmap/test.rs:145:49
[INFO] [stdout]     |
[INFO] [stdout] 145 |         back.draw_line((0, 1100), (999, 1100), &RED.to_rgba())
[INFO] [stdout]     |                                                 ^^^ not found in this scope
[INFO] [stdout] 
[INFO] [stdout] 
[INFO] [stdout] error[E0425]: cannot find value `RED` in this scope
[INFO] [stdout]    --> src/bitmap/test.rs:147:49
[INFO] [stdout]     |
[INFO] [stdout] 147 |         back.draw_rect((1100, 0), (1100, 999), &RED.to_rgba(), true)
[INFO] [stdout]     |                                                 ^^^ not found in this scope
[INFO] [stdout] 
[INFO] [stdout] 
[INFO] [stdout] error[E0425]: cannot find value `RED` in this scope
[INFO] [stdout]    --> src/bitmap/test.rs:169:41
[INFO] [stdout]     |
[INFO] [stdout] 169 |         back.draw_rect((0, 0), (0, 0), &RED.to_rgba(), true)
[INFO] [stdout]     |                                         ^^^ not found in this scope
[INFO] [stdout] 
[INFO] [stdout] 
[INFO] [stdout] error[E0425]: cannot find value `WHITE` in this scope
[INFO] [stdout]    --> src/bitmap/test.rs:185:55
[INFO] [stdout]     |
[INFO] [stdout] 185 |         back.draw_line((-1000, -1000), (2000, 2000), &WHITE.to_rgba())
[INFO] [stdout]     |                                                       ^^^^^ not found in this scope
[INFO] [stdout] 
[INFO] [stdout] 
[INFO] [stdout] error[E0425]: cannot find value `WHITE` in this scope
[INFO] [stdout]    --> src/bitmap/test.rs:188:52
[INFO] [stdout]     |
[INFO] [stdout] 188 |         back.draw_line((999, -1000), (999, 2000), &WHITE.to_rgba())
[INFO] [stdout]     |                                                    ^^^^^ not found in this scope
[INFO] [stdout] 
[INFO] [stdout] 
[INFO] [stdout] error[E0425]: cannot find value `RED` in this scope
[INFO] [stdout]    --> src/bitmap/test.rs:208:24
[INFO] [stdout]     |
[INFO] [stdout] 208 |     for fill_color in [RED, GREEN, BLUE].iter() {
[INFO] [stdout]     |                        ^^^ not found in this scope
[INFO] [stdout] 
[INFO] [stdout] 
[INFO] [stdout] error[E0425]: cannot find value `GREEN` in this scope
[INFO] [stdout]    --> src/bitmap/test.rs:208:29
[INFO] [stdout]     |
[INFO] [stdout] 208 |     for fill_color in [RED, GREEN, BLUE].iter() {
[INFO] [stdout]     |                             ^^^^^ not found in this scope
[INFO] [stdout] 
[INFO] [stdout] 
[INFO] [stdout] error[E0425]: cannot find value `BLUE` in this scope
[INFO] [stdout]    --> src/bitmap/test.rs:208:36
[INFO] [stdout]     |
[INFO] [stdout] 208 |     for fill_color in [RED, GREEN, BLUE].iter() {
[INFO] [stdout]     |                                    ^^^^ not found in this scope
[INFO] [stdout] 
[INFO] [stdout] 
[INFO] [stdout] error[E0425]: cannot find value `WHITE` in this scope
[INFO] [stdout]    --> src/bitmap/test.rs:214:51
[INFO] [stdout]     |
[INFO] [stdout] 214 |             back.draw_rect((0, 0), (1000, 1000), &WHITE.mix(0.1), true)
[INFO] [stdout]     |                                                   ^^^^^ not found in this scope
[INFO] [stdout] 
[INFO] [stdout] 
[INFO] [stdout] error[E0425]: cannot find value `WHITE` in this scope
[INFO] [stdout]    --> src/bitmap/test.rs:341:48
[INFO] [stdout]     |
[INFO] [stdout] 341 |         back.draw_line((500, 0), (500, 1000), &WHITE.filled().stroke_width(5))
[INFO] [stdout]     |                                                ^^^^^ not found in this scope
[INFO] [stdout] 
[INFO] [stdout] 
[INFO] [stdout] error[E0425]: cannot find value `WHITE` in this scope
[INFO] [stdout]    --> src/bitmap/test.rs:420:24
[INFO] [stdout]     |
[INFO] [stdout] 420 |             root.fill(&WHITE).unwrap();
[INFO] [stdout]     |                        ^^^^^ not found in this scope
[INFO] [stdout] 
[INFO] [stdout] 
[INFO] [stdout] error[E0425]: cannot find value `WHITE` in this scope
[INFO] [stdout]    --> src/bitmap/test.rs:453:24
[INFO] [stdout]     |
[INFO] [stdout] 453 |             root.fill(&WHITE).unwrap();
[INFO] [stdout]     |                        ^^^^^ not found in this scope
[INFO] [stdout] 
[INFO] [stdout] 
[INFO] [stdout] error[E0433]: failed to resolve: use of undeclared type `FontTransform`
[INFO] [stdout]    --> src/bitmap/test.rs:476:17
[INFO] [stdout]     |
[INFO] [stdout] 476 |                 FontTransform::None,
[INFO] [stdout]     |                 ^^^^^^^^^^^^^ use of undeclared type `FontTransform`
[INFO] [stdout]     |
[INFO] [stdout] help: consider importing this enum
[INFO] [stdout]     |
[INFO] [stdout] 393 +     use plotters_backend::FontTransform;
[INFO] [stdout]     |
[INFO] [stdout] 
[INFO] [stdout] 
[INFO] [stdout] error[E0433]: failed to resolve: use of undeclared type `FontTransform`
[INFO] [stdout]    --> src/bitmap/test.rs:477:17
[INFO] [stdout]     |
[INFO] [stdout] 477 |                 FontTransform::Rotate90,
[INFO] [stdout]     |                 ^^^^^^^^^^^^^ use of undeclared type `FontTransform`
[INFO] [stdout]     |
[INFO] [stdout] help: consider importing this enum
[INFO] [stdout]     |
[INFO] [stdout] 393 +     use plotters_backend::FontTransform;
[INFO] [stdout]     |
[INFO] [stdout] 
[INFO] [stdout] 
[INFO] [stdout] error[E0433]: failed to resolve: use of undeclared type `FontTransform`
[INFO] [stdout]    --> src/bitmap/test.rs:478:17
[INFO] [stdout]     |
[INFO] [stdout] 478 |                 FontTransform::Rotate180,
[INFO] [stdout]     |                 ^^^^^^^^^^^^^ use of undeclared type `FontTransform`
[INFO] [stdout]     |
[INFO] [stdout] help: consider importing this enum
[INFO] [stdout]     |
[INFO] [stdout] 393 +     use plotters_backend::FontTransform;
[INFO] [stdout]     |
[INFO] [stdout] 
[INFO] [stdout] 
[INFO] [stdout] error[E0433]: failed to resolve: use of undeclared type `FontTransform`
[INFO] [stdout]    --> src/bitmap/test.rs:479:17
[INFO] [stdout]     |
[INFO] [stdout] 479 |                 FontTransform::Rotate270,
[INFO] [stdout]     |                 ^^^^^^^^^^^^^ use of undeclared type `FontTransform`
[INFO] [stdout]     |
[INFO] [stdout] help: consider importing this enum
[INFO] [stdout]     |
[INFO] [stdout] 393 +     use plotters_backend::FontTransform;
[INFO] [stdout]     |
[INFO] [stdout] 
[INFO] [stdout] 
[INFO] [stdout] error[E0425]: cannot find value `BLACK` in this scope
[INFO] [stdout]    --> src/bitmap/test.rs:489:64
[INFO] [stdout]     |
[INFO] [stdout] 489 | ...                   root.draw(&Circle::new((x, y), 3, &BLACK.mix(0.5))).unwrap();
[INFO] [stdout]     |                                                          ^^^^^ not found in this scope
[INFO] [stdout] 
[INFO] [stdout] 
[INFO] [stdout] error[E0425]: cannot find value `WHITE` in this scope
[INFO] [stdout]    --> src/bitmap/test.rs:512:24
[INFO] [stdout]     |
[INFO] [stdout] 512 |             root.fill(&WHITE).unwrap();
[INFO] [stdout]     |                        ^^^^^ not found in this scope
[INFO] [stdout] 
[INFO] [stdout] 
[INFO] [stdout] error[E0425]: cannot find value `WHITE` in this scope
[INFO] [stdout]    --> src/bitmap/test.rs:541:24
[INFO] [stdout]     |
[INFO] [stdout] 541 |             root.fill(&WHITE).unwrap();
[INFO] [stdout]     |                        ^^^^^ not found in this scope
[INFO] [stdout] 
[INFO] [stdout] 
[INFO] [stdout] error[E0425]: cannot find value `RED` in this scope
[INFO] [stdout]    --> src/bitmap/test.rs:557:71
[INFO] [stdout]     |
[INFO] [stdout] 557 |                 .draw_series(std::iter::once(Circle::new((5, 15), 5, &RED)))
[INFO] [stdout]     |                                                                       ^^^ not found in this scope
[INFO] [stdout] 
[INFO] [stdout] 
[INFO] [stdout] error[E0425]: cannot find value `RED` in this scope
[INFO] [stdout]    --> src/bitmap/test.rs:560:57
[INFO] [stdout]     |
[INFO] [stdout] 560 |                 .legend(|(x, y)| Circle::new((x, y), 3, RED.filled()));
[INFO] [stdout]     |                                                         ^^^ not found in this scope
[INFO] [stdout] 
[INFO] [stdout] 
[INFO] [stdout] error[E0425]: cannot find value `BLUE` in this scope
[INFO] [stdout]    --> src/bitmap/test.rs:563:72
[INFO] [stdout]     |
[INFO] [stdout] 563 |                 .draw_series(std::iter::once(Circle::new((5, 15), 10, &BLUE)))
[INFO] [stdout]     |                                                                        ^^^^ not found in this scope
[INFO] [stdout] 
[INFO] [stdout] 
[INFO] [stdout] error[E0425]: cannot find value `BLUE` in this scope
[INFO] [stdout]    --> src/bitmap/test.rs:566:57
[INFO] [stdout]     |
[INFO] [stdout] 566 |                 .legend(|(x, y)| Circle::new((x, y), 3, BLUE.filled()));
[INFO] [stdout]     |                                                         ^^^^ not found in this scope
[INFO] [stdout] 
[INFO] [stdout] 
[INFO] [stdout] error[E0425]: cannot find value `BLACK` in this scope
[INFO] [stdout]    --> src/bitmap/test.rs:584:36
[INFO] [stdout]     |
[INFO] [stdout] 584 |                     .border_style(&BLACK.mix(0.5))
[INFO] [stdout]     |                                    ^^^^^ not found in this scope
[INFO] [stdout] 
[INFO] [stdout] 
[INFO] [stdout] error[E0425]: cannot find value `WHITE` in this scope
[INFO] [stdout]    --> src/bitmap/test.rs:600:24
[INFO] [stdout]     |
[INFO] [stdout] 600 |             root.fill(&WHITE).unwrap();
[INFO] [stdout]     |                        ^^^^^ not found in this scope
[INFO] [stdout] 
[INFO] [stdout] 
[INFO] [stdout] error[E0425]: cannot find value `BLACK` in this scope
[INFO] [stdout]    --> src/bitmap/test.rs:603:52
[INFO] [stdout]     |
[INFO] [stdout] 603 |                 root.draw_pixel((50 + i, 50 + i), &BLACK.mix(alpha))
[INFO] [stdout]     |                                                    ^^^^^ not found in this scope
[INFO] [stdout] 
[INFO] [stdout] 
[INFO] [stdout] error[E0599]: no method named `into_drawing_area` found for struct `bitmap::BitMapBackend` in the current scope
[INFO] [stdout]    --> src/bitmap/test.rs:12:25
[INFO] [stdout]     |
[INFO] [stdout] 12  |         let area = back.into_drawing_area();
[INFO] [stdout]     |                         ^^^^^^^^^^^^^^^^^ method not found in `BitMapBackend<'_>`
[INFO] [stdout]     |
[INFO] [stdout]    ::: src/bitmap.rs:33:1
[INFO] [stdout]     |
[INFO] [stdout] 33  | pub struct BitMapBackend<'a, P: PixelFormat = RGBPixel> {
[INFO] [stdout]     | ------------------------------------------------------- method `into_drawing_area` not found for this struct
[INFO] [stdout]     |
[INFO] [stdout]    ::: /opt/rustwide/cargo-home/registry/src/index.crates.io-6f17d22bba15001f/plotters-0.3.5/src/drawing/area.rs:180:8
[INFO] [stdout]     |
[INFO] [stdout] 180 |     fn into_drawing_area(self) -> DrawingArea<Self, Shift>;
[INFO] [stdout]     |        ----------------- the method is available for `bitmap::BitMapBackend<'_>` here
[INFO] [stdout]     |
[INFO] [stdout]     = help: items from traits can only be used if the trait is in scope
[INFO] [stdout] help: the following trait is implemented but not in scope; perhaps add a `use` for it:
[INFO] [stdout]     |
[INFO] [stdout] 1   + use plotters::drawing::IntoDrawingArea;
[INFO] [stdout]     |
[INFO] [stdout] 
[INFO] [stdout] 
[INFO] [stdout] error[E0433]: failed to resolve: use of undeclared type `PathElement`
[INFO] [stdout]   --> src/bitmap/test.rs:14:20
[INFO] [stdout]    |
[INFO] [stdout] 14 |         area.draw(&PathElement::new(vec![(0, 0), (10, 10)], RED.filled()))
[INFO] [stdout]    |                    ^^^^^^^^^^^ use of undeclared type `PathElement`
[INFO] [stdout] 
[INFO] [stdout] 
[INFO] [stdout] error[E0599]: no method named `into_drawing_area` found for struct `bitmap::BitMapBackend` in the current scope
[INFO] [stdout]    --> src/bitmap/test.rs:40:25
[INFO] [stdout]     |
[INFO] [stdout] 40  |         let area = back.into_drawing_area();
[INFO] [stdout]     |                         ^^^^^^^^^^^^^^^^^ method not found in `BitMapBackend<'_>`
[INFO] [stdout]     |
[INFO] [stdout]    ::: src/bitmap.rs:33:1
[INFO] [stdout]     |
[INFO] [stdout] 33  | pub struct BitMapBackend<'a, P: PixelFormat = RGBPixel> {
[INFO] [stdout]     | ------------------------------------------------------- method `into_drawing_area` not found for this struct
[INFO] [stdout]     |
[INFO] [stdout]    ::: /opt/rustwide/cargo-home/registry/src/index.crates.io-6f17d22bba15001f/plotters-0.3.5/src/drawing/area.rs:180:8
[INFO] [stdout]     |
[INFO] [stdout] 180 |     fn into_drawing_area(self) -> DrawingArea<Self, Shift>;
[INFO] [stdout]     |        ----------------- the method is available for `bitmap::BitMapBackend<'_>` here
[INFO] [stdout]     |
[INFO] [stdout]     = help: items from traits can only be used if the trait is in scope
[INFO] [stdout] help: the following trait is implemented but not in scope; perhaps add a `use` for it:
[INFO] [stdout]     |
[INFO] [stdout] 1   + use plotters::drawing::IntoDrawingArea;
[INFO] [stdout]     |
[INFO] [stdout] 
[INFO] [stdout] 
[INFO] [stdout] error[E0433]: failed to resolve: use of undeclared type `Rectangle`
[INFO] [stdout]   --> src/bitmap/test.rs:41:20
[INFO] [stdout]    |
[INFO] [stdout] 41 |         area.draw(&Rectangle::new([(0, 0), (5, 10)], RED.filled()))
[INFO] [stdout]    |                    ^^^^^^^^^ use of undeclared type `Rectangle`
[INFO] [stdout] 
[INFO] [stdout] 
[INFO] [stdout] error[E0599]: no method named `into_drawing_area` found for struct `bitmap::BitMapBackend` in the current scope
[INFO] [stdout]    --> src/bitmap/test.rs:61:25
[INFO] [stdout]     |
[INFO] [stdout] 61  |         let area = back.into_drawing_area();
[INFO] [stdout]     |                         ^^^^^^^^^^^^^^^^^ method not found in `BitMapBackend<'_>`
[INFO] [stdout]     |
[INFO] [stdout]    ::: src/bitmap.rs:33:1
[INFO] [stdout]     |
[INFO] [stdout] 33  | pub struct BitMapBackend<'a, P: PixelFormat = RGBPixel> {
[INFO] [stdout]     | ------------------------------------------------------- method `into_drawing_area` not found for this struct
[INFO] [stdout]     |
[INFO] [stdout]    ::: /opt/rustwide/cargo-home/registry/src/index.crates.io-6f17d22bba15001f/plotters-0.3.5/src/drawing/area.rs:180:8
[INFO] [stdout]     |
[INFO] [stdout] 180 |     fn into_drawing_area(self) -> DrawingArea<Self, Shift>;
[INFO] [stdout]     |        ----------------- the method is available for `bitmap::BitMapBackend<'_>` here
[INFO] [stdout]     |
[INFO] [stdout]     = help: items from traits can only be used if the trait is in scope
[INFO] [stdout] help: the following trait is implemented but not in scope; perhaps add a `use` for it:
[INFO] [stdout]     |
[INFO] [stdout] 1   + use plotters::drawing::IntoDrawingArea;
[INFO] [stdout]     |
[INFO] [stdout] 
[INFO] [stdout] 
[INFO] [stdout] error[E0433]: failed to resolve: use of undeclared type `Rectangle`
[INFO] [stdout]   --> src/bitmap/test.rs:62:20
[INFO] [stdout]    |
[INFO] [stdout] 62 |         area.draw(&Rectangle::new([(0, 0), (10, 5)], RED.filled()))
[INFO] [stdout]    |                    ^^^^^^^^^ use of undeclared type `Rectangle`
[INFO] [stdout] 
[INFO] [stdout] 
[INFO] [stdout] error[E0599]: no method named `into_drawing_area` found for struct `bitmap::BitMapBackend` in the current scope
[INFO] [stdout]    --> src/bitmap/test.rs:87:25
[INFO] [stdout]     |
[INFO] [stdout] 87  |         let area = back.into_drawing_area();
[INFO] [stdout]     |                         ^^^^^^^^^^^^^^^^^ method not found in `BitMapBackend<'_>`
[INFO] [stdout]     |
[INFO] [stdout]    ::: src/bitmap.rs:33:1
[INFO] [stdout]     |
[INFO] [stdout] 33  | pub struct BitMapBackend<'a, P: PixelFormat = RGBPixel> {
[INFO] [stdout]     | ------------------------------------------------------- method `into_drawing_area` not found for this struct
[INFO] [stdout]     |
[INFO] [stdout]    ::: /opt/rustwide/cargo-home/registry/src/index.crates.io-6f17d22bba15001f/plotters-0.3.5/src/drawing/area.rs:180:8
[INFO] [stdout]     |
[INFO] [stdout] 180 |     fn into_drawing_area(self) -> DrawingArea<Self, Shift>;
[INFO] [stdout]     |        ----------------- the method is available for `bitmap::BitMapBackend<'_>` here
[INFO] [stdout]     |
[INFO] [stdout]     = help: items from traits can only be used if the trait is in scope
[INFO] [stdout] help: the following trait is implemented but not in scope; perhaps add a `use` for it:
[INFO] [stdout]     |
[INFO] [stdout] 1   + use plotters::drawing::IntoDrawingArea;
[INFO] [stdout]     |
[INFO] [stdout] 
[INFO] [stdout] 
[INFO] [stdout] error[E0433]: failed to resolve: use of undeclared type `Rectangle`
[INFO] [stdout]   --> src/bitmap/test.rs:88:20
[INFO] [stdout]    |
[INFO] [stdout] 88 |         area.draw(&Rectangle::new(
[INFO] [stdout]    |                    ^^^^^^^^^ use of undeclared type `Rectangle`
[INFO] [stdout] 
[INFO] [stdout] 
[INFO] [stdout] error[E0425]: cannot find function, tuple struct or tuple variant `RGBColor` in this scope
[INFO] [stdout]   --> src/bitmap/test.rs:90:13
[INFO] [stdout]    |
[INFO] [stdout] 90 |             RGBColor(0, 100, 200).mix(0.2).filled(),
[INFO] [stdout]    |             ^^^^^^^^ not found in this scope
[INFO] [stdout] 
[INFO] [stdout] 
[INFO] [stdout] error[E0599]: no method named `into_drawing_area` found for struct `bitmap::BitMapBackend` in the current scope
[INFO] [stdout]    --> src/bitmap/test.rs:419:81
[INFO] [stdout]     |
[INFO] [stdout] 419 |             let root = BitMapBackend::with_buffer(&mut buffer, (width, height)).into_drawing_area();
[INFO] [stdout]     |                                                                                 ^^^^^^^^^^^^^^^^^ method not found in `BitMapBackend<'_>`
[INFO] [stdout]     |
[INFO] [stdout]    ::: src/bitmap.rs:33:1
[INFO] [stdout]     |
[INFO] [stdout] 33  | pub struct BitMapBackend<'a, P: PixelFormat = RGBPixel> {
[INFO] [stdout]     | ------------------------------------------------------- method `into_drawing_area` not found for this struct
[INFO] [stdout]     |
[INFO] [stdout]    ::: /opt/rustwide/cargo-home/registry/src/index.crates.io-6f17d22bba15001f/plotters-0.3.5/src/drawing/area.rs:180:8
[INFO] [stdout]     |
[INFO] [stdout] 180 |     fn into_drawing_area(self) -> DrawingArea<Self, Shift>;
[INFO] [stdout]     |        ----------------- the method is available for `bitmap::BitMapBackend<'_>` here
[INFO] [stdout]     |
[INFO] [stdout]     = help: items from traits can only be used if the trait is in scope
[INFO] [stdout] help: the following trait is implemented but not in scope; perhaps add a `use` for it:
[INFO] [stdout]     |
[INFO] [stdout] 393 +     use plotters::drawing::IntoDrawingArea;
[INFO] [stdout]     |
[INFO] [stdout] 
[INFO] [stdout] 
[INFO] [stdout] error[E0433]: failed to resolve: use of undeclared type `ChartBuilder`
[INFO] [stdout]    --> src/bitmap/test.rs:422:29
[INFO] [stdout]     |
[INFO] [stdout] 422 |             let mut chart = ChartBuilder::on(&root)
[INFO] [stdout]     |                             ^^^^^^^^^^^^ use of undeclared type `ChartBuilder`
[INFO] [stdout] 
[INFO] [stdout] 
[INFO] [stdout] error[E0599]: no method named `into_drawing_area` found for struct `bitmap::BitMapBackend` in the current scope
[INFO] [stdout]    --> src/bitmap/test.rs:452:81
[INFO] [stdout]     |
[INFO] [stdout] 452 |             let root = BitMapBackend::with_buffer(&mut buffer, (width, height)).into_drawing_area();
[INFO] [stdout]     |                                                                                 ^^^^^^^^^^^^^^^^^ method not found in `BitMapBackend<'_>`
[INFO] [stdout]     |
[INFO] [stdout]    ::: src/bitmap.rs:33:1
[INFO] [stdout]     |
[INFO] [stdout] 33  | pub struct BitMapBackend<'a, P: PixelFormat = RGBPixel> {
[INFO] [stdout]     | ------------------------------------------------------- method `into_drawing_area` not found for this struct
[INFO] [stdout]     |
[INFO] [stdout]    ::: /opt/rustwide/cargo-home/registry/src/index.crates.io-6f17d22bba15001f/plotters-0.3.5/src/drawing/area.rs:180:8
[INFO] [stdout]     |
[INFO] [stdout] 180 |     fn into_drawing_area(self) -> DrawingArea<Self, Shift>;
[INFO] [stdout]     |        ----------------- the method is available for `bitmap::BitMapBackend<'_>` here
[INFO] [stdout]     |
[INFO] [stdout]     = help: items from traits can only be used if the trait is in scope
[INFO] [stdout] help: the following trait is implemented but not in scope; perhaps add a `use` for it:
[INFO] [stdout]     |
[INFO] [stdout] 393 +     use plotters::drawing::IntoDrawingArea;
[INFO] [stdout]     |
[INFO] [stdout] 
[INFO] [stdout] 
[INFO] [stdout] error[E0599]: no method named `into_font` found for tuple `(&'static str, {integer})` in the current scope
[INFO] [stdout]    --> src/bitmap/test.rs:455:59
[INFO] [stdout]     |
[INFO] [stdout] 455 |                 .titled("Image Title", ("sans-serif", 60).into_font())
[INFO] [stdout]     |                                                           ^^^^^^^^^ method not found in `(&str, {integer})`
[INFO] [stdout]     |
[INFO] [stdout]    ::: /opt/rustwide/cargo-home/registry/src/index.crates.io-6f17d22bba15001f/plotters-0.3.5/src/style/font/font_desc.rs:213:8
[INFO] [stdout]     |
[INFO] [stdout] 213 |     fn into_font(self) -> FontDesc<'a>;
[INFO] [stdout]     |        --------- the method is available for `(&'static str, {integer})` here
[INFO] [stdout]     |
[INFO] [stdout]     = help: items from traits can only be used if the trait is in scope
[INFO] [stdout] help: the following trait is implemented but not in scope; perhaps add a `use` for it:
[INFO] [stdout]     |
[INFO] [stdout] 393 +     use plotters::style::IntoFont;
[INFO] [stdout]     |
[INFO] [stdout] 
[INFO] [stdout] 
[INFO] [stdout] error[E0433]: failed to resolve: use of undeclared type `ChartBuilder`
[INFO] [stdout]    --> src/bitmap/test.rs:458:29
[INFO] [stdout]     |
[INFO] [stdout] 458 |             let mut chart = ChartBuilder::on(&root)
[INFO] [stdout]     |                             ^^^^^^^^^^^^ use of undeclared type `ChartBuilder`
[INFO] [stdout] 
[INFO] [stdout] 
[INFO] [stdout] error[E0433]: failed to resolve: use of undeclared type `Circle`
[INFO] [stdout]    --> src/bitmap/test.rs:489:40
[INFO] [stdout]     |
[INFO] [stdout] 489 | ...                   root.draw(&Circle::new((x, y), 3, &BLACK.mix(0.5))).unwrap();
[INFO] [stdout]     |                                  ^^^^^^ use of undeclared type `Circle`
[INFO] [stdout] 
[INFO] [stdout] 
[INFO] [stdout] error[E0433]: failed to resolve: use of undeclared type `TextStyle`
[INFO] [stdout]    --> src/bitmap/test.rs:490:41
[INFO] [stdout]     |
[INFO] [stdout] 490 | ...                   let style = TextStyle::from(("sans-serif", 20).into_font())
[INFO] [stdout]     |                                   ^^^^^^^^^ use of undeclared type `TextStyle`
[INFO] [stdout] 
[INFO] [stdout] 
[INFO] [stdout] error[E0599]: no method named `into_font` found for tuple `(&'static str, {integer})` in the current scope
[INFO] [stdout]    --> src/bitmap/test.rs:490:76
[INFO] [stdout]     |
[INFO] [stdout] 490 | ...                   let style = TextStyle::from(("sans-serif", 20).into_font())
[INFO] [stdout]     |                                                                      ^^^^^^^^^ method not found in `(&str, {integer})`
[INFO] [stdout]     |
[INFO] [stdout]    ::: /opt/rustwide/cargo-home/registry/src/index.crates.io-6f17d22bba15001f/plotters-0.3.5/src/style/font/font_desc.rs:213:8
[INFO] [stdout]     |
[INFO] [stdout] 213 |     fn into_font(self) -> FontDesc<'a>;
[INFO] [stdout]     |        --------- the method is available for `(&'static str, {integer})` here
[INFO] [stdout]     |
[INFO] [stdout]     = help: items from traits can only be used if the trait is in scope
[INFO] [stdout] help: the following trait is implemented but not in scope; perhaps add a `use` for it:
[INFO] [stdout]     |
[INFO] [stdout] 393 +     use plotters::style::IntoFont;
[INFO] [stdout]     |
[INFO] [stdout] 
[INFO] [stdout] 
[INFO] [stdout] error[E0599]: no method named `into_drawing_area` found for struct `bitmap::BitMapBackend` in the current scope
[INFO] [stdout]    --> src/bitmap/test.rs:511:18
[INFO] [stdout]     |
[INFO] [stdout] 510 |               let root = BitMapBackend::with_buffer(&mut buffer, (width as u32, height as u32))
[INFO] [stdout]     |  ________________________-
[INFO] [stdout] 511 | |                 .into_drawing_area();
[INFO] [stdout]     | |                 -^^^^^^^^^^^^^^^^^ method not found in `BitMapBackend<'_>`
[INFO] [stdout]     | |_________________|
[INFO] [stdout]     | 
[INFO] [stdout]     |
[INFO] [stdout]    ::: src/bitmap.rs:33:1
[INFO] [stdout]     |
[INFO] [stdout] 33  |   pub struct BitMapBackend<'a, P: PixelFormat = RGBPixel> {
[INFO] [stdout]     |   ------------------------------------------------------- method `into_drawing_area` not found for this struct
[INFO] [stdout]     |
[INFO] [stdout]    ::: /opt/rustwide/cargo-home/registry/src/index.crates.io-6f17d22bba15001f/plotters-0.3.5/src/drawing/area.rs:180:8
[INFO] [stdout]     |
[INFO] [stdout] 180 |       fn into_drawing_area(self) -> DrawingArea<Self, Shift>;
[INFO] [stdout]     |          ----------------- the method is available for `bitmap::BitMapBackend<'_>` here
[INFO] [stdout]     |
[INFO] [stdout]     = help: items from traits can only be used if the trait is in scope
[INFO] [stdout] help: the following trait is implemented but not in scope; perhaps add a `use` for it:
[INFO] [stdout]     |
[INFO] [stdout] 393 +     use plotters::drawing::IntoDrawingArea;
[INFO] [stdout]     |
[INFO] [stdout] 
[INFO] [stdout] 
[INFO] [stdout] error[E0433]: failed to resolve: use of undeclared type `TextStyle`
[INFO] [stdout]    --> src/bitmap/test.rs:514:25
[INFO] [stdout]     |
[INFO] [stdout] 514 |             let style = TextStyle::from(("sans-serif", 20).into_font())
[INFO] [stdout]     |                         ^^^^^^^^^ use of undeclared type `TextStyle`
[INFO] [stdout] 
[INFO] [stdout] 
[INFO] [stdout] error[E0599]: no method named `into_font` found for tuple `(&'static str, {integer})` in the current scope
[INFO] [stdout]    --> src/bitmap/test.rs:514:60
[INFO] [stdout]     |
[INFO] [stdout] 514 |             let style = TextStyle::from(("sans-serif", 20).into_font())
[INFO] [stdout]     |                                                            ^^^^^^^^^ method not found in `(&str, {integer})`
[INFO] [stdout]     |
[INFO] [stdout]    ::: /opt/rustwide/cargo-home/registry/src/index.crates.io-6f17d22bba15001f/plotters-0.3.5/src/style/font/font_desc.rs:213:8
[INFO] [stdout]     |
[INFO] [stdout] 213 |     fn into_font(self) -> FontDesc<'a>;
[INFO] [stdout]     |        --------- the method is available for `(&'static str, {integer})` here
[INFO] [stdout]     |
[INFO] [stdout]     = help: items from traits can only be used if the trait is in scope
[INFO] [stdout] help: the following trait is implemented but not in scope; perhaps add a `use` for it:
[INFO] [stdout]     |
[INFO] [stdout] 393 +     use plotters::style::IntoFont;
[INFO] [stdout]     |
[INFO] [stdout] 
[INFO] [stdout] 
[INFO] [stdout] error[E0599]: no method named `into_drawing_area` found for struct `bitmap::BitMapBackend` in the current scope
[INFO] [stdout]    --> src/bitmap/test.rs:540:81
[INFO] [stdout]     |
[INFO] [stdout] 540 |             let root = BitMapBackend::with_buffer(&mut buffer, (width, height)).into_drawing_area();
[INFO] [stdout]     |                                                                                 ^^^^^^^^^^^^^^^^^ method not found in `BitMapBackend<'_>`
[INFO] [stdout]     |
[INFO] [stdout]    ::: src/bitmap.rs:33:1
[INFO] [stdout]     |
[INFO] [stdout] 33  | pub struct BitMapBackend<'a, P: PixelFormat = RGBPixel> {
[INFO] [stdout]     | ------------------------------------------------------- method `into_drawing_area` not found for this struct
[INFO] [stdout]     |
[INFO] [stdout]    ::: /opt/rustwide/cargo-home/registry/src/index.crates.io-6f17d22bba15001f/plotters-0.3.5/src/drawing/area.rs:180:8
[INFO] [stdout]     |
[INFO] [stdout] 180 |     fn into_drawing_area(self) -> DrawingArea<Self, Shift>;
[INFO] [stdout]     |        ----------------- the method is available for `bitmap::BitMapBackend<'_>` here
[INFO] [stdout]     |
[INFO] [stdout]     = help: items from traits can only be used if the trait is in scope
[INFO] [stdout] help: the following trait is implemented but not in scope; perhaps add a `use` for it:
[INFO] [stdout]     |
[INFO] [stdout] 393 +     use plotters::drawing::IntoDrawingArea;
[INFO] [stdout]     |
[INFO] [stdout] 
[INFO] [stdout] 
[INFO] [stdout] error[E0433]: failed to resolve: use of undeclared type `ChartBuilder`
[INFO] [stdout]    --> src/bitmap/test.rs:543:29
[INFO] [stdout]     |
[INFO] [stdout] 543 |             let mut chart = ChartBuilder::on(&root)
[INFO] [stdout]     |                             ^^^^^^^^^^^^ use of undeclared type `ChartBuilder`
[INFO] [stdout] 
[INFO] [stdout] 
[INFO] [stdout] error[E0433]: failed to resolve: use of undeclared type `Circle`
[INFO] [stdout]    --> src/bitmap/test.rs:557:46
[INFO] [stdout]     |
[INFO] [stdout] 557 |                 .draw_series(std::iter::once(Circle::new((5, 15), 5, &RED)))
[INFO] [stdout]     |                                              ^^^^^^ use of undeclared type `Circle`
[INFO] [stdout] 
[INFO] [stdout] 
[INFO] [stdout] error[E0433]: failed to resolve: use of undeclared type `Circle`
[INFO] [stdout]    --> src/bitmap/test.rs:560:34
[INFO] [stdout]     |
[INFO] [stdout] 560 |                 .legend(|(x, y)| Circle::new((x, y), 3, RED.filled()));
[INFO] [stdout]     |                                  ^^^^^^ use of undeclared type `Circle`
[INFO] [stdout] 
[INFO] [stdout] 
[INFO] [stdout] error[E0433]: failed to resolve: use of undeclared type `Circle`
[INFO] [stdout]    --> src/bitmap/test.rs:563:46
[INFO] [stdout]     |
[INFO] [stdout] 563 |                 .draw_series(std::iter::once(Circle::new((5, 15), 10, &BLUE)))
[INFO] [stdout]     |                                              ^^^^^^ use of undeclared type `Circle`
[INFO] [stdout] 
[INFO] [stdout] 
[INFO] [stdout] error[E0433]: failed to resolve: use of undeclared type `Circle`
[INFO] [stdout]    --> src/bitmap/test.rs:566:34
[INFO] [stdout]     |
[INFO] [stdout] 566 |                 .legend(|(x, y)| Circle::new((x, y), 3, BLUE.filled()));
[INFO] [stdout]     |                                  ^^^^^^ use of undeclared type `Circle`
[INFO] [stdout] 
[INFO] [stdout] 
[INFO] [stdout] error[E0433]: failed to resolve: use of undeclared type `SeriesLabelPosition`
[INFO] [stdout]    --> src/bitmap/test.rs:569:17
[INFO] [stdout]     |
[INFO] [stdout] 569 |                 SeriesLabelPosition::UpperLeft,
[INFO] [stdout]     |                 ^^^^^^^^^^^^^^^^^^^ use of undeclared type `SeriesLabelPosition`
[INFO] [stdout] 
[INFO] [stdout] 
[INFO] [stdout] error[E0433]: failed to resolve: use of undeclared type `SeriesLabelPosition`
[INFO] [stdout]    --> src/bitmap/test.rs:570:17
[INFO] [stdout]     |
[INFO] [stdout] 570 |                 SeriesLabelPosition::MiddleLeft,
[INFO] [stdout]     |                 ^^^^^^^^^^^^^^^^^^^ use of undeclared type `SeriesLabelPosition`
[INFO] [stdout] 
[INFO] [stdout] 
[INFO] [stdout] error[E0433]: failed to resolve: use of undeclared type `SeriesLabelPosition`
[INFO] [stdout]    --> src/bitmap/test.rs:571:17
[INFO] [stdout]     |
[INFO] [stdout] 571 |                 SeriesLabelPosition::LowerLeft,
[INFO] [stdout]     |                 ^^^^^^^^^^^^^^^^^^^ use of undeclared type `SeriesLabelPosition`
[INFO] [stdout] 
[INFO] [stdout] 
[INFO] [stdout] error[E0433]: failed to resolve: use of undeclared type `SeriesLabelPosition`
[INFO] [stdout]    --> src/bitmap/test.rs:572:17
[INFO] [stdout]     |
[INFO] [stdout] 572 |                 SeriesLabelPosition::UpperMiddle,
[INFO] [stdout]     |                 ^^^^^^^^^^^^^^^^^^^ use of undeclared type `SeriesLabelPosition`
[INFO] [stdout] 
[INFO] [stdout] 
[INFO] [stdout] error[E0433]: failed to resolve: use of undeclared type `SeriesLabelPosition`
[INFO] [stdout]    --> src/bitmap/test.rs:573:17
[INFO] [stdout]     |
[INFO] [stdout] 573 |                 SeriesLabelPosition::MiddleMiddle,
[INFO] [stdout]     |                 ^^^^^^^^^^^^^^^^^^^ use of undeclared type `SeriesLabelPosition`
[INFO] [stdout] 
[INFO] [stdout] 
[INFO] [stdout] error[E0433]: failed to resolve: use of undeclared type `SeriesLabelPosition`
[INFO] [stdout]    --> src/bitmap/test.rs:574:17
[INFO] [stdout]     |
[INFO] [stdout] 574 |                 SeriesLabelPosition::LowerMiddle,
[INFO] [stdout]     |                 ^^^^^^^^^^^^^^^^^^^ use of undeclared type `SeriesLabelPosition`
[INFO] [stdout] 
[INFO] [stdout] 
[INFO] [stdout] error[E0433]: failed to resolve: use of undeclared type `SeriesLabelPosition`
[INFO] [stdout]    --> src/bitmap/test.rs:575:17
[INFO] [stdout]     |
[INFO] [stdout] 575 |                 SeriesLabelPosition::UpperRight,
[INFO] [stdout]     |                 ^^^^^^^^^^^^^^^^^^^ use of undeclared type `SeriesLabelPosition`
[INFO] [stdout] 
[INFO] [stdout] 
[INFO] [stdout] error[E0433]: failed to resolve: use of undeclared type `SeriesLabelPosition`
[INFO] [stdout]    --> src/bitmap/test.rs:576:17
[INFO] [stdout]     |
[INFO] [stdout] 576 |                 SeriesLabelPosition::MiddleRight,
[INFO] [stdout]     |                 ^^^^^^^^^^^^^^^^^^^ use of undeclared type `SeriesLabelPosition`
[INFO] [stdout] 
[INFO] [stdout] 
[INFO] [stdout] error[E0433]: failed to resolve: use of undeclared type `SeriesLabelPosition`
[INFO] [stdout]    --> src/bitmap/test.rs:577:17
[INFO] [stdout]     |
[INFO] [stdout] 577 |                 SeriesLabelPosition::LowerRight,
[INFO] [stdout]     |                 ^^^^^^^^^^^^^^^^^^^ use of undeclared type `SeriesLabelPosition`
[INFO] [stdout] 
[INFO] [stdout] 
[INFO] [stdout] error[E0433]: failed to resolve: use of undeclared type `SeriesLabelPosition`
[INFO] [stdout]    --> src/bitmap/test.rs:578:17
[INFO] [stdout]     |
[INFO] [stdout] 578 |                 SeriesLabelPosition::Coordinate(70, 70),
[INFO] [stdout]     |                 ^^^^^^^^^^^^^^^^^^^ use of undeclared type `SeriesLabelPosition`
[INFO] [stdout] 
[INFO] [stdout] 
[INFO] [stdout] error[E0599]: no method named `into_drawing_area` found for struct `bitmap::BitMapBackend` in the current scope
[INFO] [stdout]    --> src/bitmap/test.rs:599:18
[INFO] [stdout]     |
[INFO] [stdout] 598 |               let root = BitMapBackend::with_buffer(&mut buffer, (width as u32, height as u32))
[INFO] [stdout]     |  ________________________-
[INFO] [stdout] 599 | |                 .into_drawing_area();
[INFO] [stdout]     | |                 -^^^^^^^^^^^^^^^^^ method not found in `BitMapBackend<'_>`
[INFO] [stdout]     | |_________________|
[INFO] [stdout]     | 
[INFO] [stdout]     |
[INFO] [stdout]    ::: src/bitmap.rs:33:1
[INFO] [stdout]     |
[INFO] [stdout] 33  |   pub struct BitMapBackend<'a, P: PixelFormat = RGBPixel> {
[INFO] [stdout]     |   ------------------------------------------------------- method `into_drawing_area` not found for this struct
[INFO] [stdout]     |
[INFO] [stdout]    ::: /opt/rustwide/cargo-home/registry/src/index.crates.io-6f17d22bba15001f/plotters-0.3.5/src/drawing/area.rs:180:8
[INFO] [stdout]     |
[INFO] [stdout] 180 |       fn into_drawing_area(self) -> DrawingArea<Self, Shift>;
[INFO] [stdout]     |          ----------------- the method is available for `bitmap::BitMapBackend<'_>` here
[INFO] [stdout]     |
[INFO] [stdout]     = help: items from traits can only be used if the trait is in scope
[INFO] [stdout] help: the following trait is implemented but not in scope; perhaps add a `use` for it:
[INFO] [stdout]     |
[INFO] [stdout] 393 +     use plotters::drawing::IntoDrawingArea;
[INFO] [stdout]     |
[INFO] [stdout] 
[INFO] [stdout] 
[INFO] [stdout] error: aborting due to 84 previous errors
[INFO] [stdout] 
[INFO] [stdout] 
[INFO] [stdout] Some errors have detailed explanations: E0425, E0432, E0433, E0599.
[INFO] [stdout] 
[INFO] [stdout] For more information about an error, try `rustc --explain E0425`.
[INFO] [stdout] 
[INFO] [stderr] error: could not compile `plotters-bitmap` (lib test) due to 85 previous errors
[INFO] running `Command { std: "docker" "inspect" "10067cc6720cade5b9854157ba6fe58dfc75830fc5f53b7cba37db44ff9b0767", kill_on_drop: false }`
[INFO] running `Command { std: "docker" "rm" "-f" "10067cc6720cade5b9854157ba6fe58dfc75830fc5f53b7cba37db44ff9b0767", kill_on_drop: false }`
[INFO] [stdout] 10067cc6720cade5b9854157ba6fe58dfc75830fc5f53b7cba37db44ff9b0767
