[INFO] fetching crate pinenut-log 0.0.1...
[INFO] testing pinenut-log-0.0.1 against 1.75.0 for beta-1.76-1
[INFO] extracting crate pinenut-log 0.0.1 into /workspace/builds/worker-1-tc1/source
[INFO] validating manifest of crates.io crate pinenut-log 0.0.1 on toolchain 1.75.0
[INFO] running `Command { std: CARGO_HOME="/workspace/cargo-home" RUSTUP_HOME="/workspace/rustup-home" "/workspace/cargo-home/bin/cargo" "+1.75.0" "metadata" "--manifest-path" "Cargo.toml" "--no-deps", kill_on_drop: false }`
[INFO] started tweaking crates.io crate pinenut-log 0.0.1
[INFO] finished tweaking crates.io crate pinenut-log 0.0.1
[INFO] tweaked toml for crates.io crate pinenut-log 0.0.1 written to /workspace/builds/worker-1-tc1/source/Cargo.toml
[INFO] running `Command { std: CARGO_HOME="/workspace/cargo-home" RUSTUP_HOME="/workspace/rustup-home" "/workspace/cargo-home/bin/cargo" "+1.75.0" "generate-lockfile" "--manifest-path" "Cargo.toml", kill_on_drop: false }`
[INFO] [stderr]     Updating crates.io index
[INFO] running `Command { std: CARGO_HOME="/workspace/cargo-home" RUSTUP_HOME="/workspace/rustup-home" "/workspace/cargo-home/bin/cargo" "+1.75.0" "fetch" "--manifest-path" "Cargo.toml", kill_on_drop: false }`
[INFO] [stderr]  Downloading crates ...
[INFO] [stderr]   Downloaded pinenut-derive v0.0.1
[INFO] running `Command { std: "docker" "create" "-v" "/var/lib/crater-agent-workspace/builds/worker-1-tc1/target:/opt/rustwide/target:rw,Z" "-v" "/var/lib/crater-agent-workspace/builds/worker-1-tc1/source:/opt/rustwide/workdir:ro,Z" "-v" "/var/lib/crater-agent-workspace/cargo-home:/opt/rustwide/cargo-home:ro,Z" "-v" "/var/lib/crater-agent-workspace/rustup-home:/opt/rustwide/rustup-home:ro,Z" "-e" "SOURCE_DIR=/opt/rustwide/workdir" "-e" "CARGO_TARGET_DIR=/opt/rustwide/target" "-e" "CARGO_HOME=/opt/rustwide/cargo-home" "-e" "RUSTUP_HOME=/opt/rustwide/rustup-home" "-w" "/opt/rustwide/workdir" "-m" "1610612736" "--user" "0:0" "--network" "none" "ghcr.io/rust-lang/crates-build-env/linux@sha256:2788e3201cd34a07e3172128adcd8b3090168a8e3bcc40d7c032b9dda1df7d1c" "/opt/rustwide/cargo-home/bin/cargo" "+1.75.0" "metadata" "--no-deps" "--format-version=1", kill_on_drop: false }`
[INFO] [stdout] 3973b5235d6f09c7f327b18d067f280760a39a747699a7a1399c5aa7f952db9c
[INFO] running `Command { std: "docker" "start" "-a" "3973b5235d6f09c7f327b18d067f280760a39a747699a7a1399c5aa7f952db9c", kill_on_drop: false }`
[INFO] running `Command { std: "docker" "inspect" "3973b5235d6f09c7f327b18d067f280760a39a747699a7a1399c5aa7f952db9c", kill_on_drop: false }`
[INFO] running `Command { std: "docker" "rm" "-f" "3973b5235d6f09c7f327b18d067f280760a39a747699a7a1399c5aa7f952db9c", kill_on_drop: false }`
[INFO] [stdout] 3973b5235d6f09c7f327b18d067f280760a39a747699a7a1399c5aa7f952db9c
[INFO] running `Command { std: "docker" "create" "-v" "/var/lib/crater-agent-workspace/builds/worker-1-tc1/target:/opt/rustwide/target:rw,Z" "-v" "/var/lib/crater-agent-workspace/builds/worker-1-tc1/source:/opt/rustwide/workdir:ro,Z" "-v" "/var/lib/crater-agent-workspace/cargo-home:/opt/rustwide/cargo-home:ro,Z" "-v" "/var/lib/crater-agent-workspace/rustup-home:/opt/rustwide/rustup-home:ro,Z" "-e" "SOURCE_DIR=/opt/rustwide/workdir" "-e" "CARGO_TARGET_DIR=/opt/rustwide/target" "-e" "CARGO_INCREMENTAL=0" "-e" "RUST_BACKTRACE=full" "-e" "RUSTFLAGS=--cap-lints=warn" "-e" "RUSTDOCFLAGS=--cap-lints=warn" "-e" "CARGO_HOME=/opt/rustwide/cargo-home" "-e" "RUSTUP_HOME=/opt/rustwide/rustup-home" "-w" "/opt/rustwide/workdir" "-m" "1610612736" "--user" "0:0" "--network" "none" "ghcr.io/rust-lang/crates-build-env/linux@sha256:2788e3201cd34a07e3172128adcd8b3090168a8e3bcc40d7c032b9dda1df7d1c" "/opt/rustwide/cargo-home/bin/cargo" "+1.75.0" "build" "--frozen" "--message-format=json", kill_on_drop: false }`
[INFO] [stdout] 7f9140c149eb41b3923ca042b4a586e816b1c869e426dc65f16a2675a88acaf2
[INFO] running `Command { std: "docker" "start" "-a" "7f9140c149eb41b3923ca042b4a586e816b1c869e426dc65f16a2675a88acaf2", kill_on_drop: false }`
[INFO] [stderr]    Compiling zeroize v1.7.0
[INFO] [stderr]    Compiling subtle v2.5.0
[INFO] [stderr]    Compiling zstd-safe v7.0.0
[INFO] [stderr]    Compiling base64 v0.21.5
[INFO] [stderr]    Compiling getrandom v0.2.11
[INFO] [stderr]    Compiling jobserver v0.1.27
[INFO] [stderr]    Compiling syn v2.0.48
[INFO] [stderr]    Compiling chrono v0.4.31
[INFO] [stderr]    Compiling generic-array v0.14.7
[INFO] [stderr]    Compiling der v0.7.8
[INFO] [stderr]    Compiling rand_core v0.6.4
[INFO] [stderr]    Compiling cc v1.0.83
[INFO] [stderr]    Compiling ff v0.13.0
[INFO] [stderr]    Compiling group v0.13.0
[INFO] [stderr]    Compiling crypto-common v0.1.6
[INFO] [stderr]    Compiling block-buffer v0.10.4
[INFO] [stderr]    Compiling crypto-bigint v0.5.5
[INFO] [stderr]    Compiling block-padding v0.3.3
[INFO] [stderr]    Compiling inout v0.1.3
[INFO] [stderr]    Compiling digest v0.10.7
[INFO] [stderr]    Compiling cipher v0.4.4
[INFO] [stderr]    Compiling zstd-sys v2.0.9+zstd.1.5.5
[INFO] [stderr]    Compiling hmac v0.12.1
[INFO] [stderr]    Compiling hkdf v0.12.4
[INFO] [stderr]    Compiling aes v0.8.3
[INFO] [stderr]    Compiling sec1 v0.7.3
[INFO] [stderr]    Compiling thiserror-impl v1.0.56
[INFO] [stderr]    Compiling pinenut-derive v0.0.1
[INFO] [stderr]    Compiling elliptic-curve v0.13.8
[INFO] [stderr]    Compiling thiserror v1.0.56
[INFO] [stderr]    Compiling primeorder v0.13.6
[INFO] [stderr]    Compiling p256 v0.13.2
[INFO] [stderr]    Compiling pinenut-log v0.0.1 (/opt/rustwide/workdir)
[INFO] [stdout] error[E0554]: `#![feature]` may not be used on the stable release channel
[INFO] [stdout]    --> src/lib.rs:145:1
[INFO] [stdout]     |
[INFO] [stdout] 145 | #![feature(trait_alias)]
[INFO] [stdout]     | ^^^^^^^^^^^^^^^^^^^^^^^^
[INFO] [stdout] 
[INFO] [stdout] 
[INFO] [stdout] error[E0554]: `#![feature]` may not be used on the stable release channel
[INFO] [stdout]    --> src/lib.rs:146:1
[INFO] [stdout]     |
[INFO] [stdout] 146 | #![feature(let_chains)]
[INFO] [stdout]     | ^^^^^^^^^^^^^^^^^^^^^^^
[INFO] [stdout] 
[INFO] [stdout] 
[INFO] [stdout] error[E0554]: `#![feature]` may not be used on the stable release channel
[INFO] [stdout]    --> src/lib.rs:147:1
[INFO] [stdout]     |
[INFO] [stdout] 147 | #![feature(option_take_if)]
[INFO] [stdout]     | ^^^^^^^^^^^^^^^^^^^^^^^^^^^
[INFO] [stdout] 
[INFO] [stdout] 
[INFO] [stdout] error[E0554]: `#![feature]` may not be used on the stable release channel
[INFO] [stdout]    --> src/lib.rs:148:1
[INFO] [stdout]     |
[INFO] [stdout] 148 | #![feature(result_option_inspect)]
[INFO] [stdout]     | ^^^^^^^^^^^^^^^^^^^^^^^^^^^^^^^^^^
[INFO] [stdout] 
[INFO] [stdout] 
[INFO] [stdout] error[E0554]: `#![feature]` may not be used on the stable release channel
[INFO] [stdout]    --> src/lib.rs:147:12
[INFO] [stdout]     |
[INFO] [stdout] 147 | #![feature(option_take_if)]
[INFO] [stdout]     |            ^^^^^^^^^^^^^^
[INFO] [stdout] 
[INFO] [stdout] 
[INFO] [stdout] error[E0554]: `#![feature]` may not be used on the stable release channel
[INFO] [stdout]    --> src/lib.rs:148:12
[INFO] [stdout]     |
[INFO] [stdout] 148 | #![feature(result_option_inspect)]
[INFO] [stdout]     |            ^^^^^^^^^^^^^^^^^^^^^
[INFO] [stdout] 
[INFO] [stdout] 
[INFO] [stdout] error: aborting due to 6 previous errors
[INFO] [stdout] 
[INFO] [stdout] 
[INFO] [stdout] For more information about this error, try `rustc --explain E0554`.
[INFO] [stdout] 
[INFO] [stderr] error: could not compile `pinenut-log` (lib) due to 7 previous errors
[INFO] running `Command { std: "docker" "inspect" "7f9140c149eb41b3923ca042b4a586e816b1c869e426dc65f16a2675a88acaf2", kill_on_drop: false }`
[INFO] running `Command { std: "docker" "rm" "-f" "7f9140c149eb41b3923ca042b4a586e816b1c869e426dc65f16a2675a88acaf2", kill_on_drop: false }`
[INFO] [stdout] 7f9140c149eb41b3923ca042b4a586e816b1c869e426dc65f16a2675a88acaf2
[INFO] testing pinenut-log-0.0.1 against beta-2023-12-22 for beta-1.76-1
[INFO] extracting crate pinenut-log 0.0.1 into /workspace/builds/worker-1-tc2/source
[INFO] validating manifest of crates.io crate pinenut-log 0.0.1 on toolchain beta-2023-12-22
[INFO] running `Command { std: CARGO_HOME="/workspace/cargo-home" RUSTUP_HOME="/workspace/rustup-home" "/workspace/cargo-home/bin/cargo" "+beta-2023-12-22" "metadata" "--manifest-path" "Cargo.toml" "--no-deps", kill_on_drop: false }`
[INFO] started tweaking crates.io crate pinenut-log 0.0.1
[INFO] finished tweaking crates.io crate pinenut-log 0.0.1
[INFO] tweaked toml for crates.io crate pinenut-log 0.0.1 written to /workspace/builds/worker-1-tc2/source/Cargo.toml
[INFO] running `Command { std: CARGO_HOME="/workspace/cargo-home" RUSTUP_HOME="/workspace/rustup-home" "/workspace/cargo-home/bin/cargo" "+beta-2023-12-22" "generate-lockfile" "--manifest-path" "Cargo.toml", kill_on_drop: false }`
[INFO] [stderr]     Updating crates.io index
[INFO] running `Command { std: CARGO_HOME="/workspace/cargo-home" RUSTUP_HOME="/workspace/rustup-home" "/workspace/cargo-home/bin/cargo" "+beta-2023-12-22" "fetch" "--manifest-path" "Cargo.toml", kill_on_drop: false }`
[INFO] running `Command { std: "docker" "create" "-v" "/var/lib/crater-agent-workspace/builds/worker-1-tc2/target:/opt/rustwide/target:rw,Z" "-v" "/var/lib/crater-agent-workspace/builds/worker-1-tc2/source:/opt/rustwide/workdir:ro,Z" "-v" "/var/lib/crater-agent-workspace/cargo-home:/opt/rustwide/cargo-home:ro,Z" "-v" "/var/lib/crater-agent-workspace/rustup-home:/opt/rustwide/rustup-home:ro,Z" "-e" "SOURCE_DIR=/opt/rustwide/workdir" "-e" "CARGO_TARGET_DIR=/opt/rustwide/target" "-e" "CARGO_HOME=/opt/rustwide/cargo-home" "-e" "RUSTUP_HOME=/opt/rustwide/rustup-home" "-w" "/opt/rustwide/workdir" "-m" "1610612736" "--user" "0:0" "--network" "none" "ghcr.io/rust-lang/crates-build-env/linux@sha256:2788e3201cd34a07e3172128adcd8b3090168a8e3bcc40d7c032b9dda1df7d1c" "/opt/rustwide/cargo-home/bin/cargo" "+beta-2023-12-22" "metadata" "--no-deps" "--format-version=1", kill_on_drop: false }`
[INFO] [stdout] 35c0e70d5f8dd5f4591d51544694989e57c9e9802b51bf958fd35ead5a92cfe2
[INFO] running `Command { std: "docker" "start" "-a" "35c0e70d5f8dd5f4591d51544694989e57c9e9802b51bf958fd35ead5a92cfe2", kill_on_drop: false }`
[INFO] running `Command { std: "docker" "inspect" "35c0e70d5f8dd5f4591d51544694989e57c9e9802b51bf958fd35ead5a92cfe2", kill_on_drop: false }`
[INFO] running `Command { std: "docker" "rm" "-f" "35c0e70d5f8dd5f4591d51544694989e57c9e9802b51bf958fd35ead5a92cfe2", kill_on_drop: false }`
[INFO] [stdout] 35c0e70d5f8dd5f4591d51544694989e57c9e9802b51bf958fd35ead5a92cfe2
[INFO] running `Command { std: "docker" "create" "-v" "/var/lib/crater-agent-workspace/builds/worker-1-tc2/target:/opt/rustwide/target:rw,Z" "-v" "/var/lib/crater-agent-workspace/builds/worker-1-tc2/source:/opt/rustwide/workdir:ro,Z" "-v" "/var/lib/crater-agent-workspace/cargo-home:/opt/rustwide/cargo-home:ro,Z" "-v" "/var/lib/crater-agent-workspace/rustup-home:/opt/rustwide/rustup-home:ro,Z" "-e" "SOURCE_DIR=/opt/rustwide/workdir" "-e" "CARGO_TARGET_DIR=/opt/rustwide/target" "-e" "CARGO_INCREMENTAL=0" "-e" "RUST_BACKTRACE=full" "-e" "RUSTFLAGS=--cap-lints=warn" "-e" "RUSTDOCFLAGS=--cap-lints=warn" "-e" "CARGO_HOME=/opt/rustwide/cargo-home" "-e" "RUSTUP_HOME=/opt/rustwide/rustup-home" "-w" "/opt/rustwide/workdir" "-m" "1610612736" "--user" "0:0" "--network" "none" "ghcr.io/rust-lang/crates-build-env/linux@sha256:2788e3201cd34a07e3172128adcd8b3090168a8e3bcc40d7c032b9dda1df7d1c" "/opt/rustwide/cargo-home/bin/cargo" "+beta-2023-12-22" "build" "--frozen" "--message-format=json", kill_on_drop: false }`
[INFO] [stdout] dfe3dc4628ec2c5cb1fe47eab7705d5fdbc4c87f1cd5d7c449ec850340ce8214
[INFO] running `Command { std: "docker" "start" "-a" "dfe3dc4628ec2c5cb1fe47eab7705d5fdbc4c87f1cd5d7c449ec850340ce8214", kill_on_drop: false }`
[INFO] [stderr]    Compiling zeroize v1.7.0
[INFO] [stderr]    Compiling subtle v2.5.0
[INFO] [stderr]    Compiling zstd-safe v7.0.0
[INFO] [stderr]    Compiling base64 v0.21.5
[INFO] [stderr]    Compiling getrandom v0.2.11
[INFO] [stderr]    Compiling jobserver v0.1.27
[INFO] [stderr]    Compiling syn v2.0.48
[INFO] [stderr]    Compiling chrono v0.4.31
[INFO] [stderr]    Compiling generic-array v0.14.7
[INFO] [stderr]    Compiling der v0.7.8
[INFO] [stderr]    Compiling rand_core v0.6.4
[INFO] [stderr]    Compiling cc v1.0.83
[INFO] [stderr]    Compiling ff v0.13.0
[INFO] [stderr]    Compiling group v0.13.0
[INFO] [stderr]    Compiling crypto-common v0.1.6
[INFO] [stderr]    Compiling block-buffer v0.10.4
[INFO] [stderr]    Compiling block-padding v0.3.3
[INFO] [stderr]    Compiling crypto-bigint v0.5.5
[INFO] [stderr]    Compiling inout v0.1.3
[INFO] [stderr]    Compiling digest v0.10.7
[INFO] [stderr]    Compiling cipher v0.4.4
[INFO] [stderr]    Compiling hmac v0.12.1
[INFO] [stderr]    Compiling hkdf v0.12.4
[INFO] [stderr]    Compiling aes v0.8.3
[INFO] [stderr]    Compiling zstd-sys v2.0.9+zstd.1.5.5
[INFO] [stderr]    Compiling sec1 v0.7.3
[INFO] [stderr]    Compiling thiserror-impl v1.0.56
[INFO] [stderr]    Compiling pinenut-derive v0.0.1
[INFO] [stderr]    Compiling elliptic-curve v0.13.8
[INFO] [stderr]    Compiling primeorder v0.13.6
[INFO] [stderr]    Compiling p256 v0.13.2
[INFO] [stderr]    Compiling thiserror v1.0.56
[INFO] [stderr]    Compiling pinenut-log v0.0.1 (/opt/rustwide/workdir)
[INFO] [stdout] error[E0554]: `#![feature]` may not be used on the beta release channel
[INFO] [stdout]    --> src/lib.rs:145:1
[INFO] [stdout]     |
[INFO] [stdout] 145 | #![feature(trait_alias)]
[INFO] [stdout]     | ^^^^^^^^^^^^^^^^^^^^^^^^
[INFO] [stdout] 
[INFO] [stdout] 
[INFO] [stdout] error[E0554]: `#![feature]` may not be used on the beta release channel
[INFO] [stdout]    --> src/lib.rs:146:1
[INFO] [stdout]     |
[INFO] [stdout] 146 | #![feature(let_chains)]
[INFO] [stdout]     | ^^^^^^^^^^^^^^^^^^^^^^^
[INFO] [stdout] 
[INFO] [stdout] 
[INFO] [stdout] error[E0554]: `#![feature]` may not be used on the beta release channel
[INFO] [stdout]    --> src/lib.rs:147:1
[INFO] [stdout]     |
[INFO] [stdout] 147 | #![feature(option_take_if)]
[INFO] [stdout]     | ^^^^^^^^^^^^^^^^^^^^^^^^^^^
[INFO] [stdout] 
[INFO] [stdout] 
[INFO] [stdout] error[E0554]: `#![feature]` may not be used on the beta release channel
[INFO] [stdout]    --> src/lib.rs:148:1
[INFO] [stdout]     |
[INFO] [stdout] 148 | #![feature(result_option_inspect)]
[INFO] [stdout]     | ^^^^^^^^^^^^^^^^^^^^^^^^^^^^^^^^^^
[INFO] [stdout] 
[INFO] [stdout] 
[INFO] [stdout] error[E0554]: `#![feature]` may not be used on the beta release channel
[INFO] [stdout]    --> src/lib.rs:147:12
[INFO] [stdout]     |
[INFO] [stdout] 147 | #![feature(option_take_if)]
[INFO] [stdout]     |            ^^^^^^^^^^^^^^
[INFO] [stdout] 
[INFO] [stdout] 
[INFO] [stdout] error[E0554]: `#![feature]` may not be used on the beta release channel
[INFO] [stdout]    --> src/lib.rs:148:12
[INFO] [stdout]     |
[INFO] [stdout] 148 | #![feature(result_option_inspect)]
[INFO] [stdout]     |            ^^^^^^^^^^^^^^^^^^^^^
[INFO] [stdout] 
[INFO] [stdout] 
[INFO] [stdout] warning: the feature `result_option_inspect` has been stable since 1.76.0 and no longer requires an attribute to enable
[INFO] [stdout]    --> src/lib.rs:148:12
[INFO] [stdout]     |
[INFO] [stdout] 148 | #![feature(result_option_inspect)]
[INFO] [stdout]     |            ^^^^^^^^^^^^^^^^^^^^^
[INFO] [stdout]     |
[INFO] [stdout]     = note: `#[warn(stable_features)]` on by default
[INFO] [stdout] 
[INFO] [stdout] 
[INFO] [stdout] error: aborting due to 6 previous errors; 1 warning emitted
[INFO] [stdout] 
[INFO] [stdout] 
[INFO] [stdout] For more information about this error, try `rustc --explain E0554`.
[INFO] [stdout] 
[INFO] [stderr] error: could not compile `pinenut-log` (lib) due to 7 previous errors; 1 warning emitted
[INFO] running `Command { std: "docker" "inspect" "dfe3dc4628ec2c5cb1fe47eab7705d5fdbc4c87f1cd5d7c449ec850340ce8214", kill_on_drop: false }`
[INFO] running `Command { std: "docker" "rm" "-f" "dfe3dc4628ec2c5cb1fe47eab7705d5fdbc4c87f1cd5d7c449ec850340ce8214", kill_on_drop: false }`
[INFO] [stdout] dfe3dc4628ec2c5cb1fe47eab7705d5fdbc4c87f1cd5d7c449ec850340ce8214
