[INFO] fetching crate pic32-hal 0.10.1...
[INFO] testing pic32-hal-0.10.1 against 1.75.0 for beta-1.76-1
[INFO] extracting crate pic32-hal 0.10.1 into /workspace/builds/worker-4-tc1/source
[INFO] validating manifest of crates.io crate pic32-hal 0.10.1 on toolchain 1.75.0
[INFO] running `Command { std: CARGO_HOME="/workspace/cargo-home" RUSTUP_HOME="/workspace/rustup-home" "/workspace/cargo-home/bin/cargo" "+1.75.0" "metadata" "--manifest-path" "Cargo.toml" "--no-deps", kill_on_drop: false }`
[INFO] started tweaking crates.io crate pic32-hal 0.10.1
[INFO] finished tweaking crates.io crate pic32-hal 0.10.1
[INFO] tweaked toml for crates.io crate pic32-hal 0.10.1 written to /workspace/builds/worker-4-tc1/source/Cargo.toml
[INFO] running `Command { std: CARGO_HOME="/workspace/cargo-home" RUSTUP_HOME="/workspace/rustup-home" "/workspace/cargo-home/bin/cargo" "+1.75.0" "generate-lockfile" "--manifest-path" "Cargo.toml", kill_on_drop: false }`
[INFO] [stderr]     Updating crates.io index
[INFO] running `Command { std: CARGO_HOME="/workspace/cargo-home" RUSTUP_HOME="/workspace/rustup-home" "/workspace/cargo-home/bin/cargo" "+1.75.0" "fetch" "--manifest-path" "Cargo.toml", kill_on_drop: false }`
[INFO] [stderr]  Downloading crates ...
[INFO] [stderr]   Downloaded mips-rt-macros v0.3.4
[INFO] [stderr]   Downloaded mips-mcu v0.3.1
[INFO] [stderr]   Downloaded mips-rt v0.3.5
[INFO] [stderr]   Downloaded pic32mx470 v0.1.0
[INFO] [stderr]   Downloaded pic32mx2xx v0.7.0
[INFO] running `Command { std: "docker" "create" "-v" "/var/lib/crater-agent-workspace/builds/worker-4-tc1/target:/opt/rustwide/target:rw,Z" "-v" "/var/lib/crater-agent-workspace/builds/worker-4-tc1/source:/opt/rustwide/workdir:ro,Z" "-v" "/var/lib/crater-agent-workspace/cargo-home:/opt/rustwide/cargo-home:ro,Z" "-v" "/var/lib/crater-agent-workspace/rustup-home:/opt/rustwide/rustup-home:ro,Z" "-e" "SOURCE_DIR=/opt/rustwide/workdir" "-e" "CARGO_TARGET_DIR=/opt/rustwide/target" "-e" "CARGO_HOME=/opt/rustwide/cargo-home" "-e" "RUSTUP_HOME=/opt/rustwide/rustup-home" "-w" "/opt/rustwide/workdir" "-m" "1610612736" "--user" "0:0" "--network" "none" "ghcr.io/rust-lang/crates-build-env/linux@sha256:2788e3201cd34a07e3172128adcd8b3090168a8e3bcc40d7c032b9dda1df7d1c" "/opt/rustwide/cargo-home/bin/cargo" "+1.75.0" "metadata" "--no-deps" "--format-version=1", kill_on_drop: false }`
[INFO] [stdout] 0347527a4cbf4583abbb20baa0e62b6248c3d7cc0cdfdd2183d903577118bb65
[INFO] running `Command { std: "docker" "start" "-a" "0347527a4cbf4583abbb20baa0e62b6248c3d7cc0cdfdd2183d903577118bb65", kill_on_drop: false }`
[INFO] running `Command { std: "docker" "inspect" "0347527a4cbf4583abbb20baa0e62b6248c3d7cc0cdfdd2183d903577118bb65", kill_on_drop: false }`
[INFO] running `Command { std: "docker" "rm" "-f" "0347527a4cbf4583abbb20baa0e62b6248c3d7cc0cdfdd2183d903577118bb65", kill_on_drop: false }`
[INFO] [stdout] 0347527a4cbf4583abbb20baa0e62b6248c3d7cc0cdfdd2183d903577118bb65
[INFO] running `Command { std: "docker" "create" "-v" "/var/lib/crater-agent-workspace/builds/worker-4-tc1/target:/opt/rustwide/target:rw,Z" "-v" "/var/lib/crater-agent-workspace/builds/worker-4-tc1/source:/opt/rustwide/workdir:ro,Z" "-v" "/var/lib/crater-agent-workspace/cargo-home:/opt/rustwide/cargo-home:ro,Z" "-v" "/var/lib/crater-agent-workspace/rustup-home:/opt/rustwide/rustup-home:ro,Z" "-e" "SOURCE_DIR=/opt/rustwide/workdir" "-e" "CARGO_TARGET_DIR=/opt/rustwide/target" "-e" "CARGO_INCREMENTAL=0" "-e" "RUST_BACKTRACE=full" "-e" "RUSTFLAGS=--cap-lints=warn" "-e" "RUSTDOCFLAGS=--cap-lints=warn" "-e" "CARGO_HOME=/opt/rustwide/cargo-home" "-e" "RUSTUP_HOME=/opt/rustwide/rustup-home" "-w" "/opt/rustwide/workdir" "-m" "1610612736" "--user" "0:0" "--network" "none" "ghcr.io/rust-lang/crates-build-env/linux@sha256:2788e3201cd34a07e3172128adcd8b3090168a8e3bcc40d7c032b9dda1df7d1c" "/opt/rustwide/cargo-home/bin/cargo" "+1.75.0" "build" "--frozen" "--message-format=json", kill_on_drop: false }`
[INFO] [stdout] c9174471ef73cb4923cbca692205a8ee49be20f2fedfedc203f3cfb7ca6c11b8
[INFO] running `Command { std: "docker" "start" "-a" "c9174471ef73cb4923cbca692205a8ee49be20f2fedfedc203f3cfb7ca6c11b8", kill_on_drop: false }`
[INFO] [stderr]    Compiling nb v1.1.0
[INFO] [stderr]    Compiling mips-rt v0.3.5
[INFO] [stderr]    Compiling mips-mcu v0.3.1
[INFO] [stderr]    Compiling void v1.0.2
[INFO] [stderr]    Compiling critical-section v1.1.2
[INFO] [stderr]    Compiling syn v2.0.48
[INFO] [stderr]    Compiling nb v0.1.3
[INFO] [stderr]    Compiling embedded-hal v0.2.7
[INFO] [stderr]    Compiling enumflags2_derive v0.7.8
[INFO] [stderr]    Compiling mips-rt-macros v0.3.4
[INFO] [stderr]    Compiling enumflags2 v0.7.8
[INFO] [stderr]    Compiling pic32-hal v0.10.1 (/opt/rustwide/workdir)
[INFO] [stdout] error: This crate requires one device feature to be enabled
[INFO] [stdout]   --> src/lib.rs:18:1
[INFO] [stdout]    |
[INFO] [stdout] 18 | compile_error!("This crate requires one device feature to be enabled");
[INFO] [stdout]    | ^^^^^^^^^^^^^^^^^^^^^^^^^^^^^^^^^^^^^^^^^^^^^^^^^^^^^^^^^^^^^^^^^^^^^^
[INFO] [stdout] 
[INFO] [stdout] 
[INFO] [stdout] error[E0432]: unresolved import `crate::pac`
[INFO] [stdout]  --> src/adc.rs:3:12
[INFO] [stdout]   |
[INFO] [stdout] 3 | use crate::pac::ADC;
[INFO] [stdout]   |            ^^^ could not find `pac` in the crate root
[INFO] [stdout] 
[INFO] [stdout] 
[INFO] [stdout] error[E0432]: unresolved import `crate::pac`
[INFO] [stdout]  --> src/coretimer.rs:7:12
[INFO] [stdout]   |
[INFO] [stdout] 7 | use crate::pac::INT; // interrupt controller
[INFO] [stdout]   |            ^^^ could not find `pac` in the crate root
[INFO] [stdout] 
[INFO] [stdout] 
[INFO] [stdout] error[E0432]: unresolved import `crate::pac`
[INFO] [stdout]  --> src/dma.rs:4:12
[INFO] [stdout]   |
[INFO] [stdout] 4 | use crate::pac::{DMAC, DMAC0, DMAC1, DMAC2, DMAC3};
[INFO] [stdout]   |            ^^^ could not find `pac` in the crate root
[INFO] [stdout] 
[INFO] [stdout] 
[INFO] [stdout] error[E0432]: unresolved import `crate::pac`
[INFO] [stdout]  --> src/i2c.rs:3:12
[INFO] [stdout]   |
[INFO] [stdout] 3 | use crate::pac::{I2C1, I2C2};
[INFO] [stdout]   |            ^^^ could not find `pac` in the crate root
[INFO] [stdout] 
[INFO] [stdout] 
[INFO] [stdout] error[E0432]: unresolved import `crate::pac`
[INFO] [stdout]  --> src/int.rs:5:12
[INFO] [stdout]   |
[INFO] [stdout] 5 | use crate::pac::INT;
[INFO] [stdout]   |            ^^^ could not find `pac` in the crate root
[INFO] [stdout] 
[INFO] [stdout] 
[INFO] [stdout] error[E0433]: failed to resolve: could not find `pac` in the crate root
[INFO] [stdout]   --> src/int.rs:14:16
[INFO] [stdout]    |
[INFO] [stdout] 14 | pub use crate::pac::interrupt::InterruptSource;
[INFO] [stdout]    |                ^^^ could not find `pac` in the crate root
[INFO] [stdout] 
[INFO] [stdout] 
[INFO] [stdout] error[E0433]: failed to resolve: could not find `pac` in the crate root
[INFO] [stdout]   --> src/int.rs:19:16
[INFO] [stdout]    |
[INFO] [stdout] 19 | pub use crate::pac::interrupt::Interrupt;
[INFO] [stdout]    |                ^^^ could not find `pac` in the crate root
[INFO] [stdout] 
[INFO] [stdout] 
[INFO] [stdout] error[E0432]: unresolved import `crate::pac_crate`
[INFO] [stdout]  --> src/int.rs:6:12
[INFO] [stdout]   |
[INFO] [stdout] 6 | use crate::pac_crate::{Reg, RegisterSpec};
[INFO] [stdout]   |            ^^^^^^^^^ could not find `pac_crate` in the crate root
[INFO] [stdout] 
[INFO] [stdout] 
[INFO] [stdout] error[E0432]: unresolved import `crate::pac`
[INFO] [stdout]  --> src/pps.rs:4:12
[INFO] [stdout]   |
[INFO] [stdout] 4 | use crate::pac::PPS;
[INFO] [stdout]   |            ^^^ could not find `pac` in the crate root
[INFO] [stdout] 
[INFO] [stdout] 
[INFO] [stdout] error[E0432]: unresolved import `crate::pac`
[INFO] [stdout]  --> src/spi.rs:4:12
[INFO] [stdout]   |
[INFO] [stdout] 4 | use crate::pac::{SPI1, SPI2};
[INFO] [stdout]   |            ^^^ could not find `pac` in the crate root
[INFO] [stdout] 
[INFO] [stdout] 
[INFO] [stdout] error[E0432]: unresolved import `crate::clock::Osc`
[INFO] [stdout]   --> src/uart.rs:6:5
[INFO] [stdout]    |
[INFO] [stdout] 6  | use crate::clock::Osc;
[INFO] [stdout]    |     ^^^^^^^^^^^^^^^^^ no `Osc` in `clock`
[INFO] [stdout]    |
[INFO] [stdout] note: found an item that was configured out
[INFO] [stdout]   --> src/clock.rs:33:12
[INFO] [stdout]    |
[INFO] [stdout] 33 | pub struct Osc {
[INFO] [stdout]    |            ^^^
[INFO] [stdout]    = note: the item is gated behind the `pic32mx2x4fxxxb` feature
[INFO] [stdout] note: found an item that was configured out
[INFO] [stdout]   --> src/clock.rs:45:12
[INFO] [stdout]    |
[INFO] [stdout] 45 | pub struct Osc {
[INFO] [stdout]    |            ^^^
[INFO] [stdout] 
[INFO] [stdout] 
[INFO] [stdout] error[E0432]: unresolved import `crate::pac`
[INFO] [stdout]  --> src/uart.rs:7:12
[INFO] [stdout]   |
[INFO] [stdout] 7 | use crate::pac::{UART1, UART2};
[INFO] [stdout]   |            ^^^ could not find `pac` in the crate root
[INFO] [stdout] 
[INFO] [stdout] 
[INFO] [stdout] error[E0432]: unresolved imports `crate::pps::input`, `crate::pps::output`
[INFO] [stdout]  --> src/uart.rs:8:18
[INFO] [stdout]   |
[INFO] [stdout] 8 | use crate::pps::{input, output, IsConnected, MappedPin};
[INFO] [stdout]   |                  ^^^^^  ^^^^^^ no `output` in `pps`
[INFO] [stdout]   |                  |
[INFO] [stdout]   |                  no `input` in `pps`
[INFO] [stdout] 
[INFO] [stdout] 
[INFO] [stdout] error[E0432]: unresolved import `crate::pac`
[INFO] [stdout]  --> src/timer/timer_a.rs:4:12
[INFO] [stdout]   |
[INFO] [stdout] 4 | use crate::pac::TMR1;
[INFO] [stdout]   |            ^^^ could not find `pac` in the crate root
[INFO] [stdout] 
[INFO] [stdout] 
[INFO] [stdout] error[E0432]: unresolved import `crate::pac`
[INFO] [stdout]  --> src/timer/timer_b.rs:4:12
[INFO] [stdout]   |
[INFO] [stdout] 4 | use crate::pac::{TMR2, TMR3, TMR4, TMR5};
[INFO] [stdout]   |            ^^^ could not find `pac` in the crate root
[INFO] [stdout] 
[INFO] [stdout] 
[INFO] [stdout] error[E0432]: unresolved import `crate::pac`
[INFO] [stdout]  --> src/oc.rs:4:12
[INFO] [stdout]   |
[INFO] [stdout] 4 | use crate::pac::{OCMP1, OCMP2, OCMP3, OCMP4, OCMP5};
[INFO] [stdout]   |            ^^^ could not find `pac` in the crate root
[INFO] [stdout] 
[INFO] [stdout] 
[INFO] [stdout] error[E0432]: unresolved import `crate::pac`
[INFO] [stdout]  --> src/oc.rs:5:12
[INFO] [stdout]   |
[INFO] [stdout] 5 | use crate::pac::{TMR2, TMR3};
[INFO] [stdout]   |            ^^^ could not find `pac` in the crate root
[INFO] [stdout] 
[INFO] [stdout] 
[INFO] [stdout] warning: unused import: `crate::time::Hertz`
[INFO] [stdout]  --> src/clock.rs:6:5
[INFO] [stdout]   |
[INFO] [stdout] 6 | use crate::time::Hertz;
[INFO] [stdout]   |     ^^^^^^^^^^^^^^^^^^
[INFO] [stdout]   |
[INFO] [stdout]   = note: `#[warn(unused_imports)]` on by default
[INFO] [stdout] 
[INFO] [stdout] 
[INFO] [stdout] warning: unused import: `crate::time::U32Ext`
[INFO] [stdout]  --> src/clock.rs:7:5
[INFO] [stdout]   |
[INFO] [stdout] 7 | use crate::time::U32Ext;
[INFO] [stdout]   |     ^^^^^^^^^^^^^^^^^^^
[INFO] [stdout] 
[INFO] [stdout] 
[INFO] [stdout] warning: unused import: `core::marker::PhantomData`
[INFO] [stdout]  --> src/clock.rs:8:5
[INFO] [stdout]   |
[INFO] [stdout] 8 | use core::marker::PhantomData;
[INFO] [stdout]   |     ^^^^^^^^^^^^^^^^^^^^^^^^^
[INFO] [stdout] 
[INFO] [stdout] 
[INFO] [stdout] warning: unused macro definition: `port`
[INFO] [stdout]   --> src/gpio.rs:38:14
[INFO] [stdout]    |
[INFO] [stdout] 38 | macro_rules! port {
[INFO] [stdout]    |              ^^^^
[INFO] [stdout]    |
[INFO] [stdout]    = note: `#[warn(unused_macros)]` on by default
[INFO] [stdout] 
[INFO] [stdout] 
[INFO] [stdout] warning: unused import: `crate::gpio`
[INFO] [stdout]  --> src/pps.rs:3:5
[INFO] [stdout]   |
[INFO] [stdout] 3 | use crate::gpio;
[INFO] [stdout]   |     ^^^^^^^^^^^
[INFO] [stdout] 
[INFO] [stdout] 
[INFO] [stdout] warning: unused macro definition: `pps_tables`
[INFO] [stdout]   --> src/pps.rs:75:14
[INFO] [stdout]    |
[INFO] [stdout] 75 | macro_rules! pps_tables {
[INFO] [stdout]    |              ^^^^^^^^^^
[INFO] [stdout] 
[INFO] [stdout] 
[INFO] [stdout] error[E0433]: failed to resolve: use of undeclared crate or module `input`
[INFO] [stdout]   --> src/pps.rs:18:17
[INFO] [stdout]    |
[INFO] [stdout] 18 |     pub inputs: input::Inputs,
[INFO] [stdout]    |                 ^^^^^ use of undeclared crate or module `input`
[INFO] [stdout] 
[INFO] [stdout] 
[INFO] [stdout] error[E0433]: failed to resolve: use of undeclared crate or module `output`
[INFO] [stdout]   --> src/pps.rs:19:18
[INFO] [stdout]    |
[INFO] [stdout] 19 |     pub outputs: output::Outputs,
[INFO] [stdout]    |                  ^^^^^^ use of undeclared crate or module `output`
[INFO] [stdout] 
[INFO] [stdout] 
[INFO] [stdout] error: aborting due to 20 previous errors; 6 warnings emitted
[INFO] [stdout] 
[INFO] [stdout] 
[INFO] [stdout] Some errors have detailed explanations: E0432, E0433.
[INFO] [stdout] 
[INFO] [stdout] For more information about an error, try `rustc --explain E0432`.
[INFO] [stdout] 
[INFO] [stderr] error: could not compile `pic32-hal` (lib) due to 21 previous errors; 6 warnings emitted
[INFO] running `Command { std: "docker" "inspect" "c9174471ef73cb4923cbca692205a8ee49be20f2fedfedc203f3cfb7ca6c11b8", kill_on_drop: false }`
[INFO] running `Command { std: "docker" "rm" "-f" "c9174471ef73cb4923cbca692205a8ee49be20f2fedfedc203f3cfb7ca6c11b8", kill_on_drop: false }`
[INFO] [stdout] c9174471ef73cb4923cbca692205a8ee49be20f2fedfedc203f3cfb7ca6c11b8
[INFO] testing pic32-hal-0.10.1 against beta-2023-12-22 for beta-1.76-1
[INFO] extracting crate pic32-hal 0.10.1 into /workspace/builds/worker-4-tc2/source
[INFO] validating manifest of crates.io crate pic32-hal 0.10.1 on toolchain beta-2023-12-22
[INFO] running `Command { std: CARGO_HOME="/workspace/cargo-home" RUSTUP_HOME="/workspace/rustup-home" "/workspace/cargo-home/bin/cargo" "+beta-2023-12-22" "metadata" "--manifest-path" "Cargo.toml" "--no-deps", kill_on_drop: false }`
[INFO] started tweaking crates.io crate pic32-hal 0.10.1
[INFO] finished tweaking crates.io crate pic32-hal 0.10.1
[INFO] tweaked toml for crates.io crate pic32-hal 0.10.1 written to /workspace/builds/worker-4-tc2/source/Cargo.toml
[INFO] running `Command { std: CARGO_HOME="/workspace/cargo-home" RUSTUP_HOME="/workspace/rustup-home" "/workspace/cargo-home/bin/cargo" "+beta-2023-12-22" "generate-lockfile" "--manifest-path" "Cargo.toml", kill_on_drop: false }`
[INFO] [stderr]     Updating crates.io index
[INFO] running `Command { std: CARGO_HOME="/workspace/cargo-home" RUSTUP_HOME="/workspace/rustup-home" "/workspace/cargo-home/bin/cargo" "+beta-2023-12-22" "fetch" "--manifest-path" "Cargo.toml", kill_on_drop: false }`
[INFO] running `Command { std: "docker" "create" "-v" "/var/lib/crater-agent-workspace/builds/worker-4-tc2/target:/opt/rustwide/target:rw,Z" "-v" "/var/lib/crater-agent-workspace/builds/worker-4-tc2/source:/opt/rustwide/workdir:ro,Z" "-v" "/var/lib/crater-agent-workspace/cargo-home:/opt/rustwide/cargo-home:ro,Z" "-v" "/var/lib/crater-agent-workspace/rustup-home:/opt/rustwide/rustup-home:ro,Z" "-e" "SOURCE_DIR=/opt/rustwide/workdir" "-e" "CARGO_TARGET_DIR=/opt/rustwide/target" "-e" "CARGO_HOME=/opt/rustwide/cargo-home" "-e" "RUSTUP_HOME=/opt/rustwide/rustup-home" "-w" "/opt/rustwide/workdir" "-m" "1610612736" "--user" "0:0" "--network" "none" "ghcr.io/rust-lang/crates-build-env/linux@sha256:2788e3201cd34a07e3172128adcd8b3090168a8e3bcc40d7c032b9dda1df7d1c" "/opt/rustwide/cargo-home/bin/cargo" "+beta-2023-12-22" "metadata" "--no-deps" "--format-version=1", kill_on_drop: false }`
[INFO] [stdout] b217d8488f9f7b7071e12c7d9424d30f2254895be2598ad32a25dde7fc7803bb
[INFO] running `Command { std: "docker" "start" "-a" "b217d8488f9f7b7071e12c7d9424d30f2254895be2598ad32a25dde7fc7803bb", kill_on_drop: false }`
[INFO] running `Command { std: "docker" "inspect" "b217d8488f9f7b7071e12c7d9424d30f2254895be2598ad32a25dde7fc7803bb", kill_on_drop: false }`
[INFO] running `Command { std: "docker" "rm" "-f" "b217d8488f9f7b7071e12c7d9424d30f2254895be2598ad32a25dde7fc7803bb", kill_on_drop: false }`
[INFO] [stdout] b217d8488f9f7b7071e12c7d9424d30f2254895be2598ad32a25dde7fc7803bb
[INFO] running `Command { std: "docker" "create" "-v" "/var/lib/crater-agent-workspace/builds/worker-4-tc2/target:/opt/rustwide/target:rw,Z" "-v" "/var/lib/crater-agent-workspace/builds/worker-4-tc2/source:/opt/rustwide/workdir:ro,Z" "-v" "/var/lib/crater-agent-workspace/cargo-home:/opt/rustwide/cargo-home:ro,Z" "-v" "/var/lib/crater-agent-workspace/rustup-home:/opt/rustwide/rustup-home:ro,Z" "-e" "SOURCE_DIR=/opt/rustwide/workdir" "-e" "CARGO_TARGET_DIR=/opt/rustwide/target" "-e" "CARGO_INCREMENTAL=0" "-e" "RUST_BACKTRACE=full" "-e" "RUSTFLAGS=--cap-lints=warn" "-e" "RUSTDOCFLAGS=--cap-lints=warn" "-e" "CARGO_HOME=/opt/rustwide/cargo-home" "-e" "RUSTUP_HOME=/opt/rustwide/rustup-home" "-w" "/opt/rustwide/workdir" "-m" "1610612736" "--user" "0:0" "--network" "none" "ghcr.io/rust-lang/crates-build-env/linux@sha256:2788e3201cd34a07e3172128adcd8b3090168a8e3bcc40d7c032b9dda1df7d1c" "/opt/rustwide/cargo-home/bin/cargo" "+beta-2023-12-22" "build" "--frozen" "--message-format=json", kill_on_drop: false }`
[INFO] [stdout] 1240de5c7c14f0f1bd2a8e1939a28178babad22d44246acdf2ec7b8dcb5e27e8
[INFO] running `Command { std: "docker" "start" "-a" "1240de5c7c14f0f1bd2a8e1939a28178babad22d44246acdf2ec7b8dcb5e27e8", kill_on_drop: false }`
[INFO] [stderr]    Compiling nb v1.1.0
[INFO] [stderr]    Compiling mips-rt v0.3.5
[INFO] [stderr]    Compiling mips-mcu v0.3.1
[INFO] [stderr]    Compiling void v1.0.2
[INFO] [stderr]    Compiling critical-section v1.1.2
[INFO] [stderr]    Compiling syn v2.0.48
[INFO] [stderr]    Compiling nb v0.1.3
[INFO] [stderr]    Compiling embedded-hal v0.2.7
[INFO] [stderr]    Compiling mips-rt-macros v0.3.4
[INFO] [stderr]    Compiling enumflags2_derive v0.7.8
[INFO] [stderr]    Compiling enumflags2 v0.7.8
[INFO] [stderr]    Compiling pic32-hal v0.10.1 (/opt/rustwide/workdir)
[INFO] [stdout] error: This crate requires one device feature to be enabled
[INFO] [stdout]   --> src/lib.rs:18:1
[INFO] [stdout]    |
[INFO] [stdout] 18 | compile_error!("This crate requires one device feature to be enabled");
[INFO] [stdout]    | ^^^^^^^^^^^^^^^^^^^^^^^^^^^^^^^^^^^^^^^^^^^^^^^^^^^^^^^^^^^^^^^^^^^^^^
[INFO] [stdout] 
[INFO] [stdout] 
[INFO] [stdout] error[E0432]: unresolved import `crate::pac`
[INFO] [stdout]  --> src/adc.rs:3:12
[INFO] [stdout]   |
[INFO] [stdout] 3 | use crate::pac::ADC;
[INFO] [stdout]   |            ^^^ could not find `pac` in the crate root
[INFO] [stdout] 
[INFO] [stdout] 
[INFO] [stdout] error[E0432]: unresolved import `crate::pac`
[INFO] [stdout]  --> src/coretimer.rs:7:12
[INFO] [stdout]   |
[INFO] [stdout] 7 | use crate::pac::INT; // interrupt controller
[INFO] [stdout]   |            ^^^ could not find `pac` in the crate root
[INFO] [stdout] 
[INFO] [stdout] 
[INFO] [stdout] error[E0432]: unresolved import `crate::pac`
[INFO] [stdout]  --> src/dma.rs:4:12
[INFO] [stdout]   |
[INFO] [stdout] 4 | use crate::pac::{DMAC, DMAC0, DMAC1, DMAC2, DMAC3};
[INFO] [stdout]   |            ^^^ could not find `pac` in the crate root
[INFO] [stdout] 
[INFO] [stdout] 
[INFO] [stdout] error[E0432]: unresolved import `crate::pac`
[INFO] [stdout]  --> src/i2c.rs:3:12
[INFO] [stdout]   |
[INFO] [stdout] 3 | use crate::pac::{I2C1, I2C2};
[INFO] [stdout]   |            ^^^ could not find `pac` in the crate root
[INFO] [stdout] 
[INFO] [stdout] 
[INFO] [stdout] error[E0432]: unresolved import `crate::pac`
[INFO] [stdout]  --> src/int.rs:5:12
[INFO] [stdout]   |
[INFO] [stdout] 5 | use crate::pac::INT;
[INFO] [stdout]   |            ^^^ could not find `pac` in the crate root
[INFO] [stdout] 
[INFO] [stdout] 
[INFO] [stdout] error[E0433]: failed to resolve: could not find `pac` in the crate root
[INFO] [stdout]   --> src/int.rs:14:16
[INFO] [stdout]    |
[INFO] [stdout] 14 | pub use crate::pac::interrupt::InterruptSource;
[INFO] [stdout]    |                ^^^ could not find `pac` in the crate root
[INFO] [stdout] 
[INFO] [stdout] 
[INFO] [stdout] error[E0433]: failed to resolve: could not find `pac` in the crate root
[INFO] [stdout]   --> src/int.rs:19:16
[INFO] [stdout]    |
[INFO] [stdout] 19 | pub use crate::pac::interrupt::Interrupt;
[INFO] [stdout]    |                ^^^ could not find `pac` in the crate root
[INFO] [stdout] 
[INFO] [stdout] 
[INFO] [stdout] error[E0432]: unresolved import `crate::pac_crate`
[INFO] [stdout]  --> src/int.rs:6:12
[INFO] [stdout]   |
[INFO] [stdout] 6 | use crate::pac_crate::{Reg, RegisterSpec};
[INFO] [stdout]   |            ^^^^^^^^^ could not find `pac_crate` in the crate root
[INFO] [stdout] 
[INFO] [stdout] 
[INFO] [stdout] error[E0432]: unresolved import `crate::pac`
[INFO] [stdout]  --> src/pps.rs:4:12
[INFO] [stdout]   |
[INFO] [stdout] 4 | use crate::pac::PPS;
[INFO] [stdout]   |            ^^^ could not find `pac` in the crate root
[INFO] [stdout] 
[INFO] [stdout] 
[INFO] [stdout] error[E0432]: unresolved import `crate::pac`
[INFO] [stdout]  --> src/spi.rs:4:12
[INFO] [stdout]   |
[INFO] [stdout] 4 | use crate::pac::{SPI1, SPI2};
[INFO] [stdout]   |            ^^^ could not find `pac` in the crate root
[INFO] [stdout] 
[INFO] [stdout] 
[INFO] [stdout] error[E0432]: unresolved import `crate::clock::Osc`
[INFO] [stdout]   --> src/uart.rs:6:5
[INFO] [stdout]    |
[INFO] [stdout] 6  | use crate::clock::Osc;
[INFO] [stdout]    |     ^^^^^^^^^^^^^^^^^ no `Osc` in `clock`
[INFO] [stdout]    |
[INFO] [stdout] note: found an item that was configured out
[INFO] [stdout]   --> src/clock.rs:33:12
[INFO] [stdout]    |
[INFO] [stdout] 33 | pub struct Osc {
[INFO] [stdout]    |            ^^^
[INFO] [stdout]    = note: the item is gated behind the `pic32mx2x4fxxxb` feature
[INFO] [stdout] note: found an item that was configured out
[INFO] [stdout]   --> src/clock.rs:45:12
[INFO] [stdout]    |
[INFO] [stdout] 45 | pub struct Osc {
[INFO] [stdout]    |            ^^^
[INFO] [stdout] 
[INFO] [stdout] 
[INFO] [stdout] error[E0432]: unresolved import `crate::pac`
[INFO] [stdout]  --> src/uart.rs:7:12
[INFO] [stdout]   |
[INFO] [stdout] 7 | use crate::pac::{UART1, UART2};
[INFO] [stdout]   |            ^^^ could not find `pac` in the crate root
[INFO] [stdout] 
[INFO] [stdout] 
[INFO] [stdout] error[E0432]: unresolved imports `crate::pps::input`, `crate::pps::output`
[INFO] [stdout]  --> src/uart.rs:8:18
[INFO] [stdout]   |
[INFO] [stdout] 8 | use crate::pps::{input, output, IsConnected, MappedPin};
[INFO] [stdout]   |                  ^^^^^  ^^^^^^ no `output` in `pps`
[INFO] [stdout]   |                  |
[INFO] [stdout]   |                  no `input` in `pps`
[INFO] [stdout] 
[INFO] [stdout] 
[INFO] [stdout] error[E0432]: unresolved import `crate::pac`
[INFO] [stdout]  --> src/timer/timer_a.rs:4:12
[INFO] [stdout]   |
[INFO] [stdout] 4 | use crate::pac::TMR1;
[INFO] [stdout]   |            ^^^ could not find `pac` in the crate root
[INFO] [stdout] 
[INFO] [stdout] 
[INFO] [stdout] error[E0432]: unresolved import `crate::pac`
[INFO] [stdout]  --> src/timer/timer_b.rs:4:12
[INFO] [stdout]   |
[INFO] [stdout] 4 | use crate::pac::{TMR2, TMR3, TMR4, TMR5};
[INFO] [stdout]   |            ^^^ could not find `pac` in the crate root
[INFO] [stdout] 
[INFO] [stdout] 
[INFO] [stdout] error[E0432]: unresolved import `crate::pac`
[INFO] [stdout]  --> src/oc.rs:4:12
[INFO] [stdout]   |
[INFO] [stdout] 4 | use crate::pac::{OCMP1, OCMP2, OCMP3, OCMP4, OCMP5};
[INFO] [stdout]   |            ^^^ could not find `pac` in the crate root
[INFO] [stdout] 
[INFO] [stdout] 
[INFO] [stdout] error[E0432]: unresolved import `crate::pac`
[INFO] [stdout]  --> src/oc.rs:5:12
[INFO] [stdout]   |
[INFO] [stdout] 5 | use crate::pac::{TMR2, TMR3};
[INFO] [stdout]   |            ^^^ could not find `pac` in the crate root
[INFO] [stdout] 
[INFO] [stdout] 
[INFO] [stdout] warning: unused import: `crate::time::Hertz`
[INFO] [stdout]  --> src/clock.rs:6:5
[INFO] [stdout]   |
[INFO] [stdout] 6 | use crate::time::Hertz;
[INFO] [stdout]   |     ^^^^^^^^^^^^^^^^^^
[INFO] [stdout]   |
[INFO] [stdout]   = note: `#[warn(unused_imports)]` on by default
[INFO] [stdout] 
[INFO] [stdout] 
[INFO] [stdout] warning: unused import: `crate::time::U32Ext`
[INFO] [stdout]  --> src/clock.rs:7:5
[INFO] [stdout]   |
[INFO] [stdout] 7 | use crate::time::U32Ext;
[INFO] [stdout]   |     ^^^^^^^^^^^^^^^^^^^
[INFO] [stdout] 
[INFO] [stdout] 
[INFO] [stdout] warning: unused import: `core::marker::PhantomData`
[INFO] [stdout]  --> src/clock.rs:8:5
[INFO] [stdout]   |
[INFO] [stdout] 8 | use core::marker::PhantomData;
[INFO] [stdout]   |     ^^^^^^^^^^^^^^^^^^^^^^^^^
[INFO] [stdout] 
[INFO] [stdout] 
[INFO] [stdout] warning: unused macro definition: `port`
[INFO] [stdout]   --> src/gpio.rs:38:14
[INFO] [stdout]    |
[INFO] [stdout] 38 | macro_rules! port {
[INFO] [stdout]    |              ^^^^
[INFO] [stdout]    |
[INFO] [stdout]    = note: `#[warn(unused_macros)]` on by default
[INFO] [stdout] 
[INFO] [stdout] 
[INFO] [stdout] warning: unused import: `crate::gpio`
[INFO] [stdout]  --> src/pps.rs:3:5
[INFO] [stdout]   |
[INFO] [stdout] 3 | use crate::gpio;
[INFO] [stdout]   |     ^^^^^^^^^^^
[INFO] [stdout] 
[INFO] [stdout] 
[INFO] [stdout] warning: unused macro definition: `pps_tables`
[INFO] [stdout]   --> src/pps.rs:75:14
[INFO] [stdout]    |
[INFO] [stdout] 75 | macro_rules! pps_tables {
[INFO] [stdout]    |              ^^^^^^^^^^
[INFO] [stdout] 
[INFO] [stdout] 
[INFO] [stdout] error[E0433]: failed to resolve: use of undeclared crate or module `input`
[INFO] [stdout]   --> src/pps.rs:18:17
[INFO] [stdout]    |
[INFO] [stdout] 18 |     pub inputs: input::Inputs,
[INFO] [stdout]    |                 ^^^^^ use of undeclared crate or module `input`
[INFO] [stdout] 
[INFO] [stdout] 
[INFO] [stdout] error[E0433]: failed to resolve: use of undeclared crate or module `output`
[INFO] [stdout]   --> src/pps.rs:19:18
[INFO] [stdout]    |
[INFO] [stdout] 19 |     pub outputs: output::Outputs,
[INFO] [stdout]    |                  ^^^^^^ use of undeclared crate or module `output`
[INFO] [stdout] 
[INFO] [stdout] 
[INFO] [stdout] error: aborting due to 20 previous errors; 6 warnings emitted
[INFO] [stdout] 
[INFO] [stdout] 
[INFO] [stdout] Some errors have detailed explanations: E0432, E0433.
[INFO] [stdout] 
[INFO] [stdout] For more information about an error, try `rustc --explain E0432`.
[INFO] [stdout] 
[INFO] [stderr] error: could not compile `pic32-hal` (lib) due to 21 previous errors; 6 warnings emitted
[INFO] running `Command { std: "docker" "inspect" "1240de5c7c14f0f1bd2a8e1939a28178babad22d44246acdf2ec7b8dcb5e27e8", kill_on_drop: false }`
[INFO] running `Command { std: "docker" "rm" "-f" "1240de5c7c14f0f1bd2a8e1939a28178babad22d44246acdf2ec7b8dcb5e27e8", kill_on_drop: false }`
[INFO] [stdout] 1240de5c7c14f0f1bd2a8e1939a28178babad22d44246acdf2ec7b8dcb5e27e8
