[INFO] fetching crate pi_async_file 0.6.0...
[INFO] testing pi_async_file-0.6.0 against 1.75.0 for beta-1.76-1
[INFO] extracting crate pi_async_file 0.6.0 into /workspace/builds/worker-5-tc1/source
[INFO] validating manifest of crates.io crate pi_async_file 0.6.0 on toolchain 1.75.0
[INFO] running `Command { std: CARGO_HOME="/workspace/cargo-home" RUSTUP_HOME="/workspace/rustup-home" "/workspace/cargo-home/bin/cargo" "+1.75.0" "metadata" "--manifest-path" "Cargo.toml" "--no-deps", kill_on_drop: false }`
[INFO] started tweaking crates.io crate pi_async_file 0.6.0
[INFO] finished tweaking crates.io crate pi_async_file 0.6.0
[INFO] tweaked toml for crates.io crate pi_async_file 0.6.0 written to /workspace/builds/worker-5-tc1/source/Cargo.toml
[INFO] running `Command { std: CARGO_HOME="/workspace/cargo-home" RUSTUP_HOME="/workspace/rustup-home" "/workspace/cargo-home/bin/cargo" "+1.75.0" "generate-lockfile" "--manifest-path" "Cargo.toml", kill_on_drop: false }`
[INFO] [stderr]     Updating crates.io index
[INFO] running `Command { std: CARGO_HOME="/workspace/cargo-home" RUSTUP_HOME="/workspace/rustup-home" "/workspace/cargo-home/bin/cargo" "+1.75.0" "fetch" "--manifest-path" "Cargo.toml", kill_on_drop: false }`
[INFO] [stderr]  Downloading crates ...
[INFO] [stderr]   Downloaded pi_wrr v0.1.1
[INFO] [stderr]   Downloaded quanta v0.12.2
[INFO] [stderr]   Downloaded pi_timer v0.1.0
[INFO] [stderr]   Downloaded pi_cancel_timer v0.2.0
[INFO] [stderr]   Downloaded pi_ext_heap v0.1.0
[INFO] [stderr]   Downloaded pi_wheel v0.1.0
[INFO] [stderr]   Downloaded pi_slot_deque v0.2.1
[INFO] [stderr]   Downloaded pi_slot_wheel v0.2.0
[INFO] [stderr]   Downloaded st3 v0.4.1
[INFO] [stderr]   Downloaded pi_hash v0.1.1
[INFO] [stderr]   Downloaded pi-async-rt v0.1.18
[INFO] running `Command { std: "docker" "create" "-v" "/var/lib/crater-agent-workspace/builds/worker-5-tc1/target:/opt/rustwide/target:rw,Z" "-v" "/var/lib/crater-agent-workspace/builds/worker-5-tc1/source:/opt/rustwide/workdir:ro,Z" "-v" "/var/lib/crater-agent-workspace/cargo-home:/opt/rustwide/cargo-home:ro,Z" "-v" "/var/lib/crater-agent-workspace/rustup-home:/opt/rustwide/rustup-home:ro,Z" "-e" "SOURCE_DIR=/opt/rustwide/workdir" "-e" "CARGO_TARGET_DIR=/opt/rustwide/target" "-e" "CARGO_HOME=/opt/rustwide/cargo-home" "-e" "RUSTUP_HOME=/opt/rustwide/rustup-home" "-w" "/opt/rustwide/workdir" "-m" "1610612736" "--user" "0:0" "--network" "none" "ghcr.io/rust-lang/crates-build-env/linux@sha256:2788e3201cd34a07e3172128adcd8b3090168a8e3bcc40d7c032b9dda1df7d1c" "/opt/rustwide/cargo-home/bin/cargo" "+1.75.0" "metadata" "--no-deps" "--format-version=1", kill_on_drop: false }`
[INFO] [stdout] eb87c4e6296168bf1c5181ccbc79ebebf070752d5811a350e9fd1b5e4fee9454
[INFO] running `Command { std: "docker" "start" "-a" "eb87c4e6296168bf1c5181ccbc79ebebf070752d5811a350e9fd1b5e4fee9454", kill_on_drop: false }`
[INFO] running `Command { std: "docker" "inspect" "eb87c4e6296168bf1c5181ccbc79ebebf070752d5811a350e9fd1b5e4fee9454", kill_on_drop: false }`
[INFO] running `Command { std: "docker" "rm" "-f" "eb87c4e6296168bf1c5181ccbc79ebebf070752d5811a350e9fd1b5e4fee9454", kill_on_drop: false }`
[INFO] [stdout] eb87c4e6296168bf1c5181ccbc79ebebf070752d5811a350e9fd1b5e4fee9454
[INFO] running `Command { std: "docker" "create" "-v" "/var/lib/crater-agent-workspace/builds/worker-5-tc1/target:/opt/rustwide/target:rw,Z" "-v" "/var/lib/crater-agent-workspace/builds/worker-5-tc1/source:/opt/rustwide/workdir:ro,Z" "-v" "/var/lib/crater-agent-workspace/cargo-home:/opt/rustwide/cargo-home:ro,Z" "-v" "/var/lib/crater-agent-workspace/rustup-home:/opt/rustwide/rustup-home:ro,Z" "-e" "SOURCE_DIR=/opt/rustwide/workdir" "-e" "CARGO_TARGET_DIR=/opt/rustwide/target" "-e" "CARGO_INCREMENTAL=0" "-e" "RUST_BACKTRACE=full" "-e" "RUSTFLAGS=--cap-lints=warn" "-e" "RUSTDOCFLAGS=--cap-lints=warn" "-e" "CARGO_HOME=/opt/rustwide/cargo-home" "-e" "RUSTUP_HOME=/opt/rustwide/rustup-home" "-w" "/opt/rustwide/workdir" "-m" "1610612736" "--user" "0:0" "--network" "none" "ghcr.io/rust-lang/crates-build-env/linux@sha256:2788e3201cd34a07e3172128adcd8b3090168a8e3bcc40d7c032b9dda1df7d1c" "/opt/rustwide/cargo-home/bin/cargo" "+1.75.0" "build" "--frozen" "--message-format=json", kill_on_drop: false }`
[INFO] [stdout] 0bd8f99c4cdfbb8e2a6018d3a15b5b19b2c2154b89968ee2ad3405c8f4b8efd0
[INFO] running `Command { std: "docker" "start" "-a" "0bd8f99c4cdfbb8e2a6018d3a15b5b19b2c2154b89968ee2ad3405c8f4b8efd0", kill_on_drop: false }`
[INFO] [stderr]    Compiling crossbeam-utils v0.8.18
[INFO] [stderr]    Compiling futures-core v0.3.30
[INFO] [stderr]    Compiling rayon-core v1.12.0
[INFO] [stderr]    Compiling slotmap v1.0.7
[INFO] [stderr]    Compiling pi_ext_heap v0.1.0
[INFO] [stderr]    Compiling bitflags v2.4.1
[INFO] [stderr]    Compiling byteorder v1.5.0
[INFO] [stderr]    Compiling pi_wheel v0.1.0
[INFO] [stderr]    Compiling getrandom v0.2.11
[INFO] [stderr]    Compiling cc v1.0.83
[INFO] [stderr]    Compiling parking_lot_core v0.9.9
[INFO] [stderr]    Compiling syn v2.0.48
[INFO] [stderr]    Compiling spin v0.9.8
[INFO] [stderr]    Compiling either v1.9.0
[INFO] [stderr]    Compiling num_cpus v1.16.0
[INFO] [stderr]    Compiling pi_wrr v0.1.1
[INFO] [stdout] error[E0554]: `#![feature]` may not be used on the stable release channel
[INFO] [stdout]  --> /opt/rustwide/cargo-home/registry/src/index.crates.io-6f17d22bba15001f/pi_ext_heap-0.1.0/src/lib.rs:1:1
[INFO] [stdout]   |
[INFO] [stdout] 1 | #![feature(min_specialization)]
[INFO] [stdout]   | ^^^^^^^^^^^^^^^^^^^^^^^^^^^^^^^
[INFO] [stdout] 
[INFO] [stdout] 
[INFO] [stdout] error[E0554]: `#![feature]` may not be used on the stable release channel
[INFO] [stdout]    --> /opt/rustwide/cargo-home/registry/src/index.crates.io-6f17d22bba15001f/pi_ext_heap-0.1.0/src/lib.rs:145:1
[INFO] [stdout]     |
[INFO] [stdout] 145 | #![feature(inplace_iteration)]
[INFO] [stdout]     | ^^^^^^^^^^^^^^^^^^^^^^^^^^^^^^
[INFO] [stdout] 
[INFO] [stdout] 
[INFO] [stdout] error[E0554]: `#![feature]` may not be used on the stable release channel
[INFO] [stdout]    --> /opt/rustwide/cargo-home/registry/src/index.crates.io-6f17d22bba15001f/pi_ext_heap-0.1.0/src/lib.rs:146:1
[INFO] [stdout]     |
[INFO] [stdout] 146 | #![feature(trusted_len)]
[INFO] [stdout]     | ^^^^^^^^^^^^^^^^^^^^^^^^
[INFO] [stdout] 
[INFO] [stdout] 
[INFO] [stdout] error[E0554]: `#![feature]` may not be used on the stable release channel
[INFO] [stdout]    --> /opt/rustwide/cargo-home/registry/src/index.crates.io-6f17d22bba15001f/pi_ext_heap-0.1.0/src/lib.rs:147:1
[INFO] [stdout]     |
[INFO] [stdout] 147 | #![feature(exact_size_is_empty)]
[INFO] [stdout]     | ^^^^^^^^^^^^^^^^^^^^^^^^^^^^^^^^
[INFO] [stdout] 
[INFO] [stdout] 
[INFO] [stdout] error[E0554]: `#![feature]` may not be used on the stable release channel
[INFO] [stdout]    --> /opt/rustwide/cargo-home/registry/src/index.crates.io-6f17d22bba15001f/pi_ext_heap-0.1.0/src/lib.rs:148:1
[INFO] [stdout]     |
[INFO] [stdout] 148 | #![feature(extend_one)]
[INFO] [stdout]     | ^^^^^^^^^^^^^^^^^^^^^^^
[INFO] [stdout] 
[INFO] [stdout] 
[INFO] [stdout] error[E0554]: `#![feature]` may not be used on the stable release channel
[INFO] [stdout]    --> /opt/rustwide/cargo-home/registry/src/index.crates.io-6f17d22bba15001f/pi_ext_heap-0.1.0/src/lib.rs:145:12
[INFO] [stdout]     |
[INFO] [stdout] 145 | #![feature(inplace_iteration)]
[INFO] [stdout]     |            ^^^^^^^^^^^^^^^^^
[INFO] [stdout] 
[INFO] [stdout] 
[INFO] [stdout] error[E0554]: `#![feature]` may not be used on the stable release channel
[INFO] [stdout]    --> /opt/rustwide/cargo-home/registry/src/index.crates.io-6f17d22bba15001f/pi_ext_heap-0.1.0/src/lib.rs:146:12
[INFO] [stdout]     |
[INFO] [stdout] 146 | #![feature(trusted_len)]
[INFO] [stdout]     |            ^^^^^^^^^^^
[INFO] [stdout] 
[INFO] [stdout] 
[INFO] [stdout] error[E0554]: `#![feature]` may not be used on the stable release channel
[INFO] [stdout]    --> /opt/rustwide/cargo-home/registry/src/index.crates.io-6f17d22bba15001f/pi_ext_heap-0.1.0/src/lib.rs:147:12
[INFO] [stdout]     |
[INFO] [stdout] 147 | #![feature(exact_size_is_empty)]
[INFO] [stdout]     |            ^^^^^^^^^^^^^^^^^^^
[INFO] [stdout] 
[INFO] [stdout] 
[INFO] [stdout] error[E0554]: `#![feature]` may not be used on the stable release channel
[INFO] [stdout]    --> /opt/rustwide/cargo-home/registry/src/index.crates.io-6f17d22bba15001f/pi_ext_heap-0.1.0/src/lib.rs:148:12
[INFO] [stdout]     |
[INFO] [stdout] 148 | #![feature(extend_one)]
[INFO] [stdout]     |            ^^^^^^^^^^
[INFO] [stdout] 
[INFO] [stdout] 
[INFO] [stdout] error: aborting due to 9 previous errors
[INFO] [stdout] 
[INFO] [stdout] 
[INFO] [stdout] For more information about this error, try `rustc --explain E0554`.
[INFO] [stdout] 
[INFO] [stderr]    Compiling futures-channel v0.3.30
[INFO] [stderr] error: could not compile `pi_ext_heap` (lib) due to 10 previous errors
[INFO] [stderr] warning: build failed, waiting for other jobs to finish...
[INFO] running `Command { std: "docker" "inspect" "0bd8f99c4cdfbb8e2a6018d3a15b5b19b2c2154b89968ee2ad3405c8f4b8efd0", kill_on_drop: false }`
[INFO] running `Command { std: "docker" "rm" "-f" "0bd8f99c4cdfbb8e2a6018d3a15b5b19b2c2154b89968ee2ad3405c8f4b8efd0", kill_on_drop: false }`
[INFO] [stdout] 0bd8f99c4cdfbb8e2a6018d3a15b5b19b2c2154b89968ee2ad3405c8f4b8efd0
[INFO] testing pi_async_file-0.6.0 against beta-2023-12-22 for beta-1.76-1
[INFO] extracting crate pi_async_file 0.6.0 into /workspace/builds/worker-5-tc2/source
[INFO] validating manifest of crates.io crate pi_async_file 0.6.0 on toolchain beta-2023-12-22
[INFO] running `Command { std: CARGO_HOME="/workspace/cargo-home" RUSTUP_HOME="/workspace/rustup-home" "/workspace/cargo-home/bin/cargo" "+beta-2023-12-22" "metadata" "--manifest-path" "Cargo.toml" "--no-deps", kill_on_drop: false }`
[INFO] started tweaking crates.io crate pi_async_file 0.6.0
[INFO] finished tweaking crates.io crate pi_async_file 0.6.0
[INFO] tweaked toml for crates.io crate pi_async_file 0.6.0 written to /workspace/builds/worker-5-tc2/source/Cargo.toml
[INFO] running `Command { std: CARGO_HOME="/workspace/cargo-home" RUSTUP_HOME="/workspace/rustup-home" "/workspace/cargo-home/bin/cargo" "+beta-2023-12-22" "generate-lockfile" "--manifest-path" "Cargo.toml", kill_on_drop: false }`
[INFO] [stderr]     Updating crates.io index
[INFO] running `Command { std: CARGO_HOME="/workspace/cargo-home" RUSTUP_HOME="/workspace/rustup-home" "/workspace/cargo-home/bin/cargo" "+beta-2023-12-22" "fetch" "--manifest-path" "Cargo.toml", kill_on_drop: false }`
[INFO] running `Command { std: "docker" "create" "-v" "/var/lib/crater-agent-workspace/builds/worker-5-tc2/target:/opt/rustwide/target:rw,Z" "-v" "/var/lib/crater-agent-workspace/builds/worker-5-tc2/source:/opt/rustwide/workdir:ro,Z" "-v" "/var/lib/crater-agent-workspace/cargo-home:/opt/rustwide/cargo-home:ro,Z" "-v" "/var/lib/crater-agent-workspace/rustup-home:/opt/rustwide/rustup-home:ro,Z" "-e" "SOURCE_DIR=/opt/rustwide/workdir" "-e" "CARGO_TARGET_DIR=/opt/rustwide/target" "-e" "CARGO_HOME=/opt/rustwide/cargo-home" "-e" "RUSTUP_HOME=/opt/rustwide/rustup-home" "-w" "/opt/rustwide/workdir" "-m" "1610612736" "--user" "0:0" "--network" "none" "ghcr.io/rust-lang/crates-build-env/linux@sha256:2788e3201cd34a07e3172128adcd8b3090168a8e3bcc40d7c032b9dda1df7d1c" "/opt/rustwide/cargo-home/bin/cargo" "+beta-2023-12-22" "metadata" "--no-deps" "--format-version=1", kill_on_drop: false }`
[INFO] [stdout] 2335862d462349bf79e4a6a6d6792d7f3d4c059b5750689d4553f2fefd38768a
[INFO] running `Command { std: "docker" "start" "-a" "2335862d462349bf79e4a6a6d6792d7f3d4c059b5750689d4553f2fefd38768a", kill_on_drop: false }`
[INFO] running `Command { std: "docker" "inspect" "2335862d462349bf79e4a6a6d6792d7f3d4c059b5750689d4553f2fefd38768a", kill_on_drop: false }`
[INFO] running `Command { std: "docker" "rm" "-f" "2335862d462349bf79e4a6a6d6792d7f3d4c059b5750689d4553f2fefd38768a", kill_on_drop: false }`
[INFO] [stdout] 2335862d462349bf79e4a6a6d6792d7f3d4c059b5750689d4553f2fefd38768a
[INFO] running `Command { std: "docker" "create" "-v" "/var/lib/crater-agent-workspace/builds/worker-5-tc2/target:/opt/rustwide/target:rw,Z" "-v" "/var/lib/crater-agent-workspace/builds/worker-5-tc2/source:/opt/rustwide/workdir:ro,Z" "-v" "/var/lib/crater-agent-workspace/cargo-home:/opt/rustwide/cargo-home:ro,Z" "-v" "/var/lib/crater-agent-workspace/rustup-home:/opt/rustwide/rustup-home:ro,Z" "-e" "SOURCE_DIR=/opt/rustwide/workdir" "-e" "CARGO_TARGET_DIR=/opt/rustwide/target" "-e" "CARGO_INCREMENTAL=0" "-e" "RUST_BACKTRACE=full" "-e" "RUSTFLAGS=--cap-lints=warn" "-e" "RUSTDOCFLAGS=--cap-lints=warn" "-e" "CARGO_HOME=/opt/rustwide/cargo-home" "-e" "RUSTUP_HOME=/opt/rustwide/rustup-home" "-w" "/opt/rustwide/workdir" "-m" "1610612736" "--user" "0:0" "--network" "none" "ghcr.io/rust-lang/crates-build-env/linux@sha256:2788e3201cd34a07e3172128adcd8b3090168a8e3bcc40d7c032b9dda1df7d1c" "/opt/rustwide/cargo-home/bin/cargo" "+beta-2023-12-22" "build" "--frozen" "--message-format=json", kill_on_drop: false }`
[INFO] [stdout] 76c63b77c3c13b44e0593e77ac171eee3945cb3af9f9e3f8bc3b130ca3f54809
[INFO] running `Command { std: "docker" "start" "-a" "76c63b77c3c13b44e0593e77ac171eee3945cb3af9f9e3f8bc3b130ca3f54809", kill_on_drop: false }`
[INFO] [stderr]    Compiling crossbeam-utils v0.8.18
[INFO] [stderr]    Compiling futures-core v0.3.30
[INFO] [stderr]    Compiling rayon-core v1.12.0
[INFO] [stderr]    Compiling slotmap v1.0.7
[INFO] [stderr]    Compiling byteorder v1.5.0
[INFO] [stderr]    Compiling bitflags v2.4.1
[INFO] [stderr]    Compiling pi_ext_heap v0.1.0
[INFO] [stderr]    Compiling getrandom v0.2.11
[INFO] [stderr]    Compiling cc v1.0.83
[INFO] [stderr]    Compiling parking_lot_core v0.9.9
[INFO] [stderr]    Compiling either v1.9.0
[INFO] [stderr]    Compiling pi_wheel v0.1.0
[INFO] [stderr]    Compiling syn v2.0.48
[INFO] [stderr]    Compiling spin v0.9.8
[INFO] [stderr]    Compiling num_cpus v1.16.0
[INFO] [stderr]    Compiling pi_wrr v0.1.1
[INFO] [stdout] error[E0554]: `#![feature]` may not be used on the beta release channel
[INFO] [stdout]  --> /opt/rustwide/cargo-home/registry/src/index.crates.io-6f17d22bba15001f/pi_ext_heap-0.1.0/src/lib.rs:1:1
[INFO] [stdout]   |
[INFO] [stdout] 1 | #![feature(min_specialization)]
[INFO] [stdout]   | ^^^^^^^^^^^^^^^^^^^^^^^^^^^^^^^
[INFO] [stdout] 
[INFO] [stdout] 
[INFO] [stdout] error[E0554]: `#![feature]` may not be used on the beta release channel
[INFO] [stdout]    --> /opt/rustwide/cargo-home/registry/src/index.crates.io-6f17d22bba15001f/pi_ext_heap-0.1.0/src/lib.rs:145:1
[INFO] [stdout]     |
[INFO] [stdout] 145 | #![feature(inplace_iteration)]
[INFO] [stdout]     | ^^^^^^^^^^^^^^^^^^^^^^^^^^^^^^
[INFO] [stdout] 
[INFO] [stdout] 
[INFO] [stdout] error[E0554]: `#![feature]` may not be used on the beta release channel
[INFO] [stdout]    --> /opt/rustwide/cargo-home/registry/src/index.crates.io-6f17d22bba15001f/pi_ext_heap-0.1.0/src/lib.rs:146:1
[INFO] [stdout]     |
[INFO] [stdout] 146 | #![feature(trusted_len)]
[INFO] [stdout]     | ^^^^^^^^^^^^^^^^^^^^^^^^
[INFO] [stdout] 
[INFO] [stdout] 
[INFO] [stdout] error[E0554]: `#![feature]` may not be used on the beta release channel
[INFO] [stdout]    --> /opt/rustwide/cargo-home/registry/src/index.crates.io-6f17d22bba15001f/pi_ext_heap-0.1.0/src/lib.rs:147:1
[INFO] [stdout]     |
[INFO] [stdout] 147 | #![feature(exact_size_is_empty)]
[INFO] [stdout]     | ^^^^^^^^^^^^^^^^^^^^^^^^^^^^^^^^
[INFO] [stdout] 
[INFO] [stdout] 
[INFO] [stdout] error[E0554]: `#![feature]` may not be used on the beta release channel
[INFO] [stdout]    --> /opt/rustwide/cargo-home/registry/src/index.crates.io-6f17d22bba15001f/pi_ext_heap-0.1.0/src/lib.rs:148:1
[INFO] [stdout]     |
[INFO] [stdout] 148 | #![feature(extend_one)]
[INFO] [stdout]     | ^^^^^^^^^^^^^^^^^^^^^^^
[INFO] [stdout] 
[INFO] [stdout] 
[INFO] [stdout] error[E0554]: `#![feature]` may not be used on the beta release channel
[INFO] [stdout]    --> /opt/rustwide/cargo-home/registry/src/index.crates.io-6f17d22bba15001f/pi_ext_heap-0.1.0/src/lib.rs:145:12
[INFO] [stdout]     |
[INFO] [stdout] 145 | #![feature(inplace_iteration)]
[INFO] [stdout]     |            ^^^^^^^^^^^^^^^^^
[INFO] [stdout] 
[INFO] [stdout] 
[INFO] [stdout] error[E0554]: `#![feature]` may not be used on the beta release channel
[INFO] [stdout]    --> /opt/rustwide/cargo-home/registry/src/index.crates.io-6f17d22bba15001f/pi_ext_heap-0.1.0/src/lib.rs:146:12
[INFO] [stdout]     |
[INFO] [stdout] 146 | #![feature(trusted_len)]
[INFO] [stdout]     |            ^^^^^^^^^^^
[INFO] [stdout] 
[INFO] [stdout] 
[INFO] [stdout] error[E0554]: `#![feature]` may not be used on the beta release channel
[INFO] [stdout]    --> /opt/rustwide/cargo-home/registry/src/index.crates.io-6f17d22bba15001f/pi_ext_heap-0.1.0/src/lib.rs:147:12
[INFO] [stdout]     |
[INFO] [stdout] 147 | #![feature(exact_size_is_empty)]
[INFO] [stdout]     |            ^^^^^^^^^^^^^^^^^^^
[INFO] [stdout] 
[INFO] [stdout] 
[INFO] [stdout] error[E0554]: `#![feature]` may not be used on the beta release channel
[INFO] [stdout]    --> /opt/rustwide/cargo-home/registry/src/index.crates.io-6f17d22bba15001f/pi_ext_heap-0.1.0/src/lib.rs:148:12
[INFO] [stdout]     |
[INFO] [stdout] 148 | #![feature(extend_one)]
[INFO] [stdout]     |            ^^^^^^^^^^
[INFO] [stdout] 
[INFO] [stdout] 
[INFO] [stdout] error[E0046]: not all trait items implemented, missing: `EXPAND_BY`, `MERGE_BY`
[INFO] [stdout]     --> /opt/rustwide/cargo-home/registry/src/index.crates.io-6f17d22bba15001f/pi_ext_heap-0.1.0/src/lib.rs:1271:1
[INFO] [stdout]      |
[INFO] [stdout] 1271 | unsafe impl<I> InPlaceIterable for IntoIter<I> {}
[INFO] [stdout]      | ^^^^^^^^^^^^^^^^^^^^^^^^^^^^^^^^^^^^^^^^^^^^^^ missing `EXPAND_BY`, `MERGE_BY` in implementation
[INFO] [stdout]      |
[INFO] [stdout]      = help: implement the missing item: `const EXPAND_BY: Option<NonZeroUsize> = value;`
[INFO] [stdout]      = help: implement the missing item: `const MERGE_BY: Option<NonZeroUsize> = value;`
[INFO] [stdout] 
[INFO] [stdout] 
[INFO] [stdout] error: aborting due to 10 previous errors
[INFO] [stdout] 
[INFO] [stdout] 
[INFO] [stdout] Some errors have detailed explanations: E0046, E0554.
[INFO] [stdout] 
[INFO] [stdout] For more information about an error, try `rustc --explain E0046`.
[INFO] [stdout] 
[INFO] [stderr] error: could not compile `pi_ext_heap` (lib) due to 11 previous errors
[INFO] [stderr] warning: build failed, waiting for other jobs to finish...
[INFO] running `Command { std: "docker" "inspect" "76c63b77c3c13b44e0593e77ac171eee3945cb3af9f9e3f8bc3b130ca3f54809", kill_on_drop: false }`
[INFO] running `Command { std: "docker" "rm" "-f" "76c63b77c3c13b44e0593e77ac171eee3945cb3af9f9e3f8bc3b130ca3f54809", kill_on_drop: false }`
[INFO] [stdout] 76c63b77c3c13b44e0593e77ac171eee3945cb3af9f9e3f8bc3b130ca3f54809
