[INFO] fetching crate physical-quantity 0.0.5...
[INFO] testing physical-quantity-0.0.5 against 1.75.0 for beta-1.76-1
[INFO] extracting crate physical-quantity 0.0.5 into /workspace/builds/worker-3-tc1/source
[INFO] validating manifest of crates.io crate physical-quantity 0.0.5 on toolchain 1.75.0
[INFO] running `Command { std: CARGO_HOME="/workspace/cargo-home" RUSTUP_HOME="/workspace/rustup-home" "/workspace/cargo-home/bin/cargo" "+1.75.0" "metadata" "--manifest-path" "Cargo.toml" "--no-deps", kill_on_drop: false }`
[INFO] started tweaking crates.io crate physical-quantity 0.0.5
[INFO] finished tweaking crates.io crate physical-quantity 0.0.5
[INFO] tweaked toml for crates.io crate physical-quantity 0.0.5 written to /workspace/builds/worker-3-tc1/source/Cargo.toml
[INFO] crate crates.io crate physical-quantity 0.0.5 already has a lockfile, it will not be regenerated
[INFO] running `Command { std: CARGO_HOME="/workspace/cargo-home" RUSTUP_HOME="/workspace/rustup-home" "/workspace/cargo-home/bin/cargo" "+1.75.0" "fetch" "--manifest-path" "Cargo.toml", kill_on_drop: false }`
[INFO] [stderr]     Updating crates.io index
[INFO] [stderr]  Downloading crates ...
[INFO] [stderr]   Downloaded transition-table v0.0.3
[INFO] [stderr]   Downloaded libm v0.2.2
[INFO] [stderr]   Downloaded gcd v2.1.0
[INFO] [stderr]   Downloaded const-array-attrs v0.0.3
[INFO] [stderr]   Downloaded disuse v0.0.2
[INFO] [stderr]   Downloaded float-pretty-print v0.1.1
[INFO] [stderr]   Downloaded combine v4.6.3
[INFO] [stderr]   Downloaded const-frac v0.0.4
[INFO] [stderr]   Downloaded real-proc v0.0.3
[INFO] [stderr]   Downloaded keyword-parser v0.0.3
[INFO] [stderr]   Downloaded physical-quantity v0.0.4
[INFO] running `Command { std: "docker" "create" "-v" "/var/lib/crater-agent-workspace/builds/worker-3-tc1/target:/opt/rustwide/target:rw,Z" "-v" "/var/lib/crater-agent-workspace/builds/worker-3-tc1/source:/opt/rustwide/workdir:ro,Z" "-v" "/var/lib/crater-agent-workspace/cargo-home:/opt/rustwide/cargo-home:ro,Z" "-v" "/var/lib/crater-agent-workspace/rustup-home:/opt/rustwide/rustup-home:ro,Z" "-e" "SOURCE_DIR=/opt/rustwide/workdir" "-e" "CARGO_TARGET_DIR=/opt/rustwide/target" "-e" "CARGO_HOME=/opt/rustwide/cargo-home" "-e" "RUSTUP_HOME=/opt/rustwide/rustup-home" "-w" "/opt/rustwide/workdir" "-m" "1610612736" "--user" "0:0" "--network" "none" "ghcr.io/rust-lang/crates-build-env/linux@sha256:2788e3201cd34a07e3172128adcd8b3090168a8e3bcc40d7c032b9dda1df7d1c" "/opt/rustwide/cargo-home/bin/cargo" "+1.75.0" "metadata" "--no-deps" "--format-version=1", kill_on_drop: false }`
[INFO] [stdout] 3f925663c4e70154594f3256bbcdeb3621c063b6bc4007f33107b58d00b114cd
[INFO] running `Command { std: "docker" "start" "-a" "3f925663c4e70154594f3256bbcdeb3621c063b6bc4007f33107b58d00b114cd", kill_on_drop: false }`
[INFO] running `Command { std: "docker" "inspect" "3f925663c4e70154594f3256bbcdeb3621c063b6bc4007f33107b58d00b114cd", kill_on_drop: false }`
[INFO] running `Command { std: "docker" "rm" "-f" "3f925663c4e70154594f3256bbcdeb3621c063b6bc4007f33107b58d00b114cd", kill_on_drop: false }`
[INFO] [stdout] 3f925663c4e70154594f3256bbcdeb3621c063b6bc4007f33107b58d00b114cd
[INFO] running `Command { std: "docker" "create" "-v" "/var/lib/crater-agent-workspace/builds/worker-3-tc1/target:/opt/rustwide/target:rw,Z" "-v" "/var/lib/crater-agent-workspace/builds/worker-3-tc1/source:/opt/rustwide/workdir:ro,Z" "-v" "/var/lib/crater-agent-workspace/cargo-home:/opt/rustwide/cargo-home:ro,Z" "-v" "/var/lib/crater-agent-workspace/rustup-home:/opt/rustwide/rustup-home:ro,Z" "-e" "SOURCE_DIR=/opt/rustwide/workdir" "-e" "CARGO_TARGET_DIR=/opt/rustwide/target" "-e" "CARGO_INCREMENTAL=0" "-e" "RUST_BACKTRACE=full" "-e" "RUSTFLAGS=--cap-lints=warn" "-e" "RUSTDOCFLAGS=--cap-lints=warn" "-e" "CARGO_HOME=/opt/rustwide/cargo-home" "-e" "RUSTUP_HOME=/opt/rustwide/rustup-home" "-w" "/opt/rustwide/workdir" "-m" "1610612736" "--user" "0:0" "--network" "none" "ghcr.io/rust-lang/crates-build-env/linux@sha256:2788e3201cd34a07e3172128adcd8b3090168a8e3bcc40d7c032b9dda1df7d1c" "/opt/rustwide/cargo-home/bin/cargo" "+1.75.0" "build" "--frozen" "--message-format=json", kill_on_drop: false }`
[INFO] [stdout] 00105a001787d396b59e9be3448f501b97c2ab1a2960dc8f006d04148c2937e6
[INFO] running `Command { std: "docker" "start" "-a" "00105a001787d396b59e9be3448f501b97c2ab1a2960dc8f006d04148c2937e6", kill_on_drop: false }`
[INFO] [stderr]    Compiling memchr v2.4.1
[INFO] [stderr]    Compiling typenum v1.15.0
[INFO] [stderr]    Compiling paste v1.0.6
[INFO] [stderr]    Compiling physical-quantity v0.0.5 (/opt/rustwide/workdir)
[INFO] [stderr]    Compiling gcd v2.1.0
[INFO] [stderr]    Compiling combine v4.6.3
[INFO] [stderr]    Compiling const-frac v0.0.4
[INFO] [stderr]     Finished dev [unoptimized + debuginfo] target(s) in 6.35s
[INFO] running `Command { std: "docker" "inspect" "00105a001787d396b59e9be3448f501b97c2ab1a2960dc8f006d04148c2937e6", kill_on_drop: false }`
[INFO] running `Command { std: "docker" "rm" "-f" "00105a001787d396b59e9be3448f501b97c2ab1a2960dc8f006d04148c2937e6", kill_on_drop: false }`
[INFO] [stdout] 00105a001787d396b59e9be3448f501b97c2ab1a2960dc8f006d04148c2937e6
[INFO] running `Command { std: "docker" "create" "-v" "/var/lib/crater-agent-workspace/builds/worker-3-tc1/target:/opt/rustwide/target:rw,Z" "-v" "/var/lib/crater-agent-workspace/builds/worker-3-tc1/source:/opt/rustwide/workdir:ro,Z" "-v" "/var/lib/crater-agent-workspace/cargo-home:/opt/rustwide/cargo-home:ro,Z" "-v" "/var/lib/crater-agent-workspace/rustup-home:/opt/rustwide/rustup-home:ro,Z" "-e" "SOURCE_DIR=/opt/rustwide/workdir" "-e" "CARGO_TARGET_DIR=/opt/rustwide/target" "-e" "CARGO_INCREMENTAL=0" "-e" "RUST_BACKTRACE=full" "-e" "RUSTFLAGS=--cap-lints=warn" "-e" "RUSTDOCFLAGS=--cap-lints=warn" "-e" "CARGO_HOME=/opt/rustwide/cargo-home" "-e" "RUSTUP_HOME=/opt/rustwide/rustup-home" "-w" "/opt/rustwide/workdir" "-m" "1610612736" "--user" "0:0" "--network" "none" "ghcr.io/rust-lang/crates-build-env/linux@sha256:2788e3201cd34a07e3172128adcd8b3090168a8e3bcc40d7c032b9dda1df7d1c" "/opt/rustwide/cargo-home/bin/cargo" "+1.75.0" "test" "--frozen" "--no-run" "--message-format=json", kill_on_drop: false }`
[INFO] [stdout] bbc4e6d9706fea8388cea9255d8e0a42850997d24ea61332ade67f0c0f6c2369
[INFO] running `Command { std: "docker" "start" "-a" "bbc4e6d9706fea8388cea9255d8e0a42850997d24ea61332ade67f0c0f6c2369", kill_on_drop: false }`
[INFO] [stderr]    Compiling libm v0.2.2
[INFO] [stderr]    Compiling num-traits v0.2.14
[INFO] [stderr]    Compiling num-integer v0.1.44
[INFO] [stderr]    Compiling unicode-xid v0.2.2
[INFO] [stderr]    Compiling num-bigint v0.4.3
[INFO] [stderr]    Compiling syn v1.0.89
[INFO] [stderr]    Compiling proc-macro2 v1.0.36
[INFO] [stderr]    Compiling num-rational v0.4.0
[INFO] [stderr]    Compiling num-iter v0.1.42
[INFO] [stderr]    Compiling transition-table v0.0.3
[INFO] [stderr]    Compiling physical-quantity v0.0.4
[INFO] [stderr]    Compiling disuse v0.0.2
[INFO] [stderr]    Compiling keyword-parser v0.0.3
[INFO] [stderr]    Compiling float-pretty-print v0.1.1
[INFO] [stderr]    Compiling quote v1.0.15
[INFO] [stderr]    Compiling num-complex v0.4.0
[INFO] [stderr]    Compiling const-frac v0.0.4
[INFO] [stderr]    Compiling num v0.4.0
[INFO] [stderr]    Compiling physical-quantity v0.0.5 (/opt/rustwide/workdir)
[INFO] [stderr]    Compiling const-array-attrs v0.0.3
[INFO] [stderr]    Compiling real-proc v0.0.3
[INFO] [stdout] error[E0464]: multiple candidates for `rlib` dependency `physical_quantity` found
[INFO] [stdout]  --> examples/dump_default_def.rs:8:5
[INFO] [stdout]   |
[INFO] [stdout] 8 | use physical_quantity::{ predefined::unit::DEFAULT_UNIT_DEF, Dimension, DynDim };
[INFO] [stdout]   |     ^^^^^^^^^^^^^^^^^
[INFO] [stdout]   |
[INFO] [stdout]   = note: candidate #1: /opt/rustwide/target/debug/deps/libphysical_quantity-b922b610b98bd909.rlib
[INFO] [stdout]   = note: candidate #2: /opt/rustwide/target/debug/deps/libphysical_quantity-f7293b4ea7927ea8.rlib
[INFO] [stdout] 
[INFO] [stdout] 
[INFO] [stdout] error: aborting due to previous error
[INFO] [stdout] 
[INFO] [stdout] 
[INFO] [stderr] error: could not compile `physical-quantity` (example "dump_default_def") due to 2 previous errors
[INFO] [stdout] For more information about this error, try `rustc --explain E0464`.
[INFO] [stdout] 
[INFO] [stderr] warning: build failed, waiting for other jobs to finish...
[INFO] [stdout] error[E0277]: the trait bound `unit::Unit<_, _>: FromStr` is not satisfied
[INFO] [stdout]    --> src/unit.rs:434:50
[INFO] [stdout]     |
[INFO] [stdout] 434 |         let u: Result<Unit<_, _>, _> = "kg*m/s2".parse();
[INFO] [stdout]     |                                                  ^^^^^ the trait `FromStr` is not implemented for `unit::Unit<_, _>`
[INFO] [stdout]     |
[INFO] [stdout]     = help: the following other types implement trait `FromStr`:
[INFO] [stdout]               bool
[INFO] [stdout]               char
[INFO] [stdout]               isize
[INFO] [stdout]               i8
[INFO] [stdout]               i16
[INFO] [stdout]               i32
[INFO] [stdout]               i64
[INFO] [stdout]               i128
[INFO] [stdout]             and 34 others
[INFO] [stdout] note: required by a bound in `core::str::<impl str>::parse`
[INFO] [stdout]    --> /rustc/82e1608dfa6e0b5569232559e3d385fea5a93112/library/core/src/str/mod.rs:2317:5
[INFO] [stdout] 
[INFO] [stdout] 
[INFO] [stdout] error[E0277]: the trait bound `unit::Unit<Frac, _>: FromStr` is not satisfied
[INFO] [stdout]   --> src/lib.rs:24:37
[INFO] [stdout]    |
[INFO] [stdout] 24 |         let u: Unit<Frac, _> = "Da".parse().unwrap();
[INFO] [stdout]    |                                     ^^^^^ the trait `FromStr` is not implemented for `unit::Unit<Frac, _>`
[INFO] [stdout]    |
[INFO] [stdout]    = help: the following other types implement trait `FromStr`:
[INFO] [stdout]              bool
[INFO] [stdout]              char
[INFO] [stdout]              isize
[INFO] [stdout]              i8
[INFO] [stdout]              i16
[INFO] [stdout]              i32
[INFO] [stdout]              i64
[INFO] [stdout]              i128
[INFO] [stdout]            and 34 others
[INFO] [stdout] note: required by a bound in `core::str::<impl str>::parse`
[INFO] [stdout]   --> /rustc/82e1608dfa6e0b5569232559e3d385fea5a93112/library/core/src/str/mod.rs:2317:5
[INFO] [stdout] 
[INFO] [stdout] 
[INFO] [stdout] error[E0034]: multiple applicable items in scope
[INFO] [stdout]    --> src/lib.rs:27:23
[INFO] [stdout]     |
[INFO] [stdout] 27  |         let float = u.value(pq).unwrap();
[INFO] [stdout]     |                       ^^^^^ multiple `value` found
[INFO] [stdout]     |
[INFO] [stdout] note: candidate #1 is defined in an impl for the type `unit::Unit<R, dimension::DynDim>`
[INFO] [stdout]    --> src/unit.rs:129:5
[INFO] [stdout]     |
[INFO] [stdout] 129 | /     pub fn value<D>(&self, pq: PhysicalQuantity<R, D>) -> Result<R, Error>
[INFO] [stdout] 130 | |     where
[INFO] [stdout] 131 | |         D: Dimension
[INFO] [stdout]     | |____________________^
[INFO] [stdout] note: candidate #2 is defined in an impl for the type `unit::Unit<R, Dim<L, M, T, θ, N, I, J>>`
[INFO] [stdout]    --> src/unit.rs:160:5
[INFO] [stdout]     |
[INFO] [stdout] 160 |     pub fn value(&self, pq: PhysicalQuantity<R, Dim<L, M, T, θ, N, I, J>>) -> R {
[INFO] [stdout]     |     ^^^^^^^^^^^^^^^^^^^^^^^^^^^^^^^^^^^^^^^^^^^^^^^^^^^^^^^^^^^^^^^^^^^^^^^^^^^
[INFO] [stdout] 
[INFO] [stdout] 
[INFO] [stdout] error[E0277]: the trait bound `unit::Unit<Frac, _>: FromStr` is not satisfied
[INFO] [stdout]   --> src/lib.rs:36:44
[INFO] [stdout]    |
[INFO] [stdout] 36 |         let u: Unit<Frac, _> = "W m2 sr-1".parse().unwrap();
[INFO] [stdout]    |                                            ^^^^^ the trait `FromStr` is not implemented for `unit::Unit<Frac, _>`
[INFO] [stdout]    |
[INFO] [stdout]    = help: the following other types implement trait `FromStr`:
[INFO] [stdout]              bool
[INFO] [stdout]              char
[INFO] [stdout]              isize
[INFO] [stdout]              i8
[INFO] [stdout]              i16
[INFO] [stdout]              i32
[INFO] [stdout]              i64
[INFO] [stdout]              i128
[INFO] [stdout]            and 34 others
[INFO] [stdout] note: required by a bound in `core::str::<impl str>::parse`
[INFO] [stdout]   --> /rustc/82e1608dfa6e0b5569232559e3d385fea5a93112/library/core/src/str/mod.rs:2317:5
[INFO] [stdout] 
[INFO] [stdout] 
[INFO] [stdout] error[E0034]: multiple applicable items in scope
[INFO] [stdout]    --> src/lib.rs:39:20
[INFO] [stdout]     |
[INFO] [stdout] 39  |         let v1 = u.value(pq).unwrap();
[INFO] [stdout]     |                    ^^^^^ multiple `value` found
[INFO] [stdout]     |
[INFO] [stdout] note: candidate #1 is defined in an impl for the type `unit::Unit<R, dimension::DynDim>`
[INFO] [stdout]    --> src/unit.rs:129:5
[INFO] [stdout]     |
[INFO] [stdout] 129 | /     pub fn value<D>(&self, pq: PhysicalQuantity<R, D>) -> Result<R, Error>
[INFO] [stdout] 130 | |     where
[INFO] [stdout] 131 | |         D: Dimension
[INFO] [stdout]     | |____________________^
[INFO] [stdout] note: candidate #2 is defined in an impl for the type `unit::Unit<R, Dim<L, M, T, θ, N, I, J>>`
[INFO] [stdout]    --> src/unit.rs:160:5
[INFO] [stdout]     |
[INFO] [stdout] 160 |     pub fn value(&self, pq: PhysicalQuantity<R, Dim<L, M, T, θ, N, I, J>>) -> R {
[INFO] [stdout]     |     ^^^^^^^^^^^^^^^^^^^^^^^^^^^^^^^^^^^^^^^^^^^^^^^^^^^^^^^^^^^^^^^^^^^^^^^^^^^
[INFO] [stdout] 
[INFO] [stdout] 
[INFO] [stdout] error: aborting due to 5 previous errors
[INFO] [stdout] 
[INFO] [stdout] 
[INFO] [stdout] Some errors have detailed explanations: E0034, E0277.
[INFO] [stdout] 
[INFO] [stdout] For more information about an error, try `rustc --explain E0034`.
[INFO] [stdout] 
[INFO] [stderr] error: could not compile `physical-quantity` (lib test) due to 6 previous errors
[INFO] running `Command { std: "docker" "inspect" "bbc4e6d9706fea8388cea9255d8e0a42850997d24ea61332ade67f0c0f6c2369", kill_on_drop: false }`
[INFO] running `Command { std: "docker" "rm" "-f" "bbc4e6d9706fea8388cea9255d8e0a42850997d24ea61332ade67f0c0f6c2369", kill_on_drop: false }`
[INFO] [stdout] bbc4e6d9706fea8388cea9255d8e0a42850997d24ea61332ade67f0c0f6c2369
