[INFO] fetching crate phreak_engine 0.1.5...
[INFO] testing phreak_engine-0.1.5 against 1.75.0 for beta-1.76-1
[INFO] extracting crate phreak_engine 0.1.5 into /workspace/builds/worker-3-tc1/source
[INFO] validating manifest of crates.io crate phreak_engine 0.1.5 on toolchain 1.75.0
[INFO] running `Command { std: CARGO_HOME="/workspace/cargo-home" RUSTUP_HOME="/workspace/rustup-home" "/workspace/cargo-home/bin/cargo" "+1.75.0" "metadata" "--manifest-path" "Cargo.toml" "--no-deps", kill_on_drop: false }`
[INFO] started tweaking crates.io crate phreak_engine 0.1.5
[INFO] finished tweaking crates.io crate phreak_engine 0.1.5
[INFO] tweaked toml for crates.io crate phreak_engine 0.1.5 written to /workspace/builds/worker-3-tc1/source/Cargo.toml
[INFO] running `Command { std: CARGO_HOME="/workspace/cargo-home" RUSTUP_HOME="/workspace/rustup-home" "/workspace/cargo-home/bin/cargo" "+1.75.0" "generate-lockfile" "--manifest-path" "Cargo.toml", kill_on_drop: false }`
[INFO] [stderr]     Updating crates.io index
[INFO] running `Command { std: CARGO_HOME="/workspace/cargo-home" RUSTUP_HOME="/workspace/rustup-home" "/workspace/cargo-home/bin/cargo" "+1.75.0" "fetch" "--manifest-path" "Cargo.toml", kill_on_drop: false }`
[INFO] [stderr]  Downloading crates ...
[INFO] [stderr]   Downloaded phreak_facts v0.1.5
[INFO] [stderr]   Downloaded phreak_rules v0.1.5
[INFO] running `Command { std: "docker" "create" "-v" "/var/lib/crater-agent-workspace/builds/worker-3-tc1/target:/opt/rustwide/target:rw,Z" "-v" "/var/lib/crater-agent-workspace/builds/worker-3-tc1/source:/opt/rustwide/workdir:ro,Z" "-v" "/var/lib/crater-agent-workspace/cargo-home:/opt/rustwide/cargo-home:ro,Z" "-v" "/var/lib/crater-agent-workspace/rustup-home:/opt/rustwide/rustup-home:ro,Z" "-e" "SOURCE_DIR=/opt/rustwide/workdir" "-e" "CARGO_TARGET_DIR=/opt/rustwide/target" "-e" "CARGO_HOME=/opt/rustwide/cargo-home" "-e" "RUSTUP_HOME=/opt/rustwide/rustup-home" "-w" "/opt/rustwide/workdir" "-m" "1610612736" "--user" "0:0" "--network" "none" "ghcr.io/rust-lang/crates-build-env/linux@sha256:2788e3201cd34a07e3172128adcd8b3090168a8e3bcc40d7c032b9dda1df7d1c" "/opt/rustwide/cargo-home/bin/cargo" "+1.75.0" "metadata" "--no-deps" "--format-version=1", kill_on_drop: false }`
[INFO] [stdout] ec72705abbf11d96e9bbf6361fc479dece340290b93b431c286da2060cfc3222
[INFO] running `Command { std: "docker" "start" "-a" "ec72705abbf11d96e9bbf6361fc479dece340290b93b431c286da2060cfc3222", kill_on_drop: false }`
[INFO] running `Command { std: "docker" "inspect" "ec72705abbf11d96e9bbf6361fc479dece340290b93b431c286da2060cfc3222", kill_on_drop: false }`
[INFO] running `Command { std: "docker" "rm" "-f" "ec72705abbf11d96e9bbf6361fc479dece340290b93b431c286da2060cfc3222", kill_on_drop: false }`
[INFO] [stdout] ec72705abbf11d96e9bbf6361fc479dece340290b93b431c286da2060cfc3222
[INFO] running `Command { std: "docker" "create" "-v" "/var/lib/crater-agent-workspace/builds/worker-3-tc1/target:/opt/rustwide/target:rw,Z" "-v" "/var/lib/crater-agent-workspace/builds/worker-3-tc1/source:/opt/rustwide/workdir:ro,Z" "-v" "/var/lib/crater-agent-workspace/cargo-home:/opt/rustwide/cargo-home:ro,Z" "-v" "/var/lib/crater-agent-workspace/rustup-home:/opt/rustwide/rustup-home:ro,Z" "-e" "SOURCE_DIR=/opt/rustwide/workdir" "-e" "CARGO_TARGET_DIR=/opt/rustwide/target" "-e" "CARGO_INCREMENTAL=0" "-e" "RUST_BACKTRACE=full" "-e" "RUSTFLAGS=--cap-lints=warn" "-e" "RUSTDOCFLAGS=--cap-lints=warn" "-e" "CARGO_HOME=/opt/rustwide/cargo-home" "-e" "RUSTUP_HOME=/opt/rustwide/rustup-home" "-w" "/opt/rustwide/workdir" "-m" "1610612736" "--user" "0:0" "--network" "none" "ghcr.io/rust-lang/crates-build-env/linux@sha256:2788e3201cd34a07e3172128adcd8b3090168a8e3bcc40d7c032b9dda1df7d1c" "/opt/rustwide/cargo-home/bin/cargo" "+1.75.0" "build" "--frozen" "--message-format=json", kill_on_drop: false }`
[INFO] [stdout] 0162741715c56ff00142f02ece8fa422346afa5299cc913d13e78f4dc22981ee
[INFO] running `Command { std: "docker" "start" "-a" "0162741715c56ff00142f02ece8fa422346afa5299cc913d13e78f4dc22981ee", kill_on_drop: false }`
[INFO] [stderr]    Compiling proc-macro2 v1.0.75
[INFO] [stderr]    Compiling unicode-ident v1.0.12
[INFO] [stderr]    Compiling libc v0.2.151
[INFO] [stderr]    Compiling serde v1.0.194
[INFO] [stderr]    Compiling iana-time-zone v0.1.59
[INFO] [stderr]    Compiling radium v0.3.0
[INFO] [stderr]    Compiling either v1.9.0
[INFO] [stderr]    Compiling phreak_rules v0.1.5
[INFO] [stderr]    Compiling num-traits v0.2.17
[INFO] [stderr]    Compiling generational-arena v0.2.9
[INFO] [stderr]    Compiling generational-indextree v1.1.4
[INFO] [stderr]    Compiling bitvec v0.17.4
[INFO] [stderr]    Compiling quote v1.0.35
[INFO] [stderr]    Compiling syn v2.0.48
[INFO] [stderr]    Compiling getrandom v0.2.11
[INFO] [stderr]    Compiling serde_derive v1.0.194
[INFO] [stderr]    Compiling chrono v0.4.31
[INFO] [stderr]    Compiling uuid v0.8.2
[INFO] [stderr]    Compiling phreak_facts v0.1.5
[INFO] [stdout] error[E0433]: failed to resolve: could not find `export` in `serde`
[INFO] [stdout]   --> /opt/rustwide/cargo-home/registry/src/index.crates.io-6f17d22bba15001f/phreak_facts-0.1.5/src/lib.rs:17:12
[INFO] [stdout]    |
[INFO] [stdout] 17 | use serde::export::fmt::Error;
[INFO] [stdout]    |            ^^^^^^ could not find `export` in `serde`
[INFO] [stdout] 
[INFO] [stdout] 
[INFO] [stdout] error[E0433]: failed to resolve: could not find `export` in `serde`
[INFO] [stdout]  --> /opt/rustwide/cargo-home/registry/src/index.crates.io-6f17d22bba15001f/phreak_facts-0.1.5/src/data.rs:6:12
[INFO] [stdout]   |
[INFO] [stdout] 6 | use serde::export::fmt::Error;
[INFO] [stdout]   |            ^^^^^^ could not find `export` in `serde`
[INFO] [stdout] 
[INFO] [stdout] 
[INFO] [stdout] error[E0432]: unresolved import `serde::export`
[INFO] [stdout]   --> /opt/rustwide/cargo-home/registry/src/index.crates.io-6f17d22bba15001f/phreak_facts-0.1.5/src/lib.rs:18:12
[INFO] [stdout]    |
[INFO] [stdout] 18 | use serde::export::Formatter;
[INFO] [stdout]    |            ^^^^^^ could not find `export` in `serde`
[INFO] [stdout] 
[INFO] [stdout] 
[INFO] [stdout] error[E0432]: unresolved import `serde::export`
[INFO] [stdout]  --> /opt/rustwide/cargo-home/registry/src/index.crates.io-6f17d22bba15001f/phreak_facts-0.1.5/src/data.rs:7:12
[INFO] [stdout]   |
[INFO] [stdout] 7 | use serde::export::Formatter;
[INFO] [stdout]   |            ^^^^^^ could not find `export` in `serde`
[INFO] [stdout] 
[INFO] [stdout] 
[INFO] [stdout] error: aborting due to 4 previous errors
[INFO] [stdout] 
[INFO] [stdout] 
[INFO] [stdout] Some errors have detailed explanations: E0432, E0433.
[INFO] [stdout] 
[INFO] [stdout] For more information about an error, try `rustc --explain E0432`.
[INFO] [stdout] 
[INFO] [stderr] error: could not compile `phreak_facts` (lib) due to 5 previous errors
[INFO] [stderr] warning: build failed, waiting for other jobs to finish...
[INFO] running `Command { std: "docker" "inspect" "0162741715c56ff00142f02ece8fa422346afa5299cc913d13e78f4dc22981ee", kill_on_drop: false }`
[INFO] running `Command { std: "docker" "rm" "-f" "0162741715c56ff00142f02ece8fa422346afa5299cc913d13e78f4dc22981ee", kill_on_drop: false }`
[INFO] [stdout] 0162741715c56ff00142f02ece8fa422346afa5299cc913d13e78f4dc22981ee
