[INFO] fetching crate phoenix-core 0.21.0...
[INFO] testing phoenix-core-0.21.0 against 1.75.0 for beta-1.76-1
[INFO] extracting crate phoenix-core 0.21.0 into /workspace/builds/worker-3-tc1/source
[INFO] validating manifest of crates.io crate phoenix-core 0.21.0 on toolchain 1.75.0
[INFO] running `Command { std: CARGO_HOME="/workspace/cargo-home" RUSTUP_HOME="/workspace/rustup-home" "/workspace/cargo-home/bin/cargo" "+1.75.0" "metadata" "--manifest-path" "Cargo.toml" "--no-deps", kill_on_drop: false }`
[INFO] removed /workspace/builds/worker-3-tc1/source/rust-toolchain.toml
[INFO] started tweaking crates.io crate phoenix-core 0.21.0
[INFO] finished tweaking crates.io crate phoenix-core 0.21.0
[INFO] tweaked toml for crates.io crate phoenix-core 0.21.0 written to /workspace/builds/worker-3-tc1/source/Cargo.toml
[INFO] running `Command { std: CARGO_HOME="/workspace/cargo-home" RUSTUP_HOME="/workspace/rustup-home" "/workspace/cargo-home/bin/cargo" "+1.75.0" "generate-lockfile" "--manifest-path" "Cargo.toml", kill_on_drop: false }`
[INFO] [stderr]     Updating crates.io index
[INFO] running `Command { std: CARGO_HOME="/workspace/cargo-home" RUSTUP_HOME="/workspace/rustup-home" "/workspace/cargo-home/bin/cargo" "+1.75.0" "fetch" "--manifest-path" "Cargo.toml", kill_on_drop: false }`
[INFO] [stderr]  Downloading crates ...
[INFO] [stderr]   Downloaded derive-hex v0.1.2
[INFO] [stderr]   Downloaded dusk-hades v0.22.1
[INFO] [stderr]   Downloaded dusk-bytes v0.1.7
[INFO] [stderr]   Downloaded dusk-bls12_381-sign v0.5.0
[INFO] [stderr]   Downloaded dusk-pki v0.13.0
[INFO] [stderr]   Downloaded dusk-jubjub v0.13.1
[INFO] [stderr]   Downloaded msgpacker-derive v0.3.1
[INFO] [stderr]   Downloaded msgpacker v0.4.3
[INFO] [stderr]   Downloaded dusk-poseidon v0.31.0
[INFO] [stderr]   Downloaded dusk-bls12_381 v0.12.3
[INFO] [stderr]   Downloaded dusk-plonk v0.16.0
[INFO] running `Command { std: "docker" "create" "-v" "/var/lib/crater-agent-workspace/builds/worker-3-tc1/target:/opt/rustwide/target:rw,Z" "-v" "/var/lib/crater-agent-workspace/builds/worker-3-tc1/source:/opt/rustwide/workdir:ro,Z" "-v" "/var/lib/crater-agent-workspace/cargo-home:/opt/rustwide/cargo-home:ro,Z" "-v" "/var/lib/crater-agent-workspace/rustup-home:/opt/rustwide/rustup-home:ro,Z" "-e" "SOURCE_DIR=/opt/rustwide/workdir" "-e" "CARGO_TARGET_DIR=/opt/rustwide/target" "-e" "CARGO_HOME=/opt/rustwide/cargo-home" "-e" "RUSTUP_HOME=/opt/rustwide/rustup-home" "-w" "/opt/rustwide/workdir" "-m" "1610612736" "--user" "0:0" "--network" "none" "ghcr.io/rust-lang/crates-build-env/linux@sha256:2788e3201cd34a07e3172128adcd8b3090168a8e3bcc40d7c032b9dda1df7d1c" "/opt/rustwide/cargo-home/bin/cargo" "+1.75.0" "metadata" "--no-deps" "--format-version=1", kill_on_drop: false }`
[INFO] [stdout] 75967b7b01dd53e75b748bc8106a6621213686213e1a704ba417ac24aaab0e2e
[INFO] running `Command { std: "docker" "start" "-a" "75967b7b01dd53e75b748bc8106a6621213686213e1a704ba417ac24aaab0e2e", kill_on_drop: false }`
[INFO] running `Command { std: "docker" "inspect" "75967b7b01dd53e75b748bc8106a6621213686213e1a704ba417ac24aaab0e2e", kill_on_drop: false }`
[INFO] running `Command { std: "docker" "rm" "-f" "75967b7b01dd53e75b748bc8106a6621213686213e1a704ba417ac24aaab0e2e", kill_on_drop: false }`
[INFO] [stdout] 75967b7b01dd53e75b748bc8106a6621213686213e1a704ba417ac24aaab0e2e
[INFO] running `Command { std: "docker" "create" "-v" "/var/lib/crater-agent-workspace/builds/worker-3-tc1/target:/opt/rustwide/target:rw,Z" "-v" "/var/lib/crater-agent-workspace/builds/worker-3-tc1/source:/opt/rustwide/workdir:ro,Z" "-v" "/var/lib/crater-agent-workspace/cargo-home:/opt/rustwide/cargo-home:ro,Z" "-v" "/var/lib/crater-agent-workspace/rustup-home:/opt/rustwide/rustup-home:ro,Z" "-e" "SOURCE_DIR=/opt/rustwide/workdir" "-e" "CARGO_TARGET_DIR=/opt/rustwide/target" "-e" "CARGO_INCREMENTAL=0" "-e" "RUST_BACKTRACE=full" "-e" "RUSTFLAGS=--cap-lints=warn" "-e" "RUSTDOCFLAGS=--cap-lints=warn" "-e" "CARGO_HOME=/opt/rustwide/cargo-home" "-e" "RUSTUP_HOME=/opt/rustwide/rustup-home" "-w" "/opt/rustwide/workdir" "-m" "1610612736" "--user" "0:0" "--network" "none" "ghcr.io/rust-lang/crates-build-env/linux@sha256:2788e3201cd34a07e3172128adcd8b3090168a8e3bcc40d7c032b9dda1df7d1c" "/opt/rustwide/cargo-home/bin/cargo" "+1.75.0" "build" "--frozen" "--message-format=json", kill_on_drop: false }`
[INFO] [stdout] ddcc6c85381f098ba29f04022e9c53b285d76cd9d6c77779fe2a94b63edb2d9d
[INFO] running `Command { std: "docker" "start" "-a" "ddcc6c85381f098ba29f04022e9c53b285d76cd9d6c77779fe2a94b63edb2d9d", kill_on_drop: false }`
[INFO] [stderr]    Compiling subtle v2.5.0
[INFO] [stderr]    Compiling syn v1.0.109
[INFO] [stderr]    Compiling rand_core v0.6.4
[INFO] [stderr]    Compiling radium v0.7.0
[INFO] [stderr]    Compiling funty v2.0.0
[INFO] [stderr]    Compiling byteorder v1.5.0
[INFO] [stderr]    Compiling either v1.9.0
[INFO] [stderr]    Compiling wyz v0.5.1
[INFO] [stderr]    Compiling hashbrown v0.9.1
[INFO] [stderr]    Compiling zeroize_derive v1.4.2
[INFO] [stderr]    Compiling msgpacker-derive v0.3.1
[INFO] [stderr]    Compiling crypto-common v0.1.6
[INFO] [stderr]    Compiling ff v0.13.0
[INFO] [stderr]    Compiling digest v0.10.7
[INFO] [stderr]    Compiling itertools v0.9.0
[INFO] [stderr]    Compiling group v0.13.0
[INFO] [stderr]    Compiling sha2 v0.10.8
[INFO] [stderr]    Compiling blake2 v0.10.6
[INFO] [stderr]    Compiling pairing v0.23.0
[INFO] [stderr]    Compiling bitvec v1.0.1
[INFO] [stderr]    Compiling zeroize v1.7.0
[INFO] [stderr]    Compiling msgpacker v0.4.3
[INFO] [stderr]    Compiling merlin v3.0.0
[INFO] [stdout] error[E0554]: `#![feature]` may not be used on the stable release channel
[INFO] [stdout]  --> /opt/rustwide/cargo-home/registry/src/index.crates.io-6f17d22bba15001f/msgpacker-0.4.3/src/lib.rs:3:5
[INFO] [stdout]   |
[INFO] [stdout] 3 |     iter_array_chunks,
[INFO] [stdout]   |     ^^^^^^^^^^^^^^^^^
[INFO] [stdout] 
[INFO] [stdout] 
[INFO] [stdout] error[E0554]: `#![feature]` may not be used on the stable release channel
[INFO] [stdout]  --> /opt/rustwide/cargo-home/registry/src/index.crates.io-6f17d22bba15001f/msgpacker-0.4.3/src/lib.rs:4:5
[INFO] [stdout]   |
[INFO] [stdout] 4 |     maybe_uninit_array_assume_init,
[INFO] [stdout]   |     ^^^^^^^^^^^^^^^^^^^^^^^^^^^^^^
[INFO] [stdout] 
[INFO] [stdout] 
[INFO] [stdout] error[E0554]: `#![feature]` may not be used on the stable release channel
[INFO] [stdout]  --> /opt/rustwide/cargo-home/registry/src/index.crates.io-6f17d22bba15001f/msgpacker-0.4.3/src/lib.rs:5:5
[INFO] [stdout]   |
[INFO] [stdout] 5 |     maybe_uninit_uninit_array
[INFO] [stdout]   |     ^^^^^^^^^^^^^^^^^^^^^^^^^
[INFO] [stdout] 
[INFO] [stdout] 
[INFO] [stdout] error: aborting due to 3 previous errors
[INFO] [stdout] 
[INFO] [stdout] 
[INFO] [stdout] For more information about this error, try `rustc --explain E0554`.
[INFO] [stdout] 
[INFO] [stderr] error: could not compile `msgpacker` (lib) due to 4 previous errors
[INFO] [stderr] warning: build failed, waiting for other jobs to finish...
[INFO] running `Command { std: "docker" "inspect" "ddcc6c85381f098ba29f04022e9c53b285d76cd9d6c77779fe2a94b63edb2d9d", kill_on_drop: false }`
[INFO] running `Command { std: "docker" "rm" "-f" "ddcc6c85381f098ba29f04022e9c53b285d76cd9d6c77779fe2a94b63edb2d9d", kill_on_drop: false }`
[INFO] [stdout] ddcc6c85381f098ba29f04022e9c53b285d76cd9d6c77779fe2a94b63edb2d9d
[INFO] testing phoenix-core-0.21.0 against beta-2023-12-22 for beta-1.76-1
[INFO] extracting crate phoenix-core 0.21.0 into /workspace/builds/worker-3-tc2/source
[INFO] validating manifest of crates.io crate phoenix-core 0.21.0 on toolchain beta-2023-12-22
[INFO] running `Command { std: CARGO_HOME="/workspace/cargo-home" RUSTUP_HOME="/workspace/rustup-home" "/workspace/cargo-home/bin/cargo" "+beta-2023-12-22" "metadata" "--manifest-path" "Cargo.toml" "--no-deps", kill_on_drop: false }`
[INFO] removed /workspace/builds/worker-3-tc2/source/rust-toolchain.toml
[INFO] started tweaking crates.io crate phoenix-core 0.21.0
[INFO] finished tweaking crates.io crate phoenix-core 0.21.0
[INFO] tweaked toml for crates.io crate phoenix-core 0.21.0 written to /workspace/builds/worker-3-tc2/source/Cargo.toml
[INFO] running `Command { std: CARGO_HOME="/workspace/cargo-home" RUSTUP_HOME="/workspace/rustup-home" "/workspace/cargo-home/bin/cargo" "+beta-2023-12-22" "generate-lockfile" "--manifest-path" "Cargo.toml", kill_on_drop: false }`
[INFO] [stderr]     Updating crates.io index
[INFO] running `Command { std: CARGO_HOME="/workspace/cargo-home" RUSTUP_HOME="/workspace/rustup-home" "/workspace/cargo-home/bin/cargo" "+beta-2023-12-22" "fetch" "--manifest-path" "Cargo.toml", kill_on_drop: false }`
[INFO] running `Command { std: "docker" "create" "-v" "/var/lib/crater-agent-workspace/builds/worker-3-tc2/target:/opt/rustwide/target:rw,Z" "-v" "/var/lib/crater-agent-workspace/builds/worker-3-tc2/source:/opt/rustwide/workdir:ro,Z" "-v" "/var/lib/crater-agent-workspace/cargo-home:/opt/rustwide/cargo-home:ro,Z" "-v" "/var/lib/crater-agent-workspace/rustup-home:/opt/rustwide/rustup-home:ro,Z" "-e" "SOURCE_DIR=/opt/rustwide/workdir" "-e" "CARGO_TARGET_DIR=/opt/rustwide/target" "-e" "CARGO_HOME=/opt/rustwide/cargo-home" "-e" "RUSTUP_HOME=/opt/rustwide/rustup-home" "-w" "/opt/rustwide/workdir" "-m" "1610612736" "--user" "0:0" "--network" "none" "ghcr.io/rust-lang/crates-build-env/linux@sha256:2788e3201cd34a07e3172128adcd8b3090168a8e3bcc40d7c032b9dda1df7d1c" "/opt/rustwide/cargo-home/bin/cargo" "+beta-2023-12-22" "metadata" "--no-deps" "--format-version=1", kill_on_drop: false }`
[INFO] [stdout] dd49e60e5549220ab80eb86e24bc2108da9e760c2256a989815ef9620d72c595
[INFO] running `Command { std: "docker" "start" "-a" "dd49e60e5549220ab80eb86e24bc2108da9e760c2256a989815ef9620d72c595", kill_on_drop: false }`
[INFO] running `Command { std: "docker" "inspect" "dd49e60e5549220ab80eb86e24bc2108da9e760c2256a989815ef9620d72c595", kill_on_drop: false }`
[INFO] running `Command { std: "docker" "rm" "-f" "dd49e60e5549220ab80eb86e24bc2108da9e760c2256a989815ef9620d72c595", kill_on_drop: false }`
[INFO] [stdout] dd49e60e5549220ab80eb86e24bc2108da9e760c2256a989815ef9620d72c595
[INFO] running `Command { std: "docker" "create" "-v" "/var/lib/crater-agent-workspace/builds/worker-3-tc2/target:/opt/rustwide/target:rw,Z" "-v" "/var/lib/crater-agent-workspace/builds/worker-3-tc2/source:/opt/rustwide/workdir:ro,Z" "-v" "/var/lib/crater-agent-workspace/cargo-home:/opt/rustwide/cargo-home:ro,Z" "-v" "/var/lib/crater-agent-workspace/rustup-home:/opt/rustwide/rustup-home:ro,Z" "-e" "SOURCE_DIR=/opt/rustwide/workdir" "-e" "CARGO_TARGET_DIR=/opt/rustwide/target" "-e" "CARGO_INCREMENTAL=0" "-e" "RUST_BACKTRACE=full" "-e" "RUSTFLAGS=--cap-lints=warn" "-e" "RUSTDOCFLAGS=--cap-lints=warn" "-e" "CARGO_HOME=/opt/rustwide/cargo-home" "-e" "RUSTUP_HOME=/opt/rustwide/rustup-home" "-w" "/opt/rustwide/workdir" "-m" "1610612736" "--user" "0:0" "--network" "none" "ghcr.io/rust-lang/crates-build-env/linux@sha256:2788e3201cd34a07e3172128adcd8b3090168a8e3bcc40d7c032b9dda1df7d1c" "/opt/rustwide/cargo-home/bin/cargo" "+beta-2023-12-22" "build" "--frozen" "--message-format=json", kill_on_drop: false }`
[INFO] [stdout] 1abbcf3e03b217c7002341a4242710d9fd0efaeb8dbaed8d77ff1f286b1e12d0
[INFO] running `Command { std: "docker" "start" "-a" "1abbcf3e03b217c7002341a4242710d9fd0efaeb8dbaed8d77ff1f286b1e12d0", kill_on_drop: false }`
[INFO] [stderr]    Compiling subtle v2.5.0
[INFO] [stderr]    Compiling rand_core v0.6.4
[INFO] [stderr]    Compiling syn v1.0.109
[INFO] [stderr]    Compiling radium v0.7.0
[INFO] [stderr]    Compiling funty v2.0.0
[INFO] [stderr]    Compiling either v1.9.0
[INFO] [stderr]    Compiling byteorder v1.5.0
[INFO] [stderr]    Compiling wyz v0.5.1
[INFO] [stderr]    Compiling hashbrown v0.9.1
[INFO] [stderr]    Compiling zeroize_derive v1.4.2
[INFO] [stderr]    Compiling msgpacker-derive v0.3.1
[INFO] [stderr]    Compiling crypto-common v0.1.6
[INFO] [stderr]    Compiling itertools v0.9.0
[INFO] [stderr]    Compiling digest v0.10.7
[INFO] [stderr]    Compiling ff v0.13.0
[INFO] [stderr]    Compiling group v0.13.0
[INFO] [stderr]    Compiling sha2 v0.10.8
[INFO] [stderr]    Compiling pairing v0.23.0
[INFO] [stderr]    Compiling blake2 v0.10.6
[INFO] [stderr]    Compiling bitvec v1.0.1
[INFO] [stderr]    Compiling msgpacker v0.4.3
[INFO] [stderr]    Compiling zeroize v1.7.0
[INFO] [stdout] error[E0554]: `#![feature]` may not be used on the beta release channel
[INFO] [stdout]  --> /opt/rustwide/cargo-home/registry/src/index.crates.io-6f17d22bba15001f/msgpacker-0.4.3/src/lib.rs:3:5
[INFO] [stdout]   |
[INFO] [stdout] 3 |     iter_array_chunks,
[INFO] [stdout]   |     ^^^^^^^^^^^^^^^^^
[INFO] [stdout] 
[INFO] [stdout] 
[INFO] [stdout] error[E0554]: `#![feature]` may not be used on the beta release channel
[INFO] [stdout]  --> /opt/rustwide/cargo-home/registry/src/index.crates.io-6f17d22bba15001f/msgpacker-0.4.3/src/lib.rs:4:5
[INFO] [stdout]   |
[INFO] [stdout] 4 |     maybe_uninit_array_assume_init,
[INFO] [stdout]   |     ^^^^^^^^^^^^^^^^^^^^^^^^^^^^^^
[INFO] [stdout] 
[INFO] [stdout] 
[INFO] [stdout] error[E0554]: `#![feature]` may not be used on the beta release channel
[INFO] [stdout]  --> /opt/rustwide/cargo-home/registry/src/index.crates.io-6f17d22bba15001f/msgpacker-0.4.3/src/lib.rs:5:5
[INFO] [stdout]   |
[INFO] [stdout] 5 |     maybe_uninit_uninit_array
[INFO] [stdout]   |     ^^^^^^^^^^^^^^^^^^^^^^^^^
[INFO] [stdout] 
[INFO] [stdout] 
[INFO] [stderr]    Compiling merlin v3.0.0
[INFO] [stdout] error: aborting due to 3 previous errors
[INFO] [stdout] 
[INFO] [stdout] 
[INFO] [stdout] For more information about this error, try `rustc --explain E0554`.
[INFO] [stdout] 
[INFO] [stderr] error: could not compile `msgpacker` (lib) due to 4 previous errors
[INFO] [stderr] warning: build failed, waiting for other jobs to finish...
[INFO] running `Command { std: "docker" "inspect" "1abbcf3e03b217c7002341a4242710d9fd0efaeb8dbaed8d77ff1f286b1e12d0", kill_on_drop: false }`
[INFO] running `Command { std: "docker" "rm" "-f" "1abbcf3e03b217c7002341a4242710d9fd0efaeb8dbaed8d77ff1f286b1e12d0", kill_on_drop: false }`
[INFO] [stdout] 1abbcf3e03b217c7002341a4242710d9fd0efaeb8dbaed8d77ff1f286b1e12d0
