[INFO] fetching crate perovskite_client 0.0.1...
[INFO] testing perovskite_client-0.0.1 against 1.75.0 for beta-1.76-1
[INFO] extracting crate perovskite_client 0.0.1 into /workspace/builds/worker-4-tc1/source
[INFO] validating manifest of crates.io crate perovskite_client 0.0.1 on toolchain 1.75.0
[INFO] running `Command { std: CARGO_HOME="/workspace/cargo-home" RUSTUP_HOME="/workspace/rustup-home" "/workspace/cargo-home/bin/cargo" "+1.75.0" "metadata" "--manifest-path" "Cargo.toml" "--no-deps", kill_on_drop: false }`
[INFO] started tweaking crates.io crate perovskite_client 0.0.1
[INFO] finished tweaking crates.io crate perovskite_client 0.0.1
[INFO] tweaked toml for crates.io crate perovskite_client 0.0.1 written to /workspace/builds/worker-4-tc1/source/Cargo.toml
[INFO] crate crates.io crate perovskite_client 0.0.1 already has a lockfile, it will not be regenerated
[INFO] running `Command { std: CARGO_HOME="/workspace/cargo-home" RUSTUP_HOME="/workspace/rustup-home" "/workspace/cargo-home/bin/cargo" "+1.75.0" "fetch" "--manifest-path" "Cargo.toml", kill_on_drop: false }`
[INFO] [stderr]     Updating crates.io index
[INFO] [stderr]  Downloading crates ...
[INFO] [stderr]   Downloaded mimalloc v0.1.37
[INFO] [stderr]   Downloaded equivalent v1.0.0
[INFO] [stderr]   Downloaded texture_packer v0.25.0
[INFO] [stderr]   Downloaded nearly_eq v0.2.4
[INFO] [stderr]   Downloaded tokio-scoped v0.2.0
[INFO] [stderr]   Downloaded vec3D v0.3.0
[INFO] [stderr]   Downloaded png v0.17.8
[INFO] [stderr]   Downloaded float-cmp v0.4.0
[INFO] [stderr]   Downloaded fps_counter v2.0.0
[INFO] [stderr]   Downloaded toml_edit v0.19.11
[INFO] [stderr]   Downloaded toml v0.7.5
[INFO] [stderr]   Downloaded line_drawing v1.0.0
[INFO] [stderr]   Downloaded ttf-parser v0.19.0
[INFO] [stderr]   Downloaded exr v1.6.3
[INFO] [stderr]   Downloaded libmimalloc-sys v0.1.33
[INFO] [stderr]   Downloaded epaint v0.21.0
[INFO] [stderr]   Downloaded curve25519-dalek v4.0.0-pre.1
[INFO] [stderr]   Downloaded shaderc-sys v0.8.2
[INFO] [stderr]   Downloaded tracy-client-sys v0.21.0
[INFO] [stderr]   Downloaded cbloom v0.1.3
[INFO] [stderr]   Downloaded perovskite_core v0.0.1
[INFO] [stderr]   Downloaded winit v0.28.3
[INFO] [stderr]   Downloaded rustix v0.37.8
[INFO] [stderr]   Downloaded x11rb-protocol v0.10.0
[INFO] [stderr]   Downloaded x11rb v0.10.1
[INFO] [stderr]   Downloaded egui v0.21.0
[INFO] [stderr]   Downloaded egui_winit_vulkano v0.24.0
[INFO] [stderr]   Downloaded tracy-client v0.15.2
[INFO] [stderr]   Downloaded smithay-clipboard v0.6.6
[INFO] [stderr]   Downloaded microbench v0.5.0
[INFO] [stderr]   Downloaded vulkano-win v0.33.0
[INFO] [stderr]   Downloaded voprf v0.4.0-pre.3
[INFO] [stderr]   Downloaded shaderc v0.8.2
[INFO] [stderr]   Downloaded arboard v3.2.0
[INFO] [stderr]   Downloaded vulkano-shaders v0.33.0
[INFO] [stderr]   Downloaded atomic_refcell v0.1.10
[INFO] [stderr]   Downloaded egui-winit v0.21.1
[INFO] [stderr]   Downloaded emath v0.21.0
[INFO] [stderr]   Downloaded winapi-wsapoll v0.1.1
[INFO] [stderr]   Downloaded ecolor v0.21.0
[INFO] [stderr]   Downloaded derive-where v1.0.0-rc.3
[INFO] [stderr]   Downloaded opaque-ke v2.0.0
[INFO] running `Command { std: "docker" "create" "-v" "/var/lib/crater-agent-workspace/builds/worker-4-tc1/target:/opt/rustwide/target:rw,Z" "-v" "/var/lib/crater-agent-workspace/builds/worker-4-tc1/source:/opt/rustwide/workdir:ro,Z" "-v" "/var/lib/crater-agent-workspace/cargo-home:/opt/rustwide/cargo-home:ro,Z" "-v" "/var/lib/crater-agent-workspace/rustup-home:/opt/rustwide/rustup-home:ro,Z" "-e" "SOURCE_DIR=/opt/rustwide/workdir" "-e" "CARGO_TARGET_DIR=/opt/rustwide/target" "-e" "CARGO_HOME=/opt/rustwide/cargo-home" "-e" "RUSTUP_HOME=/opt/rustwide/rustup-home" "-w" "/opt/rustwide/workdir" "-m" "1610612736" "--user" "0:0" "--network" "none" "ghcr.io/rust-lang/crates-build-env/linux@sha256:2788e3201cd34a07e3172128adcd8b3090168a8e3bcc40d7c032b9dda1df7d1c" "/opt/rustwide/cargo-home/bin/cargo" "+1.75.0" "metadata" "--no-deps" "--format-version=1", kill_on_drop: false }`
[INFO] [stdout] 1b62b025e4cb7c6f2274efedf88d4bee34b626e3716ddd843a3f65b55a3aedd1
[INFO] running `Command { std: "docker" "start" "-a" "1b62b025e4cb7c6f2274efedf88d4bee34b626e3716ddd843a3f65b55a3aedd1", kill_on_drop: false }`
[INFO] running `Command { std: "docker" "inspect" "1b62b025e4cb7c6f2274efedf88d4bee34b626e3716ddd843a3f65b55a3aedd1", kill_on_drop: false }`
[INFO] running `Command { std: "docker" "rm" "-f" "1b62b025e4cb7c6f2274efedf88d4bee34b626e3716ddd843a3f65b55a3aedd1", kill_on_drop: false }`
[INFO] [stdout] 1b62b025e4cb7c6f2274efedf88d4bee34b626e3716ddd843a3f65b55a3aedd1
[INFO] running `Command { std: "docker" "create" "-v" "/var/lib/crater-agent-workspace/builds/worker-4-tc1/target:/opt/rustwide/target:rw,Z" "-v" "/var/lib/crater-agent-workspace/builds/worker-4-tc1/source:/opt/rustwide/workdir:ro,Z" "-v" "/var/lib/crater-agent-workspace/cargo-home:/opt/rustwide/cargo-home:ro,Z" "-v" "/var/lib/crater-agent-workspace/rustup-home:/opt/rustwide/rustup-home:ro,Z" "-e" "SOURCE_DIR=/opt/rustwide/workdir" "-e" "CARGO_TARGET_DIR=/opt/rustwide/target" "-e" "CARGO_INCREMENTAL=0" "-e" "RUST_BACKTRACE=full" "-e" "RUSTFLAGS=--cap-lints=warn" "-e" "RUSTDOCFLAGS=--cap-lints=warn" "-e" "CARGO_HOME=/opt/rustwide/cargo-home" "-e" "RUSTUP_HOME=/opt/rustwide/rustup-home" "-w" "/opt/rustwide/workdir" "-m" "1610612736" "--user" "0:0" "--network" "none" "ghcr.io/rust-lang/crates-build-env/linux@sha256:2788e3201cd34a07e3172128adcd8b3090168a8e3bcc40d7c032b9dda1df7d1c" "/opt/rustwide/cargo-home/bin/cargo" "+1.75.0" "build" "--frozen" "--message-format=json", kill_on_drop: false }`
[INFO] [stdout] 51233dd7786cbae70ea2836af59ff19b65f3e2920f8954f8bbe5f0b1ee591fbd
[INFO] running `Command { std: "docker" "start" "-a" "51233dd7786cbae70ea2836af59ff19b65f3e2920f8954f8bbe5f0b1ee591fbd", kill_on_drop: false }`
[INFO] [stderr]    Compiling proc-macro2 v1.0.56
[INFO] [stderr]    Compiling unicode-ident v1.0.8
[INFO] [stderr]    Compiling quote v1.0.26
[INFO] [stderr]    Compiling libc v0.2.147
[INFO] [stderr]    Compiling once_cell v1.17.1
[INFO] [stderr]    Compiling serde v1.0.163
[INFO] [stderr]    Compiling syn v1.0.109
[INFO] [stderr]    Compiling scopeguard v1.1.0
[INFO] [stderr]    Compiling smallvec v1.10.0
[INFO] [stderr]    Compiling parking_lot_core v0.9.7
[INFO] [stderr]    Compiling lock_api v0.4.9
[INFO] [stderr]    Compiling cc v1.0.79
[INFO] [stderr]    Compiling xml-rs v0.8.4
[INFO] [stderr]    Compiling indexmap v1.9.3
[INFO] [stderr]    Compiling futures-core v0.3.28
[INFO] [stderr]    Compiling memoffset v0.6.5
[INFO] [stderr]    Compiling typenum v1.16.0
[INFO] [stderr]    Compiling itoa v1.0.6
[INFO] [stderr]    Compiling generic-array v0.14.7
[INFO] [stderr]    Compiling futures-sink v0.3.28
[INFO] [stderr]    Compiling bytes v1.4.0
[INFO] [stderr]    Compiling aho-corasick v0.7.20
[INFO] [stderr]    Compiling libloading v0.7.4
[INFO] [stderr]    Compiling simd-adler32 v0.3.5
[INFO] [stderr]    Compiling subtle v2.5.0
[INFO] [stderr]    Compiling heck v0.4.1
[INFO] [stderr]    Compiling crossbeam-utils v0.8.15
[INFO] [stderr]    Compiling regex-syntax v0.6.29
[INFO] [stderr]    Compiling tokio v1.29.1
[INFO] [stderr]    Compiling wayland-sys v0.29.5
[INFO] [stderr]    Compiling slab v0.4.8
[INFO] [stderr]    Compiling miniz_oxide v0.7.1
[INFO] [stderr]    Compiling num-traits v0.2.15
[INFO] [stderr]    Compiling either v1.8.1
[INFO] [stderr]    Compiling linux-raw-sys v0.3.1
[INFO] [stderr]    Compiling anyhow v1.0.71
[INFO] [stderr]    Compiling futures-channel v0.3.28
[INFO] [stderr]    Compiling futures-task v0.3.28
[INFO] [stderr]    Compiling dlib v0.5.0
[INFO] [stderr]    Compiling tracing-core v0.1.30
[INFO] [stderr]    Compiling syn v2.0.13
[INFO] [stderr]    Compiling wayland-scanner v0.29.5
[INFO] [stderr]    Compiling flate2 v1.0.26
[INFO] [stderr]    Compiling thiserror v1.0.40
[INFO] [stderr]    Compiling futures-util v0.3.28
[INFO] [stderr]    Compiling itertools v0.10.5
[INFO] [stderr]    Compiling crossbeam-epoch v0.9.14
[INFO] [stderr]    Compiling ahash v0.8.3
[INFO] [stderr]    Compiling futures-io v0.3.28
[INFO] [stderr]    Compiling serde_json v1.0.96
[INFO] [stderr]    Compiling slotmap v1.0.6
[INFO] [stderr]    Compiling downcast-rs v1.2.0
[INFO] [stderr]    Compiling ryu v1.0.13
[INFO] [stderr]    Compiling minimal-lexical v0.2.1
[INFO] [stderr]    Compiling getrandom v0.2.9
[INFO] [stderr]    Compiling num_cpus v1.15.0
[INFO] [stderr]    Compiling mio v0.8.6
[INFO] [stderr]    Compiling nix v0.24.3
[INFO] [stderr]    Compiling signal-hook-registry v1.4.1
[INFO] [stderr]    Compiling socket2 v0.4.9
[INFO] [stderr]    Compiling parking_lot v0.12.1
[INFO] [stderr]    Compiling rand_core v0.6.4
[INFO] [stderr]    Compiling scoped-tls v1.0.1
[INFO] [stderr]    Compiling rustversion v1.0.12
[INFO] [stderr]    Compiling nom v7.1.3
[INFO] [stderr]    Compiling regex v1.7.3
[INFO] [stderr]    Compiling wayland-client v0.29.5
[INFO] [stderr]    Compiling wayland-protocols v0.29.5
[INFO] [stderr]    Compiling ring v0.16.20
[INFO] [stderr]    Compiling vk-parse v0.8.0
[INFO] [stderr]    Compiling fdeflate v0.3.0
[INFO] [stderr]    Compiling equivalent v1.0.0
[INFO] [stderr]    Compiling rayon-core v1.11.0
[INFO] [stderr]    Compiling io-lifetimes v1.0.10
[INFO] [stderr]    Compiling ttf-parser v0.19.0
[INFO] [stderr]    Compiling hashbrown v0.14.0
[INFO] [stderr]    Compiling http v0.2.9
[INFO] [stderr]    Compiling png v0.17.8
[INFO] [stderr]    Compiling crossbeam-deque v0.8.3
[INFO] [stderr]    Compiling indexmap v2.0.0
[INFO] [stderr]    Compiling nix v0.25.1
[INFO] [stderr]    Compiling crossbeam-channel v0.5.8
[INFO] [stderr]    Compiling smithay-client-toolkit v0.16.0
[INFO] [stderr]    Compiling winnow v0.4.7
[INFO] [stderr]    Compiling crossbeam-queue v0.3.8
[INFO] [stderr]    Compiling xcursor v0.3.4
[INFO] [stderr]    Compiling vec_map v0.8.2
[INFO] [stderr]    Compiling rustix v0.37.8
[INFO] [stderr]    Compiling ab_glyph_rasterizer v0.1.8
[INFO] [stderr]    Compiling memmap2 v0.5.10
[INFO] [stderr]    Compiling xmlparser v0.13.5
[INFO] [stderr]    Compiling owned_ttf_parser v0.19.0
[INFO] [stderr]    Compiling spin v0.5.2
[INFO] [stderr]    Compiling ab_glyph v0.2.21
[INFO] [stderr]    Compiling strict-num v0.1.0
[INFO] [stderr]    Compiling byteorder v1.4.3
[INFO] [stderr]    Compiling ash v0.37.2+1.3.238
[INFO] [stderr]    Compiling prettyplease v0.1.25
[INFO] [stderr]    Compiling untrusted v0.7.1
[INFO] [stderr]    Compiling roxmltree v0.14.1
[INFO] [stderr]    Compiling rand_chacha v0.3.1
[INFO] [stderr]    Compiling http-body v0.4.5
[INFO] [stderr]    Compiling cmake v0.1.50
[INFO] [stderr]    Compiling x11-dl v2.21.0
[INFO] [stderr]    Compiling fixedbitset v0.4.2
[INFO] [stderr]    Compiling toml_datetime v0.6.3
[INFO] [stderr]    Compiling async-trait v0.1.68
[INFO] [stderr]    Compiling wayland-commons v0.29.5
[INFO] [stderr]    Compiling fastrand v1.9.0
[INFO] [stderr]    Compiling cfg_aliases v0.1.1
[INFO] [stderr]    Compiling const-oid v0.9.2
[INFO] [stderr]    Compiling arrayvec v0.7.2
[INFO] [stderr]    Compiling winit v0.28.3
[INFO] [stderr]    Compiling shaderc-sys v0.8.2
[INFO] [stderr]    Compiling want v0.3.0
[INFO] [stderr]    Compiling der v0.6.1
[INFO] [stderr]    Compiling rayon v1.7.0
[INFO] [stderr]    Compiling toml_edit v0.19.11
[INFO] [stderr]    Compiling petgraph v0.6.3
[INFO] [stderr]    Compiling rand v0.8.5
[INFO] [stderr]    Compiling axum-core v0.3.3
[INFO] [stderr]    Compiling ff v0.12.1
[INFO] [stderr] error: could not compile `syn` (lib)
[INFO] [stderr] 
[INFO] [stderr] Caused by:
[INFO] [stderr]   process didn't exit successfully: `/opt/rustwide/rustup-home/toolchains/1.75.0-x86_64-unknown-linux-gnu/bin/rustc --crate-name syn --edition=2018 /opt/rustwide/cargo-home/registry/src/index.crates.io-6f17d22bba15001f/syn-1.0.109/src/lib.rs --error-format=json --json=diagnostic-rendered-ansi,artifacts,future-incompat --crate-type lib --emit=dep-info,metadata,link -C embed-bitcode=no --cfg 'feature="clone-impls"' --cfg 'feature="default"' --cfg 'feature="derive"' --cfg 'feature="extra-traits"' --cfg 'feature="full"' --cfg 'feature="parsing"' --cfg 'feature="printing"' --cfg 'feature="proc-macro"' --cfg 'feature="quote"' --cfg 'feature="visit"' --cfg 'feature="visit-mut"' -C metadata=cf1ead96ea48ccb5 -C extra-filename=-cf1ead96ea48ccb5 --out-dir /opt/rustwide/target/debug/deps -L dependency=/opt/rustwide/target/debug/deps --extern proc_macro2=/opt/rustwide/target/debug/deps/libproc_macro2-e275c0cd3d6bfc34.rmeta --extern quote=/opt/rustwide/target/debug/deps/libquote-8d434c2f820b712e.rmeta --extern unicode_ident=/opt/rustwide/target/debug/deps/libunicode_ident-d186056ea2db25e0.rmeta --cap-lints allow --cap-lints=warn --cfg syn_disable_nightly_tests` (signal: 9, SIGKILL: kill)
[INFO] [stderr] warning: build failed, waiting for other jobs to finish...
[INFO] running `Command { std: "docker" "inspect" "51233dd7786cbae70ea2836af59ff19b65f3e2920f8954f8bbe5f0b1ee591fbd", kill_on_drop: false }`
[INFO] running `Command { std: "docker" "rm" "-f" "51233dd7786cbae70ea2836af59ff19b65f3e2920f8954f8bbe5f0b1ee591fbd", kill_on_drop: false }`
[INFO] [stdout] 51233dd7786cbae70ea2836af59ff19b65f3e2920f8954f8bbe5f0b1ee591fbd
[INFO] testing perovskite_client-0.0.1 against beta-2023-12-22 for beta-1.76-1
[INFO] extracting crate perovskite_client 0.0.1 into /workspace/builds/worker-4-tc2/source
[INFO] validating manifest of crates.io crate perovskite_client 0.0.1 on toolchain beta-2023-12-22
[INFO] running `Command { std: CARGO_HOME="/workspace/cargo-home" RUSTUP_HOME="/workspace/rustup-home" "/workspace/cargo-home/bin/cargo" "+beta-2023-12-22" "metadata" "--manifest-path" "Cargo.toml" "--no-deps", kill_on_drop: false }`
[INFO] started tweaking crates.io crate perovskite_client 0.0.1
[INFO] finished tweaking crates.io crate perovskite_client 0.0.1
[INFO] tweaked toml for crates.io crate perovskite_client 0.0.1 written to /workspace/builds/worker-4-tc2/source/Cargo.toml
[INFO] crate crates.io crate perovskite_client 0.0.1 already has a lockfile, it will not be regenerated
[INFO] running `Command { std: CARGO_HOME="/workspace/cargo-home" RUSTUP_HOME="/workspace/rustup-home" "/workspace/cargo-home/bin/cargo" "+beta-2023-12-22" "fetch" "--manifest-path" "Cargo.toml", kill_on_drop: false }`
[INFO] running `Command { std: "docker" "create" "-v" "/var/lib/crater-agent-workspace/builds/worker-4-tc2/target:/opt/rustwide/target:rw,Z" "-v" "/var/lib/crater-agent-workspace/builds/worker-4-tc2/source:/opt/rustwide/workdir:ro,Z" "-v" "/var/lib/crater-agent-workspace/cargo-home:/opt/rustwide/cargo-home:ro,Z" "-v" "/var/lib/crater-agent-workspace/rustup-home:/opt/rustwide/rustup-home:ro,Z" "-e" "SOURCE_DIR=/opt/rustwide/workdir" "-e" "CARGO_TARGET_DIR=/opt/rustwide/target" "-e" "CARGO_HOME=/opt/rustwide/cargo-home" "-e" "RUSTUP_HOME=/opt/rustwide/rustup-home" "-w" "/opt/rustwide/workdir" "-m" "1610612736" "--user" "0:0" "--network" "none" "ghcr.io/rust-lang/crates-build-env/linux@sha256:2788e3201cd34a07e3172128adcd8b3090168a8e3bcc40d7c032b9dda1df7d1c" "/opt/rustwide/cargo-home/bin/cargo" "+beta-2023-12-22" "metadata" "--no-deps" "--format-version=1", kill_on_drop: false }`
[INFO] [stdout] 0b0478783d843856cd314a22395a0c9cd32b987fc68603282129460a25466f37
[INFO] running `Command { std: "docker" "start" "-a" "0b0478783d843856cd314a22395a0c9cd32b987fc68603282129460a25466f37", kill_on_drop: false }`
[INFO] running `Command { std: "docker" "inspect" "0b0478783d843856cd314a22395a0c9cd32b987fc68603282129460a25466f37", kill_on_drop: false }`
[INFO] running `Command { std: "docker" "rm" "-f" "0b0478783d843856cd314a22395a0c9cd32b987fc68603282129460a25466f37", kill_on_drop: false }`
[INFO] [stdout] 0b0478783d843856cd314a22395a0c9cd32b987fc68603282129460a25466f37
[INFO] running `Command { std: "docker" "create" "-v" "/var/lib/crater-agent-workspace/builds/worker-4-tc2/target:/opt/rustwide/target:rw,Z" "-v" "/var/lib/crater-agent-workspace/builds/worker-4-tc2/source:/opt/rustwide/workdir:ro,Z" "-v" "/var/lib/crater-agent-workspace/cargo-home:/opt/rustwide/cargo-home:ro,Z" "-v" "/var/lib/crater-agent-workspace/rustup-home:/opt/rustwide/rustup-home:ro,Z" "-e" "SOURCE_DIR=/opt/rustwide/workdir" "-e" "CARGO_TARGET_DIR=/opt/rustwide/target" "-e" "CARGO_INCREMENTAL=0" "-e" "RUST_BACKTRACE=full" "-e" "RUSTFLAGS=--cap-lints=warn" "-e" "RUSTDOCFLAGS=--cap-lints=warn" "-e" "CARGO_HOME=/opt/rustwide/cargo-home" "-e" "RUSTUP_HOME=/opt/rustwide/rustup-home" "-w" "/opt/rustwide/workdir" "-m" "1610612736" "--user" "0:0" "--network" "none" "ghcr.io/rust-lang/crates-build-env/linux@sha256:2788e3201cd34a07e3172128adcd8b3090168a8e3bcc40d7c032b9dda1df7d1c" "/opt/rustwide/cargo-home/bin/cargo" "+beta-2023-12-22" "build" "--frozen" "--message-format=json", kill_on_drop: false }`
[INFO] [stdout] 826bd3cee4d16f21ffc7276f4415b29ccb2ac8b78dfb26b048c374bf5a21b317
[INFO] running `Command { std: "docker" "start" "-a" "826bd3cee4d16f21ffc7276f4415b29ccb2ac8b78dfb26b048c374bf5a21b317", kill_on_drop: false }`
[INFO] [stderr]    Compiling proc-macro2 v1.0.56
[INFO] [stderr]    Compiling quote v1.0.26
[INFO] [stderr]    Compiling unicode-ident v1.0.8
[INFO] [stderr]    Compiling libc v0.2.147
[INFO] [stderr]    Compiling once_cell v1.17.1
[INFO] [stderr]    Compiling serde v1.0.163
[INFO] [stderr]    Compiling syn v1.0.109
[INFO] [stderr]    Compiling smallvec v1.10.0
[INFO] [stderr]    Compiling scopeguard v1.1.0
[INFO] [stderr]    Compiling cc v1.0.79
[INFO] [stderr]    Compiling lock_api v0.4.9
[INFO] [stderr]    Compiling xml-rs v0.8.4
[INFO] [stderr]    Compiling parking_lot_core v0.9.7
[INFO] [stderr]    Compiling indexmap v1.9.3
[INFO] [stderr]    Compiling futures-core v0.3.28
[INFO] [stderr]    Compiling memoffset v0.6.5
[INFO] [stderr]    Compiling typenum v1.16.0
[INFO] [stderr]    Compiling itoa v1.0.6
[INFO] [stderr]    Compiling generic-array v0.14.7
[INFO] [stderr]    Compiling bytes v1.4.0
[INFO] [stderr]    Compiling futures-sink v0.3.28
[INFO] [stderr]    Compiling aho-corasick v0.7.20
[INFO] [stderr]    Compiling libloading v0.7.4
[INFO] [stderr]    Compiling simd-adler32 v0.3.5
[INFO] [stderr]    Compiling subtle v2.5.0
[INFO] [stderr]    Compiling crossbeam-utils v0.8.15
[INFO] [stderr]    Compiling heck v0.4.1
[INFO] [stderr]    Compiling regex-syntax v0.6.29
[INFO] [stderr]    Compiling tokio v1.29.1
[INFO] [stderr]    Compiling miniz_oxide v0.7.1
[INFO] [stderr]    Compiling wayland-sys v0.29.5
[INFO] [stderr]    Compiling slab v0.4.8
[INFO] [stderr]    Compiling num-traits v0.2.15
[INFO] [stderr]    Compiling futures-task v0.3.28
[INFO] [stderr]    Compiling anyhow v1.0.71
[INFO] [stderr]    Compiling either v1.8.1
[INFO] [stderr]    Compiling linux-raw-sys v0.3.1
[INFO] [stderr]    Compiling futures-channel v0.3.28
[INFO] [stderr]    Compiling dlib v0.5.0
[INFO] [stderr]    Compiling flate2 v1.0.26
[INFO] [stderr]    Compiling syn v2.0.13
[INFO] [stderr]    Compiling wayland-scanner v0.29.5
[INFO] [stderr]    Compiling tracing-core v0.1.30
[INFO] [stderr]    Compiling futures-util v0.3.28
[INFO] [stderr]    Compiling thiserror v1.0.40
[INFO] [stderr]    Compiling itertools v0.10.5
[INFO] [stderr]    Compiling crossbeam-epoch v0.9.14
[INFO] [stderr]    Compiling ahash v0.8.3
[INFO] [stderr]    Compiling serde_json v1.0.96
[INFO] [stderr]    Compiling futures-io v0.3.28
[INFO] [stderr]    Compiling slotmap v1.0.6
[INFO] [stderr]    Compiling scoped-tls v1.0.1
[INFO] [stderr]    Compiling getrandom v0.2.9
[INFO] [stderr]    Compiling num_cpus v1.15.0
[INFO] [stderr]    Compiling mio v0.8.6
[INFO] [stderr]    Compiling nix v0.24.3
[INFO] [stderr]    Compiling socket2 v0.4.9
[INFO] [stderr]    Compiling signal-hook-registry v1.4.1
[INFO] [stderr]    Compiling rand_core v0.6.4
[INFO] [stderr]    Compiling parking_lot v0.12.1
[INFO] [stderr]    Compiling ryu v1.0.13
[INFO] [stderr]    Compiling rustversion v1.0.12
[INFO] [stderr]    Compiling minimal-lexical v0.2.1
[INFO] [stderr]    Compiling downcast-rs v1.2.0
[INFO] [stderr]    Compiling wayland-client v0.29.5
[INFO] [stderr]    Compiling wayland-protocols v0.29.5
[INFO] [stderr]    Compiling regex v1.7.3
[INFO] [stderr]    Compiling nom v7.1.3
[INFO] [stderr]    Compiling ring v0.16.20
[INFO] [stderr]    Compiling vk-parse v0.8.0
[INFO] [stderr]    Compiling fdeflate v0.3.0
[INFO] [stderr]    Compiling equivalent v1.0.0
[INFO] [stderr]    Compiling hashbrown v0.14.0
[INFO] [stderr]    Compiling ttf-parser v0.19.0
[INFO] [stderr]    Compiling rayon-core v1.11.0
[INFO] [stderr]    Compiling io-lifetimes v1.0.10
[INFO] [stderr]    Compiling http v0.2.9
[INFO] [stderr]    Compiling png v0.17.8
[INFO] [stderr]    Compiling indexmap v2.0.0
[INFO] [stderr]    Compiling crossbeam-deque v0.8.3
[INFO] [stderr]    Compiling nix v0.25.1
[INFO] [stderr]    Compiling crossbeam-channel v0.5.8
[INFO] [stderr]    Compiling smithay-client-toolkit v0.16.0
[INFO] [stderr]    Compiling xcursor v0.3.4
[INFO] [stderr]    Compiling ab_glyph_rasterizer v0.1.8
[INFO] [stderr]    Compiling rustix v0.37.8
[INFO] [stderr]    Compiling vec_map v0.8.2
[INFO] [stderr]    Compiling crossbeam-queue v0.3.8
[INFO] [stderr]    Compiling winnow v0.4.7
[INFO] [stderr]    Compiling owned_ttf_parser v0.19.0
[INFO] [stderr]    Compiling memmap2 v0.5.10
[INFO] [stderr]    Compiling spin v0.5.2
[INFO] [stderr]    Compiling strict-num v0.1.0
[INFO] [stderr]    Compiling ab_glyph v0.2.21
[INFO] [stderr]    Compiling byteorder v1.4.3
[INFO] [stderr]    Compiling xmlparser v0.13.5
[INFO] [stderr]    Compiling prettyplease v0.1.25
[INFO] [stderr]    Compiling ash v0.37.2+1.3.238
[INFO] [stderr]    Compiling untrusted v0.7.1
[INFO] [stderr]    Compiling roxmltree v0.14.1
[INFO] [stderr]    Compiling wayland-commons v0.29.5
[INFO] [stderr]    Compiling rand_chacha v0.3.1
[INFO] [stderr]    Compiling http-body v0.4.5
[INFO] [stderr]    Compiling cmake v0.1.50
[INFO] [stderr]    Compiling x11-dl v2.21.0
[INFO] [stderr]    Compiling num-integer v0.1.45
[INFO] [stderr]    Compiling toml_datetime v0.6.3
[INFO] [stderr]    Compiling fastrand v1.9.0
[INFO] [stderr]    Compiling const-oid v0.9.2
[INFO] [stderr]    Compiling cfg_aliases v0.1.1
[INFO] [stderr]    Compiling async-trait v0.1.68
[INFO] [stderr]    Compiling fixedbitset v0.4.2
[INFO] [stderr]    Compiling arrayvec v0.7.2
[INFO] [stderr]    Compiling winit v0.28.3
[INFO] [stderr]    Compiling der v0.6.1
[INFO] [stderr]    Compiling rayon v1.7.0
[INFO] [stderr]    Compiling toml_edit v0.19.11
[INFO] [stderr]    Compiling shaderc-sys v0.8.2
[INFO] [stderr]    Compiling petgraph v0.6.3
[INFO] [stderr]    Compiling want v0.3.0
[INFO] [stderr]    Compiling rand v0.8.5
[INFO] [stderr]    Compiling axum-core v0.3.3
[INFO] [stderr]    Compiling wayland-cursor v0.29.5
[INFO] [stderr]    Compiling ff v0.12.1
[INFO] [stderr]    Compiling tempfile v3.5.0
[INFO] [stderr]    Compiling nanorand v0.7.0
[INFO] [stderr]    Compiling which v4.4.0
[INFO] [stderr]    Compiling spin v0.9.8
[INFO] [stderr]    Compiling thread_local v1.1.7
[INFO] [stderr]    Compiling num-rational v0.4.1
[INFO] [stderr]    Compiling multimap v0.8.3
[INFO] [stderr]    Compiling unicode-bidi v0.3.13
[INFO] [stderr]    Compiling rustls v0.21.1
[INFO] [stderr]    Compiling tower-layer v0.3.2
[INFO] [stderr]    Compiling base16ct v0.1.1
[INFO] [stderr]    Compiling log v0.4.19
[INFO] [stderr]    Compiling is-terminal v0.4.7
[INFO] [stderr]    Compiling proc-macro-crate v1.3.1
[INFO] [stderr]    Compiling group v0.12.1
[INFO] [stderr]    Compiling sct v0.7.0
[INFO] [stderr]    Compiling rustls-webpki v0.100.1
[INFO] [stderr]    Compiling serde_derive v1.0.163
[INFO] [stderr]    Compiling bytemuck_derive v1.4.1
[INFO] [stderr]    Compiling tokio-macros v2.1.0
[INFO] [stderr]    Compiling tracing-attributes v0.1.23
[INFO] [stderr]    Compiling thiserror-impl v1.0.40
[INFO] [stderr]    Compiling futures-macro v0.3.28
[INFO] [stderr]    Compiling prost-derive v0.11.9
[INFO] [stderr]    Compiling pin-project-internal v1.0.12
[INFO] [stderr]    Compiling zeroize_derive v1.4.2
[INFO] [stderr]    Compiling jpeg-decoder v0.3.0
[INFO] [stderr]    Compiling idna v0.3.0
[INFO] [stderr]    Compiling bytemuck v1.13.1
[INFO] [stderr]    Compiling zeroize v1.6.0
[INFO] [stderr]    Compiling tiny-skia-path v0.8.4
[INFO] [stderr]    Compiling half v2.2.1
[INFO] [stderr]    Compiling calloop v0.10.5
[INFO] [stderr]    Compiling pin-project v1.0.12
[INFO] [stderr]    Compiling tracing v0.1.37
[INFO] [stderr]    Compiling tiny-skia v0.8.4
[INFO] [stderr]    Compiling flume v0.10.14
[INFO] [stderr]    Compiling x11rb-protocol v0.10.0
[INFO] [stderr]    Compiling axum v0.6.12
[INFO] [stderr]    Compiling gethostname v0.2.3
[INFO] [stderr]    Compiling prost v0.11.9
[INFO] [stderr]    Compiling zune-inflate v0.2.54
[INFO] [stderr]    Compiling miniz_oxide v0.6.2
[INFO] [stderr]    Compiling instant v0.1.12
[INFO] [stderr]    Compiling ecolor v0.21.0
[INFO] [stderr]    Compiling mime v0.3.17
[INFO] [stderr]    Compiling cpufeatures v0.2.7
[INFO] [stderr]    Compiling emath v0.21.0
[INFO] [stderr]    Compiling prost-types v0.11.8
[INFO] [stderr]    Compiling raw-window-handle v0.5.2
[INFO] [stderr]    Compiling lebe v0.5.2
[INFO] [stderr]    Compiling base64ct v1.6.0
[INFO] [stderr]    Compiling nohash-hasher v0.2.0
[INFO] [stderr]    Compiling bit_field v0.10.2
[INFO] [stderr]    Compiling radium v0.7.0
[INFO] [stderr]    Compiling epaint v0.21.0
[INFO] [stderr]    Compiling anstyle-parse v0.2.0
[INFO] [stderr]    Compiling exr v1.6.3
[INFO] [stderr]    Compiling password-hash v0.4.2
[INFO] [stderr]    Compiling gif v0.12.0
[INFO] [stderr]    Compiling url v2.3.1
[INFO] [stderr] error: could not compile `ash` (lib)
[INFO] [stderr] 
[INFO] [stderr] Caused by:
[INFO] [stderr]   process didn't exit successfully: `/opt/rustwide/rustup-home/toolchains/beta-2023-12-22-x86_64-unknown-linux-gnu/bin/rustc --crate-name ash --edition=2018 /opt/rustwide/cargo-home/registry/src/index.crates.io-6f17d22bba15001f/ash-0.37.2+1.3.238/src/lib.rs --error-format=json --json=diagnostic-rendered-ansi,artifacts,future-incompat --crate-type lib --emit=dep-info,metadata,link -C embed-bitcode=no -C debuginfo=2 --cfg 'feature="debug"' --cfg 'feature="default"' --cfg 'feature="libloading"' --cfg 'feature="loaded"' -C metadata=2ab6f8f94ddc7b0c -C extra-filename=-2ab6f8f94ddc7b0c --out-dir /opt/rustwide/target/debug/deps -L dependency=/opt/rustwide/target/debug/deps --extern libloading=/opt/rustwide/target/debug/deps/liblibloading-8fc60105e6f7f82d.rmeta --cap-lints allow --cap-lints=warn` (signal: 9, SIGKILL: kill)
[INFO] [stderr] warning: build failed, waiting for other jobs to finish...
[INFO] [stderr] error: could not compile `tokio` (lib)
[INFO] [stderr] 
[INFO] [stderr] Caused by:
[INFO] [stderr]   process didn't exit successfully: `/opt/rustwide/rustup-home/toolchains/beta-2023-12-22-x86_64-unknown-linux-gnu/bin/rustc --crate-name tokio --edition=2021 /opt/rustwide/cargo-home/registry/src/index.crates.io-6f17d22bba15001f/tokio-1.29.1/src/lib.rs --error-format=json --json=diagnostic-rendered-ansi,artifacts,future-incompat --crate-type lib --emit=dep-info,metadata,link -C embed-bitcode=no -C debuginfo=2 --cfg 'feature="bytes"' --cfg 'feature="default"' --cfg 'feature="fs"' --cfg 'feature="full"' --cfg 'feature="io-std"' --cfg 'feature="io-util"' --cfg 'feature="libc"' --cfg 'feature="macros"' --cfg 'feature="mio"' --cfg 'feature="net"' --cfg 'feature="num_cpus"' --cfg 'feature="parking_lot"' --cfg 'feature="process"' --cfg 'feature="rt"' --cfg 'feature="rt-multi-thread"' --cfg 'feature="signal"' --cfg 'feature="signal-hook-registry"' --cfg 'feature="socket2"' --cfg 'feature="sync"' --cfg 'feature="time"' --cfg 'feature="tokio-macros"' -C metadata=1ecac241f36e3802 -C extra-filename=-1ecac241f36e3802 --out-dir /opt/rustwide/target/debug/deps -L dependency=/opt/rustwide/target/debug/deps --extern bytes=/opt/rustwide/target/debug/deps/libbytes-8217216c646d0e94.rmeta --extern libc=/opt/rustwide/target/debug/deps/liblibc-28cb6a1af7d75d80.rmeta --extern mio=/opt/rustwide/target/debug/deps/libmio-942fe358f1ce027e.rmeta --extern num_cpus=/opt/rustwide/target/debug/deps/libnum_cpus-a79b4118f159502c.rmeta --extern parking_lot=/opt/rustwide/target/debug/deps/libparking_lot-1954cd15c1ac23ab.rmeta --extern pin_project_lite=/opt/rustwide/target/debug/deps/libpin_project_lite-e8b15c1d45637ce8.rmeta --extern signal_hook_registry=/opt/rustwide/target/debug/deps/libsignal_hook_registry-f0e4f155ea1a5eec.rmeta --extern socket2=/opt/rustwide/target/debug/deps/libsocket2-5cf61b9b3a345bec.rmeta --extern tokio_macros=/opt/rustwide/target/debug/deps/libtokio_macros-ba230d102363cd13.so --cap-lints allow --cap-lints=warn` (signal: 9, SIGKILL: kill)
[INFO] [stderr] error: could not compile `x11-dl` (lib)
[INFO] [stderr] 
[INFO] [stderr] Caused by:
[INFO] [stderr]   process didn't exit successfully: `/opt/rustwide/rustup-home/toolchains/beta-2023-12-22-x86_64-unknown-linux-gnu/bin/rustc --crate-name x11_dl --edition=2021 /opt/rustwide/cargo-home/registry/src/index.crates.io-6f17d22bba15001f/x11-dl-2.21.0/src/lib.rs --error-format=json --json=diagnostic-rendered-ansi,artifacts,future-incompat --crate-type lib --emit=dep-info,metadata,link -C embed-bitcode=no -C debuginfo=2 -C metadata=1e8778795d98c20b -C extra-filename=-1e8778795d98c20b --out-dir /opt/rustwide/target/debug/deps -L dependency=/opt/rustwide/target/debug/deps --extern libc=/opt/rustwide/target/debug/deps/liblibc-28cb6a1af7d75d80.rmeta --extern once_cell=/opt/rustwide/target/debug/deps/libonce_cell-89a59e3876533ea0.rmeta --cap-lints allow --cap-lints=warn -l dl` (signal: 9, SIGKILL: kill)
[INFO] [stderr] error: could not compile `futures-util` (lib)
[INFO] [stderr] 
[INFO] [stderr] Caused by:
[INFO] [stderr]   process didn't exit successfully: `/opt/rustwide/rustup-home/toolchains/beta-2023-12-22-x86_64-unknown-linux-gnu/bin/rustc --crate-name futures_util --edition=2018 /opt/rustwide/cargo-home/registry/src/index.crates.io-6f17d22bba15001f/futures-util-0.3.28/src/lib.rs --error-format=json --json=diagnostic-rendered-ansi,artifacts,future-incompat --crate-type lib --emit=dep-info,metadata,link -C embed-bitcode=no -C debuginfo=2 --cfg 'feature="alloc"' --cfg 'feature="async-await"' --cfg 'feature="async-await-macro"' --cfg 'feature="channel"' --cfg 'feature="futures-channel"' --cfg 'feature="futures-io"' --cfg 'feature="futures-macro"' --cfg 'feature="futures-sink"' --cfg 'feature="io"' --cfg 'feature="memchr"' --cfg 'feature="sink"' --cfg 'feature="slab"' --cfg 'feature="std"' -C metadata=396b8e41169f618a -C extra-filename=-396b8e41169f618a --out-dir /opt/rustwide/target/debug/deps -L dependency=/opt/rustwide/target/debug/deps --extern futures_channel=/opt/rustwide/target/debug/deps/libfutures_channel-b7720f9d993fe4fe.rmeta --extern futures_core=/opt/rustwide/target/debug/deps/libfutures_core-eae31d72cfa7dcb2.rmeta --extern futures_io=/opt/rustwide/target/debug/deps/libfutures_io-bb2605a304778a77.rmeta --extern futures_macro=/opt/rustwide/target/debug/deps/libfutures_macro-91e404b7666a084e.so --extern futures_sink=/opt/rustwide/target/debug/deps/libfutures_sink-3387e8374b45be05.rmeta --extern futures_task=/opt/rustwide/target/debug/deps/libfutures_task-44fabbc3ce50b4f3.rmeta --extern memchr=/opt/rustwide/target/debug/deps/libmemchr-33d05ae5bba76030.rmeta --extern pin_project_lite=/opt/rustwide/target/debug/deps/libpin_project_lite-e8b15c1d45637ce8.rmeta --extern pin_utils=/opt/rustwide/target/debug/deps/libpin_utils-9c5dcf17efb91bff.rmeta --extern slab=/opt/rustwide/target/debug/deps/libslab-7cf3b345ffecd469.rmeta --cap-lints allow --cap-lints=warn` (signal: 9, SIGKILL: kill)
[INFO] [stderr] error: could not compile `x11rb-protocol` (lib)
[INFO] [stderr] 
[INFO] [stderr] Caused by:
[INFO] [stderr]   process didn't exit successfully: `/opt/rustwide/rustup-home/toolchains/beta-2023-12-22-x86_64-unknown-linux-gnu/bin/rustc --crate-name x11rb_protocol --edition=2018 /opt/rustwide/cargo-home/registry/src/index.crates.io-6f17d22bba15001f/x11rb-protocol-0.10.0/src/lib.rs --error-format=json --json=diagnostic-rendered-ansi,artifacts,future-incompat --crate-type lib --emit=dep-info,metadata,link -C embed-bitcode=no -C debuginfo=2 --cfg 'feature="default"' --cfg 'feature="nix"' --cfg 'feature="std"' -C metadata=ab7edb7376e3a2d4 -C extra-filename=-ab7edb7376e3a2d4 --out-dir /opt/rustwide/target/debug/deps -L dependency=/opt/rustwide/target/debug/deps --extern nix=/opt/rustwide/target/debug/deps/libnix-009e15a8fd24116a.rmeta --cap-lints allow --cap-lints=warn` (signal: 9, SIGKILL: kill)
[INFO] [stderr] error: could not compile `exr` (lib)
[INFO] [stderr] 
[INFO] [stderr] Caused by:
[INFO] [stderr]   process didn't exit successfully: `/opt/rustwide/rustup-home/toolchains/beta-2023-12-22-x86_64-unknown-linux-gnu/bin/rustc --crate-name exr --edition=2018 /opt/rustwide/cargo-home/registry/src/index.crates.io-6f17d22bba15001f/exr-1.6.3/src/lib.rs --error-format=json --json=diagnostic-rendered-ansi,artifacts,future-incompat --crate-type lib --emit=dep-info,metadata,link -C embed-bitcode=no -C debuginfo=2 -C metadata=ad8e1611c429b742 -C extra-filename=-ad8e1611c429b742 --out-dir /opt/rustwide/target/debug/deps -L dependency=/opt/rustwide/target/debug/deps --extern bit_field=/opt/rustwide/target/debug/deps/libbit_field-da5cec2dbcd4d097.rmeta --extern flume=/opt/rustwide/target/debug/deps/libflume-9b57f2dbe154e494.rmeta --extern half=/opt/rustwide/target/debug/deps/libhalf-f83d748013dc20d0.rmeta --extern lebe=/opt/rustwide/target/debug/deps/liblebe-19c2b1c381eaf7ca.rmeta --extern miniz_oxide=/opt/rustwide/target/debug/deps/libminiz_oxide-05d161e33aadd62d.rmeta --extern rayon_core=/opt/rustwide/target/debug/deps/librayon_core-78bb2e163956ab59.rmeta --extern smallvec=/opt/rustwide/target/debug/deps/libsmallvec-5f186dbb2829e135.rmeta --extern zune_inflate=/opt/rustwide/target/debug/deps/libzune_inflate-611af89fcd21a549.rmeta --cap-lints allow --cap-lints=warn` (signal: 9, SIGKILL: kill)
[INFO] [stderr] The following warnings were emitted during compilation:
[INFO] [stderr] 
[INFO] [stderr] warning: shaderc-sys@0.8.2: shaderc: requested to build from source
[INFO] [stderr] 
[INFO] [stderr] error: failed to run custom build command for `shaderc-sys v0.8.2`
[INFO] [stderr] note: To improve backtraces for build dependencies, set the CARGO_PROFILE_DEV_BUILD_OVERRIDE_DEBUG=true environment variable to enable debug information generation.
[INFO] [stderr] 
[INFO] [stderr] Caused by:
[INFO] [stderr]   process didn't exit successfully: `/opt/rustwide/target/debug/build/shaderc-sys-55f76252620fa5f1/build-script-build` (exit status: 101)
[INFO] [stderr]   --- stdout
[INFO] [stderr]   cargo:warning=shaderc: requested to build from source
[INFO] [stderr]   CMAKE_TOOLCHAIN_FILE_x86_64-unknown-linux-gnu = None
[INFO] [stderr]   CMAKE_TOOLCHAIN_FILE_x86_64_unknown_linux_gnu = None
[INFO] [stderr]   HOST_CMAKE_TOOLCHAIN_FILE = None
[INFO] [stderr]   CMAKE_TOOLCHAIN_FILE = None
[INFO] [stderr]   CMAKE_PREFIX_PATH_x86_64-unknown-linux-gnu = None
[INFO] [stderr]   CMAKE_PREFIX_PATH_x86_64_unknown_linux_gnu = None
[INFO] [stderr]   HOST_CMAKE_PREFIX_PATH = None
[INFO] [stderr]   CMAKE_PREFIX_PATH = None
[INFO] [stderr]   CMAKE_x86_64-unknown-linux-gnu = None
[INFO] [stderr]   CMAKE_x86_64_unknown_linux_gnu = None
[INFO] [stderr]   HOST_CMAKE = None
[INFO] [stderr]   CMAKE = None
[INFO] [stderr]   running: cd "/opt/rustwide/target/debug/build/shaderc-sys-dfe3aaf1142679dd/out/build" && CMAKE_PREFIX_PATH="" "cmake" "/opt/rustwide/cargo-home/registry/src/index.crates.io-6f17d22bba15001f/shaderc-sys-0.8.2/build" "-G" "Ninja" "-DCMAKE_INSTALL_LIBDIR=lib" "-DCMAKE_POSITION_INDEPENDENT_CODE=ON" "-DENABLE_SPVREMAPPER=OFF" "-DENABLE_GLSLANG_BINARIES=OFF" "-DSHADERC_SKIP_TESTS=ON" "-DSPIRV_SKIP_EXECUTABLES=ON" "-DSPIRV_WERROR=OFF" "-DCMAKE_INSTALL_PREFIX=/opt/rustwide/target/debug/build/shaderc-sys-dfe3aaf1142679dd/out" "-DCMAKE_C_FLAGS= -ffunction-sections -fdata-sections -fPIC -m64" "-DCMAKE_C_COMPILER=/usr/bin/cc" "-DCMAKE_CXX_FLAGS= -ffunction-sections -fdata-sections -fPIC -m64" "-DCMAKE_CXX_COMPILER=/usr/bin/c++" "-DCMAKE_ASM_FLAGS= -ffunction-sections -fdata-sections -fPIC -m64" "-DCMAKE_ASM_COMPILER=/usr/bin/cc" "-DCMAKE_BUILD_TYPE=Release"
[INFO] [stderr]   -- The C compiler identification is GNU 11.4.0
[INFO] [stderr]   -- The CXX compiler identification is GNU 11.4.0
[INFO] [stderr]   -- Detecting C compiler ABI info
[INFO] [stderr]   -- Detecting C compiler ABI info - done
[INFO] [stderr]   -- Check for working C compiler: /usr/bin/cc - skipped
[INFO] [stderr]   -- Detecting C compile features
[INFO] [stderr]   -- Detecting C compile features - done
[INFO] [stderr]   -- Detecting CXX compiler ABI info
[INFO] [stderr]   -- Detecting CXX compiler ABI info - done
[INFO] [stderr]   -- Check for working CXX compiler: /usr/bin/c++ - skipped
[INFO] [stderr]   -- Detecting CXX compile features
[INFO] [stderr]   -- Detecting CXX compile features - done
[INFO] [stderr]   -- Building SPIRV-Header examples
[INFO] [stderr]   -- Installing SPIRV-Header
[INFO] [stderr]   -- Found PythonInterp: /usr/bin/python3 (found suitable version "3.10.12", minimum required is "3") 
[INFO] [stderr]   -- Google Mock was not found - tests based on that will not build
[INFO] [stderr]   -- optimizer enabled
[INFO] [stderr]   -- Looking for pthread.h
[INFO] [stderr]   -- Looking for pthread.h - found
[INFO] [stderr]   -- Performing Test CMAKE_HAVE_LIBC_PTHREAD
[INFO] [stderr]   -- Performing Test CMAKE_HAVE_LIBC_PTHREAD - Success
[INFO] [stderr]   -- Found Threads: TRUE  
[INFO] [stderr]   -- Shaderc: build type is "Release".
[INFO] [stderr]   -- Configuring Shaderc to avoid building tests.
[INFO] [stderr]   -- Configuring Shaderc to build examples.
[INFO] [stderr]   -- Configuring Shaderc to check copyrights.
[INFO] [stderr]   -- asciidoctor was not found - no documentation will be generated
[INFO] [stderr]   -- Performing Test COMPILER_SUPPORTS_FALLTHROUGH_WARNING
[INFO] [stderr]   -- Performing Test COMPILER_SUPPORTS_FALLTHROUGH_WARNING - Success
[INFO] [stderr]   -- Performing Test COMPILER_SUPPORTS_EXTRA_SEMI_WARNING
[INFO] [stderr]   -- Performing Test COMPILER_SUPPORTS_EXTRA_SEMI_WARNING - Success
[INFO] [stderr]   -- Performing Test COMPILER_SUPPORTS_PIC
[INFO] [stderr]   -- Performing Test COMPILER_SUPPORTS_PIC - Success
[INFO] [stderr]   -- Configuring done
[INFO] [stderr]   -- Generating done
[INFO] [stderr]   -- Build files have been written to: /opt/rustwide/target/debug/build/shaderc-sys-dfe3aaf1142679dd/out/build
[INFO] [stderr]   running: cd "/opt/rustwide/target/debug/build/shaderc-sys-dfe3aaf1142679dd/out/build" && "cmake" "--build" "." "--target" "install" "--config" "Release" "--parallel" "16"
[INFO] [stderr]   [1/409] cd /opt/rustwide/target/debug/build/shaderc-sys-dfe3aaf1142679dd/out/build/spirv-tools && /usr/bin/cmake -DCHANGES_FILE=/opt/rustwide/cargo-home/registry/src/index.crates.io-6f17d22bba15001f/shaderc-sys-0.8.2/build/spirv-tools/CHANGES -DTEMPLATE_FILE=/opt/rustwide/cargo-home/registry/src/index.crates.io-6f17d22bba15001f/shaderc-sys-0.8.2/build/spirv-tools/cmake/SPIRV-Tools-shared.pc.in -DOUT_FILE=/opt/rustwide/target/debug/build/shaderc-sys-dfe3aaf1142679dd/out/build/spirv-tools/SPIRV-Tools-shared.pc -DCMAKE_INSTALL_PREFIX=/opt/rustwide/target/debug/build/shaderc-sys-dfe3aaf1142679dd/out -DCMAKE_INSTALL_LIBDIR=lib -DCMAKE_INSTALL_INCLUDEDIR=include -DSPIRV_SHARED_LIBRARIES=-lSPIRV-Tools-shared -P /opt/rustwide/cargo-home/registry/src/index.crates.io-6f17d22bba15001f/shaderc-sys-0.8.2/build/spirv-tools/cmake/write_pkg_config.cmake
[INFO] [stderr]   [2/409] cd /opt/rustwide/target/debug/build/shaderc-sys-dfe3aaf1142679dd/out/build/spirv-tools && /usr/bin/cmake -DCHANGES_FILE=/opt/rustwide/cargo-home/registry/src/index.crates.io-6f17d22bba15001f/shaderc-sys-0.8.2/build/spirv-tools/CHANGES -DTEMPLATE_FILE=/opt/rustwide/cargo-home/registry/src/index.crates.io-6f17d22bba15001f/shaderc-sys-0.8.2/build/spirv-tools/cmake/SPIRV-Tools.pc.in -DOUT_FILE=/opt/rustwide/target/debug/build/shaderc-sys-dfe3aaf1142679dd/out/build/spirv-tools/SPIRV-Tools.pc -DCMAKE_INSTALL_PREFIX=/opt/rustwide/target/debug/build/shaderc-sys-dfe3aaf1142679dd/out -DCMAKE_INSTALL_LIBDIR=lib -DCMAKE_INSTALL_INCLUDEDIR=include -DSPIRV_LIBRARIES=-lSPIRV-Tools-opt\ -lSPIRV-Tools\ -lSPIRV-Tools-link -P /opt/rustwide/cargo-home/registry/src/index.crates.io-6f17d22bba15001f/shaderc-sys-0.8.2/build/spirv-tools/cmake/write_pkg_config.cmake
[INFO] [stderr]   [3/409] Building CXX object spirv-headers/example/CMakeFiles/SPIRV-Headers-example.dir/example.cpp.o
[INFO] [stderr]   [4/409] Generate extended instruction tables for spv-amd-shader-trinary-minmax.
[INFO] [stderr]   [5/409] Generate extended instruction tables for debuginfo.
[INFO] [stderr]   [6/409] Generate extended instruction tables for opencl.debuginfo.100.
[INFO] [stderr]   [7/409] Generate language specific header for NonSemanticShaderDebugInfo100.
[INFO] [stderr]   [8/409] Generate extended instruction tables for spv-amd-gcn-shader.
[INFO] [stderr]   [9/409] Generate extended instruction tables for spv-amd-shader-explicit-vertex-parameter.
[INFO] [stderr]   [10/409] Generate language specific header for OpenCLDebugInfo100.
[INFO] [stderr]   [11/409] Generate extended instruction tables for spv-amd-shader-ballot.
[INFO] [stderr]   [12/409] Generate extended instruction tables for nonsemantic.shader.debuginfo.100.
[INFO] [stderr]   [13/409] Generate extended instruction tables for nonsemantic.clspvreflection.
[INFO] [stderr]   [14/409] Generate language specific header for DebugInfo.
[INFO] [stderr]   [15/409] Generate info tables for SPIR-V vunified1 core instructions and operands.
[INFO] [stderr]   [16/409] Generate tables based on the SPIR-V XML registry.
[INFO] [stderr]   [17/409] Update build-version.inc in the SPIRV-Tools build directory (if necessary).
[INFO] [stderr]   [18/409] Generate enum-string mapping for SPIR-V vunified1.
[INFO] [stderr]   [19/409] Building CXX object glslang/hlsl/CMakeFiles/HLSL.dir/stub.cpp.o
[INFO] [stderr]   [20/409] Check copyright
[INFO] [stderr]   [21/409] Generate info tables for OpenCL extended instructions and operands vunified1.
[INFO] [stderr]   [22/409] Generate info tables for GLSL extended instructions and operands vunified1.
[INFO] [stderr]   [23/409] Update build-version.inc in the Shaderc build directory (if necessary).
[INFO] [stderr]   [24/409] cd /opt/rustwide/target/debug/build/shaderc-sys-dfe3aaf1142679dd/out/build/shaderc && /usr/bin/cmake -DCHANGES_FILE=/opt/rustwide/cargo-home/registry/src/index.crates.io-6f17d22bba15001f/shaderc-sys-0.8.2/build/shaderc/CHANGES -DTEMPLATE_FILE=/opt/rustwide/cargo-home/registry/src/index.crates.io-6f17d22bba15001f/shaderc-sys-0.8.2/build/shaderc/cmake/shaderc.pc.in -DOUT_FILE=/opt/rustwide/target/debug/build/shaderc-sys-dfe3aaf1142679dd/out/build/shaderc/shaderc.pc -DCMAKE_INSTALL_PREFIX=/opt/rustwide/target/debug/build/shaderc-sys-dfe3aaf1142679dd/out -DCMAKE_INSTALL_LIBDIR=lib -DCMAKE_INSTALL_INCLUDEDIR=include -DLIBS=-lshaderc_shared -P /opt/rustwide/cargo-home/registry/src/index.crates.io-6f17d22bba15001f/shaderc-sys-0.8.2/build/shaderc/cmake/write_pkg_config.cmake
[INFO] [stderr]   [25/409] cd /opt/rustwide/target/debug/build/shaderc-sys-dfe3aaf1142679dd/out/build/shaderc && /usr/bin/cmake -DCHANGES_FILE=/opt/rustwide/cargo-home/registry/src/index.crates.io-6f17d22bba15001f/shaderc-sys-0.8.2/build/shaderc/CHANGES -DTEMPLATE_FILE=/opt/rustwide/cargo-home/registry/src/index.crates.io-6f17d22bba15001f/shaderc-sys-0.8.2/build/shaderc/cmake/shaderc_static.pc.in -DOUT_FILE=/opt/rustwide/target/debug/build/shaderc-sys-dfe3aaf1142679dd/out/build/shaderc/shaderc_static.pc -DCMAKE_INSTALL_PREFIX=/opt/rustwide/target/debug/build/shaderc-sys-dfe3aaf1142679dd/out -DCMAKE_INSTALL_LIBDIR=lib -DCMAKE_INSTALL_INCLUDEDIR=include -DLIBS=-lshaderc\ \ -lshaderc_util -P /opt/rustwide/cargo-home/registry/src/index.crates.io-6f17d22bba15001f/shaderc-sys-0.8.2/build/shaderc/cmake/write_pkg_config.cmake
[INFO] [stderr]   [26/409] cd /opt/rustwide/target/debug/build/shaderc-sys-dfe3aaf1142679dd/out/build/shaderc && /usr/bin/cmake -DCHANGES_FILE=/opt/rustwide/cargo-home/registry/src/index.crates.io-6f17d22bba15001f/shaderc-sys-0.8.2/build/shaderc/CHANGES -DTEMPLATE_FILE=/opt/rustwide/cargo-home/registry/src/index.crates.io-6f17d22bba15001f/shaderc-sys-0.8.2/build/shaderc/cmake/shaderc_combined.pc.in -DOUT_FILE=/opt/rustwide/target/debug/build/shaderc-sys-dfe3aaf1142679dd/out/build/shaderc/shaderc_combined.pc -DCMAKE_INSTALL_PREFIX=/opt/rustwide/target/debug/build/shaderc-sys-dfe3aaf1142679dd/out -DCMAKE_INSTALL_LIBDIR=lib -DCMAKE_INSTALL_INCLUDEDIR=include -DLIBS=-lshaderc_combined -P /opt/rustwide/cargo-home/registry/src/index.crates.io-6f17d22bba15001f/shaderc-sys-0.8.2/build/shaderc/cmake/write_pkg_config.cmake
[INFO] [stderr]   [27/409] Linking CXX static library spirv-headers/example/libSPIRV-Headers-example.a
[INFO] [stderr]   [28/409] Linking CXX static library glslang/hlsl/libHLSL.a
[INFO] [stderr]   [29/409] Building CXX object glslang/glslang/OSDependent/Unix/CMakeFiles/OSDependent.dir/ossource.cpp.o
[INFO] [stderr]   [30/409] Building CXX object glslang/OGLCompilersDLL/CMakeFiles/OGLCompiler.dir/InitializeDll.cpp.o
[INFO] [stderr]   [31/409] Building CXX object glslang/glslang/CMakeFiles/GenericCodeGen.dir/GenericCodeGen/CodeGen.cpp.o
[INFO] [stderr]   [32/409] Building CXX object glslang/glslang/CMakeFiles/GenericCodeGen.dir/GenericCodeGen/Link.cpp.o
[INFO] [stderr]   [33/409] Building CXX object spirv-tools/source/CMakeFiles/SPIRV-Tools-shared.dir/util/bit_vector.cpp.o
[INFO] [stderr]   [34/409] Building CXX object spirv-tools/source/CMakeFiles/SPIRV-Tools-shared.dir/diagnostic.cpp.o
[INFO] [stderr]   [35/409] Building CXX object spirv-tools/source/CMakeFiles/SPIRV-Tools-shared.dir/util/string_utils.cpp.o
[INFO] [stderr]   [36/409] Building CXX object spirv-tools/source/CMakeFiles/SPIRV-Tools-shared.dir/ext_inst.cpp.o
[INFO] [stderr]   [37/409] Building CXX object spirv-tools/source/CMakeFiles/SPIRV-Tools-shared.dir/software_version.cpp.o
[INFO] [stderr]   [38/409] Building CXX object spirv-tools/source/CMakeFiles/SPIRV-Tools-shared.dir/extensions.cpp.o
[INFO] [stderr]   [39/409] Building CXX object spirv-tools/source/CMakeFiles/SPIRV-Tools-shared.dir/assembly_grammar.cpp.o
[INFO] [stderr]   [40/409] Building CXX object spirv-tools/source/CMakeFiles/SPIRV-Tools-shared.dir/spirv_endian.cpp.o
[INFO] [stderr]   [41/409] Building CXX object spirv-tools/source/CMakeFiles/SPIRV-Tools-shared.dir/enum_string_mapping.cpp.o
[INFO] [stderr]   [42/409] Building CXX object spirv-tools/source/CMakeFiles/SPIRV-Tools-shared.dir/libspirv.cpp.o
[INFO] [stderr]   [43/409] Building CXX object spirv-tools/source/CMakeFiles/SPIRV-Tools-shared.dir/spirv_optimizer_options.cpp.o
[INFO] [stderr]   [44/409] Building CXX object spirv-tools/source/CMakeFiles/SPIRV-Tools-shared.dir/spirv_fuzzer_options.cpp.o
[INFO] [stderr]   [45/409] Building CXX object spirv-tools/source/CMakeFiles/SPIRV-Tools-shared.dir/print.cpp.o
[INFO] [stderr]   [46/409] Building CXX object spirv-tools/source/CMakeFiles/SPIRV-Tools-shared.dir/spirv_validator_options.cpp.o
[INFO] [stderr]   [47/409] Building CXX object spirv-tools/source/CMakeFiles/SPIRV-Tools-shared.dir/spirv_reducer_options.cpp.o
[INFO] [stderr]   [48/409] Building CXX object spirv-tools/source/CMakeFiles/SPIRV-Tools-shared.dir/spirv_target_env.cpp.o
[INFO] [stderr]   [49/409] Building CXX object spirv-tools/source/CMakeFiles/SPIRV-Tools-shared.dir/parsed_operand.cpp.o
[INFO] [stderr]   [50/409] Building CXX object spirv-tools/source/CMakeFiles/SPIRV-Tools-shared.dir/table.cpp.o
[INFO] [stderr]   [51/409] Building CXX object spirv-tools/source/CMakeFiles/SPIRV-Tools-shared.dir/opcode.cpp.o
[INFO] [stderr]   [52/409] Building CXX object spirv-tools/source/CMakeFiles/SPIRV-Tools-shared.dir/disassemble.cpp.o
[INFO] [stderr]   [53/409] Building CXX object spirv-tools/source/CMakeFiles/SPIRV-Tools-shared.dir/operand.cpp.o
[INFO] [stderr]   [54/409] Building CXX object glslang/glslang/CMakeFiles/glslang.dir/CInterface/glslang_c_interface.cpp.o
[INFO] [stderr]   [55/409] Building CXX object spirv-tools/source/CMakeFiles/SPIRV-Tools-shared.dir/util/parse_number.cpp.o
[INFO] [stderr]   [56/409] Building CXX object spirv-tools/source/CMakeFiles/SPIRV-Tools-shared.dir/name_mapper.cpp.o
[INFO] [stderr]   [57/409] Building CXX object glslang/glslang/CMakeFiles/MachineIndependent.dir/cmake_pch.hxx.gch
[INFO] [stderr]   FAILED: glslang/glslang/CMakeFiles/MachineIndependent.dir/cmake_pch.hxx.gch 
[INFO] [stderr]   /usr/bin/c++ -DENABLE_HLSL -DENABLE_OPT=1 -DGLSLANG_OSINCLUDE_UNIX -I/opt/rustwide/target/debug/build/shaderc-sys-dfe3aaf1142679dd/out/build/include -ffunction-sections -fdata-sections -fPIC -m64 -O3 -DNDEBUG -fPIC -Wall -Wmaybe-uninitialized -Wuninitialized -Wunused -Wunused-local-typedefs -Wunused-parameter -Wunused-value -Wunused-variable -Wunused-but-set-parameter -Wunused-but-set-variable -fno-exceptions -Wno-reorder -fno-rtti -Werror=deprecated-copy -std=c++11 -Winvalid-pch -x c++-header -include /opt/rustwide/target/debug/build/shaderc-sys-dfe3aaf1142679dd/out/build/glslang/glslang/CMakeFiles/MachineIndependent.dir/cmake_pch.hxx -MD -MT glslang/glslang/CMakeFiles/MachineIndependent.dir/cmake_pch.hxx.gch -MF glslang/glslang/CMakeFiles/MachineIndependent.dir/cmake_pch.hxx.gch.d -o glslang/glslang/CMakeFiles/MachineIndependent.dir/cmake_pch.hxx.gch -c /opt/rustwide/target/debug/build/shaderc-sys-dfe3aaf1142679dd/out/build/glslang/glslang/CMakeFiles/MachineIndependent.dir/cmake_pch.hxx.cxx
[INFO] [stderr]   c++: fatal error: Killed signal terminated program cc1plus
[INFO] [stderr]   compilation terminated.
[INFO] [stderr]   [58/409] Building CXX object spirv-tools/source/CMakeFiles/SPIRV-Tools-shared.dir/val/validate.cpp.o
[INFO] [stderr]   FAILED: spirv-tools/source/CMakeFiles/SPIRV-Tools-shared.dir/val/validate.cpp.o 
[INFO] [stderr]   /usr/bin/c++ -DSPIRV_COLOR_TERMINAL -DSPIRV_LINUX -DSPIRV_TIMER_ENABLED -DSPIRV_TOOLS_IMPLEMENTATION -DSPIRV_TOOLS_SHAREDLIB -DSPIRV_Tools_shared_EXPORTS -I/opt/rustwide/cargo-home/registry/src/index.crates.io-6f17d22bba15001f/shaderc-sys-0.8.2/build/spirv-tools -I/opt/rustwide/cargo-home/registry/src/index.crates.io-6f17d22bba15001f/shaderc-sys-0.8.2/build/spirv-tools/include -I/opt/rustwide/target/debug/build/shaderc-sys-dfe3aaf1142679dd/out/build/spirv-tools -I/opt/rustwide/cargo-home/registry/src/index.crates.io-6f17d22bba15001f/shaderc-sys-0.8.2/build/spirv-headers/include -ffunction-sections -fdata-sections -fPIC -m64 -O3 -DNDEBUG -fPIC -fvisibility=hidden -Wall -Wextra -Wnon-virtual-dtor -Wno-missing-field-initializers -std=c++11 -fno-exceptions -Wno-long-long -Wshadow -Wundef -Wconversion -Wno-sign-conversion -std=gnu++11 -MD -MT spirv-tools/source/CMakeFiles/SPIRV-Tools-shared.dir/val/validate.cpp.o -MF spirv-tools/source/CMakeFiles/SPIRV-Tools-shared.dir/val/validate.cpp.o.d -o spirv-tools/source/CMakeFiles/SPIRV-Tools-shared.dir/val/validate.cpp.o -c /opt/rustwide/cargo-home/registry/src/index.crates.io-6f17d22bba15001f/shaderc-sys-0.8.2/build/spirv-tools/source/val/validate.cpp
[INFO] [stderr]   c++: fatal error: Killed signal terminated program cc1plus
[INFO] [stderr]   compilation terminated.
[INFO] [stderr]   [59/409] Building CXX object spirv-tools/source/CMakeFiles/SPIRV-Tools-shared.dir/val/validate_adjacency.cpp.o
[INFO] [stderr]   [60/409] Building CXX object spirv-tools/source/CMakeFiles/SPIRV-Tools-shared.dir/binary.cpp.o
[INFO] [stderr]   [61/409] Building CXX object spirv-tools/source/CMakeFiles/SPIRV-Tools-shared.dir/val/validate_annotation.cpp.o
[INFO] [stderr]   FAILED: spirv-tools/source/CMakeFiles/SPIRV-Tools-shared.dir/val/validate_annotation.cpp.o 
[INFO] [stderr]   /usr/bin/c++ -DSPIRV_COLOR_TERMINAL -DSPIRV_LINUX -DSPIRV_TIMER_ENABLED -DSPIRV_TOOLS_IMPLEMENTATION -DSPIRV_TOOLS_SHAREDLIB -DSPIRV_Tools_shared_EXPORTS -I/opt/rustwide/cargo-home/registry/src/index.crates.io-6f17d22bba15001f/shaderc-sys-0.8.2/build/spirv-tools -I/opt/rustwide/cargo-home/registry/src/index.crates.io-6f17d22bba15001f/shaderc-sys-0.8.2/build/spirv-tools/include -I/opt/rustwide/target/debug/build/shaderc-sys-dfe3aaf1142679dd/out/build/spirv-tools -I/opt/rustwide/cargo-home/registry/src/index.crates.io-6f17d22bba15001f/shaderc-sys-0.8.2/build/spirv-headers/include -ffunction-sections -fdata-sections -fPIC -m64 -O3 -DNDEBUG -fPIC -fvisibility=hidden -Wall -Wextra -Wnon-virtual-dtor -Wno-missing-field-initializers -std=c++11 -fno-exceptions -Wno-long-long -Wshadow -Wundef -Wconversion -Wno-sign-conversion -std=gnu++11 -MD -MT spirv-tools/source/CMakeFiles/SPIRV-Tools-shared.dir/val/validate_annotation.cpp.o -MF spirv-tools/source/CMakeFiles/SPIRV-Tools-shared.dir/val/validate_annotation.cpp.o.d -o spirv-tools/source/CMakeFiles/SPIRV-Tools-shared.dir/val/validate_annotation.cpp.o -c /opt/rustwide/cargo-home/registry/src/index.crates.io-6f17d22bba15001f/shaderc-sys-0.8.2/build/spirv-tools/source/val/validate_annotation.cpp
[INFO] [stderr]   c++: fatal error: Killed signal terminated program cc1plus
[INFO] [stderr]   compilation terminated.
[INFO] [stderr]   [62/409] Building CXX object spirv-tools/source/CMakeFiles/SPIRV-Tools-shared.dir/val/validate_barriers.cpp.o
[INFO] [stderr]   [63/409] Building CXX object spirv-tools/source/CMakeFiles/SPIRV-Tools-shared.dir/text_handler.cpp.o
[INFO] [stderr]   [64/409] Building CXX object spirv-tools/source/CMakeFiles/SPIRV-Tools-shared.dir/val/validate_bitwise.cpp.o
[INFO] [stderr]   [65/409] Building CXX object spirv-tools/source/CMakeFiles/SPIRV-Tools-shared.dir/val/validate_atomics.cpp.o
[INFO] [stderr]   [66/409] Building CXX object spirv-tools/source/CMakeFiles/SPIRV-Tools-shared.dir/val/validate_arithmetics.cpp.o
[INFO] [stderr]   [67/409] Building CXX object spirv-tools/source/CMakeFiles/SPIRV-Tools-shared.dir/text.cpp.o
[INFO] [stderr]   [68/409] Building CXX object spirv-tools/source/CMakeFiles/SPIRV-Tools-shared.dir/val/validate_capability.cpp.o
[INFO] [stderr]   [69/409] Building CXX object spirv-tools/source/CMakeFiles/SPIRV-Tools-shared.dir/val/validate_constants.cpp.o
[INFO] [stderr]   [70/409] Building CXX object spirv-tools/source/CMakeFiles/SPIRV-Tools-shared.dir/val/validate_composites.cpp.o
[INFO] [stderr]   [71/409] Building CXX object spirv-tools/source/CMakeFiles/SPIRV-Tools-shared.dir/val/validate_cfg.cpp.o
[INFO] [stderr]   [72/409] Building CXX object spirv-tools/source/CMakeFiles/SPIRV-Tools-shared.dir/val/validate_builtins.cpp.o
[INFO] [stderr]   ninja: build stopped: subcommand failed.
[INFO] [stderr] 
[INFO] [stderr]   --- stderr
[INFO] [stderr]   CMake Warning:
[INFO] [stderr]     Manually-specified variables were not used by the project:
[INFO] [stderr] 
[INFO] [stderr]       CMAKE_ASM_COMPILER
[INFO] [stderr]       CMAKE_ASM_FLAGS
[INFO] [stderr] 
[INFO] [stderr] 
[INFO] [stderr]   thread 'main' panicked at /opt/rustwide/cargo-home/registry/src/index.crates.io-6f17d22bba15001f/cmake-0.1.50/src/lib.rs:1098:5:
[INFO] [stderr] 
[INFO] [stderr]   command did not execute successfully, got: exit status: 1
[INFO] [stderr] 
[INFO] [stderr]   build script failed, must exit now
[INFO] [stderr]   stack backtrace:
[INFO] [stderr]      0:     0x5557fe207ab6 - std::backtrace_rs::backtrace::libunwind::trace::h261606ad26a499c1
[INFO] [stderr]                                  at /rustc/0e09125c6c3c2fd70d7de961bcf0e51575235fad/library/std/src/../../backtrace/src/backtrace/libunwind.rs:104:5
[INFO] [stderr]      1:     0x5557fe207ab6 - std::backtrace_rs::backtrace::trace_unsynchronized::hd183f0625477fb28
[INFO] [stderr]                                  at /rustc/0e09125c6c3c2fd70d7de961bcf0e51575235fad/library/std/src/../../backtrace/src/backtrace/mod.rs:66:5
[INFO] [stderr]      2:     0x5557fe207ab6 - std::sys_common::backtrace::_print_fmt::hd7f8fef21b4eda67
[INFO] [stderr]                                  at /rustc/0e09125c6c3c2fd70d7de961bcf0e51575235fad/library/std/src/sys_common/backtrace.rs:68:5
[INFO] [stderr]      3:     0x5557fe207ab6 - <std::sys_common::backtrace::_print::DisplayBacktrace as core::fmt::Display>::fmt::h623d9b51f2f453f1
[INFO] [stderr]                                  at /rustc/0e09125c6c3c2fd70d7de961bcf0e51575235fad/library/std/src/sys_common/backtrace.rs:44:22
[INFO] [stderr]      4:     0x5557fe22d5b0 - core::fmt::rt::Argument::fmt::h9f417ac76a86f368
[INFO] [stderr]                                  at /rustc/0e09125c6c3c2fd70d7de961bcf0e51575235fad/library/core/src/fmt/rt.rs:142:9
[INFO] [stderr]      5:     0x5557fe22d5b0 - core::fmt::write::hc9b6faf4ac2aeff7
[INFO] [stderr]                                  at /rustc/0e09125c6c3c2fd70d7de961bcf0e51575235fad/library/core/src/fmt/mod.rs:1120:17
[INFO] [stderr]      6:     0x5557fe20500f - std::io::Write::write_fmt::hfead1eee52c2e65e
[INFO] [stderr]                                  at /rustc/0e09125c6c3c2fd70d7de961bcf0e51575235fad/library/std/src/io/mod.rs:1810:15
[INFO] [stderr]      7:     0x5557fe207894 - std::sys_common::backtrace::_print::hd5d66399c7df88a2
[INFO] [stderr]                                  at /rustc/0e09125c6c3c2fd70d7de961bcf0e51575235fad/library/std/src/sys_common/backtrace.rs:47:5
[INFO] [stderr]      8:     0x5557fe207894 - std::sys_common::backtrace::print::he81ed2da642d37e5
[INFO] [stderr]                                  at /rustc/0e09125c6c3c2fd70d7de961bcf0e51575235fad/library/std/src/sys_common/backtrace.rs:34:9
[INFO] [stderr]      9:     0x5557fe209177 - std::panicking::default_hook::{{closure}}::h85773f4fa117163d
[INFO] [stderr]     10:     0x5557fe208ed9 - std::panicking::default_hook::h6a1694a91d09b278
[INFO] [stderr]                                  at /rustc/0e09125c6c3c2fd70d7de961bcf0e51575235fad/library/std/src/panicking.rs:292:9
[INFO] [stderr]     11:     0x5557fe209608 - std::panicking::rust_panic_with_hook::h0a7ad96e90f7145b
[INFO] [stderr]                                  at /rustc/0e09125c6c3c2fd70d7de961bcf0e51575235fad/library/std/src/panicking.rs:779:13
[INFO] [stderr]     12:     0x5557fe2094e2 - std::panicking::begin_panic_handler::{{closure}}::h7919090525c6485e
[INFO] [stderr]                                  at /rustc/0e09125c6c3c2fd70d7de961bcf0e51575235fad/library/std/src/panicking.rs:657:13
[INFO] [stderr]     13:     0x5557fe207fb6 - std::sys_common::backtrace::__rust_end_short_backtrace::hf3289479464f7dfe
[INFO] [stderr]                                  at /rustc/0e09125c6c3c2fd70d7de961bcf0e51575235fad/library/std/src/sys_common/backtrace.rs:171:18
[INFO] [stderr]     14:     0x5557fe209240 - rust_begin_unwind
[INFO] [stderr]                                  at /rustc/0e09125c6c3c2fd70d7de961bcf0e51575235fad/library/std/src/panicking.rs:645:5
[INFO] [stderr]     15:     0x5557fe157635 - core::panicking::panic_fmt::hcc9f77c5c132af55
[INFO] [stderr]                                  at /rustc/0e09125c6c3c2fd70d7de961bcf0e51575235fad/library/core/src/panicking.rs:72:14
[INFO] [stderr]     16:     0x5557fe19d001 - cmake::fail::h113ebb1e8bcb629f
[INFO] [stderr]     17:     0x5557fe19c797 - cmake::run::hec04f23a0a3ddbb9
[INFO] [stderr]     18:     0x5557fe19908e - cmake::Config::build::h2c749c2656cb1402
[INFO] [stderr]     19:     0x5557fe161631 - build_script_build::build_shaderc_unix::h60cb38a3874f7b18
[INFO] [stderr]     20:     0x5557fe1657a7 - build_script_build::main::h86f62bd706537f09
[INFO] [stderr]     21:     0x5557fe158723 - core::ops::function::FnOnce::call_once::h9f5dc3dd596aa6e0
[INFO] [stderr]     22:     0x5557fe15e776 - std::sys_common::backtrace::__rust_begin_short_backtrace::h75796322a0ee6425
[INFO] [stderr]     23:     0x5557fe1582e9 - std::rt::lang_start::{{closure}}::h1ae4b19e4d8886f9
[INFO] [stderr]     24:     0x5557fe200561 - core::ops::function::impls::<impl core::ops::function::FnOnce<A> for &F>::call_once::h4eb4c5e1620f29b0
[INFO] [stderr]                                  at /rustc/0e09125c6c3c2fd70d7de961bcf0e51575235fad/library/core/src/ops/function.rs:284:13
[INFO] [stderr]     25:     0x5557fe200561 - std::panicking::try::do_call::h73fd26535faffcdf
[INFO] [stderr]                                  at /rustc/0e09125c6c3c2fd70d7de961bcf0e51575235fad/library/std/src/panicking.rs:552:40
[INFO] [stderr]     26:     0x5557fe200561 - std::panicking::try::h77ff1d98f0fb9f39
[INFO] [stderr]                                  at /rustc/0e09125c6c3c2fd70d7de961bcf0e51575235fad/library/std/src/panicking.rs:516:19
[INFO] [stderr]     27:     0x5557fe200561 - std::panic::catch_unwind::hab3caf2448b95e37
[INFO] [stderr]                                  at /rustc/0e09125c6c3c2fd70d7de961bcf0e51575235fad/library/std/src/panic.rs:142:14
[INFO] [stderr]     28:     0x5557fe200561 - std::rt::lang_start_internal::{{closure}}::h8086711f9c783f78
[INFO] [stderr]                                  at /rustc/0e09125c6c3c2fd70d7de961bcf0e51575235fad/library/std/src/rt.rs:148:48
[INFO] [stderr]     29:     0x5557fe200561 - std::panicking::try::do_call::hf920d4dc291cd6ca
[INFO] [stderr]                                  at /rustc/0e09125c6c3c2fd70d7de961bcf0e51575235fad/library/std/src/panicking.rs:552:40
[INFO] [stderr]     30:     0x5557fe200561 - std::panicking::try::h2b806ccc0a85db74
[INFO] [stderr]                                  at /rustc/0e09125c6c3c2fd70d7de961bcf0e51575235fad/library/std/src/panicking.rs:516:19
[INFO] [stderr]     31:     0x5557fe200561 - std::panic::catch_unwind::h038489539c507df2
[INFO] [stderr]                                  at /rustc/0e09125c6c3c2fd70d7de961bcf0e51575235fad/library/std/src/panic.rs:142:14
[INFO] [stderr]     32:     0x5557fe200561 - std::rt::lang_start_internal::h28503b88912e8a5c
[INFO] [stderr]                                  at /rustc/0e09125c6c3c2fd70d7de961bcf0e51575235fad/library/std/src/rt.rs:148:20
[INFO] [stderr]     33:     0x5557fe1582c7 - std::rt::lang_start::hb3d3ef5e8181b1e9
[INFO] [stderr]     34:     0x5557fe165e45 - main
[INFO] [stderr]     35:     0x7fc140217d90 - <unknown>
[INFO] [stderr]     36:     0x7fc140217e40 - __libc_start_main
[INFO] [stderr]     37:     0x5557fe157d65 - _start
[INFO] [stderr]     38:                0x0 - <unknown>
[INFO] running `Command { std: "docker" "inspect" "826bd3cee4d16f21ffc7276f4415b29ccb2ac8b78dfb26b048c374bf5a21b317", kill_on_drop: false }`
[INFO] running `Command { std: "docker" "rm" "-f" "826bd3cee4d16f21ffc7276f4415b29ccb2ac8b78dfb26b048c374bf5a21b317", kill_on_drop: false }`
[INFO] [stdout] 826bd3cee4d16f21ffc7276f4415b29ccb2ac8b78dfb26b048c374bf5a21b317
