[INFO] fetching crate peace_rt_model_web 0.0.11...
[INFO] testing peace_rt_model_web-0.0.11 against 1.75.0 for beta-1.76-1
[INFO] extracting crate peace_rt_model_web 0.0.11 into /workspace/builds/worker-4-tc1/source
[INFO] validating manifest of crates.io crate peace_rt_model_web 0.0.11 on toolchain 1.75.0
[INFO] running `Command { std: CARGO_HOME="/workspace/cargo-home" RUSTUP_HOME="/workspace/rustup-home" "/workspace/cargo-home/bin/cargo" "+1.75.0" "metadata" "--manifest-path" "Cargo.toml" "--no-deps", kill_on_drop: false }`
[INFO] removed /workspace/builds/worker-4-tc1/source/.cargo/config.toml
[INFO] started tweaking crates.io crate peace_rt_model_web 0.0.11
[INFO] finished tweaking crates.io crate peace_rt_model_web 0.0.11
[INFO] tweaked toml for crates.io crate peace_rt_model_web 0.0.11 written to /workspace/builds/worker-4-tc1/source/Cargo.toml
[INFO] running `Command { std: CARGO_HOME="/workspace/cargo-home" RUSTUP_HOME="/workspace/rustup-home" "/workspace/cargo-home/bin/cargo" "+1.75.0" "generate-lockfile" "--manifest-path" "Cargo.toml", kill_on_drop: false }`
[INFO] [stderr]     Updating crates.io index
[INFO] running `Command { std: CARGO_HOME="/workspace/cargo-home" RUSTUP_HOME="/workspace/rustup-home" "/workspace/cargo-home/bin/cargo" "+1.75.0" "fetch" "--manifest-path" "Cargo.toml", kill_on_drop: false }`
[INFO] [stderr]  Downloading crates ...
[INFO] [stderr]   Downloaded peace_resources v0.0.11
[INFO] [stderr]   Downloaded peace_fmt v0.0.11
[INFO] [stderr]   Downloaded peace_core v0.0.11
[INFO] [stderr]   Downloaded peace_params_derive v0.0.11
[INFO] [stderr]   Downloaded peace_params v0.0.11
[INFO] [stderr]   Downloaded peace_static_check_macros v0.0.11
[INFO] [stderr]   Downloaded peace_data_derive v0.0.11
[INFO] [stderr]   Downloaded type_reg v0.6.2
[INFO] [stderr]   Downloaded peace_rt_model_core v0.0.11
[INFO] [stderr]   Downloaded peace_data v0.0.11
[INFO] running `Command { std: "docker" "create" "-v" "/var/lib/crater-agent-workspace/builds/worker-4-tc1/target:/opt/rustwide/target:rw,Z" "-v" "/var/lib/crater-agent-workspace/builds/worker-4-tc1/source:/opt/rustwide/workdir:ro,Z" "-v" "/var/lib/crater-agent-workspace/cargo-home:/opt/rustwide/cargo-home:ro,Z" "-v" "/var/lib/crater-agent-workspace/rustup-home:/opt/rustwide/rustup-home:ro,Z" "-e" "SOURCE_DIR=/opt/rustwide/workdir" "-e" "CARGO_TARGET_DIR=/opt/rustwide/target" "-e" "CARGO_HOME=/opt/rustwide/cargo-home" "-e" "RUSTUP_HOME=/opt/rustwide/rustup-home" "-w" "/opt/rustwide/workdir" "-m" "1610612736" "--user" "0:0" "--network" "none" "ghcr.io/rust-lang/crates-build-env/linux@sha256:2788e3201cd34a07e3172128adcd8b3090168a8e3bcc40d7c032b9dda1df7d1c" "/opt/rustwide/cargo-home/bin/cargo" "+1.75.0" "metadata" "--no-deps" "--format-version=1", kill_on_drop: false }`
[INFO] [stdout] 1c1c2fd868ed06e1353e8ebe25f45b0379c22aa55f8f038f026cb7f720df20b9
[INFO] running `Command { std: "docker" "start" "-a" "1c1c2fd868ed06e1353e8ebe25f45b0379c22aa55f8f038f026cb7f720df20b9", kill_on_drop: false }`
[INFO] running `Command { std: "docker" "inspect" "1c1c2fd868ed06e1353e8ebe25f45b0379c22aa55f8f038f026cb7f720df20b9", kill_on_drop: false }`
[INFO] running `Command { std: "docker" "rm" "-f" "1c1c2fd868ed06e1353e8ebe25f45b0379c22aa55f8f038f026cb7f720df20b9", kill_on_drop: false }`
[INFO] [stdout] 1c1c2fd868ed06e1353e8ebe25f45b0379c22aa55f8f038f026cb7f720df20b9
[INFO] running `Command { std: "docker" "create" "-v" "/var/lib/crater-agent-workspace/builds/worker-4-tc1/target:/opt/rustwide/target:rw,Z" "-v" "/var/lib/crater-agent-workspace/builds/worker-4-tc1/source:/opt/rustwide/workdir:ro,Z" "-v" "/var/lib/crater-agent-workspace/cargo-home:/opt/rustwide/cargo-home:ro,Z" "-v" "/var/lib/crater-agent-workspace/rustup-home:/opt/rustwide/rustup-home:ro,Z" "-e" "SOURCE_DIR=/opt/rustwide/workdir" "-e" "CARGO_TARGET_DIR=/opt/rustwide/target" "-e" "CARGO_INCREMENTAL=0" "-e" "RUST_BACKTRACE=full" "-e" "RUSTFLAGS=--cap-lints=warn" "-e" "RUSTDOCFLAGS=--cap-lints=warn" "-e" "CARGO_HOME=/opt/rustwide/cargo-home" "-e" "RUSTUP_HOME=/opt/rustwide/rustup-home" "-w" "/opt/rustwide/workdir" "-m" "1610612736" "--user" "0:0" "--network" "none" "ghcr.io/rust-lang/crates-build-env/linux@sha256:2788e3201cd34a07e3172128adcd8b3090168a8e3bcc40d7c032b9dda1df7d1c" "/opt/rustwide/cargo-home/bin/cargo" "+1.75.0" "build" "--frozen" "--message-format=json", kill_on_drop: false }`
[INFO] [stdout] 29f946ef70c3692a7024a887dc9792a5839cac6388062ab558d277ee2c8d7b56
[INFO] running `Command { std: "docker" "start" "-a" "29f946ef70c3692a7024a887dc9792a5839cac6388062ab558d277ee2c8d7b56", kill_on_drop: false }`
[INFO] [stderr]    Compiling minimal-lexical v0.2.1
[INFO] [stderr]    Compiling rt_ref v0.2.0
[INFO] [stderr]    Compiling syn v2.0.48
[INFO] [stderr]    Compiling resman v0.17.0
[INFO] [stderr]    Compiling downcast-rs v1.2.0
[INFO] [stderr]    Compiling portable-atomic v1.6.0
[INFO] [stderr]    Compiling tokio v1.35.1
[INFO] [stderr]    Compiling unicode-width v0.1.11
[INFO] [stderr]    Compiling rt_map v0.5.2
[INFO] [stderr]    Compiling fixedbitset v0.4.2
[INFO] [stderr]    Compiling console v0.15.7
[INFO] [stderr]    Compiling number_prefix v0.4.0
[INFO] [stderr]    Compiling nom v7.1.3
[INFO] [stderr]    Compiling smallvec v1.11.2
[INFO] [stderr]    Compiling resman v0.16.1
[INFO] [stderr]    Compiling unsafe-libyaml v0.2.10
[INFO] [stderr]    Compiling indicatif v0.17.7
[INFO] [stderr]    Compiling tynm v0.1.9
[INFO] [stderr]    Compiling wasm-bindgen-backend v0.2.89
[INFO] [stderr]    Compiling serde_derive v1.0.194
[INFO] [stderr]    Compiling futures-macro v0.3.30
[INFO] [stderr]    Compiling async-trait v0.1.77
[INFO] [stderr]    Compiling peace_static_check_macros v0.0.11
[INFO] [stderr]    Compiling peace_data_derive v0.0.11
[INFO] [stderr]    Compiling thiserror-impl v1.0.56
[INFO] [stderr]    Compiling peace_params_derive v0.0.11
[INFO] [stderr]    Compiling wasm-bindgen-macro-support v0.2.89
[INFO] [stderr]    Compiling futures-util v0.3.30
[INFO] [stderr]    Compiling wasm-bindgen-macro v0.2.89
[INFO] [stderr]    Compiling thiserror v1.0.56
[INFO] [stderr]    Compiling wasm-bindgen v0.2.89
[INFO] [stderr]    Compiling js-sys v0.3.66
[INFO] [stderr]    Compiling serde v1.0.194
[INFO] [stderr]    Compiling futures-executor v0.3.30
[INFO] [stderr]    Compiling futures v0.3.30
[INFO] [stderr]    Compiling web-sys v0.3.66
[INFO] [stderr]    Compiling indexmap v2.1.0
[INFO] [stderr]    Compiling chrono v0.4.31
[INFO] [stderr]    Compiling erased-serde v0.3.31
[INFO] [stderr]    Compiling peace_fmt v0.0.11
[INFO] [stderr]    Compiling serde_json v1.0.111
[INFO] [stderr]    Compiling serde-wasm-bindgen v0.5.0
[INFO] [stderr]    Compiling serde_tagged v0.2.0
[INFO] [stderr]    Compiling petgraph v0.6.4
[INFO] [stderr]    Compiling serde_yaml v0.9.30
[INFO] [stderr]    Compiling peace_core v0.0.11
[INFO] [stderr]    Compiling type_reg v0.6.2
[INFO] [stderr]    Compiling daggy v0.8.0
[INFO] [stderr]    Compiling fn_graph v0.8.6
[INFO] [stderr]    Compiling peace_data v0.0.11
[INFO] [stderr]    Compiling peace_resources v0.0.11
[INFO] [stderr]    Compiling peace_params v0.0.11
[INFO] [stderr]    Compiling peace_rt_model_core v0.0.11
[INFO] [stderr]    Compiling peace_rt_model_web v0.0.11 (/opt/rustwide/workdir)
[INFO] [stdout] error[E0432]: unresolved import `peace_rt_model_core::WebError`
[INFO] [stdout]   --> src/storage.rs:12:34
[INFO] [stdout]    |
[INFO] [stdout] 12 | use peace_rt_model_core::{Error, WebError};
[INFO] [stdout]    |                                  ^^^^^^^^ no `WebError` in the root
[INFO] [stdout] 
[INFO] [stdout] 
[INFO] [stdout] error[E0599]: no variant or associated item named `Web` found for enum `peace_rt_model_core::Error` in the current scope
[INFO] [stdout]    --> src/storage.rs:130:28
[INFO] [stdout]     |
[INFO] [stdout] 130 |                     Error::Web(WebError::StorageGetItem {
[INFO] [stdout]     |                            ^^^ variant or associated item not found in `Error`
[INFO] [stdout] 
[INFO] [stdout] 
[INFO] [stdout] error[E0599]: no variant or associated item named `Web` found for enum `peace_rt_model_core::Error` in the current scope
[INFO] [stdout]    --> src/storage.rs:238:28
[INFO] [stdout]     |
[INFO] [stdout] 238 |                     Error::Web(WebError::StorageGetItem {
[INFO] [stdout]     |                            ^^^ variant or associated item not found in `Error`
[INFO] [stdout] 
[INFO] [stdout] 
[INFO] [stdout] error[E0599]: no variant or associated item named `Web` found for enum `peace_rt_model_core::Error` in the current scope
[INFO] [stdout]   --> src/storage.rs:52:39
[INFO] [stdout]    |
[INFO] [stdout] 52 |                     return Err(Error::Web(WebError::LocalStorageUnavailable));
[INFO] [stdout]    |                                       ^^^ variant or associated item not found in `Error`
[INFO] [stdout] 
[INFO] [stdout] 
[INFO] [stdout] error[E0599]: no variant or associated item named `Web` found for enum `peace_rt_model_core::Error` in the current scope
[INFO] [stdout]   --> src/storage.rs:58:37
[INFO] [stdout]    |
[INFO] [stdout] 58 |                     .map_err(Error::Web)?
[INFO] [stdout]    |                                     ^^^ variant or associated item not found in `Error`
[INFO] [stdout] 
[INFO] [stdout] 
[INFO] [stdout] error[E0599]: no variant or associated item named `Web` found for enum `peace_rt_model_core::Error` in the current scope
[INFO] [stdout]   --> src/storage.rs:59:35
[INFO] [stdout]    |
[INFO] [stdout] 59 |                     .ok_or(Error::Web(WebError::LocalStorageNone))?
[INFO] [stdout]    |                                   ^^^ variant or associated item not found in `Error`
[INFO] [stdout] 
[INFO] [stdout] 
[INFO] [stdout] error[E0599]: no variant or associated item named `Web` found for enum `peace_rt_model_core::Error` in the current scope
[INFO] [stdout]   --> src/storage.rs:63:39
[INFO] [stdout]    |
[INFO] [stdout] 63 |                     return Err(Error::Web(WebError::SessionStorageUnavailable));
[INFO] [stdout]    |                                       ^^^ variant or associated item not found in `Error`
[INFO] [stdout] 
[INFO] [stdout] 
[INFO] [stdout] error[E0599]: no variant or associated item named `Web` found for enum `peace_rt_model_core::Error` in the current scope
[INFO] [stdout]   --> src/storage.rs:69:37
[INFO] [stdout]    |
[INFO] [stdout] 69 |                     .map_err(Error::Web)?
[INFO] [stdout]    |                                     ^^^ variant or associated item not found in `Error`
[INFO] [stdout] 
[INFO] [stdout] 
[INFO] [stdout] error[E0599]: no variant or associated item named `Web` found for enum `peace_rt_model_core::Error` in the current scope
[INFO] [stdout]   --> src/storage.rs:70:35
[INFO] [stdout]    |
[INFO] [stdout] 70 |                     .ok_or(Error::Web(WebError::SessionStorageNone))?
[INFO] [stdout]    |                                   ^^^ variant or associated item not found in `Error`
[INFO] [stdout] 
[INFO] [stdout] 
[INFO] [stdout] error[E0599]: no variant or associated item named `Web` found for enum `peace_rt_model_core::Error` in the current scope
[INFO] [stdout]   --> src/storage.rs:97:20
[INFO] [stdout]    |
[INFO] [stdout] 97 |             Error::Web(WebError::StorageGetItem {
[INFO] [stdout]    |                    ^^^ variant or associated item not found in `Error`
[INFO] [stdout] 
[INFO] [stdout] 
[INFO] [stdout] error[E0599]: no variant or associated item named `Web` found for enum `peace_rt_model_core::Error` in the current scope
[INFO] [stdout]    --> src/storage.rs:157:24
[INFO] [stdout]     |
[INFO] [stdout] 157 |                 Error::Web(WebError::StorageGetItem {
[INFO] [stdout]     |                        ^^^ variant or associated item not found in `Error`
[INFO] [stdout] 
[INFO] [stdout] 
[INFO] [stdout] error[E0599]: no variant or associated item named `Web` found for enum `peace_rt_model_core::Error` in the current scope
[INFO] [stdout]    --> src/storage.rs:182:36
[INFO] [stdout]     |
[INFO] [stdout] 182 | ...                   Error::Web(WebError::StorageB64Decode {
[INFO] [stdout]     |                              ^^^ variant or associated item not found in `Error`
[INFO] [stdout] 
[INFO] [stdout] 
[INFO] [stdout] error[E0599]: no variant or associated item named `Web` found for enum `peace_rt_model_core::Error` in the current scope
[INFO] [stdout]    --> src/storage.rs:204:28
[INFO] [stdout]     |
[INFO] [stdout] 204 |                     Error::Web(WebError::StorageB64Decode {
[INFO] [stdout]     |                            ^^^ variant or associated item not found in `Error`
[INFO] [stdout] 
[INFO] [stdout] 
[INFO] [stdout] error[E0599]: no variant or associated item named `Web` found for enum `peace_rt_model_core::Error` in the current scope
[INFO] [stdout]    --> src/storage.rs:263:20
[INFO] [stdout]     |
[INFO] [stdout] 263 |             Error::Web(WebError::StorageSetItem {
[INFO] [stdout]     |                    ^^^ variant or associated item not found in `Error`
[INFO] [stdout] 
[INFO] [stdout] 
[INFO] [stdout] error[E0599]: no variant or associated item named `Web` found for enum `peace_rt_model_core::Error` in the current scope
[INFO] [stdout]    --> src/storage.rs:294:24
[INFO] [stdout]     |
[INFO] [stdout] 294 |                 Error::Web(WebError::StorageSetItem {
[INFO] [stdout]     |                        ^^^ variant or associated item not found in `Error`
[INFO] [stdout] 
[INFO] [stdout] 
[INFO] [stdout] error[E0599]: no variant or associated item named `Web` found for enum `peace_rt_model_core::Error` in the current scope
[INFO] [stdout]    --> src/storage.rs:338:24
[INFO] [stdout]     |
[INFO] [stdout] 338 |                 Error::Web(WebError::StorageSetItem {
[INFO] [stdout]     |                        ^^^ variant or associated item not found in `Error`
[INFO] [stdout] 
[INFO] [stdout] 
[INFO] [stdout] error[E0599]: no variant or associated item named `Web` found for enum `peace_rt_model_core::Error` in the current scope
[INFO] [stdout]    --> src/storage.rs:425:20
[INFO] [stdout]     |
[INFO] [stdout] 425 |             Error::Web(WebError::StorageRemoveItem {
[INFO] [stdout]     |                    ^^^ variant or associated item not found in `Error`
[INFO] [stdout] 
[INFO] [stdout] 
[INFO] [stdout] error: aborting due to 17 previous errors
[INFO] [stdout] 
[INFO] [stdout] 
[INFO] [stdout] Some errors have detailed explanations: E0432, E0599.
[INFO] [stdout] 
[INFO] [stdout] For more information about an error, try `rustc --explain E0432`.
[INFO] [stdout] 
[INFO] [stderr] error: could not compile `peace_rt_model_web` (lib) due to 18 previous errors
[INFO] running `Command { std: "docker" "inspect" "29f946ef70c3692a7024a887dc9792a5839cac6388062ab558d277ee2c8d7b56", kill_on_drop: false }`
[INFO] running `Command { std: "docker" "rm" "-f" "29f946ef70c3692a7024a887dc9792a5839cac6388062ab558d277ee2c8d7b56", kill_on_drop: false }`
[INFO] [stdout] 29f946ef70c3692a7024a887dc9792a5839cac6388062ab558d277ee2c8d7b56
