[INFO] fetching crate peace_fmt 0.0.11...
[INFO] testing peace_fmt-0.0.11 against 1.75.0 for beta-1.76-1
[INFO] extracting crate peace_fmt 0.0.11 into /workspace/builds/worker-7-tc1/source
[INFO] validating manifest of crates.io crate peace_fmt 0.0.11 on toolchain 1.75.0
[INFO] running `Command { std: CARGO_HOME="/workspace/cargo-home" RUSTUP_HOME="/workspace/rustup-home" "/workspace/cargo-home/bin/cargo" "+1.75.0" "metadata" "--manifest-path" "Cargo.toml" "--no-deps", kill_on_drop: false }`
[INFO] started tweaking crates.io crate peace_fmt 0.0.11
[INFO] finished tweaking crates.io crate peace_fmt 0.0.11
[INFO] tweaked toml for crates.io crate peace_fmt 0.0.11 written to /workspace/builds/worker-7-tc1/source/Cargo.toml
[INFO] running `Command { std: CARGO_HOME="/workspace/cargo-home" RUSTUP_HOME="/workspace/rustup-home" "/workspace/cargo-home/bin/cargo" "+1.75.0" "generate-lockfile" "--manifest-path" "Cargo.toml", kill_on_drop: false }`
[INFO] [stderr]     Updating crates.io index
[INFO] running `Command { std: CARGO_HOME="/workspace/cargo-home" RUSTUP_HOME="/workspace/rustup-home" "/workspace/cargo-home/bin/cargo" "+1.75.0" "fetch" "--manifest-path" "Cargo.toml", kill_on_drop: false }`
[INFO] running `Command { std: "docker" "create" "-v" "/var/lib/crater-agent-workspace/builds/worker-7-tc1/target:/opt/rustwide/target:rw,Z" "-v" "/var/lib/crater-agent-workspace/builds/worker-7-tc1/source:/opt/rustwide/workdir:ro,Z" "-v" "/var/lib/crater-agent-workspace/cargo-home:/opt/rustwide/cargo-home:ro,Z" "-v" "/var/lib/crater-agent-workspace/rustup-home:/opt/rustwide/rustup-home:ro,Z" "-e" "SOURCE_DIR=/opt/rustwide/workdir" "-e" "CARGO_TARGET_DIR=/opt/rustwide/target" "-e" "CARGO_HOME=/opt/rustwide/cargo-home" "-e" "RUSTUP_HOME=/opt/rustwide/rustup-home" "-w" "/opt/rustwide/workdir" "-m" "1610612736" "--user" "0:0" "--network" "none" "ghcr.io/rust-lang/crates-build-env/linux@sha256:2788e3201cd34a07e3172128adcd8b3090168a8e3bcc40d7c032b9dda1df7d1c" "/opt/rustwide/cargo-home/bin/cargo" "+1.75.0" "metadata" "--no-deps" "--format-version=1", kill_on_drop: false }`
[INFO] [stdout] e5363103fdde38d8969ba71f437c9eef5f1726960e7e5a01fb290eff501b2615
[INFO] running `Command { std: "docker" "start" "-a" "e5363103fdde38d8969ba71f437c9eef5f1726960e7e5a01fb290eff501b2615", kill_on_drop: false }`
[INFO] running `Command { std: "docker" "inspect" "e5363103fdde38d8969ba71f437c9eef5f1726960e7e5a01fb290eff501b2615", kill_on_drop: false }`
[INFO] running `Command { std: "docker" "rm" "-f" "e5363103fdde38d8969ba71f437c9eef5f1726960e7e5a01fb290eff501b2615", kill_on_drop: false }`
[INFO] [stdout] e5363103fdde38d8969ba71f437c9eef5f1726960e7e5a01fb290eff501b2615
[INFO] running `Command { std: "docker" "create" "-v" "/var/lib/crater-agent-workspace/builds/worker-7-tc1/target:/opt/rustwide/target:rw,Z" "-v" "/var/lib/crater-agent-workspace/builds/worker-7-tc1/source:/opt/rustwide/workdir:ro,Z" "-v" "/var/lib/crater-agent-workspace/cargo-home:/opt/rustwide/cargo-home:ro,Z" "-v" "/var/lib/crater-agent-workspace/rustup-home:/opt/rustwide/rustup-home:ro,Z" "-e" "SOURCE_DIR=/opt/rustwide/workdir" "-e" "CARGO_TARGET_DIR=/opt/rustwide/target" "-e" "CARGO_INCREMENTAL=0" "-e" "RUST_BACKTRACE=full" "-e" "RUSTFLAGS=--cap-lints=warn" "-e" "RUSTDOCFLAGS=--cap-lints=warn" "-e" "CARGO_HOME=/opt/rustwide/cargo-home" "-e" "RUSTUP_HOME=/opt/rustwide/rustup-home" "-w" "/opt/rustwide/workdir" "-m" "1610612736" "--user" "0:0" "--network" "none" "ghcr.io/rust-lang/crates-build-env/linux@sha256:2788e3201cd34a07e3172128adcd8b3090168a8e3bcc40d7c032b9dda1df7d1c" "/opt/rustwide/cargo-home/bin/cargo" "+1.75.0" "build" "--frozen" "--message-format=json", kill_on_drop: false }`
[INFO] [stdout] 728002ffdd64a8006abfec866a749ca91c04196677a80659096a840f6c02c253
[INFO] running `Command { std: "docker" "start" "-a" "728002ffdd64a8006abfec866a749ca91c04196677a80659096a840f6c02c253", kill_on_drop: false }`
[INFO] [stderr]    Compiling syn v2.0.48
[INFO] [stderr]    Compiling async-trait v0.1.77
[INFO] [stderr]    Compiling peace_fmt v0.0.11 (/opt/rustwide/workdir)
[INFO] [stdout] error: cannot find derive macro `Deserialize` in this scope
[INFO] [stdout]  --> src/presentable/bold.rs:6:39
[INFO] [stdout]   |
[INFO] [stdout] 6 | #[derive(Clone, Debug, PartialEq, Eq, Deserialize, Serialize)]
[INFO] [stdout]   |                                       ^^^^^^^^^^^
[INFO] [stdout]   |
[INFO] [stdout] note: `Deserialize` is imported here, but it is only a trait, without a derive macro
[INFO] [stdout]  --> src/presentable/bold.rs:1:13
[INFO] [stdout]   |
[INFO] [stdout] 1 | use serde::{Deserialize, Serialize};
[INFO] [stdout]   |             ^^^^^^^^^^^
[INFO] [stdout] 
[INFO] [stdout] 
[INFO] [stdout] error: cannot find derive macro `Serialize` in this scope
[INFO] [stdout]  --> src/presentable/bold.rs:6:52
[INFO] [stdout]   |
[INFO] [stdout] 6 | #[derive(Clone, Debug, PartialEq, Eq, Deserialize, Serialize)]
[INFO] [stdout]   |                                                    ^^^^^^^^^
[INFO] [stdout]   |
[INFO] [stdout] note: `Serialize` is imported here, but it is only a trait, without a derive macro
[INFO] [stdout]  --> src/presentable/bold.rs:1:26
[INFO] [stdout]   |
[INFO] [stdout] 1 | use serde::{Deserialize, Serialize};
[INFO] [stdout]   |                          ^^^^^^^^^
[INFO] [stdout] 
[INFO] [stdout] 
[INFO] [stdout] error: cannot find derive macro `Deserialize` in this scope
[INFO] [stdout]  --> src/presentable/code_inline.rs:8:39
[INFO] [stdout]   |
[INFO] [stdout] 8 | #[derive(Clone, Debug, PartialEq, Eq, Deserialize, Serialize)]
[INFO] [stdout]   |                                       ^^^^^^^^^^^
[INFO] [stdout]   |
[INFO] [stdout] note: `Deserialize` is imported here, but it is only a trait, without a derive macro
[INFO] [stdout]  --> src/presentable/code_inline.rs:3:13
[INFO] [stdout]   |
[INFO] [stdout] 3 | use serde::{Deserialize, Serialize};
[INFO] [stdout]   |             ^^^^^^^^^^^
[INFO] [stdout] 
[INFO] [stdout] 
[INFO] [stdout] error: cannot find derive macro `Serialize` in this scope
[INFO] [stdout]  --> src/presentable/code_inline.rs:8:52
[INFO] [stdout]   |
[INFO] [stdout] 8 | #[derive(Clone, Debug, PartialEq, Eq, Deserialize, Serialize)]
[INFO] [stdout]   |                                                    ^^^^^^^^^
[INFO] [stdout]   |
[INFO] [stdout] note: `Serialize` is imported here, but it is only a trait, without a derive macro
[INFO] [stdout]  --> src/presentable/code_inline.rs:3:26
[INFO] [stdout]   |
[INFO] [stdout] 3 | use serde::{Deserialize, Serialize};
[INFO] [stdout]   |                          ^^^^^^^^^
[INFO] [stdout] 
[INFO] [stdout] 
[INFO] [stdout] error: cannot find derive macro `Deserialize` in this scope
[INFO] [stdout]  --> src/presentable/heading.rs:6:39
[INFO] [stdout]   |
[INFO] [stdout] 6 | #[derive(Clone, Debug, PartialEq, Eq, Deserialize, Serialize)]
[INFO] [stdout]   |                                       ^^^^^^^^^^^
[INFO] [stdout]   |
[INFO] [stdout] note: `Deserialize` is imported here, but it is only a trait, without a derive macro
[INFO] [stdout]  --> src/presentable/heading.rs:1:13
[INFO] [stdout]   |
[INFO] [stdout] 1 | use serde::{Deserialize, Serialize};
[INFO] [stdout]   |             ^^^^^^^^^^^
[INFO] [stdout] 
[INFO] [stdout] 
[INFO] [stdout] error: cannot find derive macro `Serialize` in this scope
[INFO] [stdout]  --> src/presentable/heading.rs:6:52
[INFO] [stdout]   |
[INFO] [stdout] 6 | #[derive(Clone, Debug, PartialEq, Eq, Deserialize, Serialize)]
[INFO] [stdout]   |                                                    ^^^^^^^^^
[INFO] [stdout]   |
[INFO] [stdout] note: `Serialize` is imported here, but it is only a trait, without a derive macro
[INFO] [stdout]  --> src/presentable/heading.rs:1:26
[INFO] [stdout]   |
[INFO] [stdout] 1 | use serde::{Deserialize, Serialize};
[INFO] [stdout]   |                          ^^^^^^^^^
[INFO] [stdout] 
[INFO] [stdout] 
[INFO] [stdout] error: cannot find derive macro `Deserialize` in this scope
[INFO] [stdout]  --> src/presentable/heading_level.rs:4:45
[INFO] [stdout]   |
[INFO] [stdout] 4 | #[derive(Clone, Copy, Debug, PartialEq, Eq, Deserialize, Serialize)]
[INFO] [stdout]   |                                             ^^^^^^^^^^^
[INFO] [stdout]   |
[INFO] [stdout] note: `Deserialize` is imported here, but it is only a trait, without a derive macro
[INFO] [stdout]  --> src/presentable/heading_level.rs:1:13
[INFO] [stdout]   |
[INFO] [stdout] 1 | use serde::{Deserialize, Serialize};
[INFO] [stdout]   |             ^^^^^^^^^^^
[INFO] [stdout] 
[INFO] [stdout] 
[INFO] [stdout] error: cannot find derive macro `Serialize` in this scope
[INFO] [stdout]  --> src/presentable/heading_level.rs:4:58
[INFO] [stdout]   |
[INFO] [stdout] 4 | #[derive(Clone, Copy, Debug, PartialEq, Eq, Deserialize, Serialize)]
[INFO] [stdout]   |                                                          ^^^^^^^^^
[INFO] [stdout]   |
[INFO] [stdout] note: `Serialize` is imported here, but it is only a trait, without a derive macro
[INFO] [stdout]  --> src/presentable/heading_level.rs:1:26
[INFO] [stdout]   |
[INFO] [stdout] 1 | use serde::{Deserialize, Serialize};
[INFO] [stdout]   |                          ^^^^^^^^^
[INFO] [stdout] 
[INFO] [stdout] 
[INFO] [stdout] error: cannot find derive macro `Deserialize` in this scope
[INFO] [stdout]  --> src/presentable/list_numbered.rs:6:39
[INFO] [stdout]   |
[INFO] [stdout] 6 | #[derive(Clone, Debug, PartialEq, Eq, Deserialize, Serialize)]
[INFO] [stdout]   |                                       ^^^^^^^^^^^
[INFO] [stdout]   |
[INFO] [stdout] note: `Deserialize` is imported here, but it is only a trait, without a derive macro
[INFO] [stdout]  --> src/presentable/list_numbered.rs:1:13
[INFO] [stdout]   |
[INFO] [stdout] 1 | use serde::{Deserialize, Serialize};
[INFO] [stdout]   |             ^^^^^^^^^^^
[INFO] [stdout] 
[INFO] [stdout] 
[INFO] [stdout] error: cannot find derive macro `Serialize` in this scope
[INFO] [stdout]  --> src/presentable/list_numbered.rs:6:52
[INFO] [stdout]   |
[INFO] [stdout] 6 | #[derive(Clone, Debug, PartialEq, Eq, Deserialize, Serialize)]
[INFO] [stdout]   |                                                    ^^^^^^^^^
[INFO] [stdout]   |
[INFO] [stdout] note: `Serialize` is imported here, but it is only a trait, without a derive macro
[INFO] [stdout]  --> src/presentable/list_numbered.rs:1:26
[INFO] [stdout]   |
[INFO] [stdout] 1 | use serde::{Deserialize, Serialize};
[INFO] [stdout]   |                          ^^^^^^^^^
[INFO] [stdout] 
[INFO] [stdout] 
[INFO] [stdout] error[E0277]: the trait bound `Bold<P>: Serialize` is not satisfied
[INFO] [stdout]    --> src/presentable/bold.rs:17:25
[INFO] [stdout]     |
[INFO] [stdout] 17  | impl<P> Presentable for Bold<P>
[INFO] [stdout]     |                         ^^^^^^^ the trait `Serialize` is not implemented for `Bold<P>`
[INFO] [stdout]     |
[INFO] [stdout]     = help: the following other types implement trait `Serialize`:
[INFO] [stdout]               bool
[INFO] [stdout]               char
[INFO] [stdout]               isize
[INFO] [stdout]               i8
[INFO] [stdout]               i16
[INFO] [stdout]               i32
[INFO] [stdout]               i64
[INFO] [stdout]               i128
[INFO] [stdout]             and 127 others
[INFO] [stdout] note: required by a bound in `Presentable`
[INFO] [stdout]    --> src/presentable.rs:107:24
[INFO] [stdout]     |
[INFO] [stdout] 107 | pub trait Presentable: Serialize {
[INFO] [stdout]     |                        ^^^^^^^^^ required by this bound in `Presentable`
[INFO] [stdout] 
[INFO] [stdout] 
[INFO] [stdout] error[E0277]: the trait bound `CodeInline<'s>: Serialize` is not satisfied
[INFO] [stdout]    --> src/presentable/code_inline.rs:19:26
[INFO] [stdout]     |
[INFO] [stdout] 19  | impl<'s> Presentable for CodeInline<'s> {
[INFO] [stdout]     |                          ^^^^^^^^^^^^^^ the trait `Serialize` is not implemented for `CodeInline<'s>`
[INFO] [stdout]     |
[INFO] [stdout]     = help: the following other types implement trait `Serialize`:
[INFO] [stdout]               bool
[INFO] [stdout]               char
[INFO] [stdout]               isize
[INFO] [stdout]               i8
[INFO] [stdout]               i16
[INFO] [stdout]               i32
[INFO] [stdout]               i64
[INFO] [stdout]               i128
[INFO] [stdout]             and 127 others
[INFO] [stdout] note: required by a bound in `Presentable`
[INFO] [stdout]    --> src/presentable.rs:107:24
[INFO] [stdout]     |
[INFO] [stdout] 107 | pub trait Presentable: Serialize {
[INFO] [stdout]     |                        ^^^^^^^^^ required by this bound in `Presentable`
[INFO] [stdout] 
[INFO] [stdout] 
[INFO] [stdout] error[E0277]: the trait bound `Heading<P>: Serialize` is not satisfied
[INFO] [stdout]    --> src/presentable/heading.rs:22:25
[INFO] [stdout]     |
[INFO] [stdout] 22  | impl<P> Presentable for Heading<P>
[INFO] [stdout]     |                         ^^^^^^^^^^ the trait `Serialize` is not implemented for `Heading<P>`
[INFO] [stdout]     |
[INFO] [stdout]     = help: the following other types implement trait `Serialize`:
[INFO] [stdout]               bool
[INFO] [stdout]               char
[INFO] [stdout]               isize
[INFO] [stdout]               i8
[INFO] [stdout]               i16
[INFO] [stdout]               i32
[INFO] [stdout]               i64
[INFO] [stdout]               i128
[INFO] [stdout]             and 127 others
[INFO] [stdout] note: required by a bound in `Presentable`
[INFO] [stdout]    --> src/presentable.rs:107:24
[INFO] [stdout]     |
[INFO] [stdout] 107 | pub trait Presentable: Serialize {
[INFO] [stdout]     |                        ^^^^^^^^^ required by this bound in `Presentable`
[INFO] [stdout] 
[INFO] [stdout] 
[INFO] [stdout] error[E0277]: the trait bound `ListNumbered<P>: Serialize` is not satisfied
[INFO] [stdout]    --> src/presentable/list_numbered.rs:17:25
[INFO] [stdout]     |
[INFO] [stdout] 17  | impl<P> Presentable for ListNumbered<P>
[INFO] [stdout]     |                         ^^^^^^^^^^^^^^^ the trait `Serialize` is not implemented for `ListNumbered<P>`
[INFO] [stdout]     |
[INFO] [stdout]     = help: the following other types implement trait `Serialize`:
[INFO] [stdout]               bool
[INFO] [stdout]               char
[INFO] [stdout]               isize
[INFO] [stdout]               i8
[INFO] [stdout]               i16
[INFO] [stdout]               i32
[INFO] [stdout]               i64
[INFO] [stdout]               i128
[INFO] [stdout]             and 127 others
[INFO] [stdout] note: required by a bound in `Presentable`
[INFO] [stdout]    --> src/presentable.rs:107:24
[INFO] [stdout]     |
[INFO] [stdout] 107 | pub trait Presentable: Serialize {
[INFO] [stdout]     |                        ^^^^^^^^^ required by this bound in `Presentable`
[INFO] [stdout] 
[INFO] [stdout] 
[INFO] [stdout] error: aborting due to 14 previous errors
[INFO] [stdout] 
[INFO] [stdout] 
[INFO] [stdout] For more information about this error, try `rustc --explain E0277`.
[INFO] [stdout] 
[INFO] [stderr] error: could not compile `peace_fmt` (lib) due to 15 previous errors
[INFO] running `Command { std: "docker" "inspect" "728002ffdd64a8006abfec866a749ca91c04196677a80659096a840f6c02c253", kill_on_drop: false }`
[INFO] running `Command { std: "docker" "rm" "-f" "728002ffdd64a8006abfec866a749ca91c04196677a80659096a840f6c02c253", kill_on_drop: false }`
[INFO] [stdout] 728002ffdd64a8006abfec866a749ca91c04196677a80659096a840f6c02c253
